-- Table structure for table `currency`
--

CREATE TABLE `currency` (
  `id_currency` int(11) NOT NULL,
  `nama_currency` varchar(100) NOT NULL,
  `deskripsi` varchar(100) NOT NULL
) ENGINE=InnoDB DEFAULT CHARSET=utf8mb4 COLLATE=utf8mb4_general_ci;

--
-- Dumping data for table `currency`
--

INSERT INTO `currency` (`id_currency`, `nama_currency`, `deskripsi`) VALUES
(1, 'IDR', 'Indonesian Rupiah'),
(2, 'EUR', 'Euro'),
(3, 'USD', 'US Dollar'),
(4, 'AUD', 'Australia Dollar'),
(5, 'SGD', 'Singapora Dollar'),
(6, 'GBP', 'British Pound');

-- --------------------------------------------------------

--
-- Table structure for table `customer`
--

CREATE TABLE `customer` (
  `id_customer` int(11) NOT NULL,
  `customer_name` varchar(50) NOT NULL,
  `customer_adr` varchar(300) NOT NULL,
  `customer_pic` varchar(50) NOT NULL,
  `pic_contact` varchar(50) NOT NULL,
  `company_contact` varchar(20) NOT NULL,
  `id_category_customer` varchar(11) NOT NULL
) ENGINE=InnoDB DEFAULT CHARSET=utf8mb4 COLLATE=utf8mb4_general_ci;

--
-- Dumping data for table `customer`
--

INSERT INTO `customer` (`id_customer`, `customer_name`, `customer_adr`, `customer_pic`, `pic_contact`, `company_contact`, `id_category_customer`) VALUES
(8, 'PT. Victor Dua Tiga Mega', '', '', '', '', '1'),
(9, 'PT. Guna Teguh Abadi', '', '', '', '', '12'),
(10, 'PT. Saptaindra Sejati', '', '', '', '', '1'),
(11, 'PT. Hilcon Jaya Sakti', '', '', '', '', '1'),
(12, 'PT. Ranji Karya Sakti', '', '', '', '', '1'),
(13, 'CIPTA KRIDATAMA', '', '', '', '', '1'),
(14, 'PT. Meares Soputan Mining', '', '', '', '', '1'),
(15, 'PT. VALE INDONESIA', '', '', '', '', '1'),
(16, 'PT. Karya Bhumi Lestari / Petrosea', '', '', '', '', '1'),
(17, 'PT. MPAIGELAH', '', '', '', '', '1'),
(18, 'PT. PUSAKA BUMI TRANSPORT', '', '', '', '', '1'),
(19, 'PT. COATES HIRE INDONESIA', '', '', '', '', '1'),
(20, 'PT. Cipta Hasil Sugiarto', '', '', '', '', '2'),
(21, 'PT. Waskita Karya (Persero)TBK', '', '', '', '', '12'),
(22, 'PT. BUMA', '', '', '', '', '1'),
(23, 'PT. KALTIM DIAMOND COAL', '', '', '', '', '1'),
(24, 'PT.JALIN JAYA INDONESIA', '', '', '', '', '1'),
(25, 'PT. Bupala', '', '', '', '', '3'),
(26, 'PT. WKP', '', '', '', '', '3'),
(27, 'Critine', '', '', '', '', '3'),
(28, 'CV . Baca', '', '', '', '', '3'),
(29, 'PT. MMI', '', '', '', '', '2'),
(30, 'PT Mahatama Global Meyer', '', '', '', '', '2'),
(31, 'PT Adhi Patama', '', '', '', '', '2'),
(32, 'PT. WKP', '', '', '', '', '3'),
(33, 'CRISTINE', '', '', '', '', '3');

-- --------------------------------------------------------

--
-- Table structure for table `cuti`
--

CREATE TABLE `cuti` (
  `id_cuti` int(11) NOT NULL,
  `id_tg` int(11) DEFAULT NULL,
  `tgl` timestamp NOT NULL DEFAULT current_timestamp() ON UPDATE current_timestamp(),
  `id_user` int(11) NOT NULL,
  `id_tt` int(11) NOT NULL,
  `id_jenis_pengajuan` int(11) NOT NULL,
  `id_devisi` int(11) NOT NULL,
  `id_departement` int(11) NOT NULL,
  `id_app` int(11) NOT NULL,
  `id_leave` int(11) NOT NULL,
  `sub` varchar(500) NOT NULL,
  `deskripsi` text NOT NULL,
  `status` enum('Draft','waiting','approved','rejected','recheck','confirmed') NOT NULL,
  `datetime` datetime NOT NULL,
  `time_in` time NOT NULL,
  `time_out` time NOT NULL,
  `fleg` varchar(100) NOT NULL,
  `id_uniq` varchar(100) NOT NULL,
  `date_in` date NOT NULL,
  `date_out` date NOT NULL,
  `id_user_hr` int(11) NOT NULL,
  `id_hrga_cuti` int(11) NOT NULL,
  `id_type_leave` int(11) NOT NULL,
  `id_special_cuti` int(11) NOT NULL
) ENGINE=InnoDB DEFAULT CHARSET=utf8mb4 COLLATE=utf8mb4_general_ci;

--
-- Dumping data for table `cuti`
--

INSERT INTO `cuti` (`id_cuti`, `id_tg`, `tgl`, `id_user`, `id_tt`, `id_jenis_pengajuan`, `id_devisi`, `id_departement`, `id_app`, `id_leave`, `sub`, `deskripsi`, `status`, `datetime`, `time_in`, `time_out`, `fleg`, `id_uniq`, `date_in`, `date_out`, `id_user_hr`, `id_hrga_cuti`, `id_type_leave`, `id_special_cuti`) VALUES
(75, 6, '2025-08-11 08:09:09', 49, 12, 3, 37, 5, 208, 0, 'cxvxcv', 'xcvxcv', 'confirmed', '2025-08-07 03:47:00', '00:00:00', '00:00:00', '', '0001', '2025-08-07', '2025-08-07', 49, 74, 2, 0),
(76, 6, '2025-08-07 08:26:22', 49, 12, 3, 37, 5, 208, 0, 'dfgfdg', 'dgdfg', 'confirmed', '2025-08-07 04:25:00', '00:00:00', '00:00:00', '', '0002', '2025-08-08', '2025-08-09', 49, 75, 2, 0),
(77, 6, '2025-08-07 08:28:48', 49, 12, 3, 37, 5, 208, 0, 'tesss', 'tesss', 'confirmed', '2025-08-07 08:27:00', '00:00:00', '00:00:00', '', '0003', '2025-09-05', '2025-09-05', 49, 76, 2, 0),
(78, 6, '2025-08-11 03:45:52', 49, 12, 3, 37, 5, 208, 0, 'wewt', 'wrttrwt', 'confirmed', '2025-08-11 03:44:00', '00:00:00', '00:00:00', '', '0004', '2025-10-01', '2025-10-01', 49, 77, 2, 0),
(79, 6, '2025-08-11 03:59:52', 49, 12, 3, 37, 5, 208, 0, 'sdfsdf', 'sfsdf', 'confirmed', '2025-08-11 03:58:00', '00:00:00', '00:00:00', '', '0005', '2025-10-02', '2025-10-02', 49, 78, 2, 0),
(80, 6, '2025-08-11 04:23:34', 49, 12, 3, 37, 5, 208, 0, 'rtrtrt', 'rtrtrt', 'confirmed', '2025-08-11 04:21:00', '00:00:00', '00:00:00', '', '0006', '2025-10-03', '2025-10-03', 49, 79, 2, 0),
(81, 6, '2025-08-11 07:06:36', 49, 12, 3, 37, 5, 208, 0, 'tttttttt', 'ttttttttttttttttt3', 'confirmed', '2025-08-11 06:45:00', '00:00:00', '00:00:00', '', '0007', '2025-10-04', '2025-10-04', 49, 80, 2, 0),
(82, 6, '2025-08-11 07:09:33', 49, 12, 3, 37, 5, 208, 0, 'dzvdv', 'sdvg', 'confirmed', '2025-08-11 07:08:00', '00:00:00', '00:00:00', '', '0008', '2025-10-05', '2025-10-05', 49, 81, 2, 0),
(83, 6, '2025-08-11 07:14:51', 49, 12, 3, 37, 5, 208, 0, 'zxczxc', 'zczc', 'confirmed', '2025-08-11 07:13:00', '00:00:00', '00:00:00', '', '0009', '2025-10-07', '2025-10-07', 49, 82, 2, 0),
(84, 6, '2025-08-11 07:19:14', 49, 12, 3, 37, 5, 208, 0, 'fdfdfdf', 'fdfdfdf', 'confirmed', '2025-08-11 07:15:00', '00:00:00', '00:00:00', '', '0010', '2025-10-09', '2025-10-09', 49, 83, 2, 0),
(85, 6, '2025-08-11 08:25:19', 49, 12, 3, 37, 5, 208, 0, 'TESSS 0001', 'TESSS 0001', 'confirmed', '2025-08-11 08:16:00', '00:00:00', '00:00:00', '', '0011', '2025-10-11', '2025-10-11', 49, 84, 2, 0),
(86, 6, '2025-08-11 08:37:56', 49, 12, 3, 37, 5, 208, 0, 'iulul', 'uiliuluil', 'confirmed', '2025-08-11 08:36:00', '00:00:00', '00:00:00', '', '0012', '2025-10-12', '2025-10-12', 49, 85, 2, 0),
(87, 6, '2025-08-11 08:41:58', 49, 12, 3, 37, 5, 208, 0, 'TESSS 0003333', 'TESSS 0003333', 'confirmed', '2025-08-11 08:40:00', '00:00:00', '00:00:00', '', '0013', '2025-10-14', '2025-10-14', 49, 86, 2, 0),
(88, 6, '2025-08-11 09:01:08', 49, 12, 3, 37, 5, 208, 0, 'yuyyy', 'yuyu', 'confirmed', '2025-08-11 08:59:00', '00:00:00', '00:00:00', '', '0014', '2025-10-16', '2025-10-16', 49, 87, 2, 0),
(89, 6, '2025-08-12 02:22:43', 49, 12, 3, 37, 5, 208, 0, 'sad', 'adda', 'confirmed', '2025-08-12 02:19:00', '00:00:00', '00:00:00', '', '0015', '2025-08-17', '2025-08-17', 49, 88, 2, 0),
(90, 6, '2025-08-12 04:12:49', 49, 12, 3, 37, 5, 208, 0, 'TES DULU YA BROOO', 'TES DULU YA BROOO', 'confirmed', '2025-08-12 03:50:00', '00:00:00', '00:00:00', '', '0016', '2025-08-18', '2025-08-18', 49, 89, 2, 0),
(91, 6, '2025-08-12 06:29:03', 49, 12, 3, 37, 5, 208, 0, 'weewe', 'wew', 'confirmed', '2025-08-12 06:27:00', '00:00:00', '00:00:00', '', '0017', '2025-08-19', '2025-08-19', 49, 90, 2, 0),
(92, 6, '2025-08-12 07:03:07', 49, 12, 3, 37, 5, 208, 0, 'sdsd', 'sdsg', 'confirmed', '2025-08-12 06:57:00', '00:00:00', '00:00:00', '', '0018', '2025-10-20', '2025-10-20', 49, 91, 2, 0),
(93, 6, '2025-08-12 07:05:59', 49, 12, 3, 37, 5, 208, 0, 'zcczv', 'xcvv', 'confirmed', '2025-08-12 07:05:00', '00:00:00', '00:00:00', '', '0019', '2025-10-21', '2025-10-21', 49, 92, 2, 0),
(94, 6, '2025-08-12 07:14:13', 49, 12, 3, 37, 5, 208, 0, 'zxc', 'zxc', 'confirmed', '2025-08-12 07:08:00', '00:00:00', '00:00:00', '', '0020', '2025-10-22', '2025-10-22', 49, 93, 2, 0),
(95, 6, '2025-08-12 07:21:18', 49, 12, 3, 37, 5, 208, 0, 'tujtj', 'tujtj', 'confirmed', '2025-08-12 07:20:00', '00:00:00', '00:00:00', '', '0021', '2025-10-23', '2025-10-23', 49, 94, 2, 0),
(96, 6, '2025-08-12 07:32:07', 49, 12, 3, 37, 5, 208, 0, 'thrrh', 'rhtrh', 'confirmed', '2025-08-12 07:28:00', '00:00:00', '00:00:00', '', '0022', '2025-08-12', '2025-08-13', 49, 95, 2, 0),
(97, 6, '2025-08-12 07:36:08', 49, 12, 3, 37, 5, 208, 0, 'fdhdhf', 'fhdfh', 'confirmed', '2025-08-12 07:34:00', '00:00:00', '00:00:00', '', '0023', '2025-11-01', '2025-11-02', 49, 96, 3, 7),
(98, 6, '2025-08-12 07:42:26', 49, 12, 3, 37, 5, 208, 0, 'fghfh', 'fghfghfh', 'confirmed', '2025-08-12 07:41:00', '00:00:00', '00:00:00', '', '0024', '2025-08-29', '2025-08-29', 49, 97, 2, 0),
(99, 6, '2025-08-12 07:44:40', 49, 12, 3, 37, 5, 208, 0, 'gfhfh', 'fhfhf', 'confirmed', '2025-08-12 07:43:00', '00:00:00', '00:00:00', '', '0025', '2025-07-12', '2025-07-12', 49, 98, 2, 0),
(100, 6, '2025-08-12 07:46:20', 49, 12, 3, 37, 5, 208, 0, 'cbcb', 'cbcb', 'confirmed', '2025-08-12 07:45:00', '00:00:00', '00:00:00', '', '0026', '2025-07-13', '2025-07-13', 49, 99, 3, 12),
(101, 6, '2025-08-12 07:54:19', 49, 12, 3, 37, 5, 208, 0, 'tryr', 'ryrs', 'confirmed', '2025-08-12 07:52:00', '00:00:00', '00:00:00', '', '0027', '2025-08-30', '2025-08-30', 49, 100, 2, 0),
(102, 6, '2025-08-12 08:33:58', 49, 12, 3, 37, 5, 208, 0, 'gfngfn', 'fgnfn', 'confirmed', '2025-08-12 08:31:00', '00:00:00', '00:00:00', '', '0028', '2025-07-01', '2025-07-01', 49, 101, 2, 0),
(103, 6, '2025-08-12 09:14:41', 49, 12, 3, 37, 5, 208, 0, 'okk', 'okkk', 'confirmed', '2025-08-12 09:11:00', '00:00:00', '00:00:00', '', '0029', '2025-04-18', '2025-04-18', 49, 102, 1, 0),
(104, 6, '2025-08-12 09:32:53', 49, 12, 3, 37, 5, 208, 0, 'okokoooooo', 'okokoooooo', 'confirmed', '2025-08-12 09:31:00', '00:00:00', '00:00:00', '', '0030', '2025-06-26', '2025-06-26', 49, 103, 1, 0),
(105, 6, '2025-08-12 09:38:32', 49, 12, 3, 37, 5, 208, 0, 'SVSFV', 'SFVFVFS', 'confirmed', '2025-08-12 09:37:00', '00:00:00', '00:00:00', '', '0031', '2025-06-20', '2025-06-20', 49, 104, 1, 0),
(106, 6, '2025-08-12 09:49:38', 49, 12, 3, 37, 5, 208, 0, 'OKKKK', 'OKKKK', 'waiting', '2025-08-12 09:42:00', '00:00:00', '00:00:00', '', '0032', '2025-06-20', '2025-06-20', 49, 105, 0, 0),
(107, 6, '2025-08-12 09:53:06', 49, 12, 3, 37, 5, 208, 0, 'TESSS ', 'TESSS  0001010101', 'confirmed', '2025-08-12 09:51:00', '00:00:00', '00:00:00', '', '0033', '2025-03-01', '2025-03-01', 49, 106, 1, 0),
(108, 6, '2025-08-15 07:30:03', 58, 12, 3, 40, 18, 241, 0, 'OK', 'OK', 'confirmed', '2025-08-15 07:26:00', '00:00:00', '00:00:00', '', '0034', '2025-08-15', '2025-08-15', 58, 107, 1, 0),
(109, 6, '2026-02-18 06:48:49', 49, 12, 3, 37, 5, 208, 0, 'ok', 'oktyjtyityi', 'confirmed', '2026-02-18 06:46:00', '00:00:00', '00:00:00', '', '0035', '2026-02-18', '2026-02-20', 49, 108, 1, 0),
(110, 6, '2026-02-18 06:55:50', 49, 12, 3, 37, 5, 208, 0, 'sdgfg', 'hthrtjyrj', 'confirmed', '2026-02-18 06:50:00', '00:00:00', '00:00:00', '', '0036', '2026-02-23', '2026-02-25', 49, 109, 1, 0);

-- --------------------------------------------------------

--
-- Table structure for table `cuti_c`
--

CREATE TABLE `cuti_c` (
  `id_cuti_c` int(11) NOT NULL,
  `id_cuti` int(11) NOT NULL,
  `id_tg` int(11) DEFAULT NULL,
  `tgl` timestamp NOT NULL DEFAULT current_timestamp() ON UPDATE current_timestamp(),
  `id_user` int(11) NOT NULL,
  `id_tt` int(11) NOT NULL,
  `id_jenis_pengajuan` int(11) NOT NULL,
  `id_devisi` int(11) NOT NULL,
  `id_departement` int(11) NOT NULL,
  `id_app` int(11) NOT NULL,
  `id_leave` int(11) NOT NULL,
  `sub` varchar(500) NOT NULL,
  `deskripsi` text NOT NULL,
  `status` enum('draft','waiting','approved','rejected','recheck','confirmed','cancel') NOT NULL,
  `datetime` datetime NOT NULL,
  `time_in` time NOT NULL,
  `time_out` time NOT NULL,
  `fleg` varchar(100) NOT NULL,
  `id_uniq` varchar(100) NOT NULL,
  `date_in` date NOT NULL,
  `date_out` date NOT NULL,
  `id_user_hr` int(11) NOT NULL,
  `id_hrga_cuti_c` int(11) NOT NULL,
  `id_type_leave` int(11) NOT NULL,
  `id_special_cuti` int(11) NOT NULL
) ENGINE=InnoDB DEFAULT CHARSET=utf8mb4 COLLATE=utf8mb4_general_ci;

--
-- Dumping data for table `cuti_c`
--

INSERT INTO `cuti_c` (`id_cuti_c`, `id_cuti`, `id_tg`, `tgl`, `id_user`, `id_tt`, `id_jenis_pengajuan`, `id_devisi`, `id_departement`, `id_app`, `id_leave`, `sub`, `deskripsi`, `status`, `datetime`, `time_in`, `time_out`, `fleg`, `id_uniq`, `date_in`, `date_out`, `id_user_hr`, `id_hrga_cuti_c`, `id_type_leave`, `id_special_cuti`) VALUES
(48, 98, 15, '2025-08-12 07:42:44', 49, 0, 3, 37, 5, 0, 0, 'fghfh', 'fghfghfh', 'waiting', '2025-08-12 07:41:00', '00:00:00', '00:00:00', '', '0024', '2025-08-29', '2025-08-29', 79, 20, 9, 0),
(49, 99, 15, '2025-08-12 09:15:37', 49, 19, 3, 37, 5, 364, 0, 'gfhfh', 'fhfhf', 'confirmed', '2025-08-12 07:43:00', '00:00:00', '00:00:00', '', '0025', '2025-07-12', '2025-07-12', 79, 21, 9, 0),
(50, 100, 15, '2025-08-12 09:08:38', 49, 19, 3, 37, 5, 364, 0, 'cbcb', 'cbcb', 'confirmed', '2025-08-12 07:45:00', '00:00:00', '00:00:00', '', '0026', '2025-07-13', '2025-07-13', 79, 22, 10, 12),
(51, 101, 6, '2025-08-12 08:26:37', 49, 12, 3, 37, 5, 208, 0, 'tryr', 'ryrs', 'draft', '2025-08-12 07:52:00', '00:00:00', '00:00:00', '', '0027', '2025-08-30', '2025-08-30', 0, 0, 9, 0),
(52, 102, 15, '2025-08-12 09:01:18', 49, 19, 3, 37, 5, 364, 0, 'gfngfn', 'fgnfn', 'confirmed', '2025-08-12 08:31:00', '00:00:00', '00:00:00', '', '0028', '2025-07-01', '2025-07-01', 79, 23, 9, 0),
(53, 103, 15, '2025-08-12 09:16:49', 49, 19, 3, 37, 5, 364, 0, 'okk', 'okkk', 'confirmed', '2025-08-12 09:11:00', '00:00:00', '00:00:00', '', '0029', '2025-04-18', '2025-04-18', 79, 24, 8, 0),
(54, 104, 15, '2025-08-12 09:33:43', 49, 19, 3, 37, 5, 364, 0, 'okokoooooo', 'okokoooooo', 'confirmed', '2025-08-12 09:31:00', '00:00:00', '00:00:00', '', '0030', '2025-06-26', '2025-06-26', 79, 25, 8, 0),
(55, 105, 15, '2025-08-12 09:41:15', 49, 19, 3, 37, 5, 364, 0, 'SVSFV', 'SFVFVFS', 'confirmed', '2025-08-12 09:37:00', '00:00:00', '00:00:00', '', '0031', '2025-06-20', '2025-06-20', 79, 26, 8, 0),
(56, 107, 15, '2025-08-12 09:54:25', 49, 19, 3, 37, 5, 364, 0, 'TESSS ', 'TESSS  0001010101', 'confirmed', '2025-08-12 09:51:00', '00:00:00', '00:00:00', '', '0033', '2025-03-01', '2025-03-01', 79, 27, 8, 0),
(57, 108, 6, '2025-08-15 07:30:03', 58, 12, 3, 40, 18, 241, 0, 'OK', 'OK', 'confirmed', '2025-08-15 07:26:00', '00:00:00', '00:00:00', '', '0034', '2025-08-15', '2025-08-15', 0, 0, 1, 0),
(58, 109, 6, '2026-02-18 06:48:49', 49, 12, 3, 37, 5, 208, 0, 'ok', 'oktyjtyityi', 'confirmed', '2026-02-18 06:46:00', '00:00:00', '00:00:00', '', '0035', '2026-02-18', '2026-02-20', 0, 0, 1, 0),
(59, 110, 6, '2026-02-18 06:55:50', 49, 12, 3, 37, 5, 208, 0, 'sdgfg', 'hthrtjyrj', 'confirmed', '2026-02-18 06:50:00', '00:00:00', '00:00:00', '', '0036', '2026-02-23', '2026-02-25', 0, 0, 1, 0);

-- --------------------------------------------------------

--
-- Table structure for table `c_budget`
--

CREATE TABLE `c_budget` (
  `id_c_budget` int(11) NOT NULL,
  `id_account` varchar(50) NOT NULL,
  `id_item_group` varchar(11) NOT NULL,
  `harga_jual` varchar(50) NOT NULL,
  `harga_beli` varchar(50) NOT NULL,
  `qty` varchar(50) NOT NULL,
  `diskon` varchar(50) NOT NULL,
  `kurs` varchar(50) NOT NULL,
  `currency` varchar(50) NOT NULL,
  `total_c_budget` varchar(50) NOT NULL,
  `factor` varchar(100) NOT NULL
) ENGINE=InnoDB DEFAULT CHARSET=utf8mb4 COLLATE=utf8mb4_general_ci;

--
-- Dumping data for table `c_budget`
--

INSERT INTO `c_budget` (`id_c_budget`, `id_account`, `id_item_group`, `harga_jual`, `harga_beli`, `qty`, `diskon`, `kurs`, `currency`, `total_c_budget`, `factor`) VALUES
(1, '14', '54', '', '', '', '1', '', '', '0', 'jual'),
(2, '36', '54', '', '', '', '1', '', '', '0', 'beli'),
(3, '37', '54', '', '', '', '0.0025', '', '', '0', 'jual'),
(4, '38', '54', '', '', '', '0.01', '', '', '0', 'jual'),
(5, '39', '54', '', '', '', '0.001', '', '', '0', 'jual'),
(6, '40', '54', '', '', '', '0.002', '', '', '0', 'jual'),
(7, '41', '54', '', '', '', '0.007', '', '', '0', 'jual'),
(8, '50', '54', '', '', '', '0.01', '', '', '0', 'jual'),
(9, '53', '54', '', '', '', '0.002', '', '', '0', 'jual'),
(235, '15', '57', '', '', '', '1', '', '', '0', 'jual'),
(236, '42', '57', '', '', '', '1', '', '', '0', 'beli'),
(237, '43', '57', '', '', '', '0.02', '', '', '0', 'jual'),
(238, '44', '57', '', '', '', '0.001', '', '', '0', 'jual'),
(240, '46', '57', '', '', '', '0.005', '', '', '0', 'jual'),
(466, '14', '29', '', '', '', '1', '', '', '', 'jual'),
(467, '36', '29', '', '', '', '1', '', '', '', 'beli'),
(468, '37', '29', '', '', '', '0.0025', '', '', '', 'jual'),
(469, '38', '29', '', '', '', '0.01', '', '', '', 'jual'),
(470, '39', '29', '', '', '', '0.001', '', '', '', 'jual'),
(471, '40', '29', '', '', '', '0.002', '', '', '', 'jual'),
(472, '41', '29', '', '', '', '0.007', '', '', '', 'jual'),
(473, '50', '29', '', '', '', '0.01', '', '', '', 'jual'),
(474, '53', '29', '', '', '', '0.002', '', '', '', 'jual'),
(475, '14', '30', '', '', '', '1', '', '', '', 'jual'),
(476, '36', '30', '', '', '', '1', '', '', '', 'beli'),
(477, '37', '30', '', '', '', '0.0025', '', '', '', 'jual'),
(478, '38', '30', '', '', '', '0.01', '', '', '', 'jual'),
(479, '39', '30', '', '', '', '0.001', '', '', '', 'jual'),
(480, '40', '30', '', '', '', '0.002', '', '', '', 'jual'),
(481, '41', '30', '', '', '', '0.007', '', '', '', 'jual'),
(482, '50', '30', '', '', '', '0.01', '', '', '', 'jual'),
(483, '53', '30', '', '', '', '0.002', '', '', '', 'jual'),
(484, '14', '31', '', '', '', '1', '', '', '', 'jual'),
(485, '36', '31', '', '', '', '1', '', '', '', 'beli'),
(486, '37', '31', '', '', '', '0.0025', '', '', '', 'jual'),
(487, '38', '31', '', '', '', '0.01', '', '', '', 'jual'),
(488, '39', '31', '', '', '', '0.001', '', '', '', 'jual'),
(489, '40', '31', '', '', '', '0.002', '', '', '', 'jual'),
(490, '41', '31', '', '', '', '0.007', '', '', '', 'jual'),
(491, '50', '31', '', '', '', '0.01', '', '', '', 'jual'),
(492, '53', '31', '', '', '', '0.002', '', '', '', 'jual'),
(493, '14', '32', '', '', '', '1', '', '', '', 'jual'),
(494, '36', '32', '', '', '', '1', '', '', '', 'beli'),
(495, '37', '32', '', '', '', '0.0025', '', '', '', 'jual'),
(496, '38', '32', '', '', '', '0.01', '', '', '', 'jual'),
(497, '39', '32', '', '', '', '0.001', '', '', '', 'jual'),
(498, '40', '32', '', '', '', '0.002', '', '', '', 'jual'),
(499, '41', '32', '', '', '', '0.007', '', '', '', 'jual'),
(500, '50', '32', '', '', '', '0.01', '', '', '', 'jual'),
(501, '53', '32', '', '', '', '0.002', '', '', '', 'jual'),
(502, '14', '33', '', '', '', '1', '', '', '', 'jual'),
(503, '36', '33', '', '', '', '1', '', '', '', 'beli'),
(504, '37', '33', '', '', '', '0.0025', '', '', '', 'jual'),
(505, '38', '33', '', '', '', '0.01', '', '', '', 'jual'),
(506, '39', '33', '', '', '', '0.001', '', '', '', 'jual'),
(507, '40', '33', '', '', '', '0.002', '', '', '', 'jual'),
(508, '41', '33', '', '', '', '0.007', '', '', '', 'jual'),
(509, '50', '33', '', '', '', '0.01', '', '', '', 'jual'),
(510, '53', '33', '', '', '', '0.002', '', '', '', 'jual'),
(511, '14', '34', '', '', '', '1', '', '', '', 'jual'),
(512, '36', '34', '', '', '', '1', '', '', '', 'beli'),
(513, '37', '34', '', '', '', '0.0025', '', '', '', 'jual'),
(514, '38', '34', '', '', '', '0.01', '', '', '', 'jual'),
(515, '39', '34', '', '', '', '0.001', '', '', '', 'jual'),
(516, '40', '34', '', '', '', '0.002', '', '', '', 'jual'),
(517, '41', '34', '', '', '', '0.007', '', '', '', 'jual'),
(518, '50', '34', '', '', '', '0.01', '', '', '', 'jual'),
(519, '53', '34', '', '', '', '0.002', '', '', '', 'jual'),
(520, '14', '35', '', '', '', '1', '', '', '', 'jual'),
(521, '36', '35', '', '', '', '1', '', '', '', 'beli'),
(522, '37', '35', '', '', '', '0.0025', '', '', '', 'jual'),
(523, '38', '35', '', '', '', '0.01', '', '', '', 'jual'),
(524, '39', '35', '', '', '', '0.001', '', '', '', 'jual'),
(525, '40', '35', '', '', '', '0.002', '', '', '', 'jual'),
(526, '41', '35', '', '', '', '0.007', '', '', '', 'jual'),
(527, '50', '35', '', '', '', '0.01', '', '', '', 'jual'),
(528, '53', '35', '', '', '', '0.002', '', '', '', 'jual'),
(529, '14', '36', '', '', '', '1', '', '', '', 'jual'),
(530, '36', '36', '', '', '', '1', '', '', '', 'beli'),
(531, '37', '36', '', '', '', '0.0025', '', '', '', 'jual'),
(532, '38', '36', '', '', '', '0.01', '', '', '', 'jual'),
(533, '39', '36', '', '', '', '0.001', '', '', '', 'jual'),
(534, '40', '36', '', '', '', '0.002', '', '', '', 'jual'),
(535, '41', '36', '', '', '', '0.007', '', '', '', 'jual'),
(536, '50', '36', '', '', '', '0.01', '', '', '', 'jual'),
(537, '53', '36', '', '', '', '0.002', '', '', '', 'jual'),
(538, '14', '37', '', '', '', '1', '', '', '', 'jual'),
(539, '36', '37', '', '', '', '1', '', '', '', 'beli'),
(540, '37', '37', '', '', '', '0.0025', '', '', '', 'jual'),
(541, '38', '37', '', '', '', '0.01', '', '', '', 'jual'),
(542, '39', '37', '', '', '', '0.001', '', '', '', 'jual'),
(543, '40', '37', '', '', '', '0.002', '', '', '', 'jual'),
(544, '41', '37', '', '', '', '0.007', '', '', '', 'jual'),
(545, '50', '37', '', '', '', '0.01', '', '', '', 'jual'),
(546, '53', '37', '', '', '', '0.002', '', '', '', 'jual'),
(547, '14', '38', '', '', '', '1', '', '', '', 'jual'),
(548, '36', '38', '', '', '', '1', '', '', '', 'beli'),
(549, '37', '38', '', '', '', '0.0025', '', '', '', 'jual'),
(550, '38', '38', '', '', '', '0.01', '', '', '', 'jual'),
(551, '39', '38', '', '', '', '0.001', '', '', '', 'jual'),
(552, '40', '38', '', '', '', '0.002', '', '', '', 'jual'),
(553, '41', '38', '', '', '', '0.007', '', '', '', 'jual'),
(554, '50', '38', '', '', '', '0.01', '', '', '', 'jual'),
(555, '53', '38', '', '', '', '0.002', '', '', '', 'jual'),
(556, '14', '39', '', '', '', '1', '', '', '', 'jual'),
(557, '36', '39', '', '', '', '1', '', '', '', 'beli'),
(558, '37', '39', '', '', '', '0.0025', '', '', '', 'jual'),
(559, '38', '39', '', '', '', '0.01', '', '', '', 'jual'),
(560, '39', '39', '', '', '', '0.001', '', '', '', 'jual'),
(561, '40', '39', '', '', '', '0.002', '', '', '', 'jual'),
(562, '41', '39', '', '', '', '0.007', '', '', '', 'jual'),
(563, '50', '39', '', '', '', '0.01', '', '', '', 'jual'),
(564, '53', '39', '', '', '', '0.002', '', '', '', 'jual'),
(565, '14', '40', '', '', '', '1', '', '', '', 'jual'),
(566, '36', '40', '', '', '', '1', '', '', '', 'beli'),
(567, '37', '40', '', '', '', '0.0025', '', '', '', 'jual'),
(568, '38', '40', '', '', '', '0.01', '', '', '', 'jual'),
(569, '39', '40', '', '', '', '0.001', '', '', '', 'jual'),
(570, '40', '40', '', '', '', '0.002', '', '', '', 'jual'),
(571, '41', '40', '', '', '', '0.007', '', '', '', 'jual'),
(572, '50', '40', '', '', '', '0.01', '', '', '', 'jual'),
(573, '53', '40', '', '', '', '0.002', '', '', '', 'jual'),
(574, '14', '41', '', '', '', '1', '', '', '', 'jual'),
(575, '36', '41', '', '', '', '1', '', '', '', 'beli'),
(576, '37', '41', '', '', '', '0.0025', '', '', '', 'jual'),
(577, '38', '41', '', '', '', '0.01', '', '', '', 'jual'),
(578, '39', '41', '', '', '', '0.001', '', '', '', 'jual'),
(579, '40', '41', '', '', '', '0.002', '', '', '', 'jual'),
(580, '41', '41', '', '', '', '0.007', '', '', '', 'jual'),
(581, '50', '41', '', '', '', '0.01', '', '', '', 'jual'),
(582, '53', '41', '', '', '', '0.002', '', '', '', 'jual'),
(583, '14', '42', '', '', '', '1', '', '', '', 'jual'),
(584, '36', '42', '', '', '', '1', '', '', '', 'beli'),
(585, '37', '42', '', '', '', '0.0025', '', '', '', 'jual'),
(586, '38', '42', '', '', '', '0.01', '', '', '', 'jual'),
(587, '39', '42', '', '', '', '0.001', '', '', '', 'jual'),
(588, '40', '42', '', '', '', '0.002', '', '', '', 'jual'),
(589, '41', '42', '', '', '', '0.007', '', '', '', 'jual'),
(590, '50', '42', '', '', '', '0.01', '', '', '', 'jual'),
(591, '53', '42', '', '', '', '0.002', '', '', '', 'jual'),
(592, '14', '43', '', '', '', '1', '', '', '', 'jual'),
(593, '36', '43', '', '', '', '1', '', '', '', 'beli'),
(594, '37', '43', '', '', '', '0.0025', '', '', '', 'jual'),
(595, '38', '43', '', '', '', '0.01', '', '', '', 'jual'),
(596, '39', '43', '', '', '', '0.001', '', '', '', 'jual'),
(597, '40', '43', '', '', '', '0.002', '', '', '', 'jual'),
(598, '41', '43', '', '', '', '0.007', '', '', '', 'jual'),
(599, '50', '43', '', '', '', '0.01', '', '', '', 'jual'),
(600, '53', '43', '', '', '', '0.002', '', '', '', 'jual'),
(601, '14', '44', '', '', '', '1', '', '', '', 'jual'),
(602, '36', '44', '', '', '', '1', '', '', '', 'beli'),
(603, '37', '44', '', '', '', '0.0025', '', '', '', 'jual'),
(604, '38', '44', '', '', '', '0.01', '', '', '', 'jual'),
(605, '39', '44', '', '', '', '0.001', '', '', '', 'jual'),
(606, '40', '44', '', '', '', '0.002', '', '', '', 'jual'),
(607, '41', '44', '', '', '', '0.007', '', '', '', 'jual'),
(608, '50', '44', '', '', '', '0.01', '', '', '', 'jual'),
(609, '53', '44', '', '', '', '0.002', '', '', '', 'jual'),
(610, '14', '45', '', '', '', '1', '', '', '', 'jual'),
(611, '36', '45', '', '', '', '1', '', '', '', 'beli'),
(612, '37', '45', '', '', '', '0.0025', '', '', '', 'jual'),
(613, '38', '45', '', '', '', '0.01', '', '', '', 'jual'),
(614, '39', '45', '', '', '', '0.001', '', '', '', 'jual'),
(615, '40', '45', '', '', '', '0.002', '', '', '', 'jual'),
(616, '41', '45', '', '', '', '0.007', '', '', '', 'jual'),
(617, '50', '45', '', '', '', '0.01', '', '', '', 'jual'),
(618, '53', '45', '', '', '', '0.002', '', '', '', 'jual'),
(619, '14', '46', '', '', '', '1', '', '', '', 'jual'),
(620, '36', '46', '', '', '', '1', '', '', '', 'beli'),
(621, '37', '46', '', '', '', '0.0025', '', '', '', 'jual'),
(622, '38', '46', '', '', '', '0.01', '', '', '', 'jual'),
(623, '39', '46', '', '', '', '0.001', '', '', '', 'jual'),
(624, '40', '46', '', '', '', '0.002', '', '', '', 'jual'),
(625, '41', '46', '', '', '', '0.007', '', '', '', 'jual'),
(626, '50', '46', '', '', '', '0.01', '', '', '', 'jual'),
(627, '53', '46', '', '', '', '0.002', '', '', '', 'jual'),
(628, '14', '47', '', '', '', '1', '', '', '', 'jual'),
(629, '36', '47', '', '', '', '1', '', '', '', 'beli'),
(630, '37', '47', '', '', '', '0.0025', '', '', '', 'jual'),
(631, '38', '47', '', '', '', '0.01', '', '', '', 'jual'),
(632, '39', '47', '', '', '', '0.001', '', '', '', 'jual'),
(633, '40', '47', '', '', '', '0.002', '', '', '', 'jual'),
(634, '41', '47', '', '', '', '0.007', '', '', '', 'jual'),
(635, '50', '47', '', '', '', '0.01', '', '', '', 'jual'),
(636, '53', '47', '', '', '', '0.002', '', '', '', 'jual'),
(637, '14', '48', '', '', '', '1', '', '', '', 'jual'),
(638, '36', '48', '', '', '', '1', '', '', '', 'beli'),
(639, '37', '48', '', '', '', '0.0025', '', '', '', 'jual'),
(640, '38', '48', '', '', '', '0.01', '', '', '', 'jual'),
(641, '39', '48', '', '', '', '0.001', '', '', '', 'jual'),
(642, '40', '48', '', '', '', '0.002', '', '', '', 'jual'),
(643, '41', '48', '', '', '', '0.007', '', '', '', 'jual'),
(644, '50', '48', '', '', '', '0.01', '', '', '', 'jual'),
(645, '53', '48', '', '', '', '0.002', '', '', '', 'jual'),
(646, '14', '49', '', '', '', '1', '', '', '', 'jual'),
(647, '36', '49', '', '', '', '1', '', '', '', 'beli'),
(648, '37', '49', '', '', '', '0.0025', '', '', '', 'jual'),
(649, '38', '49', '', '', '', '0.01', '', '', '', 'jual'),
(650, '39', '49', '', '', '', '0.001', '', '', '', 'jual'),
(651, '40', '49', '', '', '', '0.002', '', '', '', 'jual'),
(652, '41', '49', '', '', '', '0.007', '', '', '', 'jual'),
(653, '50', '49', '', '', '', '0.01', '', '', '', 'jual'),
(654, '53', '49', '', '', '', '0.002', '', '', '', 'jual'),
(655, '14', '50', '', '', '', '1', '', '', '', 'jual'),
(656, '36', '50', '', '', '', '1', '', '', '', 'beli'),
(657, '37', '50', '', '', '', '0.0025', '', '', '', 'jual'),
(658, '38', '50', '', '', '', '0.01', '', '', '', 'jual'),
(659, '39', '50', '', '', '', '0.001', '', '', '', 'jual'),
(660, '40', '50', '', '', '', '0.002', '', '', '', 'jual'),
(661, '41', '50', '', '', '', '0.007', '', '', '', 'jual'),
(662, '50', '50', '', '', '', '0.01', '', '', '', 'jual'),
(663, '53', '50', '', '', '', '0.002', '', '', '', 'jual'),
(664, '14', '51', '', '', '', '1', '', '', '', 'jual'),
(665, '36', '51', '', '', '', '1', '', '', '', 'beli'),
(666, '37', '51', '', '', '', '0.0025', '', '', '', 'jual'),
(667, '38', '51', '', '', '', '0.01', '', '', '', 'jual'),
(668, '39', '51', '', '', '', '0.001', '', '', '', 'jual'),
(669, '40', '51', '', '', '', '0.002', '', '', '', 'jual'),
(670, '41', '51', '', '', '', '0.007', '', '', '', 'jual'),
(671, '50', '51', '', '', '', '0.01', '', '', '', 'jual'),
(672, '53', '51', '', '', '', '0.002', '', '', '', 'jual'),
(673, '14', '52', '', '', '', '1', '', '', '', 'jual'),
(674, '36', '52', '', '', '', '1', '', '', '', 'beli'),
(675, '37', '52', '', '', '', '0.0025', '', '', '', 'jual'),
(676, '38', '52', '', '', '', '0.01', '', '', '', 'jual'),
(677, '39', '52', '', '', '', '0.001', '', '', '', 'jual'),
(678, '40', '52', '', '', '', '0.002', '', '', '', 'jual'),
(679, '41', '52', '', '', '', '0.007', '', '', '', 'jual'),
(680, '50', '52', '', '', '', '0.01', '', '', '', 'jual'),
(681, '53', '52', '', '', '', '0.002', '', '', '', 'jual'),
(682, '14', '53', '', '', '', '1', '', '', '', 'jual'),
(683, '36', '53', '', '', '', '1', '', '', '', 'beli'),
(684, '37', '53', '', '', '', '0.0025', '', '', '', 'jual'),
(685, '38', '53', '', '', '', '0.01', '', '', '', 'jual'),
(686, '39', '53', '', '', '', '0.001', '', '', '', 'jual'),
(687, '40', '53', '', '', '', '0.002', '', '', '', 'jual'),
(688, '41', '53', '', '', '', '0.007', '', '', '', 'jual'),
(689, '50', '53', '', '', '', '0.01', '', '', '', 'jual'),
(690, '53', '53', '', '', '', '0.002', '', '', '', 'jual'),
(691, '15', '55', '', '', '', '1', '', '', '0', 'jual'),
(692, '42', '55', '', '', '', '1', '', '', '0', 'beli'),
(693, '43', '55', '', '', '', '0.02', '', '', '0', 'jual'),
(694, '44', '55', '', '', '', '0.001', '', '', '0', 'jual'),
(696, '45', '55', '', '', '', '0.12', '', '', '0', 'jual'),
(697, '46', '55', '', '', '', '0.005', '', '', '0', 'jual'),
(698, '15', '56', '', '', '', '1', '', '', '0', 'jual'),
(699, '42', '56', '', '', '', '1', '', '', '0', 'beli'),
(700, '43', '56', '', '', '', '0.02', '', '', '0', 'jual'),
(701, '44', '56', '', '', '', '0.001', '', '', '0', 'jual'),
(702, '45', '56', '', '', '', '0.12', '', '', '0', 'jual'),
(703, '46', '56', '', '', '', '0.005', '', '', '0', 'jual'),
(704, '16', '60', '', '', '', '1', '', '', '0', 'jual'),
(705, '50', '60', '', '', '', '0.9', '', '', '0', 'beli'),
(706, '53', '60', '', '', '', '0.05', '', '', '0', 'jual'),
(707, '16', '58', '', '', '', '1', '', '', '0', 'jual'),
(708, '50', '58', '', '', '', '0.9', '', '', '0', 'beli'),
(709, '53', '58', '', '', '', '0.05', '', '', '0', 'jual'),
(710, '14', '25', '', '', '', '1', '', '', '0', 'jual'),
(711, '36', '25', '', '', '', '1', '', '', '0', 'beli'),
(712, '37', '25', '', '', '', '0.0025', '', '', '0', 'jual'),
(713, '38', '25', '', '', '', '0.01', '', '', '0', 'jual'),
(714, '39', '25', '', '', '', '0.001', '', '', '0', 'jual'),
(715, '40', '25', '', '', '', '0.002', '', '', '0', 'jual'),
(716, '50', '25', '', '', '', '0.01', '', '', '0', 'jual'),
(717, '53', '25', '', '', '', '0.002', '', '', '0', 'jual'),
(718, '14', '1', '', '', '', '1', '', '', '', 'jual'),
(719, '36', '1', '', '', '', '1', '', '', '', 'beli'),
(720, '37', '1', '', '', '', '0.0025', '', '', '', 'jual'),
(721, '38', '1', '', '', '', '0.01', '', '', '', 'jual'),
(722, '39', '1', '', '', '', '0.001', '', '', '', 'jual'),
(723, '40', '1', '', '', '', '0.002', '', '', '', 'jual'),
(724, '50', '1', '', '', '', '0.01', '', '', '', 'jual'),
(725, '53', '1', '', '', '', '0.002', '', '', '', 'jual'),
(726, '14', '2', '', '', '', '1', '', '', '', 'jual'),
(727, '36', '2', '', '', '', '1', '', '', '', 'beli'),
(728, '37', '2', '', '', '', '0.0025', '', '', '', 'jual'),
(729, '38', '2', '', '', '', '0.01', '', '', '', 'jual'),
(730, '39', '2', '', '', '', '0.001', '', '', '', 'jual'),
(731, '40', '2', '', '', '', '0.002', '', '', '', 'jual'),
(732, '50', '2', '', '', '', '0.01', '', '', '', 'jual'),
(733, '53', '2', '', '', '', '0.002', '', '', '', 'jual'),
(734, '14', '3', '', '', '', '1', '', '', '', 'jual'),
(735, '36', '3', '', '', '', '1', '', '', '', 'beli'),
(736, '37', '3', '', '', '', '0.0025', '', '', '', 'jual'),
(737, '38', '3', '', '', '', '0.01', '', '', '', 'jual'),
(738, '39', '3', '', '', '', '0.001', '', '', '', 'jual'),
(739, '40', '3', '', '', '', '0.002', '', '', '', 'jual'),
(740, '50', '3', '', '', '', '0.01', '', '', '', 'jual'),
(741, '53', '3', '', '', '', '0.002', '', '', '', 'jual'),
(742, '14', '4', '', '', '', '1', '', '', '', 'jual'),
(743, '36', '4', '', '', '', '1', '', '', '', 'beli'),
(744, '37', '4', '', '', '', '0.0025', '', '', '', 'jual'),
(745, '38', '4', '', '', '', '0.01', '', '', '', 'jual'),
(746, '39', '4', '', '', '', '0.001', '', '', '', 'jual'),
(747, '40', '4', '', '', '', '0.002', '', '', '', 'jual'),
(748, '50', '4', '', '', '', '0.01', '', '', '', 'jual'),
(749, '53', '4', '', '', '', '0.002', '', '', '', 'jual'),
(750, '14', '6', '', '', '', '1', '', '', '', 'jual'),
(751, '36', '6', '', '', '', '1', '', '', '', 'beli'),
(752, '37', '6', '', '', '', '0.0025', '', '', '', 'jual'),
(753, '38', '6', '', '', '', '0.01', '', '', '', 'jual'),
(754, '39', '6', '', '', '', '0.001', '', '', '', 'jual'),
(755, '40', '6', '', '', '', '0.002', '', '', '', 'jual'),
(756, '50', '6', '', '', '', '0.01', '', '', '', 'jual'),
(757, '53', '6', '', '', '', '0.002', '', '', '', 'jual'),
(758, '14', '7', '', '', '', '1', '', '', '', 'jual'),
(759, '36', '7', '', '', '', '1', '', '', '', 'beli'),
(760, '37', '7', '', '', '', '0.0025', '', '', '', 'jual'),
(761, '38', '7', '', '', '', '0.01', '', '', '', 'jual'),
(762, '39', '7', '', '', '', '0.001', '', '', '', 'jual'),
(763, '40', '7', '', '', '', '0.002', '', '', '', 'jual'),
(764, '50', '7', '', '', '', '0.01', '', '', '', 'jual'),
(765, '53', '7', '', '', '', '0.002', '', '', '', 'jual'),
(766, '14', '8', '', '', '', '1', '', '', '', 'jual'),
(767, '36', '8', '', '', '', '1', '', '', '', 'beli'),
(768, '37', '8', '', '', '', '0.0025', '', '', '', 'jual'),
(769, '38', '8', '', '', '', '0.01', '', '', '', 'jual'),
(770, '39', '8', '', '', '', '0.001', '', '', '', 'jual'),
(771, '40', '8', '', '', '', '0.002', '', '', '', 'jual'),
(772, '50', '8', '', '', '', '0.01', '', '', '', 'jual'),
(773, '53', '8', '', '', '', '0.002', '', '', '', 'jual'),
(774, '14', '9', '', '', '', '1', '', '', '', 'jual'),
(775, '36', '9', '', '', '', '1', '', '', '', 'beli'),
(776, '37', '9', '', '', '', '0.0025', '', '', '', 'jual'),
(777, '38', '9', '', '', '', '0.01', '', '', '', 'jual'),
(778, '39', '9', '', '', '', '0.001', '', '', '', 'jual'),
(779, '40', '9', '', '', '', '0.002', '', '', '', 'jual'),
(780, '50', '9', '', '', '', '0.01', '', '', '', 'jual'),
(781, '53', '9', '', '', '', '0.002', '', '', '', 'jual'),
(782, '14', '10', '', '', '', '1', '', '', '', 'jual'),
(783, '36', '10', '', '', '', '1', '', '', '', 'beli'),
(784, '37', '10', '', '', '', '0.0025', '', '', '', 'jual'),
(785, '38', '10', '', '', '', '0.01', '', '', '', 'jual'),
(786, '39', '10', '', '', '', '0.001', '', '', '', 'jual'),
(787, '40', '10', '', '', '', '0.002', '', '', '', 'jual'),
(788, '50', '10', '', '', '', '0.01', '', '', '', 'jual'),
(789, '53', '10', '', '', '', '0.002', '', '', '', 'jual'),
(790, '14', '11', '', '', '', '1', '', '', '', 'jual'),
(791, '36', '11', '', '', '', '1', '', '', '', 'beli'),
(792, '37', '11', '', '', '', '0.0025', '', '', '', 'jual'),
(793, '38', '11', '', '', '', '0.01', '', '', '', 'jual'),
(794, '39', '11', '', '', '', '0.001', '', '', '', 'jual'),
(795, '40', '11', '', '', '', '0.002', '', '', '', 'jual'),
(796, '50', '11', '', '', '', '0.01', '', '', '', 'jual'),
(797, '53', '11', '', '', '', '0.002', '', '', '', 'jual'),
(798, '14', '12', '', '', '', '1', '', '', '', 'jual'),
(799, '36', '12', '', '', '', '1', '', '', '', 'beli'),
(800, '37', '12', '', '', '', '0.0025', '', '', '', 'jual'),
(801, '38', '12', '', '', '', '0.01', '', '', '', 'jual'),
(802, '39', '12', '', '', '', '0.001', '', '', '', 'jual'),
(803, '40', '12', '', '', '', '0.002', '', '', '', 'jual'),
(804, '50', '12', '', '', '', '0.01', '', '', '', 'jual'),
(805, '53', '12', '', '', '', '0.002', '', '', '', 'jual'),
(806, '14', '13', '', '', '', '1', '', '', '', 'jual'),
(807, '36', '13', '', '', '', '1', '', '', '', 'beli'),
(808, '37', '13', '', '', '', '0.0025', '', '', '', 'jual'),
(809, '38', '13', '', '', '', '0.01', '', '', '', 'jual'),
(810, '39', '13', '', '', '', '0.001', '', '', '', 'jual'),
(811, '40', '13', '', '', '', '0.002', '', '', '', 'jual'),
(812, '50', '13', '', '', '', '0.01', '', '', '', 'jual'),
(813, '53', '13', '', '', '', '0.002', '', '', '', 'jual'),
(814, '14', '14', '', '', '', '1', '', '', '', 'jual'),
(815, '36', '14', '', '', '', '1', '', '', '', 'beli'),
(816, '37', '14', '', '', '', '0.0025', '', '', '', 'jual'),
(817, '38', '14', '', '', '', '0.01', '', '', '', 'jual'),
(818, '39', '14', '', '', '', '0.001', '', '', '', 'jual'),
(819, '40', '14', '', '', '', '0.002', '', '', '', 'jual'),
(820, '50', '14', '', '', '', '0.01', '', '', '', 'jual'),
(821, '53', '14', '', '', '', '0.002', '', '', '', 'jual'),
(822, '14', '15', '', '', '', '1', '', '', '', 'jual'),
(823, '36', '15', '', '', '', '1', '', '', '', 'beli'),
(824, '37', '15', '', '', '', '0.0025', '', '', '', 'jual'),
(825, '38', '15', '', '', '', '0.01', '', '', '', 'jual'),
(826, '39', '15', '', '', '', '0.001', '', '', '', 'jual'),
(827, '40', '15', '', '', '', '0.002', '', '', '', 'jual'),
(828, '50', '15', '', '', '', '0.01', '', '', '', 'jual'),
(829, '53', '15', '', '', '', '0.002', '', '', '', 'jual'),
(830, '14', '16', '', '', '', '1', '', '', '', 'jual'),
(831, '36', '16', '', '', '', '1', '', '', '', 'beli'),
(832, '37', '16', '', '', '', '0.0025', '', '', '', 'jual'),
(833, '38', '16', '', '', '', '0.01', '', '', '', 'jual'),
(834, '39', '16', '', '', '', '0.001', '', '', '', 'jual'),
(835, '40', '16', '', '', '', '0.002', '', '', '', 'jual'),
(836, '50', '16', '', '', '', '0.01', '', '', '', 'jual'),
(837, '53', '16', '', '', '', '0.002', '', '', '', 'jual'),
(838, '14', '17', '', '', '', '1', '', '', '', 'jual'),
(839, '36', '17', '', '', '', '1', '', '', '', 'beli'),
(840, '37', '17', '', '', '', '0.0025', '', '', '', 'jual'),
(841, '38', '17', '', '', '', '0.01', '', '', '', 'jual'),
(842, '39', '17', '', '', '', '0.001', '', '', '', 'jual'),
(843, '40', '17', '', '', '', '0.002', '', '', '', 'jual'),
(844, '50', '17', '', '', '', '0.01', '', '', '', 'jual'),
(845, '53', '17', '', '', '', '0.002', '', '', '', 'jual'),
(846, '14', '18', '', '', '', '1', '', '', '', 'jual'),
(847, '36', '18', '', '', '', '1', '', '', '', 'beli'),
(848, '37', '18', '', '', '', '0.0025', '', '', '', 'jual'),
(849, '38', '18', '', '', '', '0.01', '', '', '', 'jual'),
(850, '39', '18', '', '', '', '0.001', '', '', '', 'jual'),
(851, '40', '18', '', '', '', '0.002', '', '', '', 'jual'),
(852, '50', '18', '', '', '', '0.01', '', '', '', 'jual'),
(853, '53', '18', '', '', '', '0.002', '', '', '', 'jual'),
(854, '14', '19', '', '', '', '1', '', '', '', 'jual'),
(855, '36', '19', '', '', '', '1', '', '', '', 'beli'),
(856, '37', '19', '', '', '', '0.0025', '', '', '', 'jual'),
(857, '38', '19', '', '', '', '0.01', '', '', '', 'jual'),
(858, '39', '19', '', '', '', '0.001', '', '', '', 'jual'),
(859, '40', '19', '', '', '', '0.002', '', '', '', 'jual'),
(860, '50', '19', '', '', '', '0.01', '', '', '', 'jual'),
(861, '53', '19', '', '', '', '0.002', '', '', '', 'jual'),
(862, '14', '20', '', '', '', '1', '', '', '', 'jual'),
(863, '36', '20', '', '', '', '1', '', '', '', 'beli'),
(864, '37', '20', '', '', '', '0.0025', '', '', '', 'jual'),
(865, '38', '20', '', '', '', '0.01', '', '', '', 'jual'),
(866, '39', '20', '', '', '', '0.001', '', '', '', 'jual'),
(867, '40', '20', '', '', '', '0.002', '', '', '', 'jual'),
(868, '50', '20', '', '', '', '0.01', '', '', '', 'jual'),
(869, '53', '20', '', '', '', '0.002', '', '', '', 'jual'),
(870, '14', '21', '', '', '', '1', '', '', '', 'jual'),
(871, '36', '21', '', '', '', '1', '', '', '', 'beli'),
(872, '37', '21', '', '', '', '0.0025', '', '', '', 'jual'),
(873, '38', '21', '', '', '', '0.01', '', '', '', 'jual'),
(874, '39', '21', '', '', '', '0.001', '', '', '', 'jual'),
(875, '40', '21', '', '', '', '0.002', '', '', '', 'jual'),
(876, '50', '21', '', '', '', '0.01', '', '', '', 'jual'),
(877, '53', '21', '', '', '', '0.002', '', '', '', 'jual'),
(878, '14', '22', '', '', '', '1', '', '', '', 'jual'),
(879, '36', '22', '', '', '', '1', '', '', '', 'beli'),
(880, '37', '22', '', '', '', '0.0025', '', '', '', 'jual'),
(881, '38', '22', '', '', '', '0.01', '', '', '', 'jual'),
(882, '39', '22', '', '', '', '0.001', '', '', '', 'jual'),
(883, '40', '22', '', '', '', '0.002', '', '', '', 'jual'),
(884, '50', '22', '', '', '', '0.01', '', '', '', 'jual'),
(885, '53', '22', '', '', '', '0.002', '', '', '', 'jual'),
(886, '14', '23', '', '', '', '1', '', '', '', 'jual'),
(887, '36', '23', '', '', '', '1', '', '', '', 'beli'),
(888, '37', '23', '', '', '', '0.0025', '', '', '', 'jual'),
(889, '38', '23', '', '', '', '0.01', '', '', '', 'jual'),
(890, '39', '23', '', '', '', '0.001', '', '', '', 'jual'),
(891, '40', '23', '', '', '', '0.002', '', '', '', 'jual'),
(892, '50', '23', '', '', '', '0.01', '', '', '', 'jual'),
(893, '53', '23', '', '', '', '0.002', '', '', '', 'jual'),
(894, '14', '24', '', '', '', '1', '', '', '', 'jual'),
(895, '36', '24', '', '', '', '1', '', '', '', 'beli'),
(896, '37', '24', '', '', '', '0.0025', '', '', '', 'jual'),
(897, '38', '24', '', '', '', '0.01', '', '', '', 'jual'),
(898, '39', '24', '', '', '', '0.001', '', '', '', 'jual'),
(899, '40', '24', '', '', '', '0.002', '', '', '', 'jual'),
(900, '50', '24', '', '', '', '0.01', '', '', '', 'jual'),
(901, '53', '24', '', '', '', '0.002', '', '', '', 'jual'),
(902, '14', '26', '', '', '', '1', '', '', '', 'jual'),
(903, '36', '26', '', '', '', '1', '', '', '', 'beli'),
(904, '37', '26', '', '', '', '0.0025', '', '', '', 'jual'),
(905, '38', '26', '', '', '', '0.01', '', '', '', 'jual'),
(906, '39', '26', '', '', '', '0.001', '', '', '', 'jual'),
(907, '40', '26', '', '', '', '0.002', '', '', '', 'jual'),
(908, '50', '26', '', '', '', '0.01', '', '', '', 'jual'),
(909, '53', '26', '', '', '', '0.002', '', '', '', 'jual'),
(910, '14', '27', '', '', '', '1', '', '', '', 'jual'),
(911, '36', '27', '', '', '', '1', '', '', '', 'beli'),
(912, '37', '27', '', '', '', '0.0025', '', '', '', 'jual'),
(913, '38', '27', '', '', '', '0.01', '', '', '', 'jual'),
(914, '39', '27', '', '', '', '0.001', '', '', '', 'jual'),
(915, '40', '27', '', '', '', '0.002', '', '', '', 'jual'),
(916, '50', '27', '', '', '', '0.01', '', '', '', 'jual'),
(917, '53', '27', '', '', '', '0.002', '', '', '', 'jual'),
(918, '14', '28', '', '', '', '1', '', '', '', 'jual'),
(919, '36', '28', '', '', '', '1', '', '', '', 'beli'),
(920, '37', '28', '', '', '', '0.0025', '', '', '', 'jual'),
(921, '38', '28', '', '', '', '0.01', '', '', '', 'jual'),
(922, '39', '28', '', '', '', '0.001', '', '', '', 'jual'),
(923, '40', '28', '', '', '', '0.002', '', '', '', 'jual'),
(924, '50', '28', '', '', '', '0.01', '', '', '', 'jual'),
(925, '53', '28', '', '', '', '0.002', '', '', '', 'jual'),
(926, '14', '59', '', '', '', '1', '', '', '0', 'jual'),
(927, '36', '59', '', '', '', '1', '', '', '0', 'beli'),
(928, '37', '59', '', '', '', '0.0025', '', '', '0', 'jual'),
(929, '38', '59', '', '', '', '0.01', '', '', '0', 'jual'),
(930, '39', '59', '', '', '', '0.001', '', '', '0', 'jual'),
(931, '40', '59', '', '', '', '0.002', '', '', '0', 'jual'),
(932, '41', '59', '', '', '', '0.007', '', '', '0', 'jual'),
(933, '50', '59', '', '', '', '0.01', '', '', '0', 'jual'),
(934, '53', '59', '', '', '', '0.002', '', '', '0', 'jual'),
(935, '14', '60', '', '', '', '1', '', '', '0', 'jual'),
(936, '36', '60', '', '', '', '1', '', '', '0', 'beli'),
(937, '37', '60', '', '', '', '0.0025', '', '', '0', 'jual'),
(938, '38', '60', '', '', '', '0.01', '', '', '0', 'jual'),
(939, '39', '60', '', '', '', '0.001', '', '', '0', 'jual'),
(940, '40', '60', '', '', '', '0.002', '', '', '0', 'jual'),
(941, '41', '60', '', '', '', '0.007', '', '', '0', 'jual'),
(942, '50', '60', '', '', '', '0.01', '', '', '0', 'jual'),
(943, '53', '60', '', '', '', '0.002', '', '', '0', 'jual'),
(944, '16', '29', '', '', '', '1', '', '', '', 'jual'),
(945, '16', '30', '', '', '', '1', '', '', '', 'jual'),
(946, '16', '31', '', '', '', '1', '', '', '', 'jual'),
(947, '16', '32', '', '', '', '1', '', '', '', 'jual'),
(948, '16', '33', '', '', '', '1', '', '', '', 'jual'),
(949, '16', '34', '', '', '', '1', '', '', '', 'jual'),
(950, '16', '35', '', '', '', '1', '', '', '', 'jual'),
(951, '16', '36', '', '', '', '1', '', '', '', 'jual'),
(952, '16', '37', '', '', '', '1', '', '', '', 'jual'),
(953, '16', '38', '', '', '', '1', '', '', '', 'jual'),
(954, '16', '39', '', '', '', '1', '', '', '', 'jual'),
(955, '16', '40', '', '', '', '1', '', '', '', 'jual'),
(956, '16', '41', '', '', '', '1', '', '', '', 'jual'),
(957, '16', '42', '', '', '', '1', '', '', '', 'jual'),
(958, '16', '43', '', '', '', '1', '', '', '', 'jual'),
(959, '16', '44', '', '', '', '1', '', '', '', 'jual'),
(960, '16', '45', '', '', '', '1', '', '', '', 'jual'),
(961, '16', '46', '', '', '', '1', '', '', '', 'jual'),
(962, '16', '47', '', '', '', '1', '', '', '', 'jual'),
(963, '16', '48', '', '', '', '1', '', '', '', 'jual'),
(964, '16', '49', '', '', '', '1', '', '', '', 'jual'),
(965, '16', '50', '', '', '', '1', '', '', '', 'jual'),
(966, '16', '51', '', '', '', '1', '', '', '', 'jual'),
(967, '16', '52', '', '', '', '1', '', '', '', 'jual'),
(968, '16', '53', '', '', '', '1', '', '', '', 'jual'),
(969, '16', '54', '', '', '', '1', '', '', '', 'jual'),
(970, '16', '59', '', '', '', '1', '', '', '', 'jual'),
(971, '14', '61', '', '', '', '1', '', '', '0', 'jual'),
(972, '36', '61', '', '', '', '1', '', '', '0', 'beli'),
(973, '37', '61', '', '', '', '0.0025', '', '', '0', 'jual'),
(974, '38', '61', '', '', '', '0.01', '', '', '0', 'jual'),
(975, '39', '61', '', '', '', '0.001', '', '', '0', 'jual'),
(976, '40', '61', '', '', '', '0.002', '', '', '0', 'jual'),
(977, '41', '61', '', '', '', '0.007', '', '', '0', 'jual'),
(978, '50', '61', '', '', '', '0.01', '', '', '0', 'jual'),
(979, '53', '61', '', '', '', '0.002', '', '', '0', 'jual');

-- --------------------------------------------------------

--
-- Table structure for table `dar`
--

CREATE TABLE `dar` (
  `id_dar` int(11) NOT NULL,
  `id_tg` int(11) DEFAULT NULL,
  `tgl` timestamp NOT NULL DEFAULT current_timestamp() ON UPDATE current_timestamp(),
  `id_user` int(11) NOT NULL,
  `id_tt` int(11) NOT NULL,
  `id_jenis_pengajuan` int(11) NOT NULL,
  `id_devisi` int(11) NOT NULL,
  `id_departement` int(11) NOT NULL,
  `id_app` int(11) NOT NULL,
  `id_currency` int(11) NOT NULL,
  `sub` varchar(500) NOT NULL,
  `deskripsi` text NOT NULL,
  `status` enum('Draft','waiting','approved','rejected','recheck','confirmed') NOT NULL,
  `datetime` date NOT NULL,
  `id_category` int(11) NOT NULL,
  `time_in` time NOT NULL,
  `time_out` time NOT NULL,
  `fleg` varchar(100) NOT NULL,
  `id_uniq` varchar(100) NOT NULL,
  `transaction_date` date NOT NULL,
  `id_user_hr` int(11) NOT NULL,
  `id_hrga` int(11) NOT NULL
) ENGINE=InnoDB DEFAULT CHARSET=utf8mb4 COLLATE=utf8mb4_general_ci;

--
-- Dumping data for table `dar`
--

INSERT INTO `dar` (`id_dar`, `id_tg`, `tgl`, `id_user`, `id_tt`, `id_jenis_pengajuan`, `id_devisi`, `id_departement`, `id_app`, `id_currency`, `sub`, `deskripsi`, `status`, `datetime`, `id_category`, `time_in`, `time_out`, `fleg`, `id_uniq`, `transaction_date`, `id_user_hr`, `id_hrga`) VALUES
(34, 0, '2025-03-27 03:43:24', 0, 0, 0, 0, 0, 0, 0, '', '', 'waiting', '0000-00-00', 0, '00:00:00', '00:00:00', '', '0001', '0000-00-00', 0, 0),
(35, 12, '2025-03-27 03:50:56', 70, 16, 3, 35, 13, 332, 0, 'zcvvcxvcvc', '', 'waiting', '0000-00-00', 0, '00:00:00', '00:00:00', '', '0002', '2025-03-11', 70, 0),
(36, 12, '2025-03-27 03:51:01', 70, 16, 3, 35, 13, 332, 0, 'zcvvcxvcvc', '', 'waiting', '0000-00-00', 0, '00:00:00', '00:00:00', '', '0002', '2025-03-11', 0, 0),
(37, 12, '2025-03-27 03:51:14', 70, 16, 3, 35, 13, 332, 0, 'vbcvbcvb', '', 'waiting', '0000-00-00', 0, '00:00:00', '00:00:00', '', '0003', '2025-03-15', 70, 0),
(38, 12, '2025-03-27 03:51:19', 70, 16, 3, 35, 13, 332, 0, 'vbcvbcvb', '', 'waiting', '0000-00-00', 0, '00:00:00', '00:00:00', '', '0003', '2025-03-15', 0, 0),
(39, 12, '2025-03-27 03:51:47', 70, 16, 3, 35, 13, 332, 0, 'xvcxvxcv', '', 'waiting', '0000-00-00', 0, '00:00:00', '00:00:00', '', '0004', '2025-03-04', 70, 0),
(40, 12, '2025-03-27 03:53:36', 70, 16, 3, 35, 13, 332, 0, 'vxcvxcvxvc', '', 'waiting', '0000-00-00', 0, '00:00:00', '00:00:00', '', '0005', '2025-03-19', 70, 0),
(41, 12, '2025-03-27 04:06:34', 70, 16, 3, 35, 13, 332, 0, 'cv c v', '', 'waiting', '0000-00-00', 0, '00:00:00', '00:00:00', '', '0006', '2025-03-09', 70, 0),
(42, 12, '2025-03-27 04:12:11', 70, 16, 3, 35, 13, 332, 0, 'cv c vxcvxcv', '', 'waiting', '0000-00-00', 0, '00:00:00', '00:00:00', '', '0007', '2025-06-12', 70, 0),
(43, 12, '2025-03-27 04:12:32', 70, 16, 3, 35, 13, 332, 0, 'xvxcvxcvcv', '', 'waiting', '0000-00-00', 0, '00:00:00', '00:00:00', '', '0008', '2025-06-05', 70, 0),
(44, 12, '2025-03-27 04:16:31', 70, 16, 3, 35, 13, 332, 0, 'cxvcxv', '', 'waiting', '0000-00-00', 0, '00:00:00', '00:00:00', '', '0009', '2025-08-04', 70, 0),
(45, 12, '2025-03-27 04:18:01', 70, 16, 3, 35, 13, 332, 0, 'vcxcvcxv', '', 'waiting', '0000-00-00', 0, '00:00:00', '00:00:00', '', '0010', '2025-04-12', 70, 0),
(46, 12, '2025-03-27 08:51:20', 70, 16, 3, 35, 13, 332, 0, 'Tess ya', '', 'approved', '0000-00-00', 0, '00:00:00', '00:00:00', '', '0011', '2025-03-20', 70, 0),
(47, 12, '2025-03-27 04:34:14', 70, 16, 3, 35, 13, 332, 0, 'Tess ', '', 'Draft', '0000-00-00', 0, '00:00:00', '00:00:00', '', '0012', '2025-07-08', 70, 0),
(48, 12, '2025-03-27 08:28:34', 70, 16, 3, 35, 13, 332, 0, 'Tesssssssss', '', 'approved', '0000-00-00', 0, '00:00:00', '00:00:00', '', '0013', '2025-03-27', 70, 0),
(49, 12, '2025-04-08 03:19:22', 73, 16, 3, 35, 14, 342, 0, 'cxcxc', '', 'waiting', '0000-00-00', 0, '00:00:00', '00:00:00', '', '0014', '2025-04-08', 0, 0);

-- --------------------------------------------------------

--
-- Table structure for table `departement`
--

CREATE TABLE `departement` (
  `id_departement` int(11) NOT NULL,
  `id_jenis_pengajuan` int(11) NOT NULL,
  `id_devisi` int(11) NOT NULL,
  `nama_departement` varchar(25) DEFAULT NULL,
  `deskripsi` text DEFAULT NULL,
  `id_user` int(11) NOT NULL,
  `addi_spp` varchar(50) NOT NULL
) ENGINE=InnoDB DEFAULT CHARSET=utf8mb4 COLLATE=utf8mb4_general_ci;

--
-- Dumping data for table `departement`
--

INSERT INTO `departement` (`id_departement`, `id_jenis_pengajuan`, `id_devisi`, `nama_departement`, `deskripsi`, `id_user`, `addi_spp`) VALUES
(1, 3, 33, 'SALES', 'SALES', 0, '0'),
(5, 3, 37, 'DEV', 'DEVELOPER', 0, 'Yes'),
(6, 3, 36, 'HR', 'HR', 0, 'Yes'),
(9, 3, 36, 'GA', 'GA', 0, '0'),
(10, 3, 37, 'INFRA', 'INFRASTRUCTURE', 0, 'Yes'),
(11, 3, 30, 'FIN', 'FINANCE', 0, '0'),
(12, 3, 30, 'ACCT', 'ACCOUNTING', 0, '0'),
(13, 3, 35, 'PART', 'SPAREPART', 0, '0'),
(14, 3, 35, 'SERVICE', 'SERVICE', 0, '0'),
(15, 3, 33, 'MARKETING', 'MARKETEING', 0, '0'),
(16, 3, 40, 'CHIEF', 'CHIEF (GM)', 0, '0'),
(17, 3, 40, 'AFTER MANAGER', 'AFTER MANAGER', 0, '0'),
(18, 3, 40, 'MGR', 'MGR', 0, '0'),
(21, 3, 42, 'SM', 'Sales Manager', 0, '0'),
(22, 3, 43, 'SERVICE ASSET', 'SERVICE ASSET', 0, 'Yes');

-- --------------------------------------------------------

--
-- Table structure for table `department_budget`
--

CREATE TABLE `department_budget` (
  `id_department_budget` int(11) NOT NULL,
  `id_jenis_pengajuan` int(11) NOT NULL,
  `id_divisi_budget` int(11) NOT NULL,
  `nama_department_budget` varchar(25) DEFAULT NULL,
  `deskripsi` text DEFAULT NULL,
  `id_user` int(11) NOT NULL,
  `addi_spp` varchar(50) NOT NULL
) ENGINE=InnoDB DEFAULT CHARSET=utf8mb4 COLLATE=utf8mb4_general_ci;

--
-- Dumping data for table `department_budget`
--

INSERT INTO `department_budget` (`id_department_budget`, `id_jenis_pengajuan`, `id_divisi_budget`, `nama_department_budget`, `deskripsi`, `id_user`, `addi_spp`) VALUES
(10, 3, 3, 'ALL', 'ALL DEPT', 46, ''),
(11, 3, 1, 'SALES', 'SALES', 59, ''),
(12, 3, 1, 'PARTS', 'PARTS', 56, ''),
(13, 3, 1, 'SERVICE', 'SERVICE', 0, ''),
(21, 3, 2, 'FA', 'FA', 55, ''),
(22, 3, 2, 'HRGA', 'HRGA', 79, ''),
(23, 3, 2, 'IT', 'IT', 58, ''),
(24, 3, 2, 'MGMT', 'MGMT', 55, '');

-- --------------------------------------------------------

--
-- Table structure for table `devisi`
--

CREATE TABLE `devisi` (
  `id_devisi` int(11) NOT NULL,
  `jenis_pengajuan` varchar(25) NOT NULL,
  `id_jenis_pengajuan` int(11) NOT NULL,
  `nama_devisi` varchar(50) DEFAULT NULL,
  `deskripsi` text CHARACTER SET latin1 COLLATE latin1_swedish_ci DEFAULT NULL,
  `id_user` int(11) NOT NULL,
  `addi_spp` varchar(50) NOT NULL
) ENGINE=InnoDB DEFAULT CHARSET=utf8mb4 COLLATE=utf8mb4_general_ci;

--
-- Dumping data for table `devisi`
--

INSERT INTO `devisi` (`id_devisi`, `jenis_pengajuan`, `id_jenis_pengajuan`, `nama_devisi`, `deskripsi`, `id_user`, `addi_spp`) VALUES
(30, '', 3, 'FA', 'FA', 0, 'Yes'),
(33, '', 3, 'SALES MKT', 'SALES MARKETING', 0, ''),
(35, '', 3, 'AFTERSALES', 'AFTERSALES', 0, ''),
(36, '', 3, 'HRGA', 'HRGA', 0, 'Yes'),
(37, '', 3, 'IT', 'IT', 0, 'Yes'),
(40, '', 3, 'MGR', 'MANAGEMENT', 0, ''),
(41, '', 3, 'OPR', 'Operation', 0, ''),
(42, '', 3, 'SM', 'Sales Manager', 0, ''),
(43, '', 3, 'AFTERSALES ASSET', 'AFTER SALES ASSET', 0, '');

-- --------------------------------------------------------

--
-- Table structure for table `divisi_budget`
--

CREATE TABLE `divisi_budget` (
  `id_divisi_budget` int(11) NOT NULL,
  `jenis_pengajuan` varchar(25) NOT NULL,
  `id_jenis_pengajuan` int(11) NOT NULL,
  `nama_divisi_budget` varchar(50) DEFAULT NULL,
  `deskripsi` text CHARACTER SET latin1 COLLATE latin1_swedish_ci DEFAULT NULL,
  `id_user` int(11) NOT NULL,
  `addi_spp` varchar(50) NOT NULL
) ENGINE=InnoDB DEFAULT CHARSET=utf8mb4 COLLATE=utf8mb4_general_ci;

--
-- Dumping data for table `divisi_budget`
--

INSERT INTO `divisi_budget` (`id_divisi_budget`, `jenis_pengajuan`, `id_jenis_pengajuan`, `nama_divisi_budget`, `deskripsi`, `id_user`, `addi_spp`) VALUES
(1, '', 3, 'COMMERCIAL ', 'COMMERCIAL', 0, ''),
(2, '', 3, 'SUPPORT ', 'SUPPORT', 0, '');

-- --------------------------------------------------------

--
-- Table structure for table `dtr`
--

CREATE TABLE `dtr` (
  `id_dtr` int(11) NOT NULL,
  `id_user` int(11) NOT NULL,
  `id_dar` int(11) DEFAULT NULL,
  `wo` varchar(200) NOT NULL,
  `t_unit` varchar(200) NOT NULL,
  `s_unit` varchar(200) NOT NULL,
  `symptom` varchar(200) NOT NULL,
  `hm_unit` varchar(200) NOT NULL
) ENGINE=InnoDB DEFAULT CHARSET=latin1 COLLATE=latin1_swedish_ci;

--
-- Dumping data for table `dtr`
--

INSERT INTO `dtr` (`id_dtr`, `id_user`, `id_dar`, `wo`, `t_unit`, `s_unit`, `symptom`, `hm_unit`) VALUES
(2, 70, 45, 'fddfhdf', 'hdfh', 'dfhdhfd', 'hdfhdfh', 'hdfhfd'),
(3, 70, 45, 'fdgdfg', 'fgdfgd', 'dfgdfg', 'dfgdfg', 'fdgdfg'),
(4, 70, 45, 'cvbvcb', 'cbcb', 'vcbvcb', 'cvbcvb', 'cvbcvb'),
(33, 70, 46, 'TESSssss', 'TESSssss', 'TESSssss', 'TESSssss', 'TESSssss'),
(34, 70, 48, 'Tesssssssss1', 'Tesssssssss2', 'Tesssssssss3', 'Tesssssssss4', 'Tesssssssss5'),
(35, 70, 48, 'TESSSSSS11', 'TESSSSSS11', 'TESSSSSS11', 'TESSSSSS11', 'TESSSSSS11'),
(36, 49, NULL, 'TES', 'TES', 'TES', 'TES', 'TES'),
(38, 49, NULL, 'Tesss', 'Tesss', 'Tesss', 'Tesss', 'Tesss');

-- --------------------------------------------------------

--
-- Table structure for table `employee`
--

CREATE TABLE `employee` (
  `id_employee` int(11) NOT NULL,
  `nama` varchar(50) DEFAULT NULL,
  `n_tengah` varchar(50) DEFAULT NULL,
  `nama1` varchar(50) DEFAULT NULL,
  `gender` varchar(200) DEFAULT NULL,
  `d_birth` date DEFAULT NULL,
  `place_birth` varchar(100) DEFAULT NULL,
  `ktp_number` varchar(50) DEFAULT NULL,
  `religion` varchar(50) DEFAULT NULL,
  `education` varchar(50) DEFAULT NULL,
  `m_status` varchar(50) DEFAULT NULL,
  `alamat` varchar(200) DEFAULT NULL,
  `a_domicile` varchar(10) DEFAULT NULL,
  `no_hp` varchar(200) DEFAULT NULL,
  `p_email` varchar(50) DEFAULT NULL,
  `b_type` varchar(20) DEFAULT NULL,
  `d_license` varchar(50) DEFAULT NULL,
  `weight` varchar(20) DEFAULT NULL,
  `height` varchar(11) DEFAULT NULL,
  `ethnic` varchar(50) DEFAULT NULL,
  `nationality` varchar(50) DEFAULT NULL,
  `nik` varchar(20) DEFAULT NULL,
  `id_jenis_pengajuan` int(11) DEFAULT NULL,
  `id_devisi` varchar(11) DEFAULT NULL,
  `id_departement` varchar(255) DEFAULT NULL,
  `jabatan` varchar(50) DEFAULT NULL,
  `id_grade` varchar(50) DEFAULT NULL,
  `e_type` varchar(100) DEFAULT NULL,
  `co_area` varchar(200) DEFAULT NULL,
  `id_user` int(11) DEFAULT NULL,
  `dm_email` varchar(50) DEFAULT NULL,
  `email` varchar(200) DEFAULT NULL,
  `d_joining` date DEFAULT NULL,
  `ed_from` date DEFAULT NULL,
  `ed_to` date DEFAULT NULL,
  `p_hire` varchar(50) DEFAULT NULL,
  `status` varchar(50) DEFAULT NULL,
  `reason` varchar(200) DEFAULT NULL,
  `bank_name` varchar(50) DEFAULT NULL,
  `acc_name` varchar(200) DEFAULT NULL,
  `ba_number` varchar(30) DEFAULT NULL,
  `bpjs_t` varchar(50) DEFAULT NULL,
  `bpjs_k` varchar(50) DEFAULT NULL,
  `plafon_rawat_jalan` varchar(50) DEFAULT NULL,
  `sisah_plafon_rj` varchar(50) DEFAULT NULL,
  `id_tax` varchar(11) DEFAULT NULL,
  `emergency_pn` varchar(15) DEFAULT NULL,
  `kk` varchar(20) DEFAULT NULL,
  `s_name` varchar(50) DEFAULT NULL,
  `d1_name` varchar(50) DEFAULT NULL,
  `nik1` varchar(20) DEFAULT NULL,
  `d2_name` varchar(50) DEFAULT NULL,
  `nik2` varchar(20) DEFAULT NULL,
  `d3_name` varchar(50) DEFAULT NULL,
  `nik3` varchar(20) DEFAULT NULL,
  `npwp` varchar(50) DEFAULT NULL,
  `nama_emergency` varchar(100) DEFAULT NULL,
  `relation` varchar(100) DEFAULT NULL,
  `s_nik` varchar(20) DEFAULT NULL
) ENGINE=InnoDB DEFAULT CHARSET=utf8mb4 COLLATE=utf8mb4_general_ci;

--
-- Dumping data for table `employee`
--

INSERT INTO `employee` (`id_employee`, `nama`, `n_tengah`, `nama1`, `gender`, `d_birth`, `place_birth`, `ktp_number`, `religion`, `education`, `m_status`, `alamat`, `a_domicile`, `no_hp`, `p_email`, `b_type`, `d_license`, `weight`, `height`, `ethnic`, `nationality`, `nik`, `id_jenis_pengajuan`, `id_devisi`, `id_departement`, `jabatan`, `id_grade`, `e_type`, `co_area`, `id_user`, `dm_email`, `email`, `d_joining`, `ed_from`, `ed_to`, `p_hire`, `status`, `reason`, `bank_name`, `acc_name`, `ba_number`, `bpjs_t`, `bpjs_k`, `plafon_rawat_jalan`, `sisah_plafon_rj`, `id_tax`, `emergency_pn`, `kk`, `s_name`, `d1_name`, `nik1`, `d2_name`, `nik2`, `d3_name`, `nik3`, `npwp`, `nama_emergency`, `relation`, `s_nik`) VALUES
(20, 'VENDRY', '', 'LIARTO', 'laki-laki', '0000-00-00', '', '', 'Islam', '', '', '', '', '+62 812-1118-883', '', '', '34554645647--iliuppou', '0', '0', '', '', '240001', 3, '40', '16', 'CEO', '18', 'Contract', '', 60, '', 'randi.saluman@gmail.com', '0000-00-00', '0000-00-00', '0000-00-00', '', 'Aktif', 'tes', 'tes', '', 'tes', 'tes', 'tes', 'tes', 'tes', '5', 'tes', 'tes', 'tes', 'tes', 'tes', 'tes', 'tes', 'tes', 'tes', 'tes', '60', '', 'tes'),
(21, 'BUDI', NULL, 'PERMANA', 'laki-laki', '0000-00-00', NULL, NULL, 'Islam', NULL, NULL, NULL, NULL, '+62 812-8144-972', NULL, NULL, NULL, NULL, NULL, NULL, NULL, '240002', 3, '40', '16', 'COO', '17', 'Contract', NULL, 60, NULL, 'budi.permana@tripla.id', '0000-00-00', '0000-00-00', '0000-00-00', NULL, 'Aktif', 'tes', 'tes', NULL, 'tes', 'tes', 'tes', 'tes', 'tes', '3', 'tes', 'tes', 'tes', 'tes', 'tes', 'tes', 'tes', 'tes', 'tes', 'tes', NULL, NULL, 'tes'),
(22, 'SHERLY', NULL, NULL, 'perempuan', '0000-00-00', NULL, NULL, NULL, NULL, NULL, NULL, NULL, NULL, NULL, NULL, NULL, NULL, NULL, NULL, NULL, '240003', 3, '36', '6', 'HRGA MANAGER', NULL, NULL, NULL, 60, NULL, 'sherly.fenren@tripla.id', '0000-00-00', '0000-00-00', '0000-00-00', NULL, 'Aktif', 'tes', 'tes', NULL, 'tes', 'tes', 'tes', 'tes', 'tes', '3', 'tes', 'tes', 'tes', 'tes', 'tes', 'tes', 'tes', 'tes', 'tes', 'tes', '60', '60', 'tes'),
(23, 'LAURENSKY', NULL, 'SURIADI', 'laki-laki', '0000-00-00', NULL, NULL, 'Islam', NULL, NULL, NULL, NULL, '+62 877-7286-5502', NULL, NULL, NULL, NULL, NULL, NULL, NULL, '240004', 3, '30', '11', 'FA MANAGER', NULL, 'Contract', NULL, 60, NULL, 'randi.saluman@gmail.com', '0000-00-00', '0000-00-00', '0000-00-00', NULL, 'Aktif', 'tes', 'tes', NULL, 'tes', 'tes', 'tes', 'tes', 'tes', '3', 'tes', 'tes', 'tes', 'tes', 'tes', 'tes', 'tes', 'tes', 'tes', 'tes', '60', NULL, 'tes'),
(24, 'FRANDY', NULL, 'WIDJAJA', 'laki-laki', NULL, NULL, NULL, NULL, NULL, NULL, NULL, NULL, '+62 812-8568-650', NULL, NULL, NULL, NULL, NULL, NULL, NULL, '240005', 3, '35', '13', 'PART MANAGER', NULL, NULL, NULL, NULL, NULL, 'randi.saluman@gmail.com', NULL, NULL, NULL, NULL, 'Aktif', 'tes', 'tes', NULL, 'tes', 'tes', 'tes', 'tes', 'tes', NULL, 'tes', 'tes', 'tes', 'tes', 'tes', 'tes', 'tes', 'tes', 'tes', 'tes', NULL, NULL, 'tes'),
(25, 'SHASKYA', NULL, 'WIDA', 'perempuan', NULL, NULL, NULL, NULL, NULL, NULL, NULL, NULL, '+62 858-1178-6327', NULL, NULL, NULL, NULL, NULL, NULL, NULL, '240006', 3, '30', '11', 'FINANCE CASHIER OFFICER', NULL, NULL, NULL, NULL, NULL, 'shaskya.wida@tripla.id', NULL, NULL, NULL, NULL, 'Aktif', 'tes', 'tes', NULL, 'tes', 'tes', 'tes', 'tes', 'tes', NULL, 'tes', 'tes', 'tes', 'tes', 'tes', 'tes', 'tes', 'tes', 'tes', 'tes', NULL, NULL, 'tes'),
(26, 'HERRI', '', 'SUJONO', 'laki-laki', '0000-00-00', '', '', 'Islam', '', '', '', '', '+62 8111-909-222', '', '', '', '0', '0', '', '', '240007', 3, '37', '5', 'CTO', '16', 'Contract', '', 60, '', 'randi.saluman@gmail.com', '0000-00-00', '0000-00-00', '0000-00-00', '', 'Aktif', 'tes', 'BCA', 'HERRI JAUHARI SUJONO', '2411105646', 'tes', 'tes', 'tes', 'tes', '1', 'tes', 'tes', 'tes', 'tes', 'tes', 'tes', 'tes', 'tes', 'tes', 'tes', '60', '60', 'tes'),
(27, 'ALVAREZA', NULL, 'FAZRI', 'laki-laki', NULL, NULL, NULL, NULL, NULL, NULL, NULL, NULL, '+62 889-7555-2381', NULL, NULL, NULL, NULL, NULL, NULL, NULL, '240008', 3, '35', '13', 'PART SUPERVISOR', NULL, NULL, NULL, NULL, NULL, 'alvareza.fazri@tripla.id', NULL, NULL, NULL, NULL, 'Aktif', 'tes', 'tes', NULL, 'tes', 'tes', 'tes', 'tes', 'tes', NULL, 'tes', 'tes', 'tes', 'tes', 'tes', 'tes', 'tes', 'tes', 'tes', 'tes', NULL, NULL, 'tes'),
(28, 'RANDY', NULL, 'SALUMAN', 'laki-laki', '0000-00-00', NULL, NULL, 'Kristen', NULL, NULL, NULL, NULL, NULL, NULL, NULL, NULL, NULL, NULL, NULL, NULL, '240009', 3, '37', '5', 'IT DEVELOPER', '7', 'Contract', NULL, 60, NULL, 'randi.saluman@gmail.com', '0000-00-00', '0000-00-00', '0000-00-00', NULL, 'Aktif', 'tes', 'BCA', 'RANDY SALUMAN', '4561206117', 'tes', 'tes', 'tes', 'tes', '2', 'tes', 'tes', 'tes', 'tes', 'tes', 'tes', 'tes', 'tes', 'tes', 'tes', 'VIOLYN', 'ISTRI', 'tes'),
(29, 'ADELLA', NULL, 'SYAVIRA', 'perempuan', NULL, NULL, NULL, NULL, NULL, NULL, NULL, NULL, '+62 819-0843-0944', NULL, NULL, NULL, NULL, NULL, NULL, NULL, '240010', 3, '35', '13', 'PART OFFICER', NULL, NULL, NULL, NULL, NULL, 'adella.syavira@tripla.id', NULL, NULL, NULL, NULL, 'Aktif', 'tes', 'tes', NULL, 'tes', 'tes', 'tes', 'tes', 'tes', NULL, 'tes', 'tes', 'tes', 'tes', 'tes', 'tes', 'tes', 'tes', 'tes', 'tes', NULL, NULL, 'tes'),
(30, 'NOVA', NULL, 'RUDIANTO', 'laki-laki', NULL, NULL, NULL, NULL, NULL, NULL, NULL, NULL, '+62 813-8977-6938', NULL, NULL, NULL, NULL, NULL, NULL, NULL, '240011', 3, '30', '12', 'ACCOUNTING SUPERVISOR', NULL, NULL, NULL, NULL, NULL, 'it.staff@tripla.id', NULL, NULL, NULL, NULL, 'Aktif', 'tes', 'tes', NULL, 'tes', 'tes', 'tes', 'tes', 'tes', NULL, 'tes', 'tes', 'tes', 'tes', 'tes', 'tes', 'tes', 'tes', 'tes', 'tes', NULL, NULL, 'tes'),
(31, 'DANANG', NULL, 'PRABOWO', 'laki-laki', NULL, NULL, NULL, NULL, NULL, NULL, NULL, NULL, '+62 811-9108-497', NULL, NULL, NULL, NULL, NULL, NULL, NULL, '240012', 3, '33', '1', 'NATIONAL SALES MANAGER', NULL, NULL, NULL, NULL, NULL, 'danang.prabowo@tripla.id', NULL, NULL, NULL, NULL, 'Aktif', 'tes', 'tes', NULL, 'tes', 'tes', 'tes', 'tes', 'tes', NULL, 'tes', 'tes', 'tes', 'tes', 'tes', 'tes', 'tes', 'tes', 'tes', 'tes', NULL, NULL, 'tes'),
(32, 'BUDIONO', NULL, NULL, 'laki-laki', NULL, NULL, NULL, NULL, NULL, NULL, NULL, NULL, '+62 852-8971-6154', NULL, NULL, NULL, NULL, NULL, NULL, NULL, '240014', 3, '35', '14', 'AFTERMARKET HEAD', NULL, NULL, NULL, NULL, NULL, 'budiono.bo@tripla.id', NULL, NULL, NULL, NULL, 'Aktif', 'tes', 'tes', NULL, 'tes', 'tes', 'tes', 'tes', 'tes', NULL, 'tes', 'tes', 'tes', 'tes', 'tes', 'tes', 'tes', 'tes', 'tes', 'tes', NULL, NULL, 'tes'),
(33, 'HASNITA', NULL, NULL, 'perempuan', NULL, NULL, NULL, NULL, NULL, NULL, NULL, NULL, '+62 821-1420-8031', NULL, NULL, NULL, NULL, NULL, NULL, NULL, '240015', 3, '33', '1', 'BUSINESS CONSULTANT', NULL, NULL, NULL, NULL, NULL, 'hasnita.nita@tripla.id', NULL, NULL, NULL, NULL, 'Aktif', 'tes', 'tes', NULL, 'tes', 'tes', 'tes', 'tes', 'tes', NULL, 'tes', 'tes', 'tes', 'tes', 'tes', 'tes', 'tes', 'tes', 'tes', 'tes', NULL, NULL, 'tes'),
(34, 'BENIE', NULL, 'SUSENO', 'laki-laki', NULL, NULL, NULL, NULL, NULL, NULL, NULL, NULL, '+62 813-9800-7555', NULL, NULL, NULL, NULL, NULL, NULL, NULL, '240017', 3, '33', '1', 'SALES MANAGER', NULL, NULL, NULL, NULL, NULL, 'benie.suseno@tripla.id', NULL, NULL, NULL, NULL, 'Aktif', 'tes', 'tes', NULL, 'tes', 'tes', 'tes', 'tes', 'tes', NULL, 'tes', 'tes', 'tes', 'tes', 'tes', 'tes', 'tes', 'tes', 'tes', 'tes', NULL, NULL, 'tes'),
(38, 'AHKMAD', NULL, 'SOFYAN', 'laki-laki', NULL, NULL, NULL, NULL, NULL, NULL, NULL, NULL, '81997541160', NULL, NULL, NULL, NULL, NULL, NULL, NULL, '240013', 3, '36', NULL, 'OB & KURIR', NULL, NULL, NULL, NULL, NULL, 'akhmadsofyan210787@gmail.com', NULL, NULL, NULL, NULL, 'Aktif', 'tes', 'tes', NULL, 'tes', 'tes', 'tes', 'tes', 'tes', NULL, 'tes', 'tes', 'tes', 'tes', 'tes', 'tes', 'tes', 'tes', 'tes', 'tes', NULL, NULL, 'tes'),
(39, 'ROBY', NULL, 'MARTIN', 'laki-laki', '0000-00-00', NULL, NULL, 'Islam', NULL, NULL, 'BEKASI', NULL, '628111485151', NULL, NULL, NULL, NULL, NULL, NULL, NULL, '240018', 3, '35', '13', 'AFTERSALES REPRESENTATIVE', NULL, 'Contract', NULL, 60, NULL, 'randi.saluman@gmail.com', '0000-00-00', '0000-00-00', '0000-00-00', NULL, 'Aktif', 'tes', 'tes', NULL, 'tes', 'tes', 'tes', 'tes', 'tes', NULL, 'tes', 'tes', 'tes', 'tes', 'tes', 'tes', 'tes', 'tes', 'tes', 'tes', '60', '60', 'tes'),
(40, 'AGUS', NULL, 'SETIYAWAN', 'laki-laki', '0000-00-00', NULL, NULL, 'Islam', NULL, NULL, 'KENDAL', NULL, '6285743316884', NULL, NULL, NULL, NULL, NULL, NULL, NULL, '240019', 3, '35', '14', 'DEPUTY SERVICE MANAGER', NULL, 'Contract', NULL, 60, NULL, 'it.staff@tripla.id', '0000-00-00', '0000-00-00', '0000-00-00', NULL, 'Aktif', 'tes', 'tes', NULL, 'tes', 'tes', 'tes', 'tes', 'tes', NULL, 'tes', 'tes', 'tes', 'tes', 'tes', 'tes', 'tes', 'tes', 'tes', 'tes', '60', '60', 'tes'),
(41, 'RIKI', NULL, 'YANTO', 'laki-laki', NULL, NULL, NULL, NULL, NULL, NULL, 'BEKASI', NULL, '6281213557480', NULL, NULL, NULL, NULL, NULL, NULL, NULL, '240016', 3, '35', '14', 'SENIOR MECHANIC', NULL, NULL, NULL, NULL, NULL, 'riki.yanto81@gmail.com', NULL, NULL, NULL, NULL, 'Aktif', 'tes', 'tes', NULL, 'tes', 'tes', 'tes', 'tes', 'tes', NULL, 'tes', 'tes', 'tes', 'tes', 'tes', 'tes', 'tes', 'tes', 'tes', 'tes', NULL, NULL, 'tes'),
(42, 'MUSTOFA', NULL, NULL, 'laki-laki', NULL, NULL, NULL, NULL, NULL, NULL, 'JAKARTA', NULL, '6282178789114', NULL, NULL, NULL, NULL, NULL, NULL, NULL, '240020', 3, '35', '14', 'FOREMAN', NULL, NULL, NULL, NULL, NULL, 'mustofa.gita91@gmail.com', NULL, NULL, NULL, NULL, 'Aktif', 'tes', 'tes', NULL, 'tes', 'tes', 'tes', 'tes', 'tes', NULL, 'tes', 'tes', 'tes', 'tes', 'tes', 'tes', 'tes', 'tes', 'tes', 'tes', NULL, NULL, 'tes'),
(43, 'VIERI', NULL, 'ARIEF SOEBAGIO', 'laki-laki', NULL, NULL, NULL, NULL, NULL, NULL, 'BEKASI', NULL, '6282340875982', NULL, NULL, NULL, NULL, NULL, NULL, NULL, '240021', 3, '35', '14', 'MECHANIC', NULL, NULL, NULL, NULL, NULL, 'vieriarief148@gmail.com', NULL, NULL, NULL, NULL, 'Aktif', 'tes', 'tes', NULL, 'tes', 'tes', 'tes', 'tes', 'tes', NULL, 'tes', 'tes', 'tes', 'tes', 'tes', 'tes', 'tes', 'tes', 'tes', 'tes', NULL, NULL, 'tes'),
(44, 'CHELSEA', NULL, 'PRANANDA', 'laki-laki', NULL, NULL, NULL, NULL, NULL, NULL, NULL, NULL, '+62 85175369291', NULL, NULL, NULL, NULL, NULL, NULL, NULL, '240022', 3, '35', '14', 'MECHANIC', NULL, NULL, NULL, NULL, NULL, 'chelseaaditya00@gmail.com', NULL, NULL, NULL, NULL, 'Aktif', 'tes', 'tes', NULL, 'tes', 'tes', 'tes', 'tes', 'tes', NULL, 'tes', 'tes', 'tes', 'tes', 'tes', 'tes', 'tes', 'tes', 'tes', 'tes', NULL, NULL, 'tes'),
(45, 'VICKY', NULL, 'LIVANO', 'laki-laki', NULL, NULL, NULL, NULL, NULL, NULL, NULL, NULL, '6281251698341', NULL, NULL, NULL, NULL, NULL, NULL, NULL, '240023', 3, '35', '14', 'MECHANIC', NULL, NULL, NULL, NULL, NULL, 'yovilivanov@gmail.com', NULL, NULL, NULL, NULL, 'Aktif', 'tes', 'tes', NULL, 'tes', 'tes', 'tes', 'tes', 'tes', NULL, 'tes', 'tes', 'tes', 'tes', 'tes', 'tes', 'tes', 'tes', 'tes', 'tes', NULL, NULL, 'tes'),
(46, 'ALDO', NULL, 'MUTOHIR', 'laki-laki', NULL, NULL, NULL, NULL, NULL, NULL, NULL, NULL, '6282285922483', NULL, NULL, NULL, NULL, NULL, NULL, NULL, '240024', 3, '35', '14', 'MECHANIC', NULL, NULL, NULL, NULL, NULL, 'aldoalmutohir2000@gmail.com', NULL, NULL, NULL, NULL, 'Aktif', 'tes', 'tes', NULL, 'tes', 'tes', 'tes', 'tes', 'tes', NULL, 'tes', 'tes', 'tes', 'tes', 'tes', 'tes', 'tes', 'tes', 'tes', 'tes', NULL, NULL, 'tes'),
(47, 'WAHYU', NULL, 'HIDAYAT', 'laki-laki', NULL, NULL, NULL, NULL, NULL, NULL, NULL, NULL, '6282231180918', NULL, NULL, NULL, NULL, NULL, NULL, NULL, '240025', 3, '35', '14', 'MECHANIC', NULL, NULL, NULL, NULL, NULL, 'whyuuuuhdyt123@gmail.com', NULL, NULL, NULL, NULL, 'Aktif', 'tes', 'tes', NULL, 'tes', 'tes', 'tes', 'tes', 'tes', NULL, 'tes', 'tes', 'tes', 'tes', 'tes', 'tes', 'tes', 'tes', 'tes', 'tes', NULL, NULL, 'tes'),
(48, 'AGUNG', NULL, 'RULIANTO', 'laki-laki', NULL, NULL, NULL, NULL, NULL, NULL, NULL, NULL, '+62 812-8328-6608', NULL, NULL, NULL, NULL, NULL, NULL, NULL, '240026', 3, '35', '14', 'MECHANIC', NULL, NULL, NULL, NULL, NULL, 'agung.rulianto2148@gmail.com', NULL, NULL, NULL, NULL, 'Aktif', 'tes', 'tes', NULL, 'tes', 'tes', 'tes', 'tes', 'tes', NULL, 'tes', 'tes', 'tes', 'tes', 'tes', 'tes', 'tes', 'tes', 'tes', 'tes', NULL, NULL, 'tes'),
(49, 'WISNU', NULL, 'WIDYA TAMA', 'laki-laki', '0000-00-00', NULL, NULL, 'Islam', NULL, NULL, NULL, NULL, '81211889009', NULL, NULL, NULL, NULL, NULL, NULL, NULL, '240027', 3, '40', '18', 'HRGA MANAGER', '15', 'Contract', NULL, 60, NULL, 'randi.saluman@gmail.com', '0000-00-00', '0000-00-00', '0000-00-00', NULL, 'Aktif', 'tes', 'tes', NULL, 'tes', 'tes', 'tes', 'tes', 'tes', '1', 'tes', 'tes', 'tes', 'tes', 'tes', 'tes', 'tes', 'tes', 'tes', 'tes', NULL, NULL, 'tes'),
(50, 'MIMBAR', 'DWIKI', 'PRASETYO', 'laki-laki', '0000-00-00', 'Balikpapan', '2147483647', 'Moslem', NULL, 'Married', 'Perum Perusda Bukit Damai Lestari II Blok B No. 11 RT 31, Sepinggan Baru, Balikpapan Selatan, Balikpapan, Kalimantan Timur', 'Perum Peru', '6282158046995', 'mimbardprasetyo@gmail.com', NULL, NULL, NULL, NULL, 'Jawa', 'Indonesian', '240028', 3, '35', '14', 'Service Operation Head', NULL, 'PKWTT', 'Balikpapan', 71, 'agus.setiyawan@tripla.id', 'agus.setiyawan@tripla.id', '0000-00-00', '0000-00-00', '0000-00-00', 'Balikpapan', 'Aktif', 'tes', 'tes', NULL, 'tes', 'tes', 'tes', 'tes', 'tes', NULL, 'tes', 'tes', 'tes', 'tes', 'tes', 'tes', 'tes', 'tes', 'tes', 'tes', '71', '71', 'tes'),
(51, 'IQBAL', 'DANU', 'ARTHA', 'laki-laki', '0000-00-00', NULL, NULL, NULL, NULL, NULL, NULL, NULL, NULL, NULL, NULL, NULL, NULL, NULL, NULL, NULL, '240029', 3, '35', '14', 'Apprentice', NULL, 'PKWT', 'Yard Jakarta', NULL, NULL, NULL, '0000-00-00', '0000-00-00', '0000-00-00', NULL, 'Aktif', 'tes', 'tes', NULL, 'tes', 'tes', 'tes', 'tes', 'tes', NULL, 'tes', 'tes', 'tes', 'tes', 'tes', 'tes', 'tes', 'tes', 'tes', 'tes', NULL, NULL, 'tes'),
(52, 'MAULIDA', 'ANNISA', 'MARDHOTILLAH', 'perempuan', '0000-00-00', 'Balikpapan', '2147483647', 'Moslem', NULL, 'Single', 'Komplek Bangun Reksa Asri Blok CK No. 01 RT 057, Graha Indah, Balikpapan Utara, Balikpapan, Kalimantan Timur', 'Komplek Ba', '85393448488', 'maulidanisa1@gmail.com', NULL, '17149907000', '160', '73', 'Jawa Banjar', 'Indonesian', '240030', 3, '35', '14', 'General Administration Officer', NULL, 'PKWT', 'Balikpapan', NULL, 'mimbar.presetyo@tripla.id', 'admin.bpn@tripla.id', '0000-00-00', '0000-00-00', '0000-00-00', 'Balikpapan', 'Aktif', NULL, NULL, NULL, '2147483647', NULL, '2147483647', '1184642616', NULL, NULL, NULL, NULL, NULL, '2147483647', NULL, 'Emergency : Sapta Nu', NULL, NULL, NULL, NULL, NULL, NULL, '2147483647'),
(53, 'FAJAR', NULL, 'MULYANA', 'laki-laki', '0000-00-00', NULL, NULL, 'Islam', NULL, 'Married', NULL, NULL, NULL, NULL, NULL, NULL, NULL, NULL, NULL, NULL, '240031', 3, '36', '6', 'HSE Officer', NULL, 'Contract', 'Yard Jakarta', 79, 'wisnu.wt@tripla.id', NULL, '0000-00-00', '0000-00-00', '0000-00-00', 'Jabodetabek', 'Non_aktif', 'Resign', NULL, NULL, NULL, NULL, NULL, NULL, NULL, NULL, NULL, NULL, NULL, NULL, NULL, NULL, NULL, NULL, NULL, NULL, '79', '79', NULL),
(54, 'SITI', 'ZUNUN', 'ALIYAH FATIMAH', 'perempuan', '0000-00-00', NULL, NULL, 'Islam', NULL, NULL, NULL, NULL, NULL, 'aliyahsiti36@gmail.com', NULL, NULL, NULL, NULL, NULL, NULL, '9900001', 3, '36', '6', 'Internship General Administration', '7', 'Internship', NULL, 79, 'wisnu.wt@tripla.id', 'aliyahsiti36@gmail.com', '0000-00-00', '0000-00-00', '0000-00-00', NULL, 'Aktif', NULL, NULL, NULL, NULL, NULL, NULL, NULL, NULL, '1', 'Randy', 'randy', NULL, NULL, NULL, NULL, NULL, NULL, NULL, NULL, '79', '79', NULL),
(63, 'TERRY', 'TERRY', 'TERRY', 'laki-laki', '0000-00-00', NULL, NULL, NULL, NULL, NULL, NULL, NULL, NULL, NULL, NULL, NULL, NULL, NULL, NULL, NULL, '24342424', 3, '30', '1', NULL, NULL, NULL, NULL, 13, NULL, NULL, '0000-00-00', '0000-00-00', '0000-00-00', NULL, 'Aktif', NULL, NULL, NULL, NULL, NULL, NULL, NULL, NULL, NULL, NULL, NULL, NULL, 'ERTET', '121212221', NULL, NULL, NULL, NULL, NULL, '13', '13', NULL),
(64, 'RANDY RAVILDA', '', '', 'Laki-Laki', '0000-00-00', '', '', '', '', '', '', '', '', '', '', '', '', '', '', '', '', 3, '30', '1', '', '', '', '', 13, '', '', '0000-00-00', '0000-00-00', '0000-00-00', '', 'Aktif', '', '', '', '', '', '', '', '', '3', '', '', '', '', '', '', '', '', '', '', '', '', ''),
(65, 'RANDY ORTON', NULL, NULL, 'Laki-Laki', '0000-00-00', NULL, NULL, NULL, NULL, NULL, NULL, NULL, NULL, NULL, NULL, NULL, NULL, NULL, NULL, NULL, '90000888', 3, '30', '1', NULL, NULL, NULL, NULL, 13, NULL, NULL, '0000-00-00', '0000-00-00', '0000-00-00', NULL, 'Aktif', NULL, NULL, NULL, NULL, NULL, NULL, NULL, NULL, '1', NULL, NULL, NULL, NULL, NULL, NULL, NULL, NULL, NULL, NULL, '13', '13', NULL),
(66, 'RANDY', NULL, NULL, 'laki-laki', '0000-00-00', NULL, NULL, 'Islam', NULL, NULL, NULL, NULL, NULL, NULL, NULL, NULL, NULL, NULL, NULL, NULL, '900000000888', 3, '30', '1', NULL, '1', 'Contract', NULL, 13, NULL, NULL, '0000-00-00', '0000-00-00', '0000-00-00', NULL, 'Aktif', NULL, 'TES YA', 'TES YA', 'TES YA', NULL, NULL, NULL, NULL, '4', NULL, NULL, NULL, NULL, NULL, NULL, NULL, NULL, NULL, NULL, '13', '13', NULL),
(67, 'TESSS00000111', NULL, NULL, 'Laki-Laki', '0000-00-00', NULL, NULL, NULL, NULL, NULL, NULL, NULL, NULL, NULL, NULL, NULL, NULL, NULL, NULL, NULL, '46646646', 3, '30', '1', NULL, '17', NULL, NULL, 13, NULL, NULL, '0000-00-00', '0000-00-00', '0000-00-00', NULL, 'Aktif', NULL, NULL, NULL, NULL, NULL, NULL, NULL, NULL, '1', NULL, NULL, NULL, NULL, NULL, NULL, NULL, NULL, NULL, NULL, '13', NULL, NULL),
(68, 'VIOLYN', 'AMEI', 'MANAPODE', 'perempuan', '0000-00-00', 'Balikpapan', '2147483647', 'Islam', NULL, 'Single', 'Komplek Bangun Reksa Asri Blok CK No. 01 RT 057, Graha Indah, Balikpapan Utara, Balikpapan, Kalimantan Timur', 'Komplek Ba', '85393448488', 'maulidanisa11@gmail.com', NULL, '117149907000', '160', '73', 'Jawa Banjar', 'Indonesian', '240055', 3, '35', '14', 'General Administration Officer', '7', 'PKWT', 'Balikpapan', 79, 'mimbar.presetyo@tripla.id', 'admin.bpn@tripla.id', '0000-00-00', '0000-00-00', '0000-00-00', 'Balikpapan', 'Aktif', NULL, 'BCA', 'VIOLYN', '2147483647', NULL, '2147483647', '1184642616', NULL, NULL, 'df', 'dfdsf', 'sdfs', '2147483647', NULL, 'Emergency : Sapta Nu', 'dfsf', 'dfdsf', 'sf', NULL, NULL, NULL, '2147483647');

-- --------------------------------------------------------

--
-- Table structure for table `fleg`
--

CREATE TABLE `fleg` (
  `id_fleg` int(11) NOT NULL,
  `fleg_code` varchar(11) NOT NULL
) ENGINE=InnoDB DEFAULT CHARSET=utf8mb4 COLLATE=utf8mb4_general_ci;

--
-- Dumping data for table `fleg`
--

INSERT INTO `fleg` (`id_fleg`, `fleg_code`) VALUES
(1, '1'),
(2, '2');

-- --------------------------------------------------------

--
-- Table structure for table `golongan`
--

CREATE TABLE `golongan` (
  `id_golongan` int(11) NOT NULL,
  `nama_golongan` varchar(50) NOT NULL,
  `description` varchar(50) NOT NULL
) ENGINE=InnoDB DEFAULT CHARSET=utf8mb4 COLLATE=utf8mb4_general_ci;

--
-- Dumping data for table `golongan`
--

INSERT INTO `golongan` (`id_golongan`, `nama_golongan`, `description`) VALUES
(2, 'I', 'Golongan I'),
(3, 'II', 'Golongan II'),
(4, 'III', 'Golongan III'),
(5, 'IV', 'Golongan IV'),
(6, 'V', 'Golongan V'),
(7, 'VI', 'Golongan VI'),
(8, 'VII', 'Golongan VII');

-- --------------------------------------------------------

--
-- Table structure for table `grade`
--

CREATE TABLE `grade` (
  `id_grade` int(11) NOT NULL,
  `grade_code` varchar(50) NOT NULL,
  `deskripsi` varchar(50) NOT NULL
) ENGINE=InnoDB DEFAULT CHARSET=utf8mb4 COLLATE=utf8mb4_general_ci;

--
-- Dumping data for table `grade`
--

INSERT INTO `grade` (`id_grade`, `grade_code`, `deskripsi`) VALUES
(1, 'IA', '1A'),
(2, 'IB', '1B'),
(3, 'IC', '1C'),
(4, 'IIA', '2A'),
(5, 'IIB', '2B'),
(6, 'IIC', '2C'),
(7, 'IIIA', '3A'),
(8, 'IIIB', '3B'),
(9, 'IIIC', '3C'),
(10, 'IVA', '4A'),
(11, 'IVB', '4B'),
(12, 'IVC', '4C'),
(13, 'VA', '5A'),
(14, 'VB', '5B'),
(15, 'VC', '5C'),
(16, 'VIA', '6A'),
(17, 'VIB', '6B'),
(18, 'VIIA', '7A'),
(20, '-', '-');

-- --------------------------------------------------------

--
-- Table structure for table `group_asset`
--

CREATE TABLE `group_asset` (
  `id_group_asset` int(11) NOT NULL,
  `nama_group_asset` varchar(50) NOT NULL,
  `description` varchar(50) DEFAULT NULL
) ENGINE=InnoDB DEFAULT CHARSET=utf8mb4 COLLATE=utf8mb4_general_ci;

--
-- Dumping data for table `group_asset`
--

INSERT INTO `group_asset` (`id_group_asset`, `nama_group_asset`, `description`) VALUES
(1, 'ASSET', 'ASSET'),
(3, 'TOOLS', 'TOOLS');

-- --------------------------------------------------------

--
-- Table structure for table `history`
--

CREATE TABLE `history` (
  `id_history` int(11) NOT NULL,
  `id_spp` int(11) NOT NULL,
  `id_user` int(11) NOT NULL,
  `id_employee` int(11) NOT NULL,
  `tanggal` timestamp NOT NULL DEFAULT current_timestamp(),
  `deskripsi` varchar(200) NOT NULL,
  `status` enum('waiting','approved','rejected') DEFAULT NULL,
  `id_spa` int(11) NOT NULL
) ENGINE=InnoDB DEFAULT CHARSET=utf8mb4 COLLATE=utf8mb4_general_ci;

-- --------------------------------------------------------

--
-- Table structure for table `hrga_lbpd`
--

CREATE TABLE `hrga_lbpd` (
  `id_hrga_lbpd` int(11) NOT NULL,
  `id_hrga_sppd` int(11) NOT NULL,
  `id_lbpd` int(11) NOT NULL,
  `nik` varchar(225) NOT NULL,
  `nama_depan` varchar(225) DEFAULT NULL,
  `nama_belakang` varchar(225) DEFAULT NULL,
  `id_employee` int(11) DEFAULT NULL,
  `role` enum('hr','admin','employee','staff','acc','hr_sppd') NOT NULL,
  `email` varchar(200) CHARACTER SET utf8 COLLATE utf8_general_ci NOT NULL,
  `id_uniq` varchar(50) NOT NULL,
  `id_uniq1` varchar(50) NOT NULL
) ENGINE=InnoDB DEFAULT CHARSET=latin1 COLLATE=latin1_swedish_ci;

--
-- Dumping data for table `hrga_lbpd`
--

INSERT INTO `hrga_lbpd` (`id_hrga_lbpd`, `id_hrga_sppd`, `id_lbpd`, `nik`, `nama_depan`, `nama_belakang`, `id_employee`, `role`, `email`, `id_uniq`, `id_uniq1`) VALUES
(1, 0, 5, '', 'WISNU', 'TAMA', 49, 'hr', 'randi.saluman@gmail.com', '0053', ''),
(2, 0, 5, '', 'WISNU', 'TAMA', 49, 'hr', 'randi.saluman@gmail.com', '0053', ''),
(3, 0, 5, '', 'WISNU', 'TAMA', 49, 'hr', 'randi.saluman@gmail.com', '0053', ''),
(4, 0, 5, '', 'WISNU', 'TAMA', 49, 'hr', 'randi.saluman@gmail.com', '0053', ''),
(5, 0, 5, '', 'WISNU', 'TAMA', 49, 'hr', 'randi.saluman@gmail.com', '0053', ''),
(6, 0, 5, '', 'WISNU', 'TAMA', 49, 'hr', 'randi.saluman@gmail.com', '0053', ''),
(7, 0, 5, '', 'WISNU', 'TAMA', 49, 'hr', 'randi.saluman@gmail.com', '0053', ''),
(8, 0, 5, '', 'WISNU', 'TAMA', 49, 'hr', 'randi.saluman@gmail.com', '0053', ''),
(9, 0, 5, '', 'WISNU', 'TAMA', 49, 'hr', 'randi.saluman@gmail.com', '0053', ''),
(10, 0, 5, '', 'WISNU', 'TAMA', 49, 'hr', 'randi.saluman@gmail.com', '0053', ''),
(11, 0, 5, '', 'WISNU', 'TAMA', 49, 'hr', 'randi.saluman@gmail.com', '0052', ''),
(12, 0, 7, '', 'WISNU', 'TAMA', 49, 'hr', 'randi.saluman@gmail.com', '0052', ''),
(13, 0, 5, '', 'WISNU', 'TAMA', 49, 'hr', 'randi.saluman@gmail.com', '0052', ''),
(14, 0, 5, '', 'WISNU', 'TAMA', 49, 'hr', 'randi.saluman@gmail.com', '0052', ''),
(15, 0, 9, '', 'WISNU', 'TAMA', 49, 'hr', 'randi.saluman@gmail.com', '0055', ''),
(16, 0, 10, '', 'WISNU', 'TAMA', 49, 'hr', 'randi.saluman@gmail.com', '0056', ''),
(18, 0, 13, '', 'WISNU', 'TAMA', 49, 'hr', 'randi.saluman@gmail.com', '0057', ''),
(19, 0, 14, '', 'WISNU', 'TAMA', 49, 'hr', 'randi.saluman@gmail.com', '0059', ''),
(20, 0, 15, '', 'WISNU', 'TAMA', 49, 'hr', 'randi.saluman@gmail.com', '0060', ''),
(21, 0, 16, '', 'WISNU', 'TAMA', 49, 'hr', 'randi.saluman@gmail.com', '0060', ''),
(22, 0, 18, '', 'WISNU', 'TAMA', 49, 'hr', 'randi.saluman@gmail.com', '0060', ''),
(23, 0, 19, '', 'WISNU', 'TAMA', 49, 'hr', 'randi.saluman@gmail.com', '0060', ''),
(24, 0, 12, '', 'WISNU', 'TAMA', 49, 'hr', 'randi.saluman@gmail.com', '0060', ''),
(25, 0, 20, '', 'WISNU', 'TAMA', 49, 'hr', 'randi.saluman@gmail.com', '0060', ''),
(26, 0, 21, '', 'WISNU', 'TAMA', 49, 'hr', 'randi.saluman@gmail.com', '0060', ''),
(27, 0, 22, '', 'WISNU', 'TAMA', 49, 'hr', 'randi.saluman@gmail.com', '0060', ''),
(28, 0, 23, '', 'WISNU', 'TAMA', 49, 'hr', 'randi.saluman@gmail.com', '0060', ''),
(29, 0, 24, '', 'WISNU', 'TAMA', 49, 'hr', 'randi.saluman@gmail.com', '0060', ''),
(30, 0, 25, '', 'WISNU', 'TAMA', 49, 'hr', 'randi.saluman@gmail.com', '0060', ''),
(31, 0, 25, '', 'WISNU', 'TAMA', 49, 'hr', 'randi.saluman@gmail.com', '0060', ''),
(32, 0, 26, '', 'WISNU', 'TAMA', 49, 'hr', 'randi.saluman@gmail.com', '0060', ''),
(33, 0, 26, '', 'WISNU', 'TAMA', 49, 'hr', 'randi.saluman@gmail.com', '0060', ''),
(34, 0, 27, '', 'WISNU', 'TAMA', 49, 'hr', 'randi.saluman@gmail.com', '0060', ''),
(35, 0, 29, '', 'WISNU', 'TAMA', 49, 'hr', 'randi.saluman@gmail.com', '0060', ''),
(36, 0, 30, '', 'WISNU', 'TAMA', 49, 'hr', 'randi.saluman@gmail.com', '0060', ''),
(37, 0, 30, '', 'WISNU', 'TAMA', 49, 'hr', 'randi.saluman@gmail.com', '0060', ''),
(38, 0, 32, '', 'WISNU', 'TAMA', 49, 'hr', 'randi.saluman@gmail.com', '0060', ''),
(39, 0, 32, '', 'WISNU', 'TAMA', 49, 'hr', 'randi.saluman@gmail.com', '0060', ''),
(40, 0, 31, '', 'WISNU', 'TAMA', 49, 'hr', 'randi.saluman@gmail.com', '0060', ''),
(41, 0, 31, '', 'WISNU', 'TAMA', 49, 'hr', 'randi.saluman@gmail.com', '0060', ''),
(42, 0, 33, '', 'WISNU', 'TAMA', 49, 'hr', 'randi.saluman@gmail.com', '0060', ''),
(43, 0, 33, '', 'WISNU', 'TAMA', 49, 'hr', 'randi.saluman@gmail.com', '0060', ''),
(44, 0, 34, '', 'WISNU', 'TAMA', 49, 'hr', 'randi.saluman@gmail.com', '0060', ''),
(45, 0, 35, '', 'WISNU', 'TAMA', 49, 'hr', 'randi.saluman@gmail.com', '0060', ''),
(46, 0, 36, '', 'WISNU', 'TAMA', 49, 'hr', 'randi.saluman@gmail.com', '0060', ''),
(47, 0, 37, '', 'WISNU', 'TAMA', 49, 'hr', 'randi.saluman@gmail.com', '0060', ''),
(48, 0, 38, '', 'WISNU', 'TAMA', 49, 'hr', 'randi.saluman@gmail.com', '0060', ''),
(49, 0, 39, '', 'WISNU', 'TAMA', 49, 'hr', 'randi.saluman@gmail.com', '0060', ''),
(50, 0, 40, '', 'WISNU', 'TAMA', 49, 'hr', 'randi.saluman@gmail.com', '0060', ''),
(51, 0, 41, '', 'WISNU', 'TAMA', 49, 'hr', 'randi.saluman@gmail.com', '0060', ''),
(52, 0, 42, '', 'WISNU', 'TAMA', 49, 'hr', 'randi.saluman@gmail.com', '0060', ''),
(53, 0, 43, '', 'WISNU', 'TAMA', 49, 'hr', 'randi.saluman@gmail.com', '0060', ''),
(54, 0, 44, '', 'WISNU', 'TAMA', 49, 'hr', 'randi.saluman@gmail.com', '0060', ''),
(55, 0, 45, '', 'WISNU', 'TAMA', 49, 'hr', 'randi.saluman@gmail.com', '', '0060'),
(56, 0, 46, '', 'WISNU', 'TAMA', 49, 'hr', 'randi.saluman@gmail.com', '', '0040'),
(57, 0, 47, '', 'WISNU', 'TAMA', 49, 'hr', 'randi.saluman@gmail.com', '', ''),
(58, 0, 48, '', 'WISNU', 'TAMA', 49, 'hr', 'randi.saluman@gmail.com', '', '0042'),
(59, 0, 49, '', 'WISNU', 'TAMA', 49, 'hr', 'randi.saluman@gmail.com', '', '0043'),
(60, 0, 50, '', 'WISNU', 'TAMA', 49, 'hr', 'randi.saluman@gmail.com', '', '0044'),
(61, 0, 51, '', 'WISNU', 'TAMA', 49, 'hr', 'randi.saluman@gmail.com', '', '0045'),
(62, 0, 52, '', 'WISNU', 'TAMA', 49, 'hr', 'randi.saluman@gmail.com', '', '0046'),
(63, 0, 53, '', 'WISNU', 'TAMA', 49, 'hr', 'randi.saluman@gmail.com', '', '0046'),
(64, 0, 55, '', 'WISNU', 'TAMA', 49, 'hr', 'randi.saluman@gmail.com', '', '0026'),
(65, 0, 61, '', 'WISNU', 'TAMA', 49, 'hr', 'randi.saluman@gmail.com', '', '0032'),
(66, 0, 61, '', 'WISNU', 'TAMA', 49, 'hr', 'randi.saluman@gmail.com', '', '0032'),
(67, 0, 61, '', 'WISNU', 'TAMA', 49, 'hr', 'randi.saluman@gmail.com', '', '0032'),
(68, 0, 60, '', 'WISNU', 'TAMA', 49, 'hr', 'randi.saluman@gmail.com', '', '0032'),
(69, 0, 60, '', 'WISNU', 'TAMA', 49, 'hr', 'randi.saluman@gmail.com', '', '0032'),
(70, 0, 61, '', 'WISNU', 'TAMA', 49, 'hr', 'randi.saluman@gmail.com', '', '0032'),
(71, 0, 59, '', 'WISNU', 'TAMA', 49, 'hr', 'randi.saluman@gmail.com', '', '0032'),
(72, 0, 58, '', 'WISNU', 'TAMA', 49, 'hr', 'randi.saluman@gmail.com', '', '0032'),
(73, 0, 58, '', 'WISNU', 'TAMA', 49, 'hr', 'randi.saluman@gmail.com', '', '0032'),
(74, 0, 57, '', 'WISNU', 'TAMA', 49, 'hr', 'randi.saluman@gmail.com', '', '0032'),
(75, 0, 57, '', 'WISNU', 'TAMA', 49, 'hr', 'randi.saluman@gmail.com', '', '0032'),
(76, 0, 56, '', 'WISNU', 'TAMA', 49, 'hr', 'randi.saluman@gmail.com', '', '0032'),
(77, 0, 56, '', 'WISNU', 'TAMA', 49, 'hr', 'randi.saluman@gmail.com', '', '0032'),
(78, 0, 54, '', 'WISNU', 'TAMA', 49, 'hr', 'randi.saluman@gmail.com', '', '0032'),
(79, 0, 54, '', 'WISNU', 'TAMA', 49, 'hr', 'randi.saluman@gmail.com', '', '0032'),
(80, 0, 28, '', 'WISNU', 'TAMA', 49, 'hr', 'randi.saluman@gmail.com', '', '0032'),
(81, 0, 62, '', 'WISNU', 'TAMA', 49, 'hr', 'randi.saluman@gmail.com', '', '0033'),
(82, 0, 62, '', 'WISNU', 'TAMA', 49, 'hr', 'randi.saluman@gmail.com', '', '0033'),
(83, 0, 63, '', 'WISNU', 'TAMA', 49, 'hr', 'randi.saluman@gmail.com', '', '0034'),
(84, 0, 63, '', 'WISNU', 'TAMA', 49, 'hr', 'randi.saluman@gmail.com', '', '0034'),
(85, 0, 65, '', 'WISNU', 'TAMA', 49, 'hr', 'randi.saluman@gmail.com', '', '0036'),
(86, 0, 65, '', 'WISNU', 'TAMA', 49, 'hr', 'randi.saluman@gmail.com', '', '0036'),
(87, 0, 64, '', 'WISNU', 'TAMA', 49, 'hr', 'randi.saluman@gmail.com', '', '0036'),
(88, 0, 64, '', 'WISNU', 'TAMA', 49, 'hr', 'randi.saluman@gmail.com', '', '0036'),
(89, 0, 66, '', 'WISNU', 'TAMA', 49, 'hr', 'randi.saluman@gmail.com', '', '0037'),
(90, 0, 66, '', 'WISNU', 'TAMA', 49, 'hr', 'randi.saluman@gmail.com', '', '0037'),
(91, 0, 70, '', 'RANDY', 'SALUMAN', 28, 'hr_sppd', 'randi.saluman@gmail.com', '', '0041'),
(92, 0, 70, '', 'RANDY', 'SALUMAN', 28, 'hr_sppd', 'randi.saluman@gmail.com', '', '0041'),
(93, 0, 71, '', 'RANDY', 'SALUMAN', 28, 'hr_sppd', 'randi.saluman@gmail.com', '', '0042'),
(94, 0, 71, '', 'RANDY', 'SALUMAN', 28, 'hr_sppd', 'randi.saluman@gmail.com', '', '0042'),
(95, 0, 72, '', 'RANDY', 'SALUMAN', 28, 'hr_sppd', 'randi.saluman@gmail.com', '', '0043'),
(96, 0, 72, '', 'RANDY', 'SALUMAN', 28, 'hr_sppd', 'randi.saluman@gmail.com', '', '0043'),
(97, 0, 73, '', 'RANDY', 'SALUMAN', 28, 'hr_sppd', 'randi.saluman@gmail.com', '', '0044'),
(98, 0, 73, '', 'RANDY', 'SALUMAN', 28, 'hr_sppd', 'randi.saluman@gmail.com', '', '0044'),
(99, 0, 73, '', 'RANDY', 'SALUMAN', 28, 'hr_sppd', 'randi.saluman@gmail.com', '', '0044'),
(100, 0, 73, '', 'RANDY', 'SALUMAN', 28, 'hr_sppd', 'randi.saluman@gmail.com', '', '0044'),
(101, 0, 73, '', 'RANDY', 'SALUMAN', 28, 'hr_sppd', 'randi.saluman@gmail.com', '', '0044'),
(102, 0, 73, '', 'RANDY', 'SALUMAN', 28, 'hr_sppd', 'randi.saluman@gmail.com', '', '0044'),
(103, 0, 73, '', 'RANDY', 'SALUMAN', 28, 'hr_sppd', 'randi.saluman@gmail.com', '', '0044'),
(104, 0, 74, '', 'RANDY', 'SALUMAN', 28, 'hr_sppd', 'randi.saluman@gmail.com', '', '0045'),
(105, 0, 74, '', 'RANDY', 'SALUMAN', 28, 'hr_sppd', 'randi.saluman@gmail.com', '', '0045'),
(106, 0, 75, '', 'RANDY', 'SALUMAN', 28, 'hr_sppd', 'randi.saluman@gmail.com', '', '0046'),
(107, 0, 75, '', 'RANDY', 'SALUMAN', 28, 'hr_sppd', 'randi.saluman@gmail.com', '', '0046'),
(108, 0, 76, '', 'RANDY', 'SALUMAN', 28, 'hr_sppd', 'randi.saluman@gmail.com', '', '0047'),
(109, 0, 76, '', 'RANDY', 'SALUMAN', 28, 'hr_sppd', 'randi.saluman@gmail.com', '', '0047'),
(110, 0, 76, '', 'RANDY', 'SALUMAN', 28, 'hr_sppd', 'randi.saluman@gmail.com', '', '0047'),
(111, 0, 77, '', 'RANDY', 'SALUMAN', 28, 'hr_sppd', 'randi.saluman@gmail.com', '', '0048'),
(112, 0, 77, '', 'RANDY', 'SALUMAN', 28, 'hr_sppd', 'randi.saluman@gmail.com', '', '0048'),
(113, 0, 78, '', 'WISNU', 'TAMA', 49, 'hr', 'randi.saluman@gmail.com', '', '0049'),
(114, 0, 78, '', 'WISNU', 'TAMA', 49, 'hr', 'randi.saluman@gmail.com', '', '0049'),
(115, 0, 81, '', 'WISNU', 'TAMA', 49, 'hr', 'randi.saluman@gmail.com', '', '0052'),
(116, 0, 80, '', 'WISNU', 'TAMA', 49, 'hr', 'randi.saluman@gmail.com', '', '0052'),
(117, 0, 79, '', 'WISNU', 'TAMA', 49, 'hr', 'randi.saluman@gmail.com', '', '0052'),
(118, 0, 80, '', 'WISNU', 'TAMA', 49, 'hr', 'randi.saluman@gmail.com', '', '0052'),
(119, 0, 82, '', 'WISNU', 'TAMA', 49, 'hr', 'randi.saluman@gmail.com', '', '0053'),
(120, 0, 83, '', 'SITI', 'ALIYAH FATIMAH', 54, 'hr', '', '', '0054'),
(121, 0, 84, '', 'SITI', 'ALIYAH FATIMAH', 54, 'hr', '', '', '0055'),
(122, 0, 84, '', 'SITI', 'ALIYAH FATIMAH', 54, 'hr', '', '', '0055'),
(123, 0, 85, '', 'SITI', 'ALIYAH FATIMAH', 54, 'hr', '', '', '0056'),
(124, 0, 89, '', 'SITI', 'ALIYAH FATIMAH', 54, 'hr', '', '', '0060'),
(125, 0, 91, '', 'SITI', 'ALIYAH FATIMAH', 54, 'hr', '', '', '0062');

-- --------------------------------------------------------

--
-- Table structure for table `hrga_sppd`
--

CREATE TABLE `hrga_sppd` (
  `id_hrga_sppd` int(11) NOT NULL,
  `id_sppd` int(11) NOT NULL,
  `nik` varchar(225) NOT NULL,
  `nama_depan` varchar(225) DEFAULT NULL,
  `nama_belakang` varchar(225) DEFAULT NULL,
  `id_employee` int(11) DEFAULT NULL,
  `role` enum('hr','admin','employee','staff','acc','hr_sppd') NOT NULL,
  `email` varchar(200) CHARACTER SET utf8 COLLATE utf8_general_ci NOT NULL,
  `id_uniq` varchar(50) NOT NULL
) ENGINE=InnoDB DEFAULT CHARSET=latin1 COLLATE=latin1_swedish_ci;

--
-- Dumping data for table `hrga_sppd`
--

INSERT INTO `hrga_sppd` (`id_hrga_sppd`, `id_sppd`, `nik`, `nama_depan`, `nama_belakang`, `id_employee`, `role`, `email`, `id_uniq`) VALUES
(223, 3, '', 'WISNU', 'TAMA', 49, 'hr', 'randi.saluman@gmail.com', '0003'),
(224, 4, '', 'RANDY', 'SALUMAN', 28, 'hr', 'randi.saluman@gmail.com', '0004'),
(225, 5, '', 'WISNU', 'TAMA', 49, 'hr', 'randi.saluman@gmail.com', '0005'),
(226, 6, '', 'WISNU', 'TAMA', 49, 'hr', 'randi.saluman@gmail.com', '0006'),
(227, 7, '', 'WISNU', 'TAMA', 49, 'hr', 'randi.saluman@gmail.com', '0007'),
(228, 8, '', 'WISNU', 'TAMA', 49, 'hr', 'randi.saluman@gmail.com', '0008'),
(229, 9, '', 'WISNU', 'TAMA', 49, 'hr', 'randi.saluman@gmail.com', '0009'),
(230, 10, '', 'WISNU', 'TAMA', 49, 'hr', 'randi.saluman@gmail.com', '0010'),
(231, 11, '', 'WISNU', 'TAMA', 49, 'hr', 'randi.saluman@gmail.com', '0011'),
(232, 12, '', 'WISNU', 'TAMA', 49, 'hr', 'randi.saluman@gmail.com', '0012'),
(233, 13, '', 'WISNU', 'TAMA', 49, 'hr', 'randi.saluman@gmail.com', '0013'),
(234, 14, '', 'WISNU', 'TAMA', 49, 'hr', 'randi.saluman@gmail.com', '0014'),
(235, 15, '', 'WISNU', 'TAMA', 49, 'hr', 'randi.saluman@gmail.com', '0015'),
(236, 16, '', 'WISNU', 'TAMA', 49, 'hr', 'randi.saluman@gmail.com', '0016'),
(237, 17, '', 'WISNU', 'TAMA', 49, 'hr', 'randi.saluman@gmail.com', '0017'),
(238, 18, '', 'WISNU', 'TAMA', 49, 'hr', 'randi.saluman@gmail.com', '0018'),
(239, 19, '', 'WISNU', 'TAMA', 49, 'hr', 'randi.saluman@gmail.com', '0019'),
(240, 20, '', 'WISNU', 'TAMA', 49, 'hr', 'randi.saluman@gmail.com', '0020'),
(241, 21, '', 'WISNU', 'TAMA', 49, 'hr', 'randi.saluman@gmail.com', '0021'),
(242, 22, '', 'WISNU', 'TAMA', 49, 'hr', 'randi.saluman@gmail.com', '0022'),
(243, 23, '', 'WISNU', 'TAMA', 49, 'hr', 'randi.saluman@gmail.com', '0023'),
(244, 24, '', 'WISNU', 'TAMA', 49, 'hr', 'randi.saluman@gmail.com', '0024'),
(245, 25, '', 'WISNU', 'TAMA', 49, 'hr', 'randi.saluman@gmail.com', '0025'),
(246, 26, '', 'WISNU', 'TAMA', 49, 'hr', 'randi.saluman@gmail.com', '0026'),
(247, 27, '', 'WISNU', 'TAMA', 49, 'hr', 'randi.saluman@gmail.com', '0027'),
(248, 28, '', 'WISNU', 'TAMA', 49, 'hr', 'randi.saluman@gmail.com', '0028'),
(249, 29, '', 'WISNU', 'TAMA', 49, 'hr', 'randi.saluman@gmail.com', '0029'),
(250, 30, '', 'WISNU', 'TAMA', 49, 'hr', 'randi.saluman@gmail.com', '0030'),
(251, 31, '', 'WISNU', 'TAMA', 49, 'hr', 'randi.saluman@gmail.com', '0031'),
(252, 32, '', 'WISNU', 'TAMA', 49, 'hr', 'randi.saluman@gmail.com', '0032'),
(253, 33, '', 'WISNU', 'TAMA', 49, 'hr', 'randi.saluman@gmail.com', '0033'),
(254, 34, '', 'WISNU', 'TAMA', 49, 'hr', 'randi.saluman@gmail.com', '0034'),
(255, 35, '', 'WISNU', 'TAMA', 49, 'hr', 'randi.saluman@gmail.com', '0035'),
(256, 36, '', 'WISNU', 'TAMA', 49, 'hr', 'randi.saluman@gmail.com', '0036'),
(257, 1, '', 'WISNU', 'TAMA', 49, 'hr', 'randi.saluman@gmail.com', '0001'),
(258, 2, '', 'WISNU', 'TAMA', 49, 'hr', 'randi.saluman@gmail.com', '0002'),
(259, 1, '', 'WISNU', 'TAMA', 49, 'hr', 'randi.saluman@gmail.com', '0001'),
(260, 2, '', 'WISNU', 'TAMA', 49, 'hr', 'randi.saluman@gmail.com', '0002'),
(261, 3, '', 'WISNU', 'TAMA', 49, 'hr', 'randi.saluman@gmail.com', '0003'),
(262, 4, '', 'WISNU', 'TAMA', 49, 'hr', 'randi.saluman@gmail.com', '0004'),
(263, 5, '', 'WISNU', 'TAMA', 49, 'hr', 'randi.saluman@gmail.com', '0005'),
(264, 6, '', 'WISNU', 'TAMA', 49, 'hr', 'randi.saluman@gmail.com', '0006'),
(265, 7, '', 'WISNU', 'TAMA', 49, 'hr', 'randi.saluman@gmail.com', '0007'),
(266, 8, '', 'WISNU', 'TAMA', 49, 'hr', 'randi.saluman@gmail.com', '0008'),
(267, 9, '', 'WISNU', 'TAMA', 49, 'hr', 'randi.saluman@gmail.com', '0009'),
(268, 10, '', 'WISNU', 'TAMA', 49, 'hr', 'randi.saluman@gmail.com', '0010'),
(269, 11, '', 'WISNU', 'TAMA', 49, 'hr', 'randi.saluman@gmail.com', '0011'),
(270, 12, '', 'WISNU', 'TAMA', 49, 'hr', 'randi.saluman@gmail.com', '0012'),
(271, 13, '', 'WISNU', 'TAMA', 49, 'hr', 'randi.saluman@gmail.com', '0013'),
(272, 14, '', 'WISNU', 'TAMA', 49, 'hr', 'randi.saluman@gmail.com', '0014'),
(273, 15, '', 'WISNU', 'TAMA', 49, 'hr', 'randi.saluman@gmail.com', '0015'),
(274, 16, '', 'WISNU', 'TAMA', 49, 'hr', 'randi.saluman@gmail.com', '0016'),
(275, 17, '', 'WISNU', 'TAMA', 49, 'hr', 'randi.saluman@gmail.com', '0017'),
(276, 18, '', 'WISNU', 'TAMA', 49, 'hr', 'randi.saluman@gmail.com', '0018'),
(277, 19, '', 'WISNU', 'TAMA', 49, 'hr', 'randi.saluman@gmail.com', '0019'),
(278, 20, '', 'WISNU', 'TAMA', 49, 'hr', 'randi.saluman@gmail.com', '0020'),
(279, 21, '', 'WISNU', 'TAMA', 49, 'hr', 'randi.saluman@gmail.com', '0021'),
(280, 22, '', 'WISNU', 'TAMA', 49, 'hr', 'randi.saluman@gmail.com', '0022'),
(281, 23, '', 'WISNU', 'TAMA', 49, 'hr', 'randi.saluman@gmail.com', '0023'),
(282, 24, '', 'WISNU', 'TAMA', 49, 'hr', 'randi.saluman@gmail.com', '0024'),
(283, 25, '', 'WISNU', 'TAMA', 49, 'hr', 'randi.saluman@gmail.com', '0025'),
(284, 26, '', 'WISNU', 'TAMA', 49, 'hr', 'randi.saluman@gmail.com', '0026'),
(285, 27, '', 'WISNU', 'TAMA', 49, 'hr', 'randi.saluman@gmail.com', '0027'),
(286, 28, '', 'WISNU', 'TAMA', 49, 'hr', 'randi.saluman@gmail.com', '0028'),
(287, 29, '', 'WISNU', 'TAMA', 49, 'hr', 'randi.saluman@gmail.com', '0029'),
(288, 30, '', 'WISNU', 'TAMA', 49, 'hr', 'randi.saluman@gmail.com', '0030'),
(289, 31, '', 'WISNU', 'TAMA', 49, 'hr', 'randi.saluman@gmail.com', '0031'),
(290, 32, '', 'WISNU', 'TAMA', 49, 'hr', 'randi.saluman@gmail.com', '0032'),
(291, 33, '', 'WISNU', 'TAMA', 49, 'hr', 'randi.saluman@gmail.com', '0033'),
(292, 34, '', 'WISNU', 'TAMA', 49, 'hr', 'randi.saluman@gmail.com', '0034'),
(293, 35, '', 'WISNU', 'TAMA', 49, 'hr', 'randi.saluman@gmail.com', '0035'),
(294, 36, '', 'WISNU', 'TAMA', 49, 'hr', 'randi.saluman@gmail.com', '0036'),
(295, 37, '', 'WISNU', 'TAMA', 49, 'hr', 'randi.saluman@gmail.com', '0037'),
(296, 38, '', 'WISNU', 'TAMA', 49, 'hr', 'randi.saluman@gmail.com', '0038'),
(297, 39, '', 'WISNU', 'TAMA', 49, 'hr', 'randi.saluman@gmail.com', '0039'),
(298, 40, '', 'WISNU', 'TAMA', 49, 'hr', 'randi.saluman@gmail.com', '0040'),
(299, 41, '', 'WISNU', 'TAMA', 49, 'hr', 'randi.saluman@gmail.com', '0041'),
(300, 42, '', 'WISNU', 'TAMA', 49, 'hr', 'randi.saluman@gmail.com', '0042'),
(301, 43, '', 'WISNU', 'TAMA', 49, 'hr', 'randi.saluman@gmail.com', '0043'),
(302, 44, '', 'WISNU', 'TAMA', 49, 'hr', 'randi.saluman@gmail.com', '0044'),
(303, 45, '', 'WISNU', 'TAMA', 49, 'hr', 'randi.saluman@gmail.com', '0045'),
(304, 46, '', 'WISNU', 'TAMA', 49, 'hr', 'randi.saluman@gmail.com', '0046'),
(305, 47, '', 'WISNU', 'TAMA', 49, 'hr', 'randi.saluman@gmail.com', '0047'),
(306, 48, '', 'WISNU', 'TAMA', 49, 'hr', 'randi.saluman@gmail.com', '0048'),
(307, 49, '', 'WISNU', 'TAMA', 49, 'hr', 'randi.saluman@gmail.com', '0049'),
(308, 50, '', 'WISNU', 'TAMA', 49, 'hr', 'randi.saluman@gmail.com', '0050'),
(309, 51, '', 'WISNU', 'TAMA', 49, 'hr', 'randi.saluman@gmail.com', '0051'),
(310, 52, '', 'WISNU', 'TAMA', 49, 'hr', 'randi.saluman@gmail.com', '0052'),
(311, 53, '', 'WISNU', 'TAMA', 49, 'hr', 'randi.saluman@gmail.com', '0053'),
(312, 54, '', 'WISNU', 'TAMA', 49, 'hr', 'randi.saluman@gmail.com', '0054'),
(313, 55, '', 'WISNU', 'TAMA', 49, 'hr', 'randi.saluman@gmail.com', '0055'),
(314, 56, '', 'WISNU', 'TAMA', 49, 'hr', 'randi.saluman@gmail.com', '0056'),
(315, 57, '', 'WISNU', 'TAMA', 49, 'hr', 'randi.saluman@gmail.com', '0057'),
(316, 58, '', 'WISNU', 'TAMA', 49, 'hr', 'randi.saluman@gmail.com', '0058'),
(317, 59, '', 'WISNU', 'TAMA', 49, 'hr', 'randi.saluman@gmail.com', '0059'),
(318, 60, '', 'WISNU', 'TAMA', 49, 'hr', 'randi.saluman@gmail.com', '0060'),
(319, 61, '', 'WISNU', 'TAMA', 49, 'hr', 'randi.saluman@gmail.com', '0061'),
(320, 1, '', 'WISNU', 'TAMA', 49, 'hr', 'randi.saluman@gmail.com', '0001'),
(321, 2, '', 'WISNU', 'TAMA', 49, 'hr', 'randi.saluman@gmail.com', '0002'),
(322, 3, '', 'WISNU', 'TAMA', 49, 'hr', 'randi.saluman@gmail.com', '0003'),
(323, 1, '', 'WISNU', 'TAMA', 49, 'hr', 'randi.saluman@gmail.com', '0001'),
(324, 2, '', 'WISNU', 'TAMA', 49, 'hr', 'randi.saluman@gmail.com', '0002'),
(325, 3, '', 'WISNU', 'TAMA', 49, 'hr', 'randi.saluman@gmail.com', '0003'),
(326, 3, '', 'WISNU', 'TAMA', 49, 'hr', 'randi.saluman@gmail.com', '0003'),
(327, 4, '', 'WISNU', 'TAMA', 49, 'hr', 'randi.saluman@gmail.com', '0004'),
(328, 5, '', 'WISNU', 'TAMA', 49, 'hr', 'randi.saluman@gmail.com', '0005'),
(329, 6, '', 'WISNU', 'TAMA', 49, 'hr', 'randi.saluman@gmail.com', '0006'),
(330, 7, '', 'WISNU', 'TAMA', 49, 'hr', 'randi.saluman@gmail.com', '0007'),
(331, 8, '', 'WISNU', 'TAMA', 49, 'hr', 'randi.saluman@gmail.com', '0008'),
(332, 9, '', 'WISNU', 'TAMA', 49, 'hr', 'randi.saluman@gmail.com', '0009'),
(333, 10, '', 'WISNU', 'TAMA', 49, 'hr', 'randi.saluman@gmail.com', '0010'),
(334, 11, '', 'WISNU', 'TAMA', 49, 'hr', 'randi.saluman@gmail.com', '0011'),
(335, 12, '', 'WISNU', 'TAMA', 49, 'hr', 'randi.saluman@gmail.com', '0012'),
(336, 13, '', 'WISNU', 'TAMA', 49, 'hr', 'randi.saluman@gmail.com', '0013'),
(337, 14, '', 'WISNU', 'TAMA', 49, 'hr', 'randi.saluman@gmail.com', '0014'),
(338, 15, '', 'WISNU', 'TAMA', 49, 'hr', 'randi.saluman@gmail.com', '0015'),
(339, 16, '', 'WISNU', 'TAMA', 49, 'hr', 'randi.saluman@gmail.com', '0016'),
(340, 17, '', 'WISNU', 'TAMA', 49, 'hr', 'randi.saluman@gmail.com', '0017'),
(341, 18, '', 'WISNU', 'TAMA', 49, 'hr', 'randi.saluman@gmail.com', '0018'),
(342, 19, '', 'WISNU', 'TAMA', 49, 'hr', 'randi.saluman@gmail.com', '0019'),
(343, 20, '', 'WISNU', 'TAMA', 49, 'hr', 'randi.saluman@gmail.com', '0020'),
(344, 21, '', 'WISNU', 'TAMA', 49, 'hr', 'randi.saluman@gmail.com', '0021'),
(345, 22, '', 'WISNU', 'TAMA', 49, 'hr', 'randi.saluman@gmail.com', '0022'),
(346, 23, '', 'WISNU', 'TAMA', 49, 'hr', 'randi.saluman@gmail.com', '0023'),
(347, 24, '', 'WISNU', 'TAMA', 49, 'hr', 'randi.saluman@gmail.com', '0024'),
(348, 25, '', 'WISNU', 'TAMA', 49, 'hr', 'randi.saluman@gmail.com', '0025'),
(349, 26, '', 'WISNU', 'TAMA', 49, 'hr', 'randi.saluman@gmail.com', '0026'),
(350, 27, '', 'WISNU', 'TAMA', 49, 'hr', 'randi.saluman@gmail.com', '0027'),
(351, 28, '', 'WISNU', 'TAMA', 49, 'hr', 'randi.saluman@gmail.com', '0028'),
(352, 29, '', 'WISNU', 'TAMA', 49, 'hr', 'randi.saluman@gmail.com', '0029'),
(353, 30, '', 'WISNU', 'TAMA', 49, 'hr', 'randi.saluman@gmail.com', '0030'),
(354, 31, '', 'WISNU', 'TAMA', 49, 'hr', 'randi.saluman@gmail.com', '0031'),
(355, 32, '', 'WISNU', 'TAMA', 49, 'hr', 'randi.saluman@gmail.com', '0032'),
(356, 33, '', 'WISNU', 'TAMA', 49, 'hr', 'randi.saluman@gmail.com', '0033'),
(357, 34, '', 'WISNU', 'TAMA', 49, 'hr', 'randi.saluman@gmail.com', '0034'),
(358, 35, '', 'WISNU', 'TAMA', 49, 'hr', 'randi.saluman@gmail.com', '0035'),
(359, 36, '', 'WISNU', 'TAMA', 49, 'hr', 'randi.saluman@gmail.com', '0036'),
(360, 37, '', 'WISNU', 'TAMA', 49, 'hr', 'randi.saluman@gmail.com', '0037'),
(361, 38, '', 'WISNU', 'TAMA', 49, 'hr', 'randi.saluman@gmail.com', '0038'),
(362, 39, '', 'WISNU', 'TAMA', 49, 'hr', 'randi.saluman@gmail.com', '0039'),
(363, 40, '', 'WISNU', 'TAMA', 49, 'hr', 'randi.saluman@gmail.com', '0040'),
(364, 41, '', 'WISNU', 'TAMA', 49, 'hr', 'randi.saluman@gmail.com', '0041'),
(365, 42, '', 'WISNU', 'TAMA', 49, 'hr', 'randi.saluman@gmail.com', '0042'),
(366, 43, '', 'WISNU', 'TAMA', 49, 'hr', 'randi.saluman@gmail.com', '0043'),
(367, 44, '', 'WISNU', 'TAMA', 49, 'hr', 'randi.saluman@gmail.com', '0044'),
(368, 45, '', 'WISNU', 'TAMA', 49, 'hr', 'randi.saluman@gmail.com', '0045'),
(369, 46, '', 'WISNU', 'TAMA', 49, 'hr', 'randi.saluman@gmail.com', '0046'),
(370, 47, '', 'WISNU', 'TAMA', 49, 'hr', 'randi.saluman@gmail.com', '0047'),
(371, 48, '', 'WISNU', 'TAMA', 49, 'hr', 'randi.saluman@gmail.com', '0048'),
(372, 49, '', 'WISNU', 'TAMA', 49, 'hr', 'randi.saluman@gmail.com', '0049'),
(373, 50, '', 'WISNU', 'TAMA', 49, 'hr', 'randi.saluman@gmail.com', '0050'),
(374, 51, '', 'WISNU', 'TAMA', 49, 'hr', 'randi.saluman@gmail.com', '0051'),
(375, 52, '', 'WISNU', 'TAMA', 49, 'hr', 'randi.saluman@gmail.com', '0052'),
(376, 53, '', 'WISNU', 'TAMA', 49, 'hr', 'randi.saluman@gmail.com', '0053'),
(377, 54, '', 'WISNU', 'TAMA', 49, 'hr', 'randi.saluman@gmail.com', '0054'),
(378, 55, '', 'WISNU', 'TAMA', 49, 'hr', 'randi.saluman@gmail.com', '0055'),
(379, 56, '', 'WISNU', 'TAMA', 49, 'hr', 'randi.saluman@gmail.com', '0056'),
(380, 57, '', 'WISNU', 'TAMA', 49, 'hr', 'randi.saluman@gmail.com', '0057'),
(381, 58, '', 'WISNU', 'TAMA', 49, 'hr', 'randi.saluman@gmail.com', '0058'),
(382, 59, '', 'WISNU', 'TAMA', 49, 'hr', 'randi.saluman@gmail.com', '0059'),
(383, 60, '', 'WISNU', 'TAMA', 49, 'hr', 'randi.saluman@gmail.com', '0060'),
(384, 62, '', 'WISNU', 'TAMA', 49, 'hr', 'randi.saluman@gmail.com', '0062'),
(385, 63, '', 'WISNU', 'TAMA', 49, 'hr', 'randi.saluman@gmail.com', '0063'),
(386, 64, '', 'WISNU', 'TAMA', 49, 'hr', 'randi.saluman@gmail.com', '0064'),
(387, 65, '', 'WISNU', 'TAMA', 49, 'hr', 'randi.saluman@gmail.com', '0064'),
(388, 66, '', 'WISNU', 'TAMA', 49, 'hr', 'randi.saluman@gmail.com', '0064'),
(389, 67, '', 'WISNU', 'TAMA', 49, 'hr', 'randi.saluman@gmail.com', '0065'),
(390, 68, '', 'WISNU', 'TAMA', 49, 'hr', 'randi.saluman@gmail.com', '0066'),
(391, 69, '', 'WISNU', 'TAMA', 49, 'hr', 'randi.saluman@gmail.com', '0067'),
(392, 70, '', 'WISNU', 'TAMA', 49, 'hr', 'randi.saluman@gmail.com', '0068'),
(393, 71, '', 'WISNU', 'TAMA', 49, 'hr', 'randi.saluman@gmail.com', '0069'),
(394, 72, '', 'WISNU', 'TAMA', 49, 'hr', 'randi.saluman@gmail.com', '0070'),
(395, 73, '', 'WISNU', 'TAMA', 49, 'hr', 'randi.saluman@gmail.com', '0071'),
(396, 74, '', 'WISNU', 'TAMA', 49, 'hr', 'randi.saluman@gmail.com', '0072'),
(397, 75, '', 'WISNU', 'TAMA', 49, 'hr', 'randi.saluman@gmail.com', '0073'),
(398, 76, '', 'WISNU', 'TAMA', 49, 'hr', 'randi.saluman@gmail.com', '0074'),
(399, 77, '', 'WISNU', 'TAMA', 49, 'hr', 'randi.saluman@gmail.com', '0075'),
(400, 78, '', 'WISNU', 'TAMA', 49, 'hr', 'randi.saluman@gmail.com', '0076'),
(401, 79, '', 'WISNU', 'TAMA', 49, 'hr', 'randi.saluman@gmail.com', '0077'),
(402, 80, '', 'WISNU', 'TAMA', 49, 'hr', 'randi.saluman@gmail.com', '0078'),
(403, 81, '', 'WISNU', 'TAMA', 49, 'hr', 'randi.saluman@gmail.com', '0079'),
(404, 82, '', 'WISNU', 'TAMA', 49, 'hr', 'randi.saluman@gmail.com', '0080'),
(405, 83, '', 'WISNU', 'TAMA', 49, 'hr', 'randi.saluman@gmail.com', '0081'),
(406, 84, '', 'WISNU', 'TAMA', 49, 'hr', 'randi.saluman@gmail.com', '0082'),
(407, 85, '', 'WISNU', 'TAMA', 49, 'hr', 'randi.saluman@gmail.com', '0083'),
(408, 86, '', 'WISNU', 'TAMA', 49, 'hr', 'randi.saluman@gmail.com', '0084'),
(409, 87, '', 'WISNU', 'TAMA', 49, 'hr', 'randi.saluman@gmail.com', '0085'),
(410, 88, '', 'WISNU', 'TAMA', 49, 'hr', 'randi.saluman@gmail.com', '0086'),
(411, 89, '', 'WISNU', 'TAMA', 49, 'hr', 'randi.saluman@gmail.com', '0087'),
(412, 90, '', 'RANDY', 'SALUMAN', 28, '', 'randi.saluman@gmail.com', '0088'),
(413, 91, '', 'RANDY', 'SALUMAN', 28, 'hr_sppd', 'randi.saluman@gmail.com', '0089'),
(414, 92, '', 'RANDY', 'SALUMAN', 28, 'hr_sppd', 'randi.saluman@gmail.com', '0090'),
(415, 93, '', 'RANDY', 'SALUMAN', 28, 'hr_sppd', 'randi.saluman@gmail.com', '0091'),
(416, 94, '', 'RANDY', 'SALUMAN', 28, 'hr_sppd', 'randi.saluman@gmail.com', '0092'),
(417, 95, '', 'RANDY', 'SALUMAN', 28, 'hr_sppd', 'randi.saluman@gmail.com', '0093'),
(418, 96, '', 'RANDY', 'SALUMAN', 28, 'hr_sppd', 'randi.saluman@gmail.com', '0094'),
(419, 97, '', 'RANDY', 'SALUMAN', 28, 'hr_sppd', 'randi.saluman@gmail.com', '0095'),
(420, 98, '', 'RANDY', 'SALUMAN', 28, 'hr_sppd', 'randi.saluman@gmail.com', '0096'),
(421, 99, '', 'RANDY', 'SALUMAN', 28, 'hr_sppd', 'randi.saluman@gmail.com', '0097'),
(422, 100, '', 'RANDY', 'SALUMAN', 28, 'hr_sppd', 'randi.saluman@gmail.com', '0098'),
(423, 101, '', 'RANDY', 'SALUMAN', 28, 'hr_sppd', 'randi.saluman@gmail.com', '0099'),
(424, 102, '', 'WISNU', 'TAMA', 49, 'hr', 'randi.saluman@gmail.com', '0100'),
(425, 103, '', 'WISNU', 'TAMA', 49, 'hr', 'randi.saluman@gmail.com', '0101'),
(426, 104, '', 'WISNU', 'TAMA', 49, 'hr', 'randi.saluman@gmail.com', '0102'),
(427, 105, '', 'WISNU', 'TAMA', 49, 'hr', 'randi.saluman@gmail.com', '0103'),
(428, 106, '', 'WISNU', 'TAMA', 49, 'hr', 'randi.saluman@gmail.com', '0104'),
(429, 107, '', 'WISNU', 'TAMA', 49, 'hr', 'randi.saluman@gmail.com', '0105'),
(430, 108, '', 'WISNU', 'TAMA', 49, 'hr', 'randi.saluman@gmail.com', '0106'),
(431, 109, '', 'WISNU', 'TAMA', 49, 'hr', 'randi.saluman@gmail.com', '0107'),
(432, 110, '', 'WISNU', 'TAMA', 49, 'hr', 'randi.saluman@gmail.com', '0108'),
(433, 111, '', 'WISNU', 'TAMA', 49, 'hr', 'randi.saluman@gmail.com', '0109'),
(434, 111, '', 'WISNU', 'TAMA', 49, 'hr', 'randi.saluman@gmail.com', '0109'),
(435, 111, '', 'WISNU', 'TAMA', 49, 'hr', 'randi.saluman@gmail.com', '0109'),
(436, 111, '', 'WISNU', 'TAMA', 49, 'hr', 'randi.saluman@gmail.com', '0109'),
(437, 111, '', 'WISNU', 'TAMA', 49, 'hr', 'randi.saluman@gmail.com', '0109'),
(438, 111, '', 'WISNU', 'TAMA', 49, 'hr', 'randi.saluman@gmail.com', '0109'),
(439, 111, '', 'WISNU', 'TAMA', 49, 'hr', 'randi.saluman@gmail.com', '0109'),
(440, 111, '', 'WISNU', 'TAMA', 49, 'hr', 'randi.saluman@gmail.com', '0109'),
(441, 111, '', 'WISNU', 'TAMA', 49, 'hr', 'randi.saluman@gmail.com', '0109'),
(442, 111, '', 'WISNU', 'TAMA', 49, 'hr', 'randi.saluman@gmail.com', '0109'),
(443, 111, '', 'WISNU', 'TAMA', 49, 'hr', 'randi.saluman@gmail.com', '0109'),
(444, 111, '', 'WISNU', 'TAMA', 49, 'hr', 'randi.saluman@gmail.com', '0109'),
(445, 111, '', 'WISNU', 'TAMA', 49, 'hr', 'randi.saluman@gmail.com', '0109'),
(446, 111, '', 'WISNU', 'TAMA', 49, 'hr', 'randi.saluman@gmail.com', '0109'),
(447, 112, '', 'WISNU', 'TAMA', 49, 'hr', 'randi.saluman@gmail.com', '0110'),
(448, 113, '', 'WISNU', 'TAMA', 49, 'hr', 'randi.saluman@gmail.com', '0111'),
(449, 114, '', 'WISNU', 'TAMA', 49, 'hr', 'randi.saluman@gmail.com', '0112'),
(450, 115, '', 'WISNU', 'TAMA', 49, 'hr', 'randi.saluman@gmail.com', '0113'),
(451, 116, '', 'SITI', 'ALIYAH FATIMAH', 54, 'hr', '', '0114'),
(452, 117, '', 'SITI', 'ALIYAH FATIMAH', 54, 'hr', '', '0115'),
(453, 118, '', 'SITI', 'ALIYAH FATIMAH', 54, 'hr', '', '0116'),
(454, 119, '', 'SITI', 'ALIYAH FATIMAH', 54, 'hr', '', '0117'),
(455, 120, '', 'SITI', 'ALIYAH FATIMAH', 54, 'hr', '', '0118'),
(456, 121, '', 'SITI', 'ALIYAH FATIMAH', 54, 'hr', '', '0119'),
(457, 122, '', 'SITI', 'ALIYAH FATIMAH', 54, 'hr', '', '0120'),
(458, 123, '', 'SITI', 'ALIYAH FATIMAH', 54, 'hr', '', '0121'),
(459, 124, '', 'SITI', 'ALIYAH FATIMAH', 54, 'hr', '', '0122'),
(460, 125, '', 'SITI', 'ALIYAH FATIMAH', 54, 'hr', '', '0123'),
(461, 126, '', 'SITI', 'ALIYAH FATIMAH', 54, 'hr', '', '0124'),
(462, 127, '', 'SITI', 'ALIYAH FATIMAH', 54, 'hr', '', '0125'),
(463, 128, '', 'SITI', 'ALIYAH FATIMAH', 54, 'hr', '', '0126'),
(464, 129, '', 'SITI', 'ALIYAH FATIMAH', 54, 'hr', '', '0127'),
(465, 130, '', 'SITI', 'ALIYAH FATIMAH', 54, 'hr', '', '0128'),
(466, 131, '', 'SITI', 'ALIYAH FATIMAH', 54, 'hr', '', '0129'),
(467, 132, '', 'SITI', 'ALIYAH FATIMAH', 54, 'hr', '', '0130'),
(468, 133, '', 'SITI', 'ALIYAH FATIMAH', 54, 'hr', '', '0131'),
(469, 134, '', 'SITI', 'ALIYAH FATIMAH', 54, 'hr', '', '0132'),
(470, 135, '', 'SITI', 'ALIYAH FATIMAH', 54, 'hr', '', '0133'),
(471, 136, '', 'SITI', 'ALIYAH FATIMAH', 54, 'hr', '', '0134'),
(472, 137, '', 'SITI', 'ALIYAH FATIMAH', 54, 'hr', '', '0135'),
(473, 138, '', 'SITI', 'ALIYAH FATIMAH', 54, 'hr', '', '0136'),
(474, 139, '', 'SITI', 'ALIYAH FATIMAH', 54, 'hr', '', '0137'),
(475, 140, '', 'SITI', 'ALIYAH FATIMAH', 54, 'hr', '', '0138'),
(476, 141, '', 'SITI', 'ALIYAH FATIMAH', 54, 'hr', '', '0139'),
(477, 142, '', 'SITI', 'ALIYAH FATIMAH', 54, 'hr', '', '0140'),
(478, 143, '', 'SITI', 'ALIYAH FATIMAH', 54, 'hr', '', '0141'),
(479, 144, '', 'SITI', 'ALIYAH FATIMAH', 54, 'hr', '', '0142'),
(480, 145, '', 'SITI', 'ALIYAH FATIMAH', 54, 'hr', '', '0143'),
(481, 146, '', 'SITI', 'ALIYAH FATIMAH', 54, 'hr', '', '0144'),
(482, 147, '', 'SITI', 'ALIYAH FATIMAH', 54, 'hr', '', '0145'),
(483, 148, '', 'SITI', 'ALIYAH FATIMAH', 54, 'hr', '', '0146'),
(484, 149, '', 'SITI', 'ALIYAH FATIMAH', 54, 'hr', '', '0147'),
(485, 150, '', 'SITI', 'ALIYAH FATIMAH', 54, 'hr', '', '0148'),
(486, 151, '', 'SITI', 'ALIYAH FATIMAH', 54, 'hr', '', '0149'),
(487, 152, '', 'SITI', 'ALIYAH FATIMAH', 54, 'hr', '', '0150'),
(488, 153, '', 'SITI', 'ALIYAH FATIMAH', 54, 'hr', '', '0151'),
(489, 154, '', 'SITI', 'ALIYAH FATIMAH', 54, 'hr', '', '0152');

-- --------------------------------------------------------

--
-- Table structure for table `h_asset`
--

CREATE TABLE `h_asset` (
  `id_h_asset` int(11) NOT NULL,
  `kode_asset` varchar(50) DEFAULT NULL,
  `nama_asset` varchar(50) DEFAULT NULL,
  `description` varchar(200) DEFAULT NULL,
  `nilai_perolehan` varchar(50) DEFAULT NULL,
  `tanggal_perolehan` date DEFAULT NULL,
  `qty` varchar(50) DEFAULT NULL,
  `reff_invoice` varchar(50) DEFAULT NULL,
  `id_tg` varchar(11) DEFAULT NULL,
  `id_tt` varchar(11) DEFAULT NULL,
  `id_jenis_pengajuan` varchar(50) DEFAULT NULL,
  `id_branch` varchar(50) DEFAULT NULL,
  `id_devisi` varchar(50) DEFAULT NULL,
  `id_departement` varchar(50) DEFAULT NULL,
  `id_asset_location` varchar(50) DEFAULT NULL,
  `id_group_asset` varchar(50) DEFAULT NULL,
  `id_category_type` varchar(50) DEFAULT NULL,
  `id_category_asset` varchar(50) DEFAULT NULL,
  `id_vendor` varchar(50) DEFAULT NULL,
  `id_user` varchar(50) DEFAULT NULL,
  `id_app` varchar(11) DEFAULT NULL,
  `id_employee` varchar(11) DEFAULT NULL,
  `id_uniq` varchar(20) DEFAULT NULL,
  `status` enum('draft','waiting','approved','rejected','recheck','confirmed') DEFAULT NULL,
  `id_real_asset` varchar(11) NOT NULL,
  `id_tmp_asset` varchar(11) NOT NULL,
  `fleg` varchar(11) NOT NULL,
  `id_asset` int(11) NOT NULL
) ENGINE=InnoDB DEFAULT CHARSET=utf8mb4 COLLATE=utf8mb4_general_ci;

--
-- Dumping data for table `h_asset`
--

INSERT INTO `h_asset` (`id_h_asset`, `kode_asset`, `nama_asset`, `description`, `nilai_perolehan`, `tanggal_perolehan`, `qty`, `reff_invoice`, `id_tg`, `id_tt`, `id_jenis_pengajuan`, `id_branch`, `id_devisi`, `id_departement`, `id_asset_location`, `id_group_asset`, `id_category_type`, `id_category_asset`, `id_vendor`, `id_user`, `id_app`, `id_employee`, `id_uniq`, `status`, `id_real_asset`, `id_tmp_asset`, `fleg`, `id_asset`) VALUES
(1, '', '', '', '', '2025-03-12', '', 'y', '11', '7', '3', '', '36', '6', '', '1', '', NULL, '3', '49', '297', '', '0005', 'approved', '', '', '', 83),
(2, '', '', '', '', '2025-03-12', '', 'm', '11', '7', '3', '', '36', '6', '', '1', '', NULL, '3', '49', '297', '', '0006', 'approved', '', '', '', 84),
(3, '', '', '', '', '2025-03-12', '', 's', '11', '7', '3', '', '36', '6', '', '1', '', NULL, '3', '49', '297', '', '0007', 'approved', '', '', '', 85),
(4, '', '', '', '', '2025-03-12', '', 'xv', '11', '7', '3', '', '36', '6', '', '1', '', NULL, '3', '49', '297', '', '0008', 'approved', '', '', '', 86),
(5, '', '', '', '', '2025-03-12', '', 'tess', '11', '7', '3', '', '36', '6', '', '1', '', NULL, '3', '49', '297', '', '0009', 'approved', '', '', '', 87),
(6, '', '', '', '', '2025-03-12', '', 'sas', '11', '14', '3', '', '36', '6', '', '3', '', NULL, '3', '49', '297', '', '0010', 'approved', '', '', '', 88),
(7, '', '', '', '', '2025-03-12', '', 'tt', '11', '7', '3', '', '36', '6', '', '1', '', NULL, '3', '49', '297', '', '0013', 'approved', '', '', '', 91),
(8, '', '', '', '', '2025-03-12', '', 'TES TMP ASSET11111', '11', '15', '3', '', '36', '6', '', '1', '', NULL, '3', '49', '297', '', '0014', 'approved', '', '', '', 92),
(9, '', '', '', '', '2025-03-12', '', 'Yes sir', '11', '14', '3', '2', '36', '6', '6', '3', '0', NULL, '3', '49', '298', '0', '0016', 'approved', '', '', '', 94),
(10, '', '', '', '', '2025-03-13', '', 'TES', '11', '15', '3', '', '36', '6', '', '1', '', NULL, '3', '85', '297', '', '0019', 'approved', '', '', '', 97),
(11, '', '', '', '', '2025-03-13', '', 'TESSS', '11', '15', '3', '', '36', '6', '', '1', '', NULL, '3', '85', '297', '', '0020', 'approved', '', '', '', 98),
(12, '', '', '', '', '2025-03-12', '', 's', '11', '7', '3', '', '36', '6', '', '1', '', NULL, '3', '49', '297', '', '0012', 'approved', '', '', '', 90),
(13, '', '', '', '', '2025-03-19', '', 'ok', '11', '7', '3', '', '36', '6', '', '1', '', NULL, '3', '49', '321', '', '0063', 'approved', '', '', '', 142),
(14, '', '', '', '', '2025-03-19', '', 'Tes keedua ', '11', '7', '3', '', '36', '6', '', '1', '', NULL, '3', '49', '321', '', '0064', 'approved', '', '', '', 143),
(15, '', '', '', '', '2025-03-30', '', 'TESSS', '11', '7', '3', '', '36', '6', '', '1', '', NULL, '3', '49', '321', '', '0065', 'approved', '', '', '', 144),
(16, '', '', '', '', '2025-03-02', '', 'tess juga pasti iykan', '11', '15', '3', '', '36', '6', '', '1', '', NULL, '3', '49', '321', '', '0069', 'approved', '', '', '', 148),
(17, '', '', '', '', '2025-03-19', '', 'LAPTOP 0001', '11', '15', '3', '', '36', '6', '', '1', '', NULL, '3', '49', '321', '', '0070', 'approved', '', '', '', 149),
(18, '', '', '', '', '2025-03-19', '', 'L002', '11', '7', '3', '0', '36', '6', '0', '1', '0', NULL, '3', '49', '321', '0', '0072', 'approved', '', '', '', 151),
(19, '', '', '', '', '2025-03-20', '', 'ghgfhfhg', '11', '15', '3', '0', '36', '6', '0', '1', '0', NULL, '3', '49', '321', '0', '0079', 'approved', '', '', '', 158),
(20, '', '', '', '', '2025-03-20', '', 'L0001', '11', '15', '3', '', '36', '6', '', '1', '', NULL, '4', '49', '321', '', '0001', 'approved', '', '', '', 162),
(21, '', '', '', '', '2025-03-25', '', 'TESSS 0001', '11', '15', '3', '', '36', '6', '', '1', '', NULL, '4', '49', '321', '', '0002', 'approved', '', '', '', 163);

-- --------------------------------------------------------

--
-- Table structure for table `import_e`
--

CREATE TABLE `import_e` (
  `id_import` int(11) NOT NULL,
  `nama` varchar(50) DEFAULT NULL,
  `n_tengah` varchar(50) DEFAULT NULL,
  `nama1` varchar(50) DEFAULT NULL,
  `gender` varchar(100) DEFAULT NULL,
  `d_birth` date DEFAULT NULL,
  `place_birth` varchar(200) DEFAULT NULL,
  `ktp_number` varchar(50) DEFAULT NULL,
  `religion` varchar(50) DEFAULT NULL,
  `education` varchar(100) DEFAULT NULL,
  `m_status` varchar(100) DEFAULT NULL,
  `alamat` varchar(200) DEFAULT NULL,
  `a_domicile` varchar(500) DEFAULT NULL,
  `no_hp` varchar(20) DEFAULT NULL,
  `p_email` varchar(100) DEFAULT NULL,
  `b_type` varchar(10) DEFAULT NULL,
  `d_license` varchar(50) DEFAULT NULL,
  `weight` varchar(10) DEFAULT NULL,
  `height` varchar(10) DEFAULT NULL,
  `ethnic` varchar(50) DEFAULT NULL,
  `nationality` varchar(50) DEFAULT NULL,
  `nik` varchar(20) DEFAULT NULL,
  `id_jenis_pengajuan` int(11) DEFAULT NULL,
  `id_devisi` varchar(110) DEFAULT NULL,
  `id_departement` varchar(50) DEFAULT NULL,
  `jabatan` varchar(50) DEFAULT NULL,
  `current_grade` varchar(10) DEFAULT NULL,
  `e_type` varchar(20) DEFAULT NULL,
  `co_area` varchar(50) DEFAULT NULL,
  `id_user` int(11) DEFAULT NULL,
  `dm_email` varchar(50) DEFAULT NULL,
  `email` varchar(50) DEFAULT NULL,
  `d_joining` date DEFAULT NULL,
  `ed_from` date DEFAULT NULL,
  `ed_to` date DEFAULT NULL,
  `p_hire` varchar(200) DEFAULT NULL,
  `status` varchar(50) DEFAULT NULL,
  `reason` varchar(200) DEFAULT NULL,
  `bank_name` varchar(50) DEFAULT NULL,
  `ba_number` varchar(50) DEFAULT NULL,
  `bpjs_t` varchar(50) DEFAULT NULL,
  `bpjs_k` varchar(20) DEFAULT NULL,
  `plafon_rawat_jalan` varchar(100) DEFAULT NULL,
  `sisah_plafon_rj` varchar(100) DEFAULT NULL,
  `emergency_pn` varchar(20) DEFAULT NULL,
  `kk` varchar(20) DEFAULT NULL,
  `s_name` varchar(50) DEFAULT NULL,
  `d1_name` varchar(50) DEFAULT NULL,
  `nik1` varchar(20) DEFAULT NULL,
  `d2_name` varchar(50) DEFAULT NULL,
  `nik2` varchar(20) DEFAULT NULL,
  `d3_name` varchar(200) DEFAULT NULL,
  `nik3` varchar(20) DEFAULT NULL,
  `npwp` varchar(50) NOT NULL
) ENGINE=InnoDB DEFAULT CHARSET=utf8mb4 COLLATE=utf8mb4_general_ci;

--
-- Dumping data for table `import_e`
--

INSERT INTO `import_e` (`id_import`, `nama`, `n_tengah`, `nama1`, `gender`, `d_birth`, `place_birth`, `ktp_number`, `religion`, `education`, `m_status`, `alamat`, `a_domicile`, `no_hp`, `p_email`, `b_type`, `d_license`, `weight`, `height`, `ethnic`, `nationality`, `nik`, `id_jenis_pengajuan`, `id_devisi`, `id_departement`, `jabatan`, `current_grade`, `e_type`, `co_area`, `id_user`, `dm_email`, `email`, `d_joining`, `ed_from`, `ed_to`, `p_hire`, `status`, `reason`, `bank_name`, `ba_number`, `bpjs_t`, `bpjs_k`, `plafon_rawat_jalan`, `sisah_plafon_rj`, `emergency_pn`, `kk`, `s_name`, `d1_name`, `nik1`, `d2_name`, `nik2`, `d3_name`, `nik3`, `npwp`) VALUES
(1, 'VENDRY', NULL, 'LIARTO', 'laki-laki', NULL, NULL, NULL, NULL, NULL, NULL, NULL, NULL, '62', NULL, NULL, NULL, NULL, NULL, NULL, NULL, '240001', 3, '40', '16', 'CEO', NULL, NULL, NULL, NULL, NULL, 'vendry.liarto@tripla.id', NULL, NULL, NULL, NULL, NULL, NULL, NULL, NULL, NULL, NULL, NULL, NULL, NULL, NULL, NULL, NULL, NULL, NULL, NULL, NULL, NULL, ''),
(2, 'BUDI', NULL, 'PERMANA', 'laki-laki', NULL, NULL, NULL, NULL, NULL, NULL, NULL, NULL, '62', NULL, NULL, NULL, NULL, NULL, NULL, NULL, '240002', 3, '40', '16', 'COO', NULL, NULL, NULL, NULL, NULL, 'tess@tripla.id', NULL, NULL, NULL, NULL, NULL, NULL, NULL, NULL, NULL, NULL, NULL, NULL, NULL, NULL, NULL, NULL, NULL, NULL, NULL, NULL, NULL, ''),
(3, 'SHERLY', NULL, NULL, 'perempuan', NULL, NULL, NULL, NULL, NULL, NULL, NULL, NULL, '62', NULL, NULL, NULL, NULL, NULL, NULL, NULL, '240003', 3, '36', '6', 'HRGA MANAGER', NULL, NULL, NULL, NULL, NULL, 'sherly.fenren@tripla.id', NULL, NULL, NULL, NULL, NULL, NULL, NULL, NULL, NULL, NULL, NULL, NULL, NULL, NULL, NULL, NULL, NULL, NULL, NULL, NULL, NULL, ''),
(4, 'LAURENSKY', NULL, 'SURIADI', 'laki-laki', NULL, NULL, NULL, NULL, NULL, NULL, NULL, NULL, '62', NULL, NULL, NULL, NULL, NULL, NULL, NULL, '240004', 3, '30', '11', 'FA MANAGER', NULL, NULL, NULL, NULL, NULL, 'laurensky.suriadi@tripla.id', NULL, NULL, NULL, NULL, NULL, NULL, NULL, NULL, NULL, NULL, NULL, NULL, NULL, NULL, NULL, NULL, NULL, NULL, NULL, NULL, NULL, ''),
(5, 'FRANDY', NULL, 'WIDJAJA', 'laki-laki', NULL, NULL, NULL, NULL, NULL, NULL, NULL, NULL, '62', NULL, NULL, NULL, NULL, NULL, NULL, NULL, '240005', 3, '35', '13', 'PART MANAGER', NULL, NULL, NULL, NULL, NULL, 'frandy.widjaja@tripla.id', NULL, NULL, NULL, NULL, NULL, NULL, NULL, NULL, NULL, NULL, NULL, NULL, NULL, NULL, NULL, NULL, NULL, NULL, NULL, NULL, NULL, ''),
(6, 'SHASKYA', NULL, 'WIDA', 'perempuan', NULL, NULL, NULL, NULL, NULL, NULL, NULL, NULL, '62', NULL, NULL, NULL, NULL, NULL, NULL, NULL, '240006', 3, '30', '11', 'FINANCE CASHIER OFFICER', NULL, NULL, NULL, NULL, NULL, 'shaskya.wida@tripla.id', NULL, NULL, NULL, NULL, NULL, NULL, NULL, NULL, NULL, NULL, NULL, NULL, NULL, NULL, NULL, NULL, NULL, NULL, NULL, NULL, NULL, ''),
(7, 'HERRI', NULL, 'SUJONO', 'laki-laki', NULL, NULL, NULL, NULL, NULL, NULL, NULL, NULL, '62', NULL, NULL, NULL, NULL, NULL, NULL, NULL, '240007', 3, '37', '5', 'CTO', NULL, NULL, NULL, NULL, NULL, 'tess@tripla.id', NULL, NULL, NULL, NULL, NULL, NULL, NULL, NULL, NULL, NULL, NULL, NULL, NULL, NULL, NULL, NULL, NULL, NULL, NULL, NULL, NULL, ''),
(8, 'ALVAREZA', NULL, 'FAZRI', 'laki-laki', NULL, NULL, NULL, NULL, NULL, NULL, NULL, NULL, '62', NULL, NULL, NULL, NULL, NULL, NULL, NULL, '240008', 3, '35', '13', 'PART SUPERVISOR', NULL, NULL, NULL, NULL, NULL, 'alvareza.fazri@tripla.id', NULL, NULL, NULL, NULL, NULL, NULL, NULL, NULL, NULL, NULL, NULL, NULL, NULL, NULL, NULL, NULL, NULL, NULL, NULL, NULL, NULL, ''),
(9, 'RANDY', NULL, 'SALUMAN', 'laki-laki', '1998-07-18', 'DAMAU', '2147483647', 'KRISTEN', NULL, 'MERRIED', 'JALAN JERUK BLOK. KLEBENGAN NO. 8 RT 010, RW 002, CATURTUNGGAL, DEPOK, SLEMAN, YOGYAKARTA', 'JALAN JERUK BLOK. KLEBENGAN NO. 8 RT 010, RW 002, CATURTUNGGAL, DEPOK, SLEMAN, YOGYAKARTA', '2147483647', 'randi.saluman@gmail.com', 'O', 'C', '75', '170', 'TALAUD', 'INDONESIA', '240009', 3, '37', '5', 'MARCOM', 'D1', 'KONTRAK', 'TANGERANG', 58, 'herri.sujono@tripla.id', 'randi.saluman@gmail.com', '0000-00-00', '2025-01-24', '2025-01-24', 'GOOD', 'Aktif', NULL, '12345', '65906', '12345', '12345', '12345', '12345', '12345', '12345', 'VIOLYN AMEI MANAPODE', '12345', '12345', '12345', '12345', '12345', '12345', ''),
(10, 'ADELLA', NULL, 'SYAVIRA', 'perempuan', NULL, NULL, NULL, NULL, NULL, NULL, NULL, NULL, '62', NULL, NULL, NULL, NULL, NULL, NULL, NULL, '240010', 3, '35', '13', 'PART OFFICER', NULL, NULL, NULL, NULL, NULL, 'adella.syavira@tripla.id', NULL, NULL, NULL, NULL, NULL, NULL, NULL, NULL, NULL, NULL, NULL, NULL, NULL, NULL, NULL, NULL, NULL, NULL, NULL, NULL, NULL, ''),
(11, 'NOVA', NULL, 'RUDIANTO', 'laki-laki', NULL, NULL, NULL, NULL, NULL, NULL, NULL, NULL, '62', NULL, NULL, NULL, NULL, NULL, NULL, NULL, '240011', 3, '30', '12', 'ACCOUNTING SUPERVISOR', NULL, NULL, NULL, NULL, NULL, 'nova.rudianto@tripla.id', NULL, NULL, NULL, NULL, NULL, NULL, NULL, NULL, NULL, NULL, NULL, NULL, NULL, NULL, NULL, NULL, NULL, NULL, NULL, NULL, NULL, ''),
(12, 'DANANG', NULL, 'PRABOWO', 'laki-laki', NULL, NULL, NULL, NULL, NULL, NULL, NULL, NULL, '62', NULL, NULL, NULL, NULL, NULL, NULL, NULL, '240012', 3, '33', '1', 'NATIONAL SALES MANAGER', NULL, NULL, NULL, NULL, NULL, 'danang.prabowo@tripla.id', NULL, NULL, NULL, NULL, NULL, NULL, NULL, NULL, NULL, NULL, NULL, NULL, NULL, NULL, NULL, NULL, NULL, NULL, NULL, NULL, NULL, ''),
(13, 'BUDIONO', NULL, NULL, 'laki-laki', NULL, NULL, NULL, NULL, NULL, NULL, NULL, NULL, '62', NULL, NULL, NULL, NULL, NULL, NULL, NULL, '240014', 3, '35', '14', 'AFTERMARKET HEAD', NULL, NULL, NULL, NULL, NULL, 'budiono.bo@tripla.id', NULL, NULL, NULL, NULL, NULL, NULL, NULL, NULL, NULL, NULL, NULL, NULL, NULL, NULL, NULL, NULL, NULL, NULL, NULL, NULL, NULL, ''),
(14, 'HASNITA', NULL, NULL, 'perempuan', NULL, NULL, NULL, NULL, NULL, NULL, NULL, NULL, '62', NULL, NULL, NULL, NULL, NULL, NULL, NULL, '240015', 3, '33', '1', 'BUSINESS CONSULTANT', NULL, NULL, NULL, NULL, NULL, 'hasnita.nita@tripla.id', NULL, NULL, NULL, NULL, NULL, NULL, NULL, NULL, NULL, NULL, NULL, NULL, NULL, NULL, NULL, NULL, NULL, NULL, NULL, NULL, NULL, ''),
(15, 'BENIE', NULL, 'SUSENO', 'laki-laki', NULL, NULL, NULL, NULL, NULL, NULL, NULL, NULL, '62', NULL, NULL, NULL, NULL, NULL, NULL, NULL, '240017', 3, '33', '1', 'SALES MANAGER', NULL, NULL, NULL, NULL, NULL, 'benie.suseno@tripla.id', NULL, NULL, NULL, NULL, NULL, NULL, NULL, NULL, NULL, NULL, NULL, NULL, NULL, NULL, NULL, NULL, NULL, NULL, NULL, NULL, NULL, ''),
(16, 'AHKMAD', NULL, 'SOFYAN', 'laki-laki', NULL, NULL, NULL, NULL, NULL, NULL, NULL, NULL, '2147483647', NULL, NULL, NULL, NULL, NULL, NULL, NULL, '240013', 3, '36', '9', 'OB & KURIR', NULL, NULL, NULL, NULL, NULL, 'akhmadsofyan210787@gmail.com', NULL, NULL, NULL, NULL, NULL, NULL, NULL, NULL, NULL, NULL, NULL, NULL, NULL, NULL, NULL, NULL, NULL, NULL, NULL, NULL, NULL, ''),
(17, 'ROBY', NULL, 'MARTIN', 'laki-laki', NULL, NULL, NULL, NULL, NULL, NULL, 'BEKASI', NULL, '2147483647', NULL, NULL, NULL, NULL, NULL, NULL, NULL, '240018', 3, '35', '13', 'AFTERSALES REPRESENTATIVE', NULL, NULL, NULL, NULL, NULL, 'roby.martin@tripla.id', NULL, NULL, NULL, NULL, NULL, NULL, NULL, NULL, NULL, NULL, NULL, NULL, NULL, NULL, NULL, NULL, NULL, NULL, NULL, NULL, NULL, ''),
(18, 'AGUS', NULL, 'SETIYAWAN', 'laki-laki', NULL, NULL, NULL, NULL, NULL, NULL, 'KENDAL', NULL, '2147483647', NULL, NULL, NULL, NULL, NULL, NULL, NULL, '240019', 3, '35', '14', 'DEPUTY SERVICE MANAGER', NULL, NULL, NULL, NULL, NULL, 'agus.setiyawan@tripla.id', NULL, NULL, NULL, NULL, NULL, NULL, NULL, NULL, NULL, NULL, NULL, NULL, NULL, NULL, NULL, NULL, NULL, NULL, NULL, NULL, NULL, ''),
(19, 'RIKI', NULL, 'YANTO', 'laki-laki', NULL, NULL, NULL, NULL, NULL, NULL, 'BEKASI', NULL, '2147483647', NULL, NULL, NULL, NULL, NULL, NULL, NULL, '240016', 3, '35', '14', 'SENIOR MECHANIC', NULL, NULL, NULL, NULL, NULL, 'riki.yanto81@gmail.com', NULL, NULL, NULL, NULL, NULL, NULL, NULL, NULL, NULL, NULL, NULL, NULL, NULL, NULL, NULL, NULL, NULL, NULL, NULL, NULL, NULL, ''),
(20, 'MUSTOFA', NULL, NULL, 'laki-laki', NULL, NULL, NULL, NULL, NULL, NULL, 'JAKARTA', NULL, '2147483647', NULL, NULL, NULL, NULL, NULL, NULL, NULL, '240020', 3, '35', '14', 'FOREMAN', NULL, NULL, NULL, NULL, NULL, 'mustofa.gita91@gmail.com', NULL, NULL, NULL, NULL, NULL, NULL, NULL, NULL, NULL, NULL, NULL, NULL, NULL, NULL, NULL, NULL, NULL, NULL, NULL, NULL, NULL, ''),
(21, 'VIERI', NULL, 'ARIEF SOEBAGIO', 'laki-laki', NULL, NULL, NULL, NULL, NULL, NULL, 'BEKASI', NULL, '2147483647', NULL, NULL, NULL, NULL, NULL, NULL, NULL, '240021', 3, '35', '14', 'MECHANIC', NULL, NULL, NULL, NULL, NULL, 'vieriarief148@gmail.com', NULL, NULL, NULL, NULL, NULL, NULL, NULL, NULL, NULL, NULL, NULL, NULL, NULL, NULL, NULL, NULL, NULL, NULL, NULL, NULL, NULL, ''),
(22, 'CHELSEA', NULL, 'PRANANDA', 'laki-laki', NULL, NULL, NULL, NULL, NULL, NULL, NULL, NULL, '62', NULL, NULL, NULL, NULL, NULL, NULL, NULL, '240022', 3, '35', '14', 'MECHANIC', NULL, NULL, NULL, NULL, NULL, 'chelseaaditya00@gmail.com', NULL, NULL, NULL, NULL, NULL, NULL, NULL, NULL, NULL, NULL, NULL, NULL, NULL, NULL, NULL, NULL, NULL, NULL, NULL, NULL, NULL, ''),
(23, 'VICKY', NULL, 'LIVANO', 'laki-laki', NULL, NULL, NULL, NULL, NULL, NULL, NULL, NULL, '2147483647', NULL, NULL, NULL, NULL, NULL, NULL, NULL, '240023', 3, '35', '14', 'MECHANIC', NULL, NULL, NULL, NULL, NULL, 'yovilivanov@gmail.com', NULL, NULL, NULL, NULL, NULL, NULL, NULL, NULL, NULL, NULL, NULL, NULL, NULL, NULL, NULL, NULL, NULL, NULL, NULL, NULL, NULL, ''),
(24, 'ALDO', NULL, 'MUTOHIR', 'laki-laki', NULL, NULL, NULL, NULL, NULL, NULL, NULL, NULL, '2147483647', NULL, NULL, NULL, NULL, NULL, NULL, NULL, '240024', 3, '35', '14', 'MECHANIC', NULL, NULL, NULL, NULL, NULL, 'aldoalmutohir2000@gmail.com', NULL, NULL, NULL, NULL, NULL, NULL, NULL, NULL, NULL, NULL, NULL, NULL, NULL, NULL, NULL, NULL, NULL, NULL, NULL, NULL, NULL, ''),
(25, 'WAHYU', NULL, 'HIDAYAT', 'laki-laki', NULL, NULL, NULL, NULL, NULL, NULL, NULL, NULL, '2147483647', NULL, NULL, NULL, NULL, NULL, NULL, NULL, '240025', 3, '35', '14', 'MECHANIC', NULL, NULL, NULL, NULL, NULL, 'whyuuuuhdyt123@gmail.com', NULL, NULL, NULL, NULL, NULL, NULL, NULL, NULL, NULL, NULL, NULL, NULL, NULL, NULL, NULL, NULL, NULL, NULL, NULL, NULL, NULL, ''),
(26, 'AGUNG', NULL, 'RULIANTO', 'laki-laki', NULL, NULL, NULL, NULL, NULL, NULL, NULL, NULL, '62', NULL, NULL, NULL, NULL, NULL, NULL, NULL, '240026', 3, '35', '14', 'MECHANIC', NULL, NULL, NULL, NULL, NULL, 'agung.rulianto2148@gmail.com', NULL, NULL, NULL, NULL, NULL, NULL, NULL, NULL, NULL, NULL, NULL, NULL, NULL, NULL, NULL, NULL, NULL, NULL, NULL, NULL, NULL, ''),
(27, 'WISNU', NULL, 'WIDYA TAMA', 'laki-laki', NULL, NULL, NULL, NULL, NULL, NULL, NULL, NULL, '2147483647', NULL, NULL, NULL, NULL, NULL, NULL, NULL, '240027', 3, '40', '18', 'HRGA MANAGER', NULL, NULL, NULL, NULL, NULL, 'wisnu.wt@tripla.id', NULL, NULL, NULL, NULL, NULL, NULL, NULL, NULL, NULL, NULL, NULL, NULL, NULL, NULL, NULL, NULL, NULL, NULL, NULL, NULL, NULL, ''),
(28, 'VIOLYN', 'AMEI', 'VIOLYN', 'perempuan', '2025-01-22', 'VIOLYN', '465636', 'VIOLYN', NULL, 'VIOLYN', 'JALAN JERUK BLOK. KLEBENGAN NO. 8 RT 010, RW 002, CATURTUNGGAL, DEPOK, SLEMAN, YOGYAKARTA', 'VIOLYN', '2147483647', 'rrrrr@gmail.com', 'VIOLYN', '46464646', '3', '3', 'VIOLYN', 'VIOLYN', '45454545', 3, '37', '5', 'VIOLYN', 'VIOLYN', 'VIOLYN', 'VIOLYN', NULL, 'randy@gmail.com', 'admin@gmail.com', '0000-00-00', '2025-01-25', '2025-01-25', 'VIOLYN', 'Aktif', 'VIOLYN', '2147483647', '566577575757', '2147483647', '57474747', '4676474', '647467467647', '2147483647', '4554245', 'VIOLYN', 'VIOLYN', '655656', 'VIOLYN', '565656', 'VIOLYN', '56565656', ''),
(29, 'BANANAhjhj', 'BANANAhhjh', 'BANANAhjhj', 'laki-laki', '2025-01-23', 'BANANA', '2147483647', 'BANANA', NULL, 'BANANA', 'Jl. Nanas 1 GG Flamboyan 2, RT/RW 002/003 No 10, Utan Kayu Selatan, Matraman', 'Jl. Pengangsaan dua No. 78 Kelapa Gading, Jakarta Utara 14250', '2147483647', 'rrRRrrr@gmail.com', 'O', 'C', '6', '8', 'BANANA', 'BANANA', '4336436', 3, '37', '5', 'BANANA', 'BANANA', 'BANANA', 'BANANA', 58, 'raetndYYy@gmail.com', 'rafgndi.saluman@gmail.com', '0000-00-00', '2025-01-31', '2025-02-08', 'BANANA', 'Aktif', 'BANANA', '436346536', '356553', '35653636', '3565363', '46463', '53656365', '345345345', '47647647', 'BANANA', 'BANANA', '46346', 'BANANA', '536563', 'BANANA', '63', ''),
(30, 'ORANGEvvv', 'ORANGEvvv', 'ORANGEvvv', 'laki-laki', '2025-01-23', 'ORANGE', '4656365', 'ORANGE', NULL, 'ORANGE', 'Synergy Building #903 - Alam Sutera, Tangerang', 'Jl. Pengangsaan dua No. 78 Kelapa Gading, Jakarta Utara 14250', '2147483647', 'rWrrrr@gmail.com', 'ORANGE', 'C', '1', '1', 'ORANGE', 'ORANGE', '24002744', 3, '37', '5', 'ORANGEbbb', 'ORANGEzzz', 'ORANGE', 'ORANGE', 58, 'randWWy@gmail.com', 'chelseaaEEEditya00@gmail.com', '0000-00-00', '2025-01-27', '2025-01-11', 'ORANGE', 'Aktif', 'ORANGE', '2147483647', 'tes juga bisa', '657657', '657657', '57568', '6868', '081343992974', '7198585805', 'ORANGE', 'ORANGE', '324234', 'ORANGE', '235235', 'ORANGE', '235235325', ''),
(31, 'RANDYyy', 'RANDYyy', 'RANDYyy', 'laki-laki', '2025-02-12', 'RANDYyy', '465636', 'MANGGO', NULL, 'MERRIED', 'Jl. Jeruk, Baliton Klebengan, Caturtunggal, Depok, Sleman, Yogyakarta', 'Jl. Pengangsaan dua No. 78 Kelapa Gading, Jakarta Utara 14250', '085943803709', 'rWrrrrdd@gmail.com', 'B', 'C', '56', '57', 'TALAUD', 'INDONESIA', '240009666', 3, '37', '5', 'RANDYyy', 'RANDYyy', 'RANDYyy', 'RANDYyy', 58, 'ranhtrdy@gmail.com', 'randghghi.saluman@gmail.com', '0000-00-00', '2025-02-12', '2025-02-12', 'RANDYyy', 'Aktif', 'RANDYyy', '0813434343433', '1874685959', '36356', '5363636', '356356', '36535636', '085943803709', '7198585805', 'VIOLYN', 'ORANGE', '34534535', 'BANANA', '3563636', 'sfgfdsg', '5653636', ''),
(32, 'RANDYffgdfg', 'RANDYffgdfg', 'RANDYffgdfg', 'laki-laki', '2025-02-13', 'RANDYffgdfg', 'RANDYffgdfg', 'Kristen', 'RANDYffgdfg', 'RANDYffgdfg', 'RANDYffgdfg', 'RANDYffgdfg', 'RANDYffgdfg', 'rrRrrr@gmail.com', 'RANDYffgdf', 'RANDYffgdfg', '3', '3', 'VIOLYN', 'ORANGE', '2400274455', 3, '37', '5', 'BANANA', 'VIOLYN', 'Contract', 'VIOLYN', 49, 'randsdsdYYy@gmail.com', 'admxxxin@gmail.com', '0000-00-00', '2025-02-15', '2025-02-27', 'RANDYffgdfgcvcvcv', 'Aktif', 'xvxvxv', '08134343434333434', '65.906.318.4-542.000434', '434', '3434', '356356434', '3434', '085943803709', '7198585805', 'BANANA', 'dfsfddsf', '34534535565', 'dfdfg', '6565656', 'hgdzhgdz', '5655656', ''),
(33, 'RANDY', NULL, 'SALUMAN', 'laki-laki', '2025-02-13', 'SALUMAN', '121212121212', NULL, NULL, NULL, NULL, NULL, NULL, NULL, NULL, NULL, NULL, NULL, NULL, NULL, '2400274466', 3, '37', '5', 'SALUMAN', 'SALUMAN', 'Probation', 'SALUMAN', 58, 'randFFFWWy@gmail.com', 'chelseDaaEEEditya00@gmail.com', '0000-00-00', '0000-00-00', '0000-00-00', NULL, 'Aktif', NULL, NULL, NULL, NULL, NULL, NULL, NULL, NULL, NULL, NULL, NULL, NULL, NULL, NULL, NULL, NULL, '');

-- --------------------------------------------------------

--
-- Table structure for table `item`
--

CREATE TABLE `item` (
  `id_item` int(11) NOT NULL,
  `id_spp` int(11) NOT NULL,
  `id_app` int(11) NOT NULL,
  `id_user` int(11) NOT NULL,
  `nama_item` varchar(100) NOT NULL,
  `deskripsi` text DEFAULT NULL,
  `quantity` int(50) NOT NULL,
  `amount` decimal(50,2) NOT NULL,
  `total_amount` decimal(50,2) GENERATED ALWAYS AS (`quantity` * `amount`) STORED
) ENGINE=InnoDB DEFAULT CHARSET=utf8mb4 COLLATE=utf8mb4_general_ci;

--
-- Dumping data for table `item`
--

INSERT INTO `item` (`id_item`, `id_spp`, `id_app`, `id_user`, `nama_item`, `deskripsi`, `quantity`, `amount`) VALUES
(175, 313, 0, 49, 'ini yang paling akhir', 'Tes pertama paling terakhir untuk aplikasi approval system', 88, 666.00),
(176, 318, 0, 54, 'LAMPIRAN  PERJANJIAN KERJASAMA PENYEDIAAN HELPER MECHANIC', 'MANAGEMENT FEE @5.000.000 PER ORANG', 2, 5000000.00),
(177, 316, 0, 60, '1', 'Kunci Ring Pas 27', 1, 78500.00),
(178, 316, 0, 60, '2', 'Kunci Ring Pas 30', 1, 94000.00),
(179, 316, 0, 60, '3', 'Kunci Ring Pas 32', 1, 112500.00),
(180, 316, 0, 60, '4', 'Kunci Ring Pas 36', 1, 162500.00),
(181, 316, 0, 60, '5', 'Kunci Ring Pas 41', 1, 250000.00),
(182, 316, 0, 60, '6', 'Kunci Socket 30', 1, 41500.00),
(183, 316, 0, 60, '7', 'Kunci Socket 32', 1, 45000.00),
(184, 316, 0, 60, '8', 'Tang Snapring (set isi 4)', 1, 163000.00),
(185, 316, 0, 60, '9', 'Tang lancip 6 inch', 1, 44000.00),
(186, 316, 0, 60, '10', 'Extention kecil 3 inch', 1, 39950.00),
(187, 316, 0, 60, '11', 'Extention panjang 10 inch', 1, 65050.00),
(188, 316, 0, 60, '12', 'Kunci Pipa 12 inch', 1, 82500.00),
(189, 316, 0, 60, '13', 'Kunci L panjang (set)', 1, 110500.00),
(190, 316, 0, 60, '14', 'Sliding T 1/2', 1, 65100.00),
(191, 316, 0, 60, '15', 'Palu Karet 12 Oz', 1, 18000.00),
(192, 316, 0, 60, '16', 'Kikir set', 1, 26000.00),
(193, 316, 0, 60, '17', 'Gembok Tool box 40L', 1, 26100.00),
(194, 316, 0, 60, '18', 'Pahat set', 1, 129900.00),
(195, 316, 0, 60, '19', 'Kunci L Bintang set', 1, 161900.00),
(196, 316, 0, 60, '20', 'Joint Socket', 1, 85000.00),
(197, 316, 0, 60, '21', 'Feeler Gauge', 1, 31300.00),
(198, 321, 0, 59, 'Genset 180KVA', 'Genset 180 KVA Cummins', 4, 225000000.00),
(199, 322, 0, 59, 'Excavator Hyundai HX210HD', 'Hyundai Excavator 20T HX210HD untuk stock', 3, 1157000000.00),
(200, 323, 0, 60, '1', 'Kunci L Bintang set', 1, 161900.00),
(201, 323, 0, 60, '2', 'Bor Impact Listrik', 1, 494910.00),
(202, 323, 0, 60, '3', 'Avo Meter', 1, 147500.00),
(203, 323, 0, 60, '4', 'Tools Box', 1, 350000.00),
(204, 323, 0, 60, '5', 'Kunci Oil filter 9\'', 1, 77000.00),
(205, 323, 0, 60, '6', 'Tang lancip 6 inch', 1, 42350.00),
(206, 323, 0, 60, '7', 'Jangka Sorong Sigmat', 1, 78600.00),
(207, 323, 0, 60, '8', 'Palu Karet 12 Oz', 1, 19000.00),
(208, 323, 0, 60, '9', 'Kunci L 19mm', 1, 181000.00),
(209, 323, 0, 60, '10', 'Kunci L 17mm', 1, 146000.00),
(210, 323, 0, 60, '11', 'Kunci L 14mm', 1, 106000.00),
(211, 323, 0, 60, '12', 'Kunci L 12mm', 1, 85000.00),
(212, 323, 0, 60, '13', 'Cutter', 1, 25850.00),
(213, 323, 0, 60, '14', 'Kunci Pipa 12 inch', 1, 82500.00),
(215, 323, 0, 60, '15', 'Tang kecil set', 1, 180500.00),
(216, 323, 0, 60, '16', 'Joint Socket', 1, 85000.00),
(217, 323, 0, 60, '17', 'Extention panjang 10 inch', 1, 65050.00),
(218, 323, 0, 60, '18', 'Sliding T 1/2', 1, 66500.00),
(219, 323, 0, 60, '19', 'Extention kecil 3 inch', 2, 39950.00),
(220, 323, 0, 60, '20', 'Pahat set', 1, 129900.00),
(221, 323, 0, 60, '21', 'Gembok Tool box 40L', 1, 26100.00),
(222, 323, 0, 60, '22', 'Kikir set', 1, 26000.00),
(223, 323, 0, 60, '23', 'Tang Snapring (set isi 4)', 1, 163000.00),
(224, 323, 0, 60, '24', 'Feeler Gauge', 1, 31300.00),
(225, 323, 0, 60, '25', 'Kunci Ring Pas 41', 1, 250000.00),
(226, 323, 0, 60, '26', 'Kunci Socket 32', 1, 45000.00),
(227, 323, 0, 60, '27', 'Kunci Socket 30', 1, 41500.00),
(228, 323, 0, 60, '28', 'Kunci Socket 28', 1, 37500.00),
(229, 323, 0, 60, '29', 'Kunci Socket 27', 1, 33500.00),
(230, 323, 0, 60, '30', 'Kunci Socket 26', 1, 30000.00),
(231, 323, 0, 60, '31', 'Kunci Socket 25', 1, 30000.00),
(232, 323, 0, 60, '32', 'Kunci Socket 23', 1, 22500.00),
(233, 323, 0, 60, '33', 'Kunci Ring Pas 36', 1, 162500.00),
(234, 323, 0, 60, '34', 'Kunci Ring Pas 32', 1, 112500.00),
(235, 323, 0, 60, '35', 'Kunci Ring Pas 30', 1, 94000.00),
(236, 323, 0, 60, '36', 'Kunci Ring Pas 27', 1, 78500.00),
(237, 323, 0, 60, '37', 'kunci ring pas 25', 1, 62500.00),
(238, 323, 0, 60, '38', 'Kunci Ring Pas 24', 1, 57000.00),
(239, 323, 0, 60, '39', 'Kunci Ring Pas 23', 1, 53500.00),
(240, 323, 0, 60, '40', 'Kunci Ring Pas 22', 1, 39500.00),
(241, 323, 0, 60, '41', 'Kunci Ring Pas 21', 1, 34500.00),
(242, 323, 0, 60, '42', 'Kunci Ring Pas 20', 1, 29500.00),
(243, 327, 0, 58, 'Ruijie|Reyee RG-EW1200G PRO 1300M Dual-band Gigabit Wireless Router', 'Ruijie|Reyee RG-EW1200G PRO 1300M Dual-band Gigabit Wireless Router', 1, 654000.00),
(244, 328, 0, 58, 'Notebook Lenovo i5', 'Notebook Lenovo i5Lenovo V15 G3 i5-1235U 512GB SSD 8GB IPS Win11+OHS - UPGRADE_KE_16GB', 1, 9129000.00),
(245, 329, 0, 59, 'Biaya Transporasi ke Lamongan (bus)', 'Biaya Transporasi ke Lamongan (bus) - pulang pergi', 2, 410000.00),
(246, 329, 0, 59, 'Biaya Hotel selama di lokasi', 'Biaya hotel 2 malam di Lamongan', 2, 400000.00),
(247, 331, 0, 59, 'Biaya Mobilisasi HX210HD (termasuk asuransi)', 'Biaya Mobilisasi HX210HD (termasuk asuransi)', 3, 2500000.00),
(248, 332, 0, 59, 'Excavator Hyundai HX210HD', 'Hyundai Excavator 20T HX210HD untuk stock', 5, 1140000000.00),
(249, 333, 0, 57, 'TV', 'LG TV 50 INCH - 4K UHD (3840 x 2160) 60 HZ', 1, 5049000.00),
(250, 334, 0, 57, 'SARUNG JOK MOBIL INNOVA REBORN', 'WARNA CREAM ', 1, 1398500.00),
(251, 335, 0, 57, 'LAPTOP LENOVO V15 i3-1215U 8GB 512GB ', 'Laptop untuk user Admin Balikpapan ', 1, 6309000.00),
(252, 335, 0, 57, 'LAPTOP LENOVO V14 i5-13420H 8GB 512GB UPGRADE TO 16GB ', 'Laptop untuk user Mechanic/ Mechanic SPV (sopport kebutuhan komputerisasi Magni)', 1, 9299000.00),
(253, 336, 0, 59, 'Biaya Transporasi ke Lamongan (bus)', 'Transportasi menggunakan Bus PP', 2, 450000.00),
(254, 336, 0, 59, 'Biaya Transporasi ke Lamongan (bus)', 'Gocar dari terminal ke site PP', 2, 100000.00),
(255, 336, 0, 59, 'Biaya Hotel selama di lokasi', 'Hotel di Lamongan', 2, 350000.00),
(257, 349, 0, 49, 'PERCOBAAN RECHECK SEBAGAI CONTOH PEMBUATAN SPPD', 'PERCOBAAN RECHECK SEBAGAI CONTOH PEMBUATAN SPPD', 1, 12000000.00),
(258, 0, 0, 79, 'tert', 'ertret', 56, 6565.00),
(259, 363, 0, 49, 'TES SAJA', 'TES SAJA', 1, 233333.00);

-- --------------------------------------------------------

--
-- Table structure for table `item_asset`
--

CREATE TABLE `item_asset` (
  `id_item_asset` int(11) NOT NULL,
  `id_asset` varchar(11) NOT NULL,
  `id_h_asset` varchar(11) NOT NULL,
  `id_real_asset` varchar(11) NOT NULL,
  `id_user` varchar(11) NOT NULL,
  `kode_asset` varchar(50) NOT NULL,
  `nama_asset` varchar(50) NOT NULL,
  `description` varchar(300) NOT NULL,
  `nilai_perolehan` varchar(50) NOT NULL,
  `tanggal_perolehan` date NOT NULL,
  `qty` varchar(11) NOT NULL,
  `reff_invoice` varchar(50) NOT NULL,
  `document` varchar(20) NOT NULL,
  `fleg` varchar(5) NOT NULL,
  `id_tg` varchar(11) NOT NULL,
  `id_tt` varchar(11) NOT NULL,
  `id_jenis_pengajuan` varchar(11) NOT NULL,
  `id_devisi` varchar(11) NOT NULL,
  `id_departement` varchar(11) NOT NULL,
  `id_branch` varchar(11) NOT NULL,
  `id_asset_location` varchar(11) NOT NULL,
  `id_group_asset` varchar(11) NOT NULL,
  `id_category_type` varchar(11) NOT NULL,
  `id_vendor` varchar(11) NOT NULL,
  `id_app` varchar(10) NOT NULL,
  `id_employee` varchar(10) NOT NULL,
  `id_uniq` varchar(10) NOT NULL,
  `status` enum('draft','waiting','approved','rejected','recheck','confirmed') NOT NULL
) ENGINE=InnoDB DEFAULT CHARSET=utf8mb4 COLLATE=utf8mb4_general_ci;

--
-- Dumping data for table `item_asset`
--

INSERT INTO `item_asset` (`id_item_asset`, `id_asset`, `id_h_asset`, `id_real_asset`, `id_user`, `kode_asset`, `nama_asset`, `description`, `nilai_perolehan`, `tanggal_perolehan`, `qty`, `reff_invoice`, `document`, `fleg`, `id_tg`, `id_tt`, `id_jenis_pengajuan`, `id_devisi`, `id_departement`, `id_branch`, `id_asset_location`, `id_group_asset`, `id_category_type`, `id_vendor`, `id_app`, `id_employee`, `id_uniq`, `status`) VALUES
(1, '', '', '', '28', '240009', 'Mobil 1', 'Kebuthan sales Tripla', '6000000', '0000-00-00', '1', '', '', '', 'Invoice 1', '11', '15', '3', '30', '11', '1', '4', '1', '', '', '9', '', 'draft'),
(2, '', '', '', '28', '240008', 'Mobil 2', 'Kebuthan sales Tripla', '6000000', '0000-00-00', '1', '', '', '', 'Invoice 2', '11', '15', '3', '33', '1', '1', '4', '1', '', '', '9', '', 'draft'),
(3, '', '', '', '28', '240007', 'Mobil 3', 'Kebuthan sales Tripla', '6000000', '0000-00-00', '1', '', '', '', 'Invoice 3', '11', '15', '3', '35', '13', '1', '4', '1', '', '', '9', '', 'draft'),
(4, '', '', '', '28', '240006', 'Mobil 4', 'Kebuthan sales Tripla', '6000000', '0000-00-00', '1', '', '', '', 'Invoice 4', '11', '15', '3', '36', '6', '1', '4', '1', '', '', '9', '', 'draft'),
(5, '', '', '', '28', '240005', 'Mobil 5', 'Kebuthan sales Tripla', '6000000', '0000-00-00', '1', '', '', '', 'Invoice 5', '11', '15', '3', '37', '5', '1', '4', '1', '', '', '9', '', 'draft'),
(6, '163', '21', '', '49', '240009', 'Mobil 1', 'Kebuthan sales Tripla', '6000000', '2025-03-25', '1', 'TESSS 0001', '67e21a693c675.jpg', '', '11', '15', '3', '30', '11', '1', '4', '1', '9', '4', '', '28', '', 'draft'),
(7, '163', '21', '', '49', '240008', 'Mobil 2', 'Kebuthan sales Tripla', '6000000', '2025-03-25', '1', 'TESSS 0001', '67e21a7dcf135.jpeg', '', '11', '15', '3', '33', '1', '1', '4', '1', '9', '4', '', '28', '', 'draft'),
(8, '163', '21', '', '49', '240007', 'Mobil 3', 'Kebuthan sales Tripla', '6000000', '2025-03-25', '1', 'TESSS 0001', '', '', '11', '15', '3', '35', '13', '1', '4', '1', '9', '4', '', '28', '', 'draft'),
(9, '163', '21', '', '49', '240006', 'Mobil 4', 'Kebuthan sales Tripla', '6000000', '2025-03-25', '1', 'TESSS 0001', '', '', '11', '15', '3', '36', '6', '1', '4', '1', '9', '4', '', '28', '', 'draft'),
(10, '163', '21', '', '49', '240005', 'Mobil 5', 'Kebuthan sales Tripla', '6000000', '2025-03-25', '1', 'TESSS 0001', '', '', '11', '15', '3', '37', '5', '1', '4', '1', '9', '4', '', '28', '', 'draft'),
(133, '166', '', '', '49', 'TESS', '', 'TESS', 'Rp 6,000,000', '0000-00-00', '1', '', '6864e2d77244e.png', '', '11', '7', '3', '37', '5', '1', '2', '1', '4', '', '', '28', '', 'draft'),
(134, '166', '', '', '49', 'TRTRT', 'RTRTT', '-', 'Rp 6,000,000', '0000-00-00', '1', '', '', '', '11', '7', '3', '37', '5', '2', '5', '1', '7', '', '', '28', '', 'draft'),
(135, '167', '', '', '49', 'ETET', 'ERTERT', 'R', 'Rp 343,435', '0000-00-00', '1', '', '', '', '11', '15', '3', '37', '5', '2', '5', '1', '7', '', '', '39', '', 'draft'),
(136, '170', '', '', '49', 'RTYRTY', 'RTYRTYRT', 'TRY', 'Rp 1,234,566', '0000-00-00', '1', '', '', '', '11', '', '3', '36', '6', '2', '5', '1', '7', '', '', '40', '', 'draft'),
(138, '', '', '', '49', '240009', 'Mobil 1', 'j6uy', 'Rp 6,000,000', '0000-00-00', '1', '', '', '', '11', '7', '3', '37', '5', '1', '2', '1', '7', '', '', '39', '', 'draft'),
(139, '164', '', '', '49', '240009', 'Mobil 1', 'okkk', 'Rp 3,500,000', '0000-00-00', '1', '', '691d3fd911467.png', '', '11', '7', '3', '37', '5', '1', '2', '1', '9', '', '', '28', '', 'draft');

-- --------------------------------------------------------

--
-- Table structure for table `item_asset1`
--

CREATE TABLE `item_asset1` (
  `id_item_asset1` int(11) NOT NULL,
  `id_asset` varchar(11) NOT NULL,
  `id_h_asset` varchar(11) NOT NULL,
  `id_real_asset` varchar(11) NOT NULL,
  `id_user` varchar(11) NOT NULL,
  `kode_asset` varchar(50) NOT NULL,
  `nama_asset` varchar(50) NOT NULL,
  `description` varchar(300) NOT NULL,
  `nilai_perolehan` varchar(50) NOT NULL,
  `tanggal_perolehan` date NOT NULL,
  `qty` varchar(11) NOT NULL,
  `reff_invoice` varchar(50) NOT NULL,
  `document` varchar(20) NOT NULL,
  `fleg` varchar(5) NOT NULL,
  `id_tg` varchar(11) NOT NULL,
  `id_tt` varchar(11) NOT NULL,
  `id_jenis_pengajuan` varchar(11) NOT NULL,
  `id_devisi` varchar(11) NOT NULL,
  `id_departement` varchar(11) NOT NULL,
  `id_branch` varchar(11) NOT NULL,
  `id_asset_location` varchar(11) NOT NULL,
  `id_group_asset` varchar(11) NOT NULL,
  `id_category_type` varchar(11) NOT NULL,
  `id_vendor` varchar(11) NOT NULL,
  `id_app` varchar(10) NOT NULL,
  `id_employee` varchar(10) NOT NULL,
  `id_uniq` varchar(10) NOT NULL,
  `status` enum('draft','waiting','approved','rejected','recheck','confirmed') NOT NULL
) ENGINE=InnoDB DEFAULT CHARSET=utf8mb4 COLLATE=utf8mb4_general_ci;

-- --------------------------------------------------------

--
-- Table structure for table `item_asset_cost`
--

CREATE TABLE `item_asset_cost` (
  `id_item_asset_cost` int(11) NOT NULL,
  `id_asset_m` int(11) NOT NULL,
  `id_app` int(11) NOT NULL,
  `id_user` int(11) NOT NULL,
  `nama_item` varchar(100) NOT NULL,
  `deskripsi` text DEFAULT NULL,
  `quantity` int(50) NOT NULL,
  `amount` decimal(50,2) NOT NULL,
  `total_amount` decimal(50,2) GENERATED ALWAYS AS (`quantity` * `amount`) STORED
) ENGINE=InnoDB DEFAULT CHARSET=utf8mb4 COLLATE=utf8mb4_general_ci;

--
-- Dumping data for table `item_asset_cost`
--

INSERT INTO `item_asset_cost` (`id_item_asset_cost`, `id_asset_m`, `id_app`, `id_user`, `nama_item`, `deskripsi`, `quantity`, `amount`) VALUES
(3, 6, 0, 49, 'TESS', 'OK', 1212, 1212.00),
(5, 19, 0, 79, 'TES LINUX', 'TES LINUX', 4, 65656.00),
(6, 25, 0, 79, 'TES LINUX', 'TES LINUX', 4, 450000.00);

-- --------------------------------------------------------

--
-- Table structure for table `item_dar`
--

CREATE TABLE `item_dar` (
  `id_item_dar` int(11) NOT NULL,
  `id_dar` int(11) DEFAULT NULL,
  `sub` varchar(200) NOT NULL,
  `time_in` time NOT NULL,
  `time_out` time NOT NULL,
  `deskripsi` text NOT NULL,
  `id_user` int(11) NOT NULL
) ENGINE=InnoDB DEFAULT CHARSET=utf8mb4 COLLATE=utf8mb4_general_ci;

--
-- Dumping data for table `item_dar`
--

INSERT INTO `item_dar` (`id_item_dar`, `id_dar`, `sub`, `time_in`, `time_out`, `deskripsi`, `id_user`) VALUES
(3, 6, '', '08:35:00', '10:35:00', 'ok', 70),
(4, 11, '', '09:32:00', '11:32:00', 'Ok', 70),
(5, 11, '', '11:19:00', '02:19:00', 'ok', 70),
(6, 11, '', '11:24:00', '03:21:00', 'okkkk', 70),
(9, 13, '', '11:41:00', '13:41:00', 'ook', 70),
(10, 13, '', '02:41:00', '11:45:00', 'okkkk', 70),
(12, 14, '', '13:08:00', '04:10:00', 'TESS TERAKHIR', 70),
(13, 22, '', '14:50:00', '04:50:00', 'sdvsdv', 70),
(14, 22, '', '15:48:00', '19:46:00', 'dfgfdgfdg', 70),
(15, 22, '', '08:23:00', '10:23:00', 'TESS DULU YA PAK', 70),
(16, 22, '', '08:24:00', '00:24:00', 'TES YAA BROOOO', 70),
(17, 24, '', '09:42:00', '00:42:00', 'xvbxvb', 70),
(18, 46, '', '11:21:00', '02:24:00', 'tess ya', 70),
(19, 47, '', '11:34:00', '04:34:00', 'tess ya', 70),
(20, 48, '', '13:31:00', '14:31:00', 'Tesssssssss', 70),
(21, 48, '', '14:19:00', '16:19:00', 'Tesss', 70),
(22, NULL, '', '10:07:00', '11:07:00', 'TES', 49);

-- --------------------------------------------------------

--
-- Table structure for table `item_group`
--

CREATE TABLE `item_group` (
  `id_item_group` int(11) NOT NULL,
  `id_account` int(11) NOT NULL,
  `id_brand` int(11) NOT NULL,
  `id_p_group` int(11) NOT NULL,
  `nama_item_group` varchar(50) NOT NULL,
  `description` varchar(50) NOT NULL,
  `harga_jual` varchar(20) NOT NULL,
  `harga_beli` varchar(20) NOT NULL
) ENGINE=InnoDB DEFAULT CHARSET=utf8mb4 COLLATE=utf8mb4_general_ci;

--
-- Dumping data for table `item_group`
--

INSERT INTO `item_group` (`id_item_group`, `id_account`, `id_brand`, `id_p_group`, `nama_item_group`, `description`, `harga_jual`, `harga_beli`) VALUES
(1, 0, 4, 7, 'HX60', 'HYUNDAI HX60', '508000000', '430000000'),
(2, 0, 4, 7, 'HX80', 'HYUNDAI HX80', '673000000', '570000000'),
(3, 0, 4, 7, 'R130S', 'HYUNDAI R130S', '1144000000', '969000000'),
(4, 0, 4, 7, 'HX210HD', 'HYUNDAI HX210HD', '1381000000', '1169911000'),
(6, 0, 4, 7, 'HX220HD', 'HYUNDAI HX220HD', '1475000000', '1250000000'),
(7, 0, 4, 7, 'HX220SLR', 'HYUNDAI HX220SLR', '1712000000', '1450200000'),
(8, 0, 4, 7, 'HX300HD', 'HYUNDAI HX300HD', '2074000000', '1757779000'),
(9, 0, 4, 7, 'HX340HD', 'HYUNDAI HX340', '2251000000', '1907000000'),
(10, 0, 4, 7, 'HX500L-T3', 'HYUNDAI HX500L-T3', '4298000000', '3641981000'),
(11, 0, 4, 7, 'R850LC-9', 'HYUNDAI R850LC-9', '8802000000', '7459876000'),
(12, 0, 4, 7, 'HX1000AL', 'HYUNDAI HX1000AL', '12380000000', '10491953000'),
(13, 0, 4, 7, 'R1250-9', 'HYUNDAI R1250-9', '14017000000', '11879306000'),
(14, 0, 4, 10, 'R60WVSPRO', 'HYUNDAI R60WVSPRO', '999000000', '846171000'),
(15, 0, 4, 10, 'R140W-9S', 'HYUNDAI R140W-9S', '2024000000', '1714755000'),
(16, 0, 4, 10, 'R210W-9S', 'HYUNDAI R210W-9S', '2582000000', '2188046000'),
(17, 0, 4, 11, 'HL635L', 'HYUNDAI HL635L', '579000000', '490000000'),
(18, 0, 4, 11, 'HL665L', 'HYUNDAI HL665L', '895000000', '758400000'),
(19, 0, 4, 11, 'HL635VL', 'HYUNDAI HL635VL', '681000000', '576573000'),
(20, 0, 4, 11, 'HL665VL', 'HYUNDAI HL665VL', '994000000', '841750000'),
(21, 0, 4, 11, 'HL740-9', 'HYUNDAI HL740-9', '2023000000', '1713776000'),
(22, 0, 4, 11, 'HL780-9', 'HYUNDAI HL780-9', '4480000000', '3796947000'),
(23, 0, 4, 12, 'HG170', 'HYUNDAI HG170', '1467000000', '1243070000'),
(24, 0, 4, 12, 'HG220', 'HYUNDAI HG220', '1779000000', '1507553000'),
(25, 0, 4, 12, 'HG260', 'HYUNDAI HG260', '2844000000', '2409835000'),
(26, 0, 4, 12, 'HG320', 'HYUNDAI HG320', '5737000000', '4861929000'),
(27, 0, 4, 13, 'HA45S', 'HYUNDAI HA45S', '7485000000', '6343444000'),
(28, 0, 4, 14, 'HDT90', 'HYUNDAI HDT90', '3040000000', '2576008000'),
(29, 0, 1, 5, 'TH 6.20', 'MAGNI TH620', '3730000000', '3400014676'),
(30, 0, 1, 5, 'TH 5.5.19P', 'MAGNI TH 5.5 19P', '3230000000', '2929455296'),
(31, 0, 1, 5, 'TH 7.10P', 'MAGNI TH 7.10P', '3250000000', '2943665519'),
(32, 0, 1, 16, 'RTH 5.25', 'MAGNI RTH 5.25', '5150000000', '4728758707'),
(33, 0, 1, 17, 'HTH 10.10', 'MAGNI HTH 10.10', '4380000000', '4003173422'),
(34, 0, 1, 17, 'HTH 16.10', 'MAGNI HTH 16.10', '6490000000', '5989748535'),
(35, 0, 1, 18, 'TC2,5-25', 'Tyre handler 2.5 t - 25\"', '740000000', '651002607'),
(36, 0, 1, 18, 'TC3,8-49', 'Tyre handler 3.8 t - 49\"', '1210000000', '1061265505'),
(37, 0, 1, 18, 'TC3,5-55', 'Tyre handler 3.5 t - 55\"', '1480000000', '1301569902'),
(38, 0, 1, 18, 'TC8-63', 'Tyre handler 8 t - 63\"', '2350000000', '2064443800'),
(39, 0, 1, 18, 'P1,4', 'Platform 250 kg (1.4 m x 0.7 m)', '210000000', '183722509'),
(40, 0, 1, 18, 'RP1,4', 'Rotating platform 250 kg (1.4 m x 0.7 m)', '240000000', '210150704'),
(41, 0, 1, 18, 'REP2-4,5', 'Extendable rotating platform 500 kg (2.35 m / 4.5 ', '330000000', '282947245'),
(42, 0, 1, 18, 'REP10.2-4,7', 'Extendable rotating platform 1,000 kg (2.35 m / 4.', '380000000', '334375559'),
(43, 0, 1, 18, 'H5', 'Hook 5 t', '39000000', '33984405'),
(44, 0, 1, 18, 'H6', 'Hook 6 t', '43000000', '37145745'),
(45, 0, 1, 18, 'H7', 'Hook 7 t', '65000000', '57079750'),
(46, 0, 1, 18, 'H10', 'Hook 10 t', '111000000', '97474650'),
(47, 0, 1, 18, 'H16', 'Hook 16 t', '144000000', '125926710'),
(48, 0, 1, 18, 'FC5T', 'Floating fork carriage 5.5 t - standard [width max', '56000000', '48737325'),
(49, 0, 1, 18, 'FC6T', 'Floating fork carriage 6 t - standard [width max 1', '56000000', '48737325'),
(50, 0, 1, 18, 'FC7T', 'Floating fork carriage 7 t - standard [width max 1', '59000000', '51810850'),
(51, 0, 1, 18, 'FC10T', 'Floating fork carriage 10 t - standard [width max ', '176000000', '154642215'),
(52, 0, 1, 18, 'FC16T', 'Floating fork carriage 16 t - (with forks position', '352000000', '309372245'),
(53, 0, 1, 18, 'FCP16T', 'Floating fork carriage 16 t - (with long forks, po', '633000000', '556834915'),
(54, 0, 1, 18, 'FCPT16T C', 'Floating fork carriage 16 t - (wide with long fork', '493000000', '433103580'),
(56, 0, 1, 8, 'PARTS', 'PARTS', '0', '0'),
(57, 0, 3, 20, 'PARTS', 'PARTS S', '0', '0'),
(59, 0, 1, 5, 'TH 6.10', 'MAGNI TH 6.10', '0', '0'),
(60, 0, 1, 5, 'TH 5.8', 'MAGNI TH 5.8P', '0', '0'),
(61, 0, 1, 5, 'TH 5.5', 'MAGNI TH 5.5', '0', '0'),
(62, 0, 5, 7, 'COMPACT EXCAVATOR 51R', 'COMPACT EXCAVATOR 51R', '0', '0'),
(63, 0, 5, 21, 'COMPACTOR 116D', 'COMPACTOR 116D', '0', '0'),
(64, 0, 5, 7, 'EXCAVATOR JCB81', 'EXCAVATOR JCB81', '0', '0'),
(65, 0, 4, 7, 'HX55S', 'HX55S', '0', '0'),
(66, 0, 4, 7, 'HX75S', 'HX75S', '0', '0'),
(67, 0, 5, 22, 'SUNWARD ZYJ160B Hyd Static Pile Driver', '', '0', '0'),
(68, 0, 5, 23, 'DSE Genset R-OC180S (180/380)', 'DSE Genset R-OC180S (180/380)', '0', '0');

-- --------------------------------------------------------

--
-- Table structure for table `izin`
--

CREATE TABLE `izin` (
  `id_izin` int(11) NOT NULL,
  `id_tg` int(11) DEFAULT NULL,
  `tgl` timestamp NOT NULL DEFAULT current_timestamp() ON UPDATE current_timestamp(),
  `id_user` int(11) NOT NULL,
  `id_tt` int(11) NOT NULL,
  `id_jenis_pengajuan` int(11) NOT NULL,
  `id_devisi` int(11) NOT NULL,
  `id_departement` int(11) NOT NULL,
  `id_app` int(11) NOT NULL,
  `id_permit` int(11) NOT NULL,
  `sub` varchar(500) NOT NULL,
  `deskripsi` text NOT NULL,
  `status` enum('Draft','waiting','approved','rejected','recheck','confirmed') NOT NULL,
  `datetime` datetime NOT NULL,
  `time_in` time NOT NULL,
  `time_out` time NOT NULL,
  `fleg` varchar(100) NOT NULL,
  `id_uniq` varchar(100) NOT NULL,
  `date_in` date NOT NULL,
  `date_out` date NOT NULL,
  `id_user_hr` int(11) NOT NULL,
  `id_hrga_izin` int(11) NOT NULL
) ENGINE=InnoDB DEFAULT CHARSET=utf8mb4 COLLATE=utf8mb4_general_ci;

--
-- Dumping data for table `izin`
--

INSERT INTO `izin` (`id_izin`, `id_tg`, `tgl`, `id_user`, `id_tt`, `id_jenis_pengajuan`, `id_devisi`, `id_departement`, `id_app`, `id_permit`, `sub`, `deskripsi`, `status`, `datetime`, `time_in`, `time_out`, `fleg`, `id_uniq`, `date_in`, `date_out`, `id_user_hr`, `id_hrga_izin`) VALUES
(1, 6, '2024-12-19 05:34:27', 49, 11, 3, 37, 5, 161, 3, 'tes', 'tes', 'confirmed', '2024-11-22 13:48:00', '13:48:00', '16:49:00', '', '0000', '2024-11-22', '2024-11-25', 49, 1),
(5, 6, '2024-11-25 06:51:44', 71, 11, 3, 35, 14, 168, 5, 'Tidak Absen Pulang', 'Meeting dengan Vendor Ekspedisi di yard Sunwarld untuk pengiriman unit Jack pailing Sunwarld ke lamongan', 'confirmed', '2024-11-25 07:33:00', '07:34:00', '17:40:00', '', '0001', '2024-11-22', '2024-11-22', 71, 5),
(6, 6, '2024-12-19 05:33:50', 60, 11, 3, 35, 13, 192, 3, 'IZIN SAKIT', 'IZIN SAKIT ', 'confirmed', '2024-12-02 16:58:00', '08:00:00', '17:00:00', '', '0002', '2024-12-02', '2024-12-02', 60, 6),
(7, 6, '2024-12-19 05:33:19', 62, 11, 3, 35, 13, 192, 3, 'Izin Sakit Tgl 02/12/2024', 'Izin Sakit Tgl 02/12/2024', 'confirmed', '2024-12-02 21:47:00', '08:00:00', '17:00:00', '', '0003', '2024-12-02', '2024-12-02', 62, 7),
(8, 6, '2024-12-19 05:32:45', 71, 11, 3, 40, 17, 198, 6, 'Ijin Pulang Cepat', 'Ada Keperluan keluarga', 'confirmed', '2024-12-03 15:04:00', '07:40:00', '16:00:00', '', '0004', '2024-12-03', '2024-12-03', 71, 8),
(9, 6, '2024-12-04 02:25:19', 60, 11, 3, 35, 13, 192, 3, 'IZIN SAKIT Tgl 03/12/2024', 'IZIN SAKIT Tgl 03/12/2024', 'confirmed', '2024-12-03 16:11:00', '08:00:00', '17:00:00', '', '0005', '2024-12-03', '2024-12-03', 60, 9),
(10, 6, '2024-12-19 05:32:22', 69, 11, 3, 35, 14, 196, 5, 'Izin tidak absen pulang', 'Training Hyunday unit HX55S dan HX75S\r\nlokasi Puninar Yard, Cakung', 'confirmed', '2024-12-04 12:52:00', '13:00:00', '17:20:00', '', '0006', '2024-12-04', '2024-12-04', 69, 10),
(11, 6, '2025-01-02 02:20:35', 71, 11, 3, 40, 17, 198, 5, 'Tidak absen pulang', 'Delivery unit sunwarld di yard ', 'confirmed', '2024-12-04 15:34:00', '07:36:00', '17:00:00', '', '0007', '2024-12-04', '2024-12-04', 71, 11),
(12, 6, '2024-12-23 07:43:56', 71, 11, 3, 40, 17, 198, 4, 'Tidak absen masuk', 'Meeting dengan MHE Demag', 'confirmed', '2024-12-05 12:15:00', '08:00:00', '17:15:00', '', '0008', '2024-12-05', '2024-12-05', 71, 12),
(13, 6, '2024-12-19 05:31:48', 56, 11, 3, 40, 17, 198, 6, 'Urusan Keluarga', 'Rumah sakit karena Ayah ICCU', 'confirmed', '2024-12-05 12:17:00', '13:00:00', '17:00:00', '', '0009', '2024-12-05', '2024-12-05', 56, 13),
(14, 6, '2024-12-05 06:45:05', 49, 11, 3, 37, 5, 186, 6, 'okrorkr', 'okrkr', 'rejected', '2024-12-05 06:38:00', '13:39:00', '16:39:00', '', '0010', '2024-12-05', '2024-12-05', 49, 14),
(15, 6, '2024-12-19 05:31:19', 56, 11, 3, 40, 17, 198, 6, 'Urusan Keluarga', 'ke ICCU karena Ayah sakit', 'confirmed', '2024-12-09 15:31:00', '13:00:00', '17:00:00', '', '0011', '2024-12-10', '2024-12-10', 56, 15),
(16, 6, '2024-12-19 05:30:50', 69, 11, 3, 35, 14, 196, 3, 'Izin sakit', 'Selamat pagi Bapak, mohon maaf sebelumnya, saya tidak bisa masuk kerja hari ini karena sakit. Terimakasih ', 'confirmed', '2024-12-10 10:51:00', '08:00:00', '05:00:00', '', '0012', '2024-12-10', '2024-12-10', 69, 16),
(17, 6, '2024-12-19 05:29:49', 71, 11, 3, 40, 17, 198, 5, 'Tidak Absen Pulang', 'Koordinasi Warranty hose jack pailing dengan Sunwarld Indonesia', 'confirmed', '2024-12-12 07:36:00', '07:30:00', '17:00:00', '', '0013', '2024-12-11', '2024-12-11', 71, 17),
(18, 6, '2025-01-02 02:21:12', 55, 11, 3, 40, 18, 247, 8, 'MENYERAHKAN SURAT JAWABAN SP2DK', 'MENYERAHKAN SURAT JAWABAN SP2DK ATAS PELAPORAN PPH21 MASA JAN DAN FEB 24 ', 'confirmed', '2024-12-20 16:30:00', '08:00:00', '10:00:00', '', '0014', '2024-12-20', '2024-12-20', 55, 18),
(20, 6, '2024-12-27 03:03:48', 69, 11, 3, 35, 14, 196, 8, 'Permohonan Izin cuti', 'Yang terhormat, Bapak pimpinan PT. Tripla di tempat\r\nDengan ini saya mengajukan permohonan izin cuti tanggal 27/Des/2024. \r\nAtas perhatiannya saya ucapkan terimakasih', 'rejected', '2024-12-24 08:45:00', '08:00:00', '17:00:00', '', '0015', '2024-12-27', '2024-12-27', 69, 20),
(21, 6, '2025-01-02 02:21:41', 56, 11, 3, 40, 17, 198, 6, 'Merayakan Natal', 'Perayaan natal di Gereja', 'confirmed', '2024-12-24 09:14:00', '12:00:00', '17:00:00', '', '0016', '2024-12-24', '2024-12-24', 56, 21),
(22, 6, '2024-12-27 10:12:45', 61, 11, 3, 30, 12, 188, 6, 'Ibadah Malam Natal', 'Mengikuti Perayaan Misa Malam Natal 2024', 'confirmed', '2024-12-24 14:13:00', '14:30:00', '17:00:00', '', '0017', '2024-12-24', '2024-12-24', 61, 22),
(23, 6, '2024-12-27 10:13:25', 61, 11, 3, 30, 12, 188, 7, 'Ke Graha Telkom BSD', 'Mengurusi Pajak Pph 23 Internet Indihome', 'confirmed', '2024-12-27 07:22:00', '08:00:00', '12:00:00', '', '0018', '2024-12-27', '2024-12-27', 61, 23),
(24, 6, '2025-01-02 10:58:28', 61, 11, 3, 30, 12, 188, 7, 'Dinas ke Yard', 'Stock Opname Asset, Stock Opname Persediaan sparepart dan Unit', 'confirmed', '2024-12-30 06:55:00', '08:00:00', '17:00:00', '', '0019', '2024-12-30', '2024-12-30', 61, 24),
(25, 6, '2025-01-02 02:23:40', 77, 11, 3, 35, 14, 196, 8, 'Izin pergantian hari libur', 'Replacement day (Lamongan)\\r\\n', 'confirmed', '2024-12-31 16:19:00', '16:19:00', '16:20:00', '', '0020', '2025-03-01', '2025-04-01', 77, 25),
(26, 6, '2025-01-02 02:29:18', 77, 11, 3, 35, 14, 196, 8, 'Permohonan izin ', 'Saya ingin meminta izin satu hari diluar libur (replacement day)  untuk fokus pada urusan keluarga yang penting dan memastikan semuanya berjalan dengan baik dan sekalian  saya ingin mengurus dokumen keluarga yang perlu kehadiran saya langsung guna kelengkapan dokumen saya yang saat ini sebagai karyawan di suatu perusahaan.\r\n', 'confirmed', '2025-01-01 15:25:00', '15:25:00', '15:25:00', '', '0021', '2025-02-01', '2025-03-01', 77, 26),
(27, 6, '2025-01-06 03:06:26', 64, 11, 3, 40, 18, 247, 3, 'Ijin karena sakit', 'Tidak masuk kerja karena sakit, masih bisa advis dan check for urgent approval', 'confirmed', '2025-01-03 09:39:00', '08:00:00', '17:00:00', '', '0022', '2025-01-03', '2025-01-03', 64, 27),
(28, 6, '2025-01-09 07:39:16', 58, 11, 3, 40, 18, 247, 7, 'Setting Kantor Baru Balikpapan', 'Setting Kantor Baru Balikpapan', 'waiting', '2025-01-09 14:33:00', '07:00:00', '19:30:00', '', '0023', '2025-01-21', '2025-01-24', 58, 28),
(29, 6, '2025-01-09 23:55:40', 61, 11, 3, 30, 12, 188, 7, 'Ke Kantor Pajak', 'Ke Kantor Pajak Tangerang mengurus Coretax', 'waiting', '2025-01-10 06:53:00', '08:00:00', '12:00:00', '', '0024', '2025-01-10', '2025-01-10', 61, 29),
(30, 6, '2025-01-16 06:34:47', 80, 11, 3, 42, 21, 289, 5, 'WDQWEDEWRF', 'EWREWREWRERWER', 'waiting', '2025-01-16 06:34:00', '15:34:00', '13:38:00', '', '0025', '2025-01-31', '2025-01-18', 80, 30),
(31, 6, '2025-01-22 07:04:35', 58, 11, 3, 40, 18, 247, 3, 'okkkkkkkkkkkkkk', 'okkkkkkkkkkkkkk', 'Draft', '2025-01-22 14:03:00', '16:03:00', '14:08:00', '', '0026', '2025-01-31', '2025-01-31', 58, 31),
(32, 6, '2025-04-23 03:25:53', 85, 11, 3, 36, 6, 294, 6, 'jmbhmj', 'hjmhjm', 'waiting', '2025-04-23 03:25:00', '10:25:00', '10:28:00', '', '0027', '2025-04-23', '2025-04-25', 0, 0),
(33, 6, '2025-09-08 01:19:58', 49, 11, 3, 37, 5, 186, 8, 'Tesss', 'Tesss', 'confirmed', '2025-05-06 01:42:00', '08:42:00', '20:42:00', '', '0028', '2025-05-06', '2025-05-07', 49, 32),
(34, 6, '2025-05-07 06:43:06', 49, 11, 3, 37, 5, 186, 3, 'TESSSS', 'TESSSS', 'Draft', '2025-05-07 06:42:00', '13:42:00', '01:42:00', '', '0029', '2025-05-07', '2025-05-08', 49, 33),
(35, 6, '2025-07-17 04:08:59', 49, 11, 3, 37, 5, 186, 3, 'tesss5345', 'tesss5345', 'confirmed', '2025-05-13 13:07:00', '20:08:00', '20:11:00', '', '0030', '2025-05-13', '2025-05-15', 49, 35),
(36, 6, '2025-06-25 02:41:17', 61, 11, 3, 30, 12, 188, 3, 'TESSSSS', 'TESSSSS', 'Draft', '2025-06-25 09:40:00', '09:40:00', '21:40:00', '', '0031', '2025-06-25', '2025-06-27', 61, 36),
(37, 6, '2025-09-08 01:19:38', 49, 11, 3, 37, 5, 186, 3, 'TESS', 'tesssefefef', 'confirmed', '2025-09-08 08:16:00', '08:16:00', '20:16:00', '', '0032', '2025-09-08', '2025-09-10', 49, 37),
(38, 6, '2025-09-08 01:26:13', 49, 11, 3, 37, 5, 186, 3, 'rtrt', 'rtrt', 'confirmed', '2025-09-08 08:24:00', '08:24:00', '20:24:00', '', '0033', '2025-09-08', '2025-09-10', 49, 38),
(39, 6, '2025-09-08 01:26:02', 49, 11, 3, 37, 5, 186, 3, 'reattret', 'terte', 'confirmed', '2025-09-08 08:24:00', '08:24:00', '20:24:00', '', '0034', '2025-09-10', '2025-09-11', 49, 39),
(40, 6, '2025-12-03 04:00:34', 49, 11, 3, 37, 5, 186, 3, 'okkk', 'okk', 'waiting', '2025-12-03 04:00:00', '11:00:00', '23:00:00', '', '0035', '2025-12-02', '2025-12-03', 49, 40);

-- --------------------------------------------------------

--
-- Table structure for table `jenis_pengajuan`
--

CREATE TABLE `jenis_pengajuan` (
  `id_jenis_pengajuan` int(11) NOT NULL,
  `jenis_pengajuan` varchar(35) NOT NULL,
  `deskripsi` text NOT NULL,
  `bank_name` varchar(50) NOT NULL,
  `acc_name` varchar(50) NOT NULL,
  `acc_number` varchar(100) NOT NULL
) ENGINE=InnoDB DEFAULT CHARSET=latin1 COLLATE=latin1_swedish_ci;

--
-- Dumping data for table `jenis_pengajuan`
--

INSERT INTO `jenis_pengajuan` (`id_jenis_pengajuan`, `jenis_pengajuan`, `deskripsi`, `bank_name`, `acc_name`, `acc_number`) VALUES
(3, 'PT. APTI ADHI ANANTA', 'TRIPLA', 'BCA', 'PT APTI ADHI ANANTA', '8832328188'),
(11, 'PT. MOBYCO MAGNO INDONESI', 'MOBYCO', '', '', '');

-- --------------------------------------------------------

--
-- Table structure for table `jo`
--

CREATE TABLE `jo` (
  `id_jo` int(11) NOT NULL,
  `id_wo` int(11) NOT NULL,
  `id_tg` int(11) DEFAULT NULL,
  `tgl` timestamp NOT NULL DEFAULT current_timestamp() ON UPDATE current_timestamp(),
  `id_user` int(11) NOT NULL,
  `id_tt` int(11) NOT NULL,
  `id_jenis_pengajuan` int(11) NOT NULL,
  `id_devisi` int(11) NOT NULL,
  `id_departement` int(11) NOT NULL,
  `id_app` int(11) NOT NULL,
  `id_customer` int(11) NOT NULL,
  `id_location` int(11) NOT NULL,
  `id_repair` int(11) NOT NULL,
  `id_job` int(11) NOT NULL,
  `id_unit` int(11) NOT NULL,
  `id_brand` int(11) NOT NULL,
  `id_p_group` int(11) NOT NULL,
  `id_item_group` int(11) NOT NULL,
  `eqp_status` varchar(100) NOT NULL,
  `hm` varchar(50) NOT NULL,
  `status` enum('Draft','waiting','approved','rejected','recheck','confirmed') NOT NULL,
  `detail1` varchar(500) NOT NULL,
  `detail2` varchar(500) NOT NULL,
  `part` varchar(11) NOT NULL,
  `datetime` datetime NOT NULL,
  `fleg` varchar(100) NOT NULL,
  `id_uniq` varchar(100) NOT NULL,
  `sn_e` varchar(11) NOT NULL,
  `sn_c` varchar(11) NOT NULL,
  `job_status` varchar(50) NOT NULL,
  `id_uniq1` varchar(20) NOT NULL,
  `notes` varchar(500) NOT NULL
) ENGINE=InnoDB DEFAULT CHARSET=utf8mb4 COLLATE=utf8mb4_general_ci;

--
-- Dumping data for table `jo`
--

INSERT INTO `jo` (`id_jo`, `id_wo`, `id_tg`, `tgl`, `id_user`, `id_tt`, `id_jenis_pengajuan`, `id_devisi`, `id_departement`, `id_app`, `id_customer`, `id_location`, `id_repair`, `id_job`, `id_unit`, `id_brand`, `id_p_group`, `id_item_group`, `eqp_status`, `hm`, `status`, `detail1`, `detail2`, `part`, `datetime`, `fleg`, `id_uniq`, `sn_e`, `sn_c`, `job_status`, `id_uniq1`, `notes`) VALUES
(49, 190, 17, '2025-12-11 03:52:50', 73, 21, 3, 37, 5, 369, 5, 13, 4, 0, 0, 1, 5, 29, 'S/B', 'fbdf', 'Draft', 'dfgd', 'fgfdg', 'YES', '0000-00-00 00:00:00', '', '0001', '80808088', '808080808', 'WARRANTY', '0001', ''),
(50, 190, 17, '2025-12-11 03:52:50', 49, 21, 3, 37, 5, 368, 5, 13, 4, 0, 0, 1, 5, 29, 'S/B', 'fbdf', 'Draft', 'dfgd', 'fgfdg', 'YES', '0000-00-00 00:00:00', '', '0001', '80808088', '808080808', 'WARRANTY', '0002', ''),
(51, 191, 17, '2025-12-12 09:09:20', 73, 21, 3, 37, 5, 369, 5, 13, 0, 0, 0, 1, 5, 29, 'S/B', 'gergeg', 'waiting', 'gdfgfdg', 'dfgfdg', 'NO', '0000-00-00 00:00:00', '', '0002', '80808088', '808080808', 'WARRANTY', '0003', 'YESSS'),
(52, 191, 17, '2025-12-11 04:01:53', 49, 21, 3, 37, 5, 368, 5, 13, 21, 0, 0, 1, 5, 29, 'S/B', 'gergeg', 'Draft', 'gdfgfdg', 'dfgfdg', 'YES', '0000-00-00 00:00:00', '', '0002', '80808088', '808080808', 'WARRANTY', '0004', ''),
(53, 191, 17, '2025-12-11 04:01:53', 76, 21, 3, 37, 5, 370, 5, 13, 21, 0, 0, 1, 5, 29, 'S/B', 'gergeg', 'Draft', 'gdfgfdg', 'dfgfdg', 'YES', '0000-00-00 00:00:00', '', '0002', '80808088', '808080808', 'WARRANTY', '0005', ''),
(54, 192, 17, '2025-12-15 07:26:23', 73, 21, 3, 37, 5, 369, 5, 13, 0, 0, 0, 1, 5, 29, 'S/B', ' v cv ', 'approved', 'c cv vc', 'vc cv vc ', 'NO', '0000-00-00 00:00:00', '', '0003', '80808088', '808080808', 'WARRANTY', '0006', ''),
(55, 192, 17, '2025-12-11 07:42:47', 49, 21, 3, 37, 5, 368, 5, 13, 5, 0, 0, 1, 5, 29, 'S/B', ' v cv ', 'Draft', 'c cv vc', 'vc cv vc ', 'YES', '0000-00-00 00:00:00', '', '0003', '80808088', '808080808', 'WARRANTY', '0007', ''),
(56, 193, 17, '2025-12-12 08:56:56', 73, 21, 3, 37, 5, 369, 5, 13, 0, 0, 0, 0, 0, 1, 'B/D', '0112234', 'waiting', 'eXAMPLE', 'eXAMPLE', 'NO', '0000-00-00 00:00:00', '', '0004', '83333', '83333', 'SERVICE', '0008', ''),
(57, 193, 17, '2025-12-11 09:13:58', 49, 21, 3, 37, 5, 368, 5, 13, 21, 0, 0, 0, 0, 1, 'B/D', '0112234', 'Draft', 'eXAMPLE', 'eXAMPLE', 'NO', '0000-00-00 00:00:00', '', '0004', '83333', '83333', 'SERVICE', '0009', ''),
(58, 193, 17, '2025-12-11 09:13:58', 76, 21, 3, 37, 5, 370, 5, 13, 21, 0, 0, 0, 0, 1, 'B/D', '0112234', 'Draft', 'eXAMPLE', 'eXAMPLE', 'NO', '0000-00-00 00:00:00', '', '0004', '83333', '83333', 'SERVICE', '0010', ''),
(59, 194, 17, '2025-12-15 07:25:30', 73, 21, 3, 37, 5, 369, 5, 13, 21, 0, 0, 1, 5, 29, 'S/B', 'okkkk', 'approved', 'okkk', 'okk', 'NO', '0000-00-00 00:00:00', '', '0005', '80808088', '808080808', 'SERVICE', '0011', ''),
(60, 275, 17, '2025-12-18 02:23:10', 73, 21, 3, 37, 5, 369, 5, 13, 5, 0, 0, 1, 5, 29, 'S/B', 'ok', 'waiting', 'ok', 'ok', 'NO', '0000-00-00 00:00:00', '', '0077', '80808088', '808080808', 'SERVICE', '0012', 'ok'),
(61, 274, 17, '2025-12-18 02:31:05', 73, 21, 3, 37, 5, 369, 5, 13, 5, 0, 0, 1, 5, 29, 'B/D', 'hfhfg', 'Draft', 'fghfgh', 'fghfgh', 'YES', '0000-00-00 00:00:00', '', '0076', '1111', '2222', 'WARRANTY', '0013', ''),
(62, 276, 17, '2025-12-18 02:35:17', 73, 21, 3, 37, 5, 369, 5, 13, 5, 0, 0, 1, 5, 29, 'B/D', 'scsac', 'Draft', 'scsacsac', 'sc', 'YES', '0000-00-00 00:00:00', '', '0078', '1111', '2222', 'WARRANTY', '0014', ''),
(63, 285, 17, '2026-01-14 07:48:31', 76, 21, 3, 37, 5, 370, 9, 17, 21, 0, 0, 1, 17, 33, 'WARRANTY', '0112234', 'approved', 'TES', 'TES', 'NO', '0000-00-00 00:00:00', '', '0087', '00002257', '12219192', 'WARRANTY', '0015', ''),
(64, 315, 17, '2026-02-25 07:44:05', 73, 21, 3, 37, 5, 369, 10, 20, 2, 0, 0, 1, 5, 29, 'WARRANTY', '250', 'Draft', 'SERBICE 250 HM', 'YJ', 'YES', '0000-00-00 00:00:00', '', '0112', '00002696', '12092907', 'WARRANTY', '0016', ''),
(65, 315, 17, '2026-02-25 07:44:05', 76, 21, 3, 37, 5, 370, 10, 20, 2, 0, 0, 1, 5, 29, 'WARRANTY', '250', 'Draft', 'SERBICE 250 HM', 'YJ', 'YES', '0000-00-00 00:00:00', '', '0112', '00002696', '12092907', 'WARRANTY', '0017', '');

-- --------------------------------------------------------

--
-- Table structure for table `job`
--

CREATE TABLE `job` (
  `id_job` int(11) NOT NULL,
  `id_repair` int(10) NOT NULL,
  `nama_job` varchar(110) NOT NULL,
  `time` varchar(50) NOT NULL
) ENGINE=InnoDB DEFAULT CHARSET=utf8mb4 COLLATE=utf8mb4_general_ci;

--
-- Dumping data for table `job`
--

INSERT INTO `job` (`id_job`, `id_repair`, `nama_job`, `time`) VALUES
(12, 0, 'Change Air Cleaner', '30'),
(13, 0, 'Change Filter AC', '30'),
(14, 0, 'Change Filter Hyd', '30'),
(15, 0, 'Change Fuel Filter', '30'),
(16, 0, 'Change Oil Engine', '60'),
(17, 0, 'Change Oil Filter Engine', '30'),
(18, 0, 'Change Oil Final Drive', '60'),
(19, 0, 'Change Oil Hyd', '120'),
(20, 0, 'Change Oil Swing', '60'),
(21, 0, 'Change Pilot Filter Hyd', '30'),
(22, 0, 'Change Return Filter Hyd', '30'),
(23, 0, 'Change Water Saparator', '30'),
(24, 0, 'Check & Measurement 8', '480'),
(25, 0, 'Check & Measurement 3', '180'),
(26, 0, 'Check All Level Oil', '30'),
(27, 0, 'Check Condition & Pressure Tyre', '60'),
(28, 0, 'Check Electrical', '60'),
(29, 0, 'Check Engine ', '60'),
(30, 0, 'Check Function', '60'),
(34, 0, 'Check Leakage 1', '30'),
(36, 0, 'Check Leakage 2', '60'),
(37, 0, 'Check Noise & Smoke', '60'),
(38, 0, 'Check Visual Unit 1', '30'),
(39, 0, 'Check Visual Unit 2', '60'),
(40, 0, 'Clean up All Component', '420'),
(41, 0, 'Failure Parts', '15'),
(42, 0, 'Find Out HM ', '15'),
(43, 0, 'Greasing', '60'),
(44, 0, 'Historycal Unit', '60'),
(45, 0, 'Individual Test Function', '180'),
(46, 0, 'Installation & Setting  Parts', '120'),
(47, 0, 'No Failure parts', '15'),
(48, 0, 'Performance Test', '60'),
(49, 0, 'Picture HM unit', '15'),
(50, 0, 'Picture SN Engine', '15'),
(51, 0, 'Picture SN Unit', '15'),
(52, 0, 'Picture Unit', '15'),
(53, 0, 'Rebuild Component', '1920'),
(54, 0, 'Release Component', '15'),
(55, 0, 'Release Unit', '15'),
(56, 0, 'Remove Component', '480'),
(57, 0, 'Repair & Setting Parts', '120'),
(58, 0, 'Waiting Parts', '15'),
(59, 0, 'Washing Component', '60'),
(60, 0, 'Check & Measurement 7', '420'),
(61, 0, 'Rebuild Component 24', '1440');

-- --------------------------------------------------------

--
-- Table structure for table `job_jo`
--

CREATE TABLE `job_jo` (
  `id_job_jo` int(11) NOT NULL,
  `id_jo` int(11) NOT NULL,
  `id_wo` int(11) NOT NULL,
  `id_user` int(11) NOT NULL,
  `time_in` datetime DEFAULT NULL,
  `time_out` datetime DEFAULT NULL,
  `nama_job_wo` varchar(500) NOT NULL,
  `description` varchar(500) NOT NULL,
  `id_job` int(11) NOT NULL,
  `status` varchar(50) NOT NULL
) ENGINE=InnoDB DEFAULT CHARSET=utf8mb4 COLLATE=utf8mb4_general_ci;

--
-- Dumping data for table `job_jo`
--

INSERT INTO `job_jo` (`id_job_jo`, `id_jo`, `id_wo`, `id_user`, `time_in`, `time_out`, `nama_job_wo`, `description`, `id_job`, `status`) VALUES
(544, 54, 0, 0, NULL, NULL, '', '', 17, ''),
(545, 54, 0, 0, NULL, NULL, '', '', 16, ''),
(546, 54, 0, 0, NULL, NULL, '', '', 12, ''),
(547, 54, 0, 0, NULL, NULL, '', '', 15, ''),
(548, 54, 0, 0, NULL, NULL, '', '', 23, ''),
(549, 54, 0, 0, NULL, NULL, '', '', 20, ''),
(550, 54, 0, 0, NULL, NULL, '', '', 18, ''),
(551, 54, 0, 0, NULL, NULL, '', '', 21, ''),
(552, 54, 0, 0, NULL, NULL, '', '', 22, ''),
(553, 54, 0, 0, NULL, NULL, '', '', 14, ''),
(554, 54, 0, 0, NULL, NULL, '', '', 19, ''),
(555, 54, 0, 0, NULL, NULL, '', '', 13, ''),
(556, 54, 0, 0, NULL, NULL, '', '', 39, ''),
(557, 54, 0, 0, NULL, NULL, '', '', 26, ''),
(558, 54, 0, 0, NULL, NULL, '', '', 36, ''),
(559, 54, 0, 0, NULL, NULL, '', '', 43, ''),
(560, 54, 0, 0, NULL, NULL, '', '', 37, ''),
(561, 54, 0, 0, NULL, NULL, '', '', 27, ''),
(562, 54, 0, 0, NULL, NULL, '', '', 28, ''),
(563, 54, 0, 0, '2025-12-11 16:06:00', '0000-00-00 00:00:00', '', 'ok', 30, 'Ongoing'),
(564, 54, 0, 0, '2025-12-11 16:04:00', '2025-12-11 16:04:00', '', 'ok', 48, 'Done'),
(565, 54, 0, 0, '2025-12-11 15:36:00', '2025-12-12 15:43:00', '', 'sdsd', 55, 'Done'),
(566, 55, 0, 0, NULL, NULL, '', '', 17, ''),
(567, 55, 0, 0, NULL, NULL, '', '', 16, ''),
(568, 55, 0, 0, NULL, NULL, '', '', 12, ''),
(569, 55, 0, 0, NULL, NULL, '', '', 15, ''),
(570, 55, 0, 0, NULL, NULL, '', '', 23, ''),
(571, 55, 0, 0, NULL, NULL, '', '', 20, ''),
(572, 55, 0, 0, NULL, NULL, '', '', 18, ''),
(573, 55, 0, 0, NULL, NULL, '', '', 21, ''),
(574, 55, 0, 0, NULL, NULL, '', '', 22, ''),
(575, 55, 0, 0, NULL, NULL, '', '', 14, ''),
(576, 55, 0, 0, NULL, NULL, '', '', 19, ''),
(577, 55, 0, 0, NULL, NULL, '', '', 13, ''),
(578, 55, 0, 0, NULL, NULL, '', '', 39, ''),
(579, 55, 0, 0, NULL, NULL, '', '', 26, ''),
(580, 55, 0, 0, NULL, NULL, '', '', 36, ''),
(581, 55, 0, 0, NULL, NULL, '', '', 43, ''),
(582, 55, 0, 0, NULL, NULL, '', '', 37, ''),
(583, 55, 0, 0, NULL, NULL, '', '', 27, ''),
(584, 55, 0, 0, NULL, NULL, '', '', 28, ''),
(585, 55, 0, 0, NULL, NULL, '', '', 30, ''),
(586, 55, 0, 0, NULL, NULL, '', '', 48, ''),
(587, 55, 0, 0, NULL, NULL, '', '', 55, ''),
(588, 56, 0, 0, NULL, NULL, '', '', 38, ''),
(589, 56, 0, 0, NULL, NULL, '', '', 34, ''),
(590, 56, 0, 0, NULL, NULL, '', '', 26, ''),
(591, 56, 0, 0, NULL, NULL, '', '', 29, ''),
(592, 56, 0, 0, NULL, NULL, '', '', 30, ''),
(593, 56, 0, 0, NULL, NULL, '', '', 37, ''),
(594, 56, 0, 0, NULL, NULL, '', '', 28, ''),
(595, 56, 0, 0, NULL, NULL, '', '', 27, ''),
(596, 56, 0, 0, NULL, NULL, '', '', 43, ''),
(597, 56, 0, 0, NULL, NULL, '', '', 49, ''),
(598, 56, 0, 0, NULL, NULL, '', '', 50, ''),
(599, 56, 0, 0, NULL, NULL, '', '', 51, ''),
(600, 56, 0, 0, NULL, NULL, '', '', 52, ''),
(601, 56, 0, 0, '2025-12-11 16:14:00', '2025-12-11 16:15:00', '', 'done', 48, 'Done'),
(602, 57, 0, 0, '2025-12-11 16:24:00', '2025-12-11 16:19:00', '', '', 38, 'Done'),
(603, 57, 0, 0, NULL, NULL, '', '', 34, ''),
(604, 57, 0, 0, NULL, NULL, '', '', 26, ''),
(605, 57, 0, 0, NULL, NULL, '', '', 29, ''),
(606, 57, 0, 0, NULL, NULL, '', '', 30, ''),
(607, 57, 0, 0, NULL, NULL, '', '', 37, ''),
(608, 57, 0, 0, NULL, NULL, '', '', 28, ''),
(609, 57, 0, 0, NULL, NULL, '', '', 27, ''),
(610, 57, 0, 0, NULL, NULL, '', '', 43, ''),
(611, 57, 0, 0, NULL, NULL, '', '', 49, ''),
(612, 57, 0, 0, NULL, NULL, '', '', 50, ''),
(613, 57, 0, 0, NULL, NULL, '', '', 51, ''),
(614, 57, 0, 0, NULL, NULL, '', '', 52, ''),
(615, 57, 0, 0, NULL, NULL, '', '', 48, ''),
(616, 58, 0, 0, NULL, NULL, '', '', 38, ''),
(617, 58, 0, 0, NULL, NULL, '', '', 34, ''),
(618, 58, 0, 0, NULL, NULL, '', '', 26, ''),
(619, 58, 0, 0, NULL, NULL, '', '', 29, ''),
(620, 58, 0, 0, NULL, NULL, '', '', 30, ''),
(621, 58, 0, 0, NULL, NULL, '', '', 37, ''),
(622, 58, 0, 0, NULL, NULL, '', '', 28, ''),
(623, 58, 0, 0, NULL, NULL, '', '', 27, ''),
(624, 58, 0, 0, NULL, NULL, '', '', 43, ''),
(625, 58, 0, 0, NULL, NULL, '', '', 49, ''),
(626, 58, 0, 0, NULL, NULL, '', '', 50, ''),
(627, 58, 0, 0, NULL, NULL, '', '', 51, ''),
(628, 58, 0, 0, NULL, NULL, '', '', 52, ''),
(629, 58, 0, 0, '2026-01-14 14:37:00', '2026-01-14 14:39:00', '', 'gfg', 48, 'Done'),
(630, 56, 0, 0, '0000-00-00 00:00:00', '0000-00-00 00:00:00', '', '0', 12, ''),
(631, 56, 0, 0, '0000-00-00 00:00:00', '0000-00-00 00:00:00', '', '0', 12, ''),
(632, 56, 0, 0, '2025-12-12 14:53:00', '2025-12-12 02:53:00', '', 'cdcdc', 12, ''),
(633, 56, 0, 0, '2025-12-12 15:00:00', '2025-12-12 15:03:00', '', 'okk', 13, 'Done'),
(634, 56, 0, 0, '2025-12-12 15:01:00', '0000-00-00 00:00:00', '', 'ok', 12, 'Ongoing'),
(635, 59, 0, 0, NULL, NULL, '', '', 38, ''),
(636, 59, 0, 0, NULL, NULL, '', '', 34, ''),
(637, 59, 0, 0, NULL, NULL, '', '', 26, ''),
(638, 59, 0, 0, NULL, NULL, '', '', 29, ''),
(639, 59, 0, 0, NULL, NULL, '', '', 30, ''),
(640, 59, 0, 0, NULL, NULL, '', '', 37, ''),
(641, 59, 0, 0, NULL, NULL, '', '', 28, ''),
(642, 59, 0, 0, NULL, NULL, '', '', 27, ''),
(643, 59, 0, 0, NULL, NULL, '', '', 43, ''),
(644, 59, 0, 0, NULL, NULL, '', '', 49, ''),
(645, 59, 0, 0, NULL, NULL, '', '', 50, ''),
(646, 59, 0, 0, NULL, NULL, '', '', 51, ''),
(647, 59, 0, 0, NULL, NULL, '', '', 52, ''),
(648, 59, 0, 0, '2025-12-12 16:24:00', '2025-12-12 16:27:00', '', 'ok', 48, 'Done'),
(649, 59, 0, 0, '2025-12-12 16:26:00', '2025-12-12 16:29:00', '', 'ok ya', 12, 'Done'),
(652, 59, 0, 0, '2025-12-15 11:09:00', '0000-00-00 00:00:00', '', 'ok', 12, 'Ongoing'),
(654, 59, 0, 0, '2025-12-15 14:14:00', '0000-00-00 00:00:00', '', 'ok', 12, 'Ongoing'),
(655, 49, 0, 0, '2025-12-15 15:12:00', '2025-12-15 15:14:00', '', 'ok', 12, 'Done'),
(656, 60, 0, 0, NULL, NULL, '', '', 17, ''),
(657, 60, 0, 0, NULL, NULL, '', '', 16, ''),
(658, 60, 0, 0, NULL, NULL, '', '', 12, ''),
(659, 60, 0, 0, NULL, NULL, '', '', 15, ''),
(660, 60, 0, 0, NULL, NULL, '', '', 23, ''),
(661, 60, 0, 0, NULL, NULL, '', '', 20, ''),
(662, 60, 0, 0, NULL, NULL, '', '', 18, ''),
(663, 60, 0, 0, NULL, NULL, '', '', 21, ''),
(664, 60, 0, 0, NULL, NULL, '', '', 22, ''),
(665, 60, 0, 0, NULL, NULL, '', '', 14, ''),
(666, 60, 0, 0, NULL, NULL, '', '', 19, ''),
(667, 60, 0, 0, NULL, NULL, '', '', 13, ''),
(668, 60, 0, 0, NULL, NULL, '', '', 39, ''),
(669, 60, 0, 0, NULL, NULL, '', '', 26, ''),
(670, 60, 0, 0, NULL, NULL, '', '', 36, ''),
(671, 60, 0, 0, NULL, NULL, '', '', 43, ''),
(672, 60, 0, 0, NULL, NULL, '', '', 37, ''),
(673, 60, 0, 0, NULL, NULL, '', '', 27, ''),
(674, 60, 0, 0, NULL, NULL, '', '', 28, ''),
(675, 60, 0, 0, NULL, NULL, '', '', 30, ''),
(676, 60, 0, 0, NULL, NULL, '', '', 48, ''),
(677, 60, 0, 0, '2025-12-19 11:19:00', '2025-12-19 11:22:00', '', 'ok', 55, 'Done'),
(678, 61, 0, 0, NULL, NULL, '', '', 17, ''),
(679, 61, 0, 0, NULL, NULL, '', '', 16, ''),
(680, 61, 0, 0, NULL, NULL, '', '', 12, ''),
(681, 61, 0, 0, NULL, NULL, '', '', 15, ''),
(682, 61, 0, 0, NULL, NULL, '', '', 23, ''),
(683, 61, 0, 0, NULL, NULL, '', '', 20, ''),
(684, 61, 0, 0, NULL, NULL, '', '', 18, ''),
(685, 61, 0, 0, NULL, NULL, '', '', 21, ''),
(686, 61, 0, 0, NULL, NULL, '', '', 22, ''),
(687, 61, 0, 0, NULL, NULL, '', '', 14, ''),
(688, 61, 0, 0, NULL, NULL, '', '', 19, ''),
(689, 61, 0, 0, NULL, NULL, '', '', 13, ''),
(690, 61, 0, 0, NULL, NULL, '', '', 39, ''),
(691, 61, 0, 0, NULL, NULL, '', '', 26, ''),
(692, 61, 0, 0, NULL, NULL, '', '', 36, ''),
(693, 61, 0, 0, NULL, NULL, '', '', 43, ''),
(694, 61, 0, 0, NULL, NULL, '', '', 37, ''),
(695, 61, 0, 0, NULL, NULL, '', '', 27, ''),
(696, 61, 0, 0, NULL, NULL, '', '', 28, ''),
(697, 61, 0, 0, NULL, NULL, '', '', 30, ''),
(698, 61, 0, 0, NULL, NULL, '', '', 48, ''),
(699, 61, 0, 0, NULL, NULL, '', '', 55, ''),
(700, 62, 0, 0, NULL, NULL, '', '', 17, ''),
(701, 62, 0, 0, NULL, NULL, '', '', 16, ''),
(702, 62, 0, 0, NULL, NULL, '', '', 12, ''),
(703, 62, 0, 0, NULL, NULL, '', '', 15, ''),
(704, 62, 0, 0, NULL, NULL, '', '', 23, ''),
(705, 62, 0, 0, NULL, NULL, '', '', 20, ''),
(706, 62, 0, 0, NULL, NULL, '', '', 18, ''),
(707, 62, 0, 0, NULL, NULL, '', '', 21, ''),
(708, 62, 0, 0, NULL, NULL, '', '', 22, ''),
(709, 62, 0, 0, NULL, NULL, '', '', 14, ''),
(710, 62, 0, 0, NULL, NULL, '', '', 19, ''),
(711, 62, 0, 0, NULL, NULL, '', '', 13, ''),
(712, 62, 0, 0, NULL, NULL, '', '', 39, ''),
(713, 62, 0, 0, NULL, NULL, '', '', 26, ''),
(714, 62, 0, 0, NULL, NULL, '', '', 36, ''),
(715, 62, 0, 0, NULL, NULL, '', '', 43, ''),
(716, 62, 0, 0, NULL, NULL, '', '', 37, ''),
(717, 62, 0, 0, NULL, NULL, '', '', 27, ''),
(718, 62, 0, 0, NULL, NULL, '', '', 28, ''),
(719, 62, 0, 0, NULL, NULL, '', '', 30, ''),
(720, 62, 0, 0, NULL, NULL, '', '', 48, ''),
(721, 62, 0, 0, '2025-12-18 11:38:00', '2025-12-18 11:40:00', '', 'ok', 55, 'Done'),
(730, 63, 0, 0, '2026-01-14 14:47:00', '2026-01-14 14:53:00', '', 'OK', 43, 'Done'),
(731, 63, 0, 0, '2026-01-14 14:47:00', '2026-01-14 14:53:00', '', 'OK', 49, 'Done'),
(732, 63, 0, 0, '2026-01-14 14:47:00', '2026-01-14 14:51:00', '', 'OK', 50, 'Done'),
(733, 63, 0, 0, '2026-01-14 14:46:00', '2026-01-14 14:52:00', '', 'OK', 51, 'Done'),
(734, 63, 0, 0, '2026-01-14 14:46:00', '2026-01-14 14:49:00', '', 'OK', 52, 'Done'),
(735, 63, 0, 0, '2026-01-14 14:46:00', '2026-01-14 14:48:00', '', 'OK', 48, 'Done'),
(736, 64, 0, 0, NULL, NULL, '', '', 8, ''),
(737, 64, 0, 0, NULL, NULL, '', '', 10, ''),
(738, 64, 0, 0, NULL, NULL, '', '', 17, ''),
(739, 64, 0, 0, NULL, NULL, '', '', 16, ''),
(740, 64, 0, 0, NULL, NULL, '', '', 15, ''),
(741, 64, 0, 0, NULL, NULL, '', '', 23, ''),
(742, 64, 0, 0, NULL, NULL, '', '', 39, ''),
(743, 64, 0, 0, NULL, NULL, '', '', 26, ''),
(744, 64, 0, 0, NULL, NULL, '', '', 36, ''),
(745, 64, 0, 0, NULL, NULL, '', '', 43, ''),
(746, 64, 0, 0, NULL, NULL, '', '', 37, ''),
(747, 64, 0, 0, NULL, NULL, '', '', 27, ''),
(748, 64, 0, 0, NULL, NULL, '', '', 28, ''),
(749, 64, 0, 0, NULL, NULL, '', '', 30, ''),
(750, 64, 0, 0, NULL, NULL, '', '', 48, ''),
(751, 64, 0, 0, NULL, NULL, '', '', 55, ''),
(752, 65, 0, 0, NULL, NULL, '', '', 8, ''),
(753, 65, 0, 0, NULL, NULL, '', '', 10, ''),
(754, 65, 0, 0, NULL, NULL, '', '', 17, ''),
(755, 65, 0, 0, NULL, NULL, '', '', 16, ''),
(756, 65, 0, 0, NULL, NULL, '', '', 15, ''),
(757, 65, 0, 0, NULL, NULL, '', '', 23, ''),
(758, 65, 0, 0, NULL, NULL, '', '', 39, ''),
(759, 65, 0, 0, NULL, NULL, '', '', 26, ''),
(760, 65, 0, 0, NULL, NULL, '', '', 36, ''),
(761, 65, 0, 0, NULL, NULL, '', '', 43, ''),
(762, 65, 0, 0, NULL, NULL, '', '', 37, ''),
(763, 65, 0, 0, NULL, NULL, '', '', 27, ''),
(764, 65, 0, 0, NULL, NULL, '', '', 28, ''),
(765, 65, 0, 0, NULL, NULL, '', '', 30, ''),
(766, 65, 0, 0, NULL, NULL, '', '', 48, ''),
(767, 65, 0, 0, '2026-02-25 14:46:00', '2026-02-25 14:48:00', '', 'DONE JOB', 55, 'Done');

-- --------------------------------------------------------

--
-- Table structure for table `jurnal_actual`
--

CREATE TABLE `jurnal_actual` (
  `id_jurnal_actual` int(11) NOT NULL,
  `id_user` int(11) NOT NULL,
  `id_budget_sss` int(11) NOT NULL,
  `id_mpp` int(11) NOT NULL,
  `id_capex` int(11) NOT NULL,
  `id_opex` int(11) NOT NULL,
  `id_opening` int(11) DEFAULT NULL,
  `id_actual` int(11) DEFAULT NULL,
  `id_years` varchar(100) NOT NULL,
  `id_months` varchar(110) NOT NULL,
  `id_jenis_pengajuan` varchar(110) NOT NULL,
  `id_branch` varchar(110) NOT NULL,
  `id_divisi_budget` varchar(110) NOT NULL,
  `id_department_budget` varchar(110) NOT NULL,
  `id_account` varchar(110) NOT NULL,
  `amount` bigint(50) NOT NULL
) ENGINE=InnoDB DEFAULT CHARSET=utf8mb4 COLLATE=utf8mb4_general_ci;

--
-- Dumping data for table `jurnal_actual`
--

INSERT INTO `jurnal_actual` (`id_jurnal_actual`, `id_user`, `id_budget_sss`, `id_mpp`, `id_capex`, `id_opex`, `id_opening`, `id_actual`, `id_years`, `id_months`, `id_jenis_pengajuan`, `id_branch`, `id_divisi_budget`, `id_department_budget`, `id_account`, `amount`) VALUES
(1, 55, 0, 0, 0, 0, NULL, 4, '2026', '1', '3', '2', '1', '11', '401410', 347000000),
(2, 55, 0, 0, 0, 0, NULL, 5, '2026', '1', '3', '1', '2', '21', '710002', 450000000),
(3, 55, 0, 0, 0, 0, NULL, 5, '2026', '2', '3', '2', '1', '11', '401410', 450000000),
(4, 55, 0, 0, 0, 0, NULL, 5, '2026', '3', '3', '3', '1', '11', '401410', 450000000),
(5, 55, 0, 0, 0, 0, NULL, 5, '2026', '4', '3', '6', '1', '11', '401410', 450000000),
(6, 55, 0, 0, 0, 0, NULL, 5, '2026', '5', '3', '1', '2', '21', '710005', 450000000),
(7, 55, 0, 0, 0, 0, NULL, 5, '2026', '6', '3', '2', '1', '11', '401410', 450000000),
(8, 55, 0, 0, 0, 0, NULL, 5, '2026', '7', '3', '3', '1', '11', '401410', 450000000),
(9, 55, 0, 0, 0, 0, NULL, 5, '2026', '8', '3', '6', '1', '11', '401410', 450000000),
(10, 55, 0, 0, 0, 0, NULL, 5, '2026', '9', '3', '1', '2', '21', '720001', 450000000),
(11, 55, 0, 0, 0, 0, NULL, 5, '2026', '10', '3', '2', '1', '11', '401410', 450000000),
(12, 55, 0, 0, 0, 0, NULL, 5, '2026', '11', '3', '3', '1', '11', '401410', 450000000),
(13, 55, 0, 0, 0, 0, NULL, 5, '2026', '2', '3', '6', '1', '11', '401410', 450000000),
(14, 55, 0, 0, 0, 0, NULL, 5, '2026', '3', '3', '1', '2', '21', '720002', 450000000),
(15, 55, 0, 0, 0, 0, NULL, 5, '2026', '4', '3', '2', '1', '11', '401410', 450000000),
(16, 55, 0, 0, 0, 0, NULL, 5, '2026', '5', '3', '3', '1', '11', '401410', 450000000),
(17, 55, 0, 0, 0, 0, NULL, 5, '2026', '6', '3', '6', '2', '21', '720004', 450000000),
(18, 55, 0, 0, 0, 0, NULL, 5, '2026', '5', '3', '3', '1', '11', '720007', 450000000),
(19, 55, 0, 0, 0, 0, NULL, 5, '2026', '5', '3', '3', '1', '11', '720206', 450000000),
(20, 55, 0, 0, 0, 0, NULL, 5, '2026', '9', '3', '2', '1', '11', '401410', 450000000),
(21, 55, 0, 0, 0, 0, NULL, 5, '2026', '10', '3', '2', '1', '11', '401410', 450000000);

-- --------------------------------------------------------

--
-- Table structure for table `jurnal_capex`
--

CREATE TABLE `jurnal_capex` (
  `id_jurnal_capex` int(11) NOT NULL,
  `id_capex` int(11) NOT NULL,
  `id_years` int(11) NOT NULL,
  `id_months` int(11) NOT NULL,
  `id_branch` int(11) NOT NULL,
  `id_jenis_pengajuan` int(11) NOT NULL,
  `id_divisi_budget` int(11) NOT NULL,
  `id_department_budget` int(11) NOT NULL,
  `id_category_type` int(11) NOT NULL,
  `id_group_asset` int(11) NOT NULL,
  `id_account` int(11) NOT NULL,
  `id_user` int(11) NOT NULL,
  `id_currency` int(11) NOT NULL,
  `nama_asset` varchar(100) NOT NULL,
  `nilai_asset` varchar(50) NOT NULL,
  `qty` varchar(50) NOT NULL,
  `depresiasi` varchar(50) NOT NULL,
  `kurs` varchar(10) NOT NULL
) ENGINE=InnoDB DEFAULT CHARSET=utf8mb4 COLLATE=utf8mb4_general_ci;

--
-- Dumping data for table `jurnal_capex`
--

INSERT INTO `jurnal_capex` (`id_jurnal_capex`, `id_capex`, `id_years`, `id_months`, `id_branch`, `id_jenis_pengajuan`, `id_divisi_budget`, `id_department_budget`, `id_category_type`, `id_group_asset`, `id_account`, `id_user`, `id_currency`, `nama_asset`, `nilai_asset`, `qty`, `depresiasi`, `kurs`) VALUES
(267, 46, 2025, 1, 1, 3, 2, 21, 6, 1, 7, 55, 1, '1 UNIT AVC KURSI RUANG MEETING', '10000000', '1', '83333.333333333', '1'),
(268, 46, 2025, 2, 1, 3, 2, 21, 6, 1, 7, 55, 1, '1 UNIT AVC KURSI RUANG MEETING', '10000000', '1', '83333.333333333', '1'),
(269, 46, 2025, 3, 1, 3, 2, 21, 6, 1, 7, 55, 1, '1 UNIT AVC KURSI RUANG MEETING', '10000000', '1', '83333.333333333', '1'),
(270, 46, 2025, 4, 1, 3, 2, 21, 6, 1, 7, 55, 1, '1 UNIT AVC KURSI RUANG MEETING', '10000000', '1', '83333.333333333', '1'),
(271, 46, 2025, 5, 1, 3, 2, 21, 6, 1, 7, 55, 1, '1 UNIT AVC KURSI RUANG MEETING', '10000000', '1', '83333.333333333', '1'),
(272, 46, 2025, 6, 1, 3, 2, 21, 6, 1, 7, 55, 1, '1 UNIT AVC KURSI RUANG MEETING', '10000000', '1', '83333.333333333', '1'),
(273, 46, 2025, 7, 1, 3, 2, 21, 6, 1, 7, 55, 1, '1 UNIT AVC KURSI RUANG MEETING', '10000000', '1', '83333.333333333', '1'),
(274, 46, 2025, 8, 1, 3, 2, 21, 6, 1, 7, 55, 1, '1 UNIT AVC KURSI RUANG MEETING', '10000000', '1', '83333.333333333', '1'),
(275, 46, 2025, 9, 1, 3, 2, 21, 6, 1, 7, 55, 1, '1 UNIT AVC KURSI RUANG MEETING', '10000000', '1', '83333.333333333', '1'),
(276, 46, 2025, 10, 1, 3, 2, 21, 6, 1, 7, 55, 1, '1 UNIT AVC KURSI RUANG MEETING', '10000000', '1', '83333.333333333', '1'),
(277, 46, 2025, 11, 1, 3, 2, 21, 6, 1, 7, 55, 1, '1 UNIT AVC KURSI RUANG MEETING', '10000000', '1', '83333.333333333', '1'),
(278, 46, 2025, 12, 1, 3, 2, 21, 6, 1, 7, 55, 1, '1 UNIT AVC KURSI RUANG MEETING', '10000000', '1', '83333.333333333', '1');

-- --------------------------------------------------------

--
-- Table structure for table `jurnal_cuti`
--

CREATE TABLE `jurnal_cuti` (
  `id_jurnal_cuti` int(11) NOT NULL,
  `id_tg` int(11) NOT NULL,
  `id_tt` int(11) NOT NULL,
  `id_jenis_pengajuan` int(11) NOT NULL,
  `id_devisi` int(11) NOT NULL,
  `id_departement` int(11) NOT NULL,
  `id_cuti` int(11) NOT NULL,
  `id_user` varchar(11) NOT NULL,
  `id_type_leave` varchar(11) NOT NULL,
  `tanggal` date NOT NULL,
  `qty` varchar(11) DEFAULT NULL,
  `sub` varchar(100) NOT NULL,
  `id_uniq` varchar(11) NOT NULL,
  `status` varchar(50) NOT NULL,
  `fleg` int(11) NOT NULL
) ENGINE=InnoDB DEFAULT CHARSET=utf8mb4 COLLATE=utf8mb4_general_ci;

--
-- Dumping data for table `jurnal_cuti`
--

INSERT INTO `jurnal_cuti` (`id_jurnal_cuti`, `id_tg`, `id_tt`, `id_jenis_pengajuan`, `id_devisi`, `id_departement`, `id_cuti`, `id_user`, `id_type_leave`, `tanggal`, `qty`, `sub`, `id_uniq`, `status`, `fleg`) VALUES
(112, 6, 12, 3, 37, 5, 75, '49', '2', '2025-08-07', '0', 'cxvxcv', '', '', 0),
(113, 6, 12, 3, 37, 5, 76, '49', '2', '2025-08-09', '0', 'dfgfdg', '', '', 0),
(114, 6, 12, 3, 37, 5, 76, '49', '2', '2025-08-08', '0', 'dfgfdg', '', '', 0),
(115, 6, 12, 3, 37, 5, 77, '49', '2', '2025-09-05', '0', 'tesss', '', '', 0),
(116, 6, 12, 3, 37, 5, 78, '49', '2', '2025-10-01', '0', 'wewt', '', '', 0),
(117, 6, 12, 3, 37, 5, 79, '49', '2', '2025-10-02', '0', 'sdfsdf', '', '', 0),
(118, 6, 12, 3, 37, 5, 80, '49', '2', '2025-10-03', '0', 'rtrtrt', '', '', 0),
(119, 6, 12, 3, 37, 5, 81, '49', '2', '2025-10-04', '0', 'tttttttt', '', '', 0),
(120, 6, 12, 3, 37, 5, 82, '49', '2', '2025-10-05', '0', 'dzvdv', '', '', 0),
(121, 6, 12, 3, 37, 5, 83, '49', '2', '2025-10-07', '0', 'zxczxc', '', '', 0),
(122, 6, 12, 3, 37, 5, 84, '49', '2', '2025-10-09', '0', 'fdfdfdf', '', '', 0),
(123, 6, 12, 3, 37, 5, 85, '49', '2', '2025-10-11', '0', 'TESSS 0001', '', '', 0),
(124, 6, 12, 3, 37, 5, 86, '49', '2', '2025-10-12', '0', 'iulul', '', '', 0),
(125, 6, 12, 3, 37, 5, 87, '49', '2', '2025-10-14', '0', 'TESSS 0003333', '', '', 0),
(126, 6, 12, 3, 37, 5, 88, '49', '2', '2025-10-16', '0', 'yuyyy', '', '', 0),
(127, 6, 12, 3, 37, 5, 89, '49', '2', '2025-08-17', '0', 'sad', '', '', 0),
(128, 6, 12, 3, 37, 5, 90, '49', '2', '2025-08-18', '0', 'TES DULU YA BROOO', '', '', 0),
(129, 6, 12, 3, 37, 5, 91, '49', '2', '2025-08-19', '0', 'weewe', '', '', 0),
(130, 6, 12, 3, 37, 5, 92, '49', '2', '2025-10-20', '0', 'sdsd', '', '', 0),
(131, 6, 12, 3, 37, 5, 93, '49', '2', '2025-10-21', '0', 'zcczv', '', '', 0),
(132, 6, 12, 3, 37, 5, 94, '49', '2', '2025-10-22', '0', 'zxc', '', '', 0),
(133, 6, 12, 3, 37, 5, 95, '49', '2', '2025-10-23', '0', 'tujtj', '', '', 0),
(134, 6, 12, 3, 37, 5, 96, '49', '2', '2025-08-13', '0', 'thrrh', '', '', 0),
(135, 6, 12, 3, 37, 5, 96, '49', '2', '2025-08-12', '0', 'thrrh', '', '', 0),
(136, 6, 12, 3, 37, 5, 97, '49', '3', '2025-11-01', '0', 'fdhdhf', '', '', 0),
(137, 6, 12, 3, 37, 5, 97, '49', '3', '2025-11-02', '0', 'fdhdhf', '', '', 0),
(138, 6, 12, 3, 37, 5, 98, '49', '2', '2025-08-29', '0', 'fghfh', '', '', 0),
(139, 6, 12, 3, 37, 5, 99, '49', '2', '2025-07-12', '0', 'gfhfh', '', '', 0),
(140, 6, 12, 3, 37, 5, 100, '49', '3', '2025-07-13', '0', 'cbcb', '', '', 0),
(141, 6, 12, 3, 37, 5, 101, '49', '2', '2025-08-30', '0', 'tryr', '', '', 0),
(142, 6, 12, 3, 37, 5, 102, '49', '2', '2025-07-01', '0', 'gfngfn', '', '', 1),
(143, 6, 12, 3, 37, 5, 103, '49', '1', '2025-04-18', '-1', 'okk', '', '', 1),
(144, 6, 12, 3, 37, 5, 104, '49', '1', '2025-06-26', '-1', 'okokoooooo', '', '', 1),
(146, 6, 12, 3, 37, 5, 106, '49', '0', '2025-06-20', '', 'OKKKK', '', '', 0),
(150, 6, 12, 3, 40, 18, 108, '58', '1', '2025-08-15', '-1', 'OK', '', '', 0),
(151, 6, 12, 3, 37, 5, 109, '49', '1', '2026-02-18', '-1', 'ok', '', '', 0),
(152, 6, 12, 3, 37, 5, 109, '49', '1', '2026-02-19', '-1', 'ok', '', '', 0),
(153, 6, 12, 3, 37, 5, 109, '49', '1', '2026-02-20', '-1', 'ok', '', '', 0),
(154, 6, 12, 3, 37, 5, 110, '49', '1', '2026-02-23', '-1', 'sdgfg', '', '', 0),
(155, 6, 12, 3, 37, 5, 110, '49', '1', '2026-02-24', '-1', 'sdgfg', '', '', 0),
(156, 6, 12, 3, 37, 5, 110, '49', '1', '2026-02-25', '-1', 'sdgfg', '', '', 0);

-- --------------------------------------------------------

--
-- Table structure for table `jurnal_cuti1`
--

CREATE TABLE `jurnal_cuti1` (
  `id_jurnal_cuti1` int(11) NOT NULL,
  `id_cuti` int(11) DEFAULT NULL,
  `id_cuti_c` int(11) NOT NULL,
  `id_jurnal_cuti` int(11) DEFAULT NULL,
  `id_tg` int(11) DEFAULT NULL,
  `id_tt` int(11) DEFAULT NULL,
  `id_jenis_pengajuan` int(11) DEFAULT NULL,
  `id_devisi` int(11) DEFAULT NULL,
  `id_departement` int(11) DEFAULT NULL,
  `id_user` varchar(11) DEFAULT NULL,
  `id_type_leave` varchar(11) DEFAULT NULL,
  `tanggal` date DEFAULT NULL,
  `qty` varchar(11) DEFAULT NULL,
  `sub` varchar(100) DEFAULT NULL,
  `id_uniq` varchar(11) DEFAULT NULL,
  `status` varchar(50) DEFAULT NULL
) ENGINE=InnoDB DEFAULT CHARSET=utf8mb4 COLLATE=utf8mb4_general_ci;

--
-- Dumping data for table `jurnal_cuti1`
--

INSERT INTO `jurnal_cuti1` (`id_jurnal_cuti1`, `id_cuti`, `id_cuti_c`, `id_jurnal_cuti`, `id_tg`, `id_tt`, `id_jenis_pengajuan`, `id_devisi`, `id_departement`, `id_user`, `id_type_leave`, `tanggal`, `qty`, `sub`, `id_uniq`, `status`) VALUES
(1, NULL, 0, NULL, 6, 12, 3, 40, 18, '49', '5', '2025-08-12', '12', 'ok', '0001', NULL),
(100, 103, 0, NULL, 6, 12, 3, 37, 5, '49', '1', '2025-04-18', '-1', 'okk', '0002', NULL),
(101, 99, 49, NULL, 6, 12, 3, 37, 5, '49', '9', '2025-07-12', '0', 'gfhfh', '0003', NULL),
(102, 103, 53, NULL, 6, 12, 3, 37, 5, '49', '8', '2025-04-18', '-1', 'okk', '0004', NULL),
(103, 104, 0, NULL, 6, 12, 3, 37, 5, '49', '1', '2025-06-26', '-1', 'okokoooooo', '0005', NULL),
(104, 104, 54, NULL, 15, 19, 3, 37, 5, '49', '8', '2025-06-26', '1', 'okokoooooo', '0006', NULL),
(105, 105, 0, NULL, 6, 12, 3, 37, 5, '49', '1', '2025-06-20', '-1', 'SVSFV', '0007', NULL),
(106, 105, 55, NULL, 15, 19, 3, 37, 5, '49', '8', '2025-06-20', '1', 'SVSFV', '0008', NULL),
(107, NULL, 0, NULL, 6, 12, 3, 40, 18, '58', '5', '2025-08-12', '12', 'okkk', '0009', NULL),
(108, 107, 0, NULL, 6, 12, 3, 37, 5, '49', '1', '2025-03-01', '-1', 'TESSS ', '0010', NULL),
(109, 107, 56, NULL, 15, 19, 3, 37, 5, '49', '8', '2025-03-01', '1', 'TESSS ', '0011', NULL),
(110, 108, 0, NULL, 6, 12, 3, 40, 18, '58', '1', '2025-08-15', '-1', 'OK', '0012', NULL),
(111, NULL, 0, NULL, 6, 12, 3, 40, 18, '49', '6', '2025-08-21', '1', '1', '0013', NULL),
(112, 109, 0, NULL, 6, 12, 3, 37, 5, '49', '1', '2026-02-18', '-1', 'ok', '0014', NULL),
(113, 109, 0, NULL, 6, 12, 3, 37, 5, '49', '1', '2026-02-19', '-1', 'ok', '0015', NULL),
(114, 109, 0, NULL, 6, 12, 3, 37, 5, '49', '1', '2026-02-20', '-1', 'ok', '0016', NULL),
(115, 110, 0, NULL, 6, 12, 3, 37, 5, '49', '1', '2026-02-23', '-1', 'sdgfg', '0017', NULL),
(116, 110, 0, NULL, 6, 12, 3, 37, 5, '49', '1', '2026-02-24', '-1', 'sdgfg', '0018', NULL),
(117, 110, 0, NULL, 6, 12, 3, 37, 5, '49', '1', '2026-02-25', '-1', 'sdgfg', '0019', NULL);

-- --------------------------------------------------------

--
-- Table structure for table `jurnal_cuti_c`
--

CREATE TABLE `jurnal_cuti_c` (
  `id_jurnal_cuti_c` int(11) NOT NULL,
  `id_cuti_c` int(11) NOT NULL,
  `id_jurnal_cuti` int(11) NOT NULL,
  `id_tg` int(11) NOT NULL,
  `id_tt` int(11) NOT NULL,
  `id_jenis_pengajuan` int(11) NOT NULL,
  `id_devisi` int(11) NOT NULL,
  `id_departement` int(11) NOT NULL,
  `id_cuti` int(11) NOT NULL,
  `id_user` varchar(11) NOT NULL,
  `id_type_leave` varchar(11) NOT NULL,
  `tanggal` date NOT NULL,
  `qty` varchar(11) DEFAULT NULL,
  `sub` varchar(100) NOT NULL,
  `id_uniq` varchar(11) NOT NULL,
  `status` varchar(50) NOT NULL
) ENGINE=InnoDB DEFAULT CHARSET=utf8mb4 COLLATE=utf8mb4_general_ci;

--
-- Dumping data for table `jurnal_cuti_c`
--

INSERT INTO `jurnal_cuti_c` (`id_jurnal_cuti_c`, `id_cuti_c`, `id_jurnal_cuti`, `id_tg`, `id_tt`, `id_jenis_pengajuan`, `id_devisi`, `id_departement`, `id_cuti`, `id_user`, `id_type_leave`, `tanggal`, `qty`, `sub`, `id_uniq`, `status`) VALUES
(62, 58, 0, 6, 12, 3, 37, 5, 109, '49', '1', '2026-02-18', '-1', 'ok', '0014', ''),
(63, 0, 0, 6, 12, 3, 37, 5, 109, '49', '1', '2026-02-19', '-1', 'ok', '0015', ''),
(64, 0, 0, 6, 12, 3, 37, 5, 109, '49', '1', '2026-02-20', '-1', 'ok', '0016', ''),
(65, 59, 0, 6, 12, 3, 37, 5, 110, '49', '1', '2026-02-23', '-1', 'sdgfg', '0017', ''),
(66, 0, 0, 6, 12, 3, 37, 5, 110, '49', '1', '2026-02-24', '-1', 'sdgfg', '0018', ''),
(67, 0, 0, 6, 12, 3, 37, 5, 110, '49', '1', '2026-02-25', '-1', 'sdgfg', '0019', '');

-- --------------------------------------------------------

--
-- Table structure for table `jurnal_mpp`
--

CREATE TABLE `jurnal_mpp` (
  `id_jurnal_mpp` int(11) NOT NULL,
  `id_user` int(11) NOT NULL,
  `id_mpp` int(11) NOT NULL,
  `id_budget_mpp` int(11) NOT NULL,
  `id_mpp_budget` int(11) NOT NULL,
  `id_years` int(11) NOT NULL,
  `id_months` int(11) NOT NULL,
  `id_account` int(11) NOT NULL,
  `id_branch` int(11) NOT NULL,
  `id_jenis_pengajuan` int(11) NOT NULL,
  `id_divisi_budget` int(11) NOT NULL,
  `id_department_budget` int(11) NOT NULL,
  `id_grade` int(11) NOT NULL,
  `id_currency` int(11) NOT NULL,
  `qty` varchar(50) DEFAULT NULL,
  `gaji` varchar(50) NOT NULL,
  `type` varchar(50) NOT NULL,
  `type1` varchar(50) NOT NULL,
  `kurs` varchar(50) NOT NULL,
  `total_amount` varchar(20) NOT NULL,
  `value1` varchar(50) NOT NULL,
  `value2` varchar(50) NOT NULL,
  `id_golongan` int(11) NOT NULL
) ENGINE=InnoDB DEFAULT CHARSET=utf8mb4 COLLATE=utf8mb4_general_ci;

--
-- Dumping data for table `jurnal_mpp`
--

INSERT INTO `jurnal_mpp` (`id_jurnal_mpp`, `id_user`, `id_mpp`, `id_budget_mpp`, `id_mpp_budget`, `id_years`, `id_months`, `id_account`, `id_branch`, `id_jenis_pengajuan`, `id_divisi_budget`, `id_department_budget`, `id_grade`, `id_currency`, `qty`, `gaji`, `type`, `type1`, `kurs`, `total_amount`, `value1`, `value2`, `id_golongan`) VALUES
(1685, 56, 75, 19, 165, 2025, 1, 74, 2, 3, 1, 12, 0, 1, '2', '6424000', '', 'default', '1', '12848000', '', '', 4),
(1686, 56, 75, 19, 165, 2025, 2, 74, 2, 3, 1, 12, 0, 1, '2', '6424000', '', 'default', '1', '12848000', '', '', 4),
(1687, 56, 75, 19, 165, 2025, 3, 74, 2, 3, 1, 12, 0, 1, '2', '6424000', '', 'default', '1', '12848000', '', '', 4),
(1688, 56, 75, 19, 165, 2025, 4, 74, 2, 3, 1, 12, 0, 1, '2', '6424000', '', 'default', '1', '12848000', '', '', 4),
(1689, 56, 75, 19, 165, 2025, 5, 74, 2, 3, 1, 12, 0, 1, '2', '6424000', '', 'default', '1', '12848000', '', '', 4),
(1690, 56, 75, 19, 165, 2025, 6, 74, 2, 3, 1, 12, 0, 1, '2', '6424000', '', 'default', '1', '12848000', '', '', 4),
(1691, 56, 75, 19, 165, 2025, 7, 74, 2, 3, 1, 12, 0, 1, '2', '6424000', '', 'default', '1', '12848000', '', '', 4),
(1692, 56, 75, 19, 165, 2025, 8, 74, 2, 3, 1, 12, 0, 1, '2', '6424000', '', 'default', '1', '12848000', '', '', 4),
(1693, 56, 75, 19, 165, 2025, 9, 74, 2, 3, 1, 12, 0, 1, '2', '6424000', '', 'default', '1', '12848000', '', '', 4),
(1694, 56, 75, 19, 165, 2025, 10, 74, 2, 3, 1, 12, 0, 1, '2', '6424000', '', 'default', '1', '12848000', '', '', 4),
(1695, 56, 75, 19, 165, 2025, 11, 74, 2, 3, 1, 12, 0, 1, '2', '6424000', '', 'default', '1', '12848000', '', '', 4),
(1696, 56, 75, 19, 165, 2025, 12, 74, 2, 3, 1, 12, 0, 1, '2', '6424000', '', 'default', '1', '12848000', '', '', 4),
(1697, 56, 75, 19, 166, 2025, 1, 76, 2, 3, 1, 12, 0, 1, NULL, '275000', '', '', '1', '550000', '', '', 4),
(1698, 56, 75, 19, 166, 2025, 2, 76, 2, 3, 1, 12, 0, 1, NULL, '275000', '', '', '1', '550000', '', '', 4),
(1699, 56, 75, 19, 166, 2025, 3, 76, 2, 3, 1, 12, 0, 1, NULL, '275000', '', '', '1', '550000', '', '', 4),
(1700, 56, 75, 19, 166, 2025, 4, 76, 2, 3, 1, 12, 0, 1, NULL, '275000', '', '', '1', '550000', '', '', 4),
(1701, 56, 75, 19, 166, 2025, 5, 76, 2, 3, 1, 12, 0, 1, NULL, '275000', '', '', '1', '550000', '', '', 4),
(1702, 56, 75, 19, 166, 2025, 6, 76, 2, 3, 1, 12, 0, 1, NULL, '275000', '', '', '1', '550000', '', '', 4),
(1703, 56, 75, 19, 166, 2025, 7, 76, 2, 3, 1, 12, 0, 1, NULL, '275000', '', '', '1', '550000', '', '', 4),
(1704, 56, 75, 19, 166, 2025, 8, 76, 2, 3, 1, 12, 0, 1, NULL, '275000', '', '', '1', '550000', '', '', 4),
(1705, 56, 75, 19, 166, 2025, 9, 76, 2, 3, 1, 12, 0, 1, NULL, '275000', '', '', '1', '550000', '', '', 4),
(1706, 56, 75, 19, 166, 2025, 10, 76, 2, 3, 1, 12, 0, 1, NULL, '275000', '', '', '1', '550000', '', '', 4),
(1707, 56, 75, 19, 166, 2025, 11, 76, 2, 3, 1, 12, 0, 1, NULL, '275000', '', '', '1', '550000', '', '', 4),
(1708, 56, 75, 19, 166, 2025, 12, 76, 2, 3, 1, 12, 0, 1, NULL, '275000', '', '', '1', '550000', '', '', 4),
(1709, 56, 75, 19, 167, 2025, 13, 79, 2, 3, 1, 12, 0, 1, NULL, '2750000', '', 'thr', '1', '5500000', '', '', 4),
(1710, 56, 75, 19, 168, 2025, 1, 80, 2, 3, 1, 12, 0, 1, NULL, '137500', '', '', '1', '275000', '', '', 4),
(1711, 56, 75, 19, 168, 2025, 2, 80, 2, 3, 1, 12, 0, 1, NULL, '137500', '', '', '1', '275000', '', '', 4),
(1712, 56, 75, 19, 168, 2025, 3, 80, 2, 3, 1, 12, 0, 1, NULL, '137500', '', '', '1', '275000', '', '', 4),
(1713, 56, 75, 19, 168, 2025, 4, 80, 2, 3, 1, 12, 0, 1, NULL, '137500', '', '', '1', '275000', '', '', 4),
(1714, 56, 75, 19, 168, 2025, 5, 80, 2, 3, 1, 12, 0, 1, NULL, '137500', '', '', '1', '275000', '', '', 4),
(1715, 56, 75, 19, 168, 2025, 6, 80, 2, 3, 1, 12, 0, 1, NULL, '137500', '', '', '1', '275000', '', '', 4),
(1716, 56, 75, 19, 168, 2025, 7, 80, 2, 3, 1, 12, 0, 1, NULL, '137500', '', '', '1', '275000', '', '', 4),
(1717, 56, 75, 19, 168, 2025, 8, 80, 2, 3, 1, 12, 0, 1, NULL, '137500', '', '', '1', '275000', '', '', 4),
(1718, 56, 75, 19, 168, 2025, 9, 80, 2, 3, 1, 12, 0, 1, NULL, '137500', '', '', '1', '275000', '', '', 4),
(1719, 56, 75, 19, 168, 2025, 10, 80, 2, 3, 1, 12, 0, 1, NULL, '137500', '', '', '1', '275000', '', '', 4),
(1720, 56, 75, 19, 168, 2025, 11, 80, 2, 3, 1, 12, 0, 1, NULL, '137500', '', '', '1', '275000', '', '', 4),
(1721, 56, 75, 19, 168, 2025, 12, 80, 2, 3, 1, 12, 0, 1, NULL, '137500', '', '', '1', '275000', '', '', 4),
(1722, 56, 75, 19, 169, 2025, 1, 81, 2, 3, 1, 12, 0, 1, NULL, '2750000', '', '', '1', '5500000', '', '', 4),
(1723, 56, 75, 19, 169, 2025, 2, 81, 2, 3, 1, 12, 0, 1, NULL, '2750000', '', '', '1', '5500000', '', '', 4),
(1724, 56, 75, 19, 169, 2025, 3, 81, 2, 3, 1, 12, 0, 1, NULL, '2750000', '', '', '1', '5500000', '', '', 4),
(1725, 56, 75, 19, 169, 2025, 4, 81, 2, 3, 1, 12, 0, 1, NULL, '2750000', '', '', '1', '5500000', '', '', 4),
(1726, 56, 75, 19, 169, 2025, 5, 81, 2, 3, 1, 12, 0, 1, NULL, '2750000', '', '', '1', '5500000', '', '', 4),
(1727, 56, 75, 19, 169, 2025, 6, 81, 2, 3, 1, 12, 0, 1, NULL, '2750000', '', '', '1', '5500000', '', '', 4),
(1728, 56, 75, 19, 169, 2025, 7, 81, 2, 3, 1, 12, 0, 1, NULL, '2750000', '', '', '1', '5500000', '', '', 4),
(1729, 56, 75, 19, 169, 2025, 8, 81, 2, 3, 1, 12, 0, 1, NULL, '2750000', '', '', '1', '5500000', '', '', 4),
(1730, 56, 75, 19, 169, 2025, 9, 81, 2, 3, 1, 12, 0, 1, NULL, '2750000', '', '', '1', '5500000', '', '', 4),
(1731, 56, 75, 19, 169, 2025, 10, 81, 2, 3, 1, 12, 0, 1, NULL, '2750000', '', '', '1', '5500000', '', '', 4),
(1732, 56, 75, 19, 169, 2025, 11, 81, 2, 3, 1, 12, 0, 1, NULL, '2750000', '', '', '1', '5500000', '', '', 4),
(1733, 56, 75, 19, 169, 2025, 12, 81, 2, 3, 1, 12, 0, 1, NULL, '2750000', '', '', '1', '5500000', '', '', 4),
(1734, 56, 75, 19, 170, 2025, 1, 82, 2, 3, 1, 12, 0, 1, NULL, '2750000', '', '', '1', '5500000', '', '', 4),
(1735, 56, 75, 19, 170, 2025, 2, 82, 2, 3, 1, 12, 0, 1, NULL, '2750000', '', '', '1', '5500000', '', '', 4),
(1736, 56, 75, 19, 170, 2025, 3, 82, 2, 3, 1, 12, 0, 1, NULL, '2750000', '', '', '1', '5500000', '', '', 4),
(1737, 56, 75, 19, 170, 2025, 4, 82, 2, 3, 1, 12, 0, 1, NULL, '2750000', '', '', '1', '5500000', '', '', 4),
(1738, 56, 75, 19, 170, 2025, 5, 82, 2, 3, 1, 12, 0, 1, NULL, '2750000', '', '', '1', '5500000', '', '', 4),
(1739, 56, 75, 19, 170, 2025, 6, 82, 2, 3, 1, 12, 0, 1, NULL, '2750000', '', '', '1', '5500000', '', '', 4),
(1740, 56, 75, 19, 170, 2025, 7, 82, 2, 3, 1, 12, 0, 1, NULL, '2750000', '', '', '1', '5500000', '', '', 4),
(1741, 56, 75, 19, 170, 2025, 8, 82, 2, 3, 1, 12, 0, 1, NULL, '2750000', '', '', '1', '5500000', '', '', 4),
(1742, 56, 75, 19, 170, 2025, 9, 82, 2, 3, 1, 12, 0, 1, NULL, '2750000', '', '', '1', '5500000', '', '', 4),
(1743, 56, 75, 19, 170, 2025, 10, 82, 2, 3, 1, 12, 0, 1, NULL, '2750000', '', '', '1', '5500000', '', '', 4),
(1744, 56, 75, 19, 170, 2025, 11, 82, 2, 3, 1, 12, 0, 1, NULL, '2750000', '', '', '1', '5500000', '', '', 4),
(1745, 56, 75, 19, 170, 2025, 12, 82, 2, 3, 1, 12, 0, 1, NULL, '2750000', '', '', '1', '5500000', '', '', 4),
(1746, 56, 75, 19, 171, 2025, 1, 84, 2, 3, 1, 12, 0, 1, NULL, '605000', '', '', '1', '1210000', '', '', 4),
(1747, 56, 75, 19, 171, 2025, 2, 84, 2, 3, 1, 12, 0, 1, NULL, '605000', '', '', '1', '1210000', '', '', 4),
(1748, 56, 75, 19, 171, 2025, 3, 84, 2, 3, 1, 12, 0, 1, NULL, '605000', '', '', '1', '1210000', '', '', 4),
(1749, 56, 75, 19, 171, 2025, 4, 84, 2, 3, 1, 12, 0, 1, NULL, '605000', '', '', '1', '1210000', '', '', 4),
(1750, 56, 75, 19, 171, 2025, 5, 84, 2, 3, 1, 12, 0, 1, NULL, '605000', '', '', '1', '1210000', '', '', 4),
(1751, 56, 75, 19, 171, 2025, 6, 84, 2, 3, 1, 12, 0, 1, NULL, '605000', '', '', '1', '1210000', '', '', 4),
(1752, 56, 75, 19, 171, 2025, 7, 84, 2, 3, 1, 12, 0, 1, NULL, '605000', '', '', '1', '1210000', '', '', 4),
(1753, 56, 75, 19, 171, 2025, 8, 84, 2, 3, 1, 12, 0, 1, NULL, '605000', '', '', '1', '1210000', '', '', 4),
(1754, 56, 75, 19, 171, 2025, 9, 84, 2, 3, 1, 12, 0, 1, NULL, '605000', '', '', '1', '1210000', '', '', 4),
(1755, 56, 75, 19, 171, 2025, 10, 84, 2, 3, 1, 12, 0, 1, NULL, '605000', '', '', '1', '1210000', '', '', 4),
(1756, 56, 75, 19, 171, 2025, 11, 84, 2, 3, 1, 12, 0, 1, NULL, '605000', '', '', '1', '1210000', '', '', 4),
(1757, 56, 75, 19, 171, 2025, 12, 84, 2, 3, 1, 12, 0, 1, NULL, '605000', '', '', '1', '1210000', '', '', 4),
(1819, 59, 77, 13, 116, 2026, 2, 74, 2, 3, 1, 11, 0, 1, '2', '6424000', '', 'default', '1', '12848000', '', '', 4),
(1820, 59, 77, 13, 116, 2026, 3, 74, 2, 3, 1, 11, 0, 1, '2', '6424000', '', 'default', '1', '12848000', '', '', 4),
(1821, 59, 77, 13, 116, 2026, 4, 74, 2, 3, 1, 11, 0, 1, '2', '6424000', '', 'default', '1', '12848000', '', '', 4),
(1822, 59, 77, 13, 116, 2026, 5, 74, 2, 3, 1, 11, 0, 1, '2', '6424000', '', 'default', '1', '12848000', '', '', 4),
(1823, 59, 77, 13, 116, 2026, 6, 74, 2, 3, 1, 11, 0, 1, '2', '6424000', '', 'default', '1', '12848000', '', '', 4),
(1824, 59, 77, 13, 116, 2026, 7, 74, 2, 3, 1, 11, 0, 1, '2', '6424000', '', 'default', '1', '12848000', '', '', 4),
(1825, 59, 77, 13, 116, 2026, 8, 74, 2, 3, 1, 11, 0, 1, '2', '6424000', '', 'default', '1', '12848000', '', '', 4),
(1826, 59, 77, 13, 116, 2026, 9, 74, 2, 3, 1, 11, 0, 1, '2', '6424000', '', 'default', '1', '12848000', '', '', 4),
(1827, 59, 77, 13, 116, 2026, 10, 74, 2, 3, 1, 11, 0, 1, '2', '6424000', '', 'default', '1', '12848000', '', '', 4),
(1828, 59, 77, 13, 116, 2026, 11, 74, 2, 3, 1, 11, 0, 1, '2', '6424000', '', 'default', '1', '12848000', '', '', 4),
(1829, 59, 77, 13, 116, 2026, 12, 74, 2, 3, 1, 11, 0, 1, '2', '6424000', '', 'default', '1', '12848000', '', '', 4),
(1830, 59, 77, 13, 117, 2026, 2, 76, 2, 3, 1, 11, 0, 1, NULL, '275000', '', '', '1', '550000', '', '', 4),
(1831, 59, 77, 13, 117, 2026, 3, 76, 2, 3, 1, 11, 0, 1, NULL, '275000', '', '', '1', '550000', '', '', 4),
(1832, 59, 77, 13, 117, 2026, 4, 76, 2, 3, 1, 11, 0, 1, NULL, '275000', '', '', '1', '550000', '', '', 4),
(1833, 59, 77, 13, 117, 2026, 5, 76, 2, 3, 1, 11, 0, 1, NULL, '275000', '', '', '1', '550000', '', '', 4),
(1834, 59, 77, 13, 117, 2026, 6, 76, 2, 3, 1, 11, 0, 1, NULL, '275000', '', '', '1', '550000', '', '', 4),
(1835, 59, 77, 13, 117, 2026, 7, 76, 2, 3, 1, 11, 0, 1, NULL, '275000', '', '', '1', '550000', '', '', 4),
(1836, 59, 77, 13, 117, 2026, 8, 76, 2, 3, 1, 11, 0, 1, NULL, '275000', '', '', '1', '550000', '', '', 4),
(1837, 59, 77, 13, 117, 2026, 9, 76, 2, 3, 1, 11, 0, 1, NULL, '275000', '', '', '1', '550000', '', '', 4),
(1838, 59, 77, 13, 117, 2026, 10, 76, 2, 3, 1, 11, 0, 1, NULL, '275000', '', '', '1', '550000', '', '', 4),
(1839, 59, 77, 13, 117, 2026, 11, 76, 2, 3, 1, 11, 0, 1, NULL, '275000', '', '', '1', '550000', '', '', 4),
(1840, 59, 77, 13, 117, 2026, 12, 76, 2, 3, 1, 11, 0, 1, NULL, '275000', '', '', '1', '550000', '', '', 4),
(1841, 59, 77, 13, 118, 2026, 13, 79, 2, 3, 1, 11, 0, 1, NULL, '2750000', '', 'thr', '1', '5500000', '', '', 4),
(1842, 59, 77, 13, 119, 2026, 2, 80, 2, 3, 1, 11, 0, 1, NULL, '137500', '', '', '1', '275000', '', '', 4),
(1843, 59, 77, 13, 119, 2026, 3, 80, 2, 3, 1, 11, 0, 1, NULL, '137500', '', '', '1', '275000', '', '', 4),
(1844, 59, 77, 13, 119, 2026, 4, 80, 2, 3, 1, 11, 0, 1, NULL, '137500', '', '', '1', '275000', '', '', 4),
(1845, 59, 77, 13, 119, 2026, 5, 80, 2, 3, 1, 11, 0, 1, NULL, '137500', '', '', '1', '275000', '', '', 4),
(1846, 59, 77, 13, 119, 2026, 6, 80, 2, 3, 1, 11, 0, 1, NULL, '137500', '', '', '1', '275000', '', '', 4),
(1847, 59, 77, 13, 119, 2026, 7, 80, 2, 3, 1, 11, 0, 1, NULL, '137500', '', '', '1', '275000', '', '', 4),
(1848, 59, 77, 13, 119, 2026, 8, 80, 2, 3, 1, 11, 0, 1, NULL, '137500', '', '', '1', '275000', '', '', 4),
(1849, 59, 77, 13, 119, 2026, 9, 80, 2, 3, 1, 11, 0, 1, NULL, '137500', '', '', '1', '275000', '', '', 4),
(1850, 59, 77, 13, 119, 2026, 10, 80, 2, 3, 1, 11, 0, 1, NULL, '137500', '', '', '1', '275000', '', '', 4),
(1851, 59, 77, 13, 119, 2026, 11, 80, 2, 3, 1, 11, 0, 1, NULL, '137500', '', '', '1', '275000', '', '', 4),
(1852, 59, 77, 13, 119, 2026, 12, 80, 2, 3, 1, 11, 0, 1, NULL, '137500', '', '', '1', '275000', '', '', 4),
(1853, 59, 77, 13, 120, 2026, 2, 81, 2, 3, 1, 11, 0, 1, NULL, '2750000', '', '', '1', '5500000', '', '', 4),
(1854, 59, 77, 13, 120, 2026, 3, 81, 2, 3, 1, 11, 0, 1, NULL, '2750000', '', '', '1', '5500000', '', '', 4),
(1855, 59, 77, 13, 120, 2026, 4, 81, 2, 3, 1, 11, 0, 1, NULL, '2750000', '', '', '1', '5500000', '', '', 4),
(1856, 59, 77, 13, 120, 2026, 5, 81, 2, 3, 1, 11, 0, 1, NULL, '2750000', '', '', '1', '5500000', '', '', 4),
(1857, 59, 77, 13, 120, 2026, 6, 81, 2, 3, 1, 11, 0, 1, NULL, '2750000', '', '', '1', '5500000', '', '', 4),
(1858, 59, 77, 13, 120, 2026, 7, 81, 2, 3, 1, 11, 0, 1, NULL, '2750000', '', '', '1', '5500000', '', '', 4),
(1859, 59, 77, 13, 120, 2026, 8, 81, 2, 3, 1, 11, 0, 1, NULL, '2750000', '', '', '1', '5500000', '', '', 4),
(1860, 59, 77, 13, 120, 2026, 9, 81, 2, 3, 1, 11, 0, 1, NULL, '2750000', '', '', '1', '5500000', '', '', 4),
(1861, 59, 77, 13, 120, 2026, 10, 81, 2, 3, 1, 11, 0, 1, NULL, '2750000', '', '', '1', '5500000', '', '', 4),
(1862, 59, 77, 13, 120, 2026, 11, 81, 2, 3, 1, 11, 0, 1, NULL, '2750000', '', '', '1', '5500000', '', '', 4),
(1863, 59, 77, 13, 120, 2026, 12, 81, 2, 3, 1, 11, 0, 1, NULL, '2750000', '', '', '1', '5500000', '', '', 4),
(1864, 59, 77, 13, 121, 2026, 2, 82, 2, 3, 1, 11, 0, 1, NULL, '2750000', '', '', '1', '5500000', '', '', 4),
(1865, 59, 77, 13, 121, 2026, 3, 82, 2, 3, 1, 11, 0, 1, NULL, '2750000', '', '', '1', '5500000', '', '', 4),
(1866, 59, 77, 13, 121, 2026, 4, 82, 2, 3, 1, 11, 0, 1, NULL, '2750000', '', '', '1', '5500000', '', '', 4),
(1867, 59, 77, 13, 121, 2026, 5, 82, 2, 3, 1, 11, 0, 1, NULL, '2750000', '', '', '1', '5500000', '', '', 4),
(1868, 59, 77, 13, 121, 2026, 6, 82, 2, 3, 1, 11, 0, 1, NULL, '2750000', '', '', '1', '5500000', '', '', 4),
(1869, 59, 77, 13, 121, 2026, 7, 82, 2, 3, 1, 11, 0, 1, NULL, '2750000', '', '', '1', '5500000', '', '', 4),
(1870, 59, 77, 13, 121, 2026, 8, 82, 2, 3, 1, 11, 0, 1, NULL, '2750000', '', '', '1', '5500000', '', '', 4),
(1871, 59, 77, 13, 121, 2026, 9, 82, 2, 3, 1, 11, 0, 1, NULL, '2750000', '', '', '1', '5500000', '', '', 4),
(1872, 59, 77, 13, 121, 2026, 10, 82, 2, 3, 1, 11, 0, 1, NULL, '2750000', '', '', '1', '5500000', '', '', 4),
(1873, 59, 77, 13, 121, 2026, 11, 82, 2, 3, 1, 11, 0, 1, NULL, '2750000', '', '', '1', '5500000', '', '', 4),
(1874, 59, 77, 13, 121, 2026, 12, 82, 2, 3, 1, 11, 0, 1, NULL, '2750000', '', '', '1', '5500000', '', '', 4),
(1875, 59, 77, 13, 122, 2026, 2, 84, 2, 3, 1, 11, 0, 1, NULL, '605000', '', '', '1', '1210000', '', '', 4),
(1876, 59, 77, 13, 122, 2026, 3, 84, 2, 3, 1, 11, 0, 1, NULL, '605000', '', '', '1', '1210000', '', '', 4),
(1877, 59, 77, 13, 122, 2026, 4, 84, 2, 3, 1, 11, 0, 1, NULL, '605000', '', '', '1', '1210000', '', '', 4),
(1878, 59, 77, 13, 122, 2026, 5, 84, 2, 3, 1, 11, 0, 1, NULL, '605000', '', '', '1', '1210000', '', '', 4),
(1879, 59, 77, 13, 122, 2026, 6, 84, 2, 3, 1, 11, 0, 1, NULL, '605000', '', '', '1', '1210000', '', '', 4),
(1880, 59, 77, 13, 122, 2026, 7, 84, 2, 3, 1, 11, 0, 1, NULL, '605000', '', '', '1', '1210000', '', '', 4),
(1881, 59, 77, 13, 122, 2026, 8, 84, 2, 3, 1, 11, 0, 1, NULL, '605000', '', '', '1', '1210000', '', '', 4),
(1882, 59, 77, 13, 122, 2026, 9, 84, 2, 3, 1, 11, 0, 1, NULL, '605000', '', '', '1', '1210000', '', '', 4),
(1883, 59, 77, 13, 122, 2026, 10, 84, 2, 3, 1, 11, 0, 1, NULL, '605000', '', '', '1', '1210000', '', '', 4),
(1884, 59, 77, 13, 122, 2026, 11, 84, 2, 3, 1, 11, 0, 1, NULL, '605000', '', '', '1', '1210000', '', '', 4),
(1885, 59, 77, 13, 122, 2026, 12, 84, 2, 3, 1, 11, 0, 1, NULL, '605000', '', '', '1', '1210000', '', '', 4),
(1886, 55, 78, 25, 201, 2025, 1, 106, 1, 3, 2, 21, 0, 1, '3', '6424000', '', 'default', '1', '19272000', '', '', 4),
(1887, 55, 78, 25, 201, 2025, 2, 106, 1, 3, 2, 21, 0, 1, '3', '6424000', '', 'default', '1', '19272000', '', '', 4),
(1888, 55, 78, 25, 201, 2025, 3, 106, 1, 3, 2, 21, 0, 1, '3', '6424000', '', 'default', '1', '19272000', '', '', 4),
(1889, 55, 78, 25, 201, 2025, 4, 106, 1, 3, 2, 21, 0, 1, '3', '6424000', '', 'default', '1', '19272000', '', '', 4),
(1890, 55, 78, 25, 201, 2025, 5, 106, 1, 3, 2, 21, 0, 1, '3', '6424000', '', 'default', '1', '19272000', '', '', 4),
(1891, 55, 78, 25, 201, 2025, 6, 106, 1, 3, 2, 21, 0, 1, '3', '6424000', '', 'default', '1', '19272000', '', '', 4),
(1892, 55, 78, 25, 201, 2025, 7, 106, 1, 3, 2, 21, 0, 1, '3', '6424000', '', 'default', '1', '19272000', '', '', 4),
(1893, 55, 78, 25, 201, 2025, 8, 106, 1, 3, 2, 21, 0, 1, '3', '6424000', '', 'default', '1', '19272000', '', '', 4),
(1894, 55, 78, 25, 201, 2025, 9, 106, 1, 3, 2, 21, 0, 1, '3', '6424000', '', 'default', '1', '19272000', '', '', 4),
(1895, 55, 78, 25, 201, 2025, 10, 106, 1, 3, 2, 21, 0, 1, '3', '6424000', '', 'default', '1', '19272000', '', '', 4),
(1896, 55, 78, 25, 201, 2025, 11, 106, 1, 3, 2, 21, 0, 1, '3', '6424000', '', 'default', '1', '19272000', '', '', 4),
(1897, 55, 78, 25, 201, 2025, 12, 106, 1, 3, 2, 21, 0, 1, '3', '6424000', '', 'default', '1', '19272000', '', '', 4),
(1898, 55, 78, 25, 202, 2025, 1, 108, 1, 3, 2, 21, 0, 1, NULL, '605000', '', '', '1', '1815000', '', '', 4),
(1899, 55, 78, 25, 202, 2025, 2, 108, 1, 3, 2, 21, 0, 1, NULL, '605000', '', '', '1', '1815000', '', '', 4),
(1900, 55, 78, 25, 202, 2025, 3, 108, 1, 3, 2, 21, 0, 1, NULL, '605000', '', '', '1', '1815000', '', '', 4),
(1901, 55, 78, 25, 202, 2025, 4, 108, 1, 3, 2, 21, 0, 1, NULL, '605000', '', '', '1', '1815000', '', '', 4),
(1902, 55, 78, 25, 202, 2025, 5, 108, 1, 3, 2, 21, 0, 1, NULL, '605000', '', '', '1', '1815000', '', '', 4),
(1903, 55, 78, 25, 202, 2025, 6, 108, 1, 3, 2, 21, 0, 1, NULL, '605000', '', '', '1', '1815000', '', '', 4),
(1904, 55, 78, 25, 202, 2025, 7, 108, 1, 3, 2, 21, 0, 1, NULL, '605000', '', '', '1', '1815000', '', '', 4),
(1905, 55, 78, 25, 202, 2025, 8, 108, 1, 3, 2, 21, 0, 1, NULL, '605000', '', '', '1', '1815000', '', '', 4),
(1906, 55, 78, 25, 202, 2025, 9, 108, 1, 3, 2, 21, 0, 1, NULL, '605000', '', '', '1', '1815000', '', '', 4),
(1907, 55, 78, 25, 202, 2025, 10, 108, 1, 3, 2, 21, 0, 1, NULL, '605000', '', '', '1', '1815000', '', '', 4),
(1908, 55, 78, 25, 202, 2025, 11, 108, 1, 3, 2, 21, 0, 1, NULL, '605000', '', '', '1', '1815000', '', '', 4),
(1909, 55, 78, 25, 202, 2025, 12, 108, 1, 3, 2, 21, 0, 1, NULL, '605000', '', '', '1', '1815000', '', '', 4),
(1910, 55, 78, 25, 204, 2025, 1, 112, 1, 3, 2, 21, 0, 1, NULL, '275000', '', '', '1', '825000', '', '', 4),
(1911, 55, 78, 25, 204, 2025, 2, 112, 1, 3, 2, 21, 0, 1, NULL, '275000', '', '', '1', '825000', '', '', 4),
(1912, 55, 78, 25, 204, 2025, 3, 112, 1, 3, 2, 21, 0, 1, NULL, '275000', '', '', '1', '825000', '', '', 4),
(1913, 55, 78, 25, 204, 2025, 4, 112, 1, 3, 2, 21, 0, 1, NULL, '275000', '', '', '1', '825000', '', '', 4),
(1914, 55, 78, 25, 204, 2025, 5, 112, 1, 3, 2, 21, 0, 1, NULL, '275000', '', '', '1', '825000', '', '', 4),
(1915, 55, 78, 25, 204, 2025, 6, 112, 1, 3, 2, 21, 0, 1, NULL, '275000', '', '', '1', '825000', '', '', 4),
(1916, 55, 78, 25, 204, 2025, 7, 112, 1, 3, 2, 21, 0, 1, NULL, '275000', '', '', '1', '825000', '', '', 4),
(1917, 55, 78, 25, 204, 2025, 8, 112, 1, 3, 2, 21, 0, 1, NULL, '275000', '', '', '1', '825000', '', '', 4),
(1918, 55, 78, 25, 204, 2025, 9, 112, 1, 3, 2, 21, 0, 1, NULL, '275000', '', '', '1', '825000', '', '', 4),
(1919, 55, 78, 25, 204, 2025, 10, 112, 1, 3, 2, 21, 0, 1, NULL, '275000', '', '', '1', '825000', '', '', 4),
(1920, 55, 78, 25, 204, 2025, 11, 112, 1, 3, 2, 21, 0, 1, NULL, '275000', '', '', '1', '825000', '', '', 4),
(1921, 55, 78, 25, 204, 2025, 12, 112, 1, 3, 2, 21, 0, 1, NULL, '275000', '', '', '1', '825000', '', '', 4),
(1922, 55, 78, 25, 205, 2025, 1, 113, 1, 3, 2, 21, 0, 1, NULL, '2750000', '', '', '1', '8250000', '', '', 4),
(1923, 55, 78, 25, 205, 2025, 2, 113, 1, 3, 2, 21, 0, 1, NULL, '2750000', '', '', '1', '8250000', '', '', 4),
(1924, 55, 78, 25, 205, 2025, 3, 113, 1, 3, 2, 21, 0, 1, NULL, '2750000', '', '', '1', '8250000', '', '', 4),
(1925, 55, 78, 25, 205, 2025, 4, 113, 1, 3, 2, 21, 0, 1, NULL, '2750000', '', '', '1', '8250000', '', '', 4),
(1926, 55, 78, 25, 205, 2025, 5, 113, 1, 3, 2, 21, 0, 1, NULL, '2750000', '', '', '1', '8250000', '', '', 4),
(1927, 55, 78, 25, 205, 2025, 6, 113, 1, 3, 2, 21, 0, 1, NULL, '2750000', '', '', '1', '8250000', '', '', 4),
(1928, 55, 78, 25, 205, 2025, 7, 113, 1, 3, 2, 21, 0, 1, NULL, '2750000', '', '', '1', '8250000', '', '', 4),
(1929, 55, 78, 25, 205, 2025, 8, 113, 1, 3, 2, 21, 0, 1, NULL, '2750000', '', '', '1', '8250000', '', '', 4),
(1930, 55, 78, 25, 205, 2025, 9, 113, 1, 3, 2, 21, 0, 1, NULL, '2750000', '', '', '1', '8250000', '', '', 4),
(1931, 55, 78, 25, 205, 2025, 10, 113, 1, 3, 2, 21, 0, 1, NULL, '2750000', '', '', '1', '8250000', '', '', 4),
(1932, 55, 78, 25, 205, 2025, 11, 113, 1, 3, 2, 21, 0, 1, NULL, '2750000', '', '', '1', '8250000', '', '', 4),
(1933, 55, 78, 25, 205, 2025, 12, 113, 1, 3, 2, 21, 0, 1, NULL, '2750000', '', '', '1', '8250000', '', '', 4),
(1934, 55, 78, 25, 206, 2025, 13, 111, 1, 3, 2, 21, 0, 1, NULL, '0', '', 'thr', '1', '0', '', '', 4),
(1935, 55, 78, 25, 207, 2025, 1, 117, 1, 3, 2, 21, 0, 1, NULL, '275000', '', '', '1', '825000', '', '', 4),
(1936, 55, 78, 25, 207, 2025, 2, 117, 1, 3, 2, 21, 0, 1, NULL, '275000', '', '', '1', '825000', '', '', 4),
(1937, 55, 78, 25, 207, 2025, 3, 117, 1, 3, 2, 21, 0, 1, NULL, '275000', '', '', '1', '825000', '', '', 4),
(1938, 55, 78, 25, 207, 2025, 4, 117, 1, 3, 2, 21, 0, 1, NULL, '275000', '', '', '1', '825000', '', '', 4),
(1939, 55, 78, 25, 207, 2025, 5, 117, 1, 3, 2, 21, 0, 1, NULL, '275000', '', '', '1', '825000', '', '', 4),
(1940, 55, 78, 25, 207, 2025, 6, 117, 1, 3, 2, 21, 0, 1, NULL, '275000', '', '', '1', '825000', '', '', 4),
(1941, 55, 78, 25, 207, 2025, 7, 117, 1, 3, 2, 21, 0, 1, NULL, '275000', '', '', '1', '825000', '', '', 4),
(1942, 55, 78, 25, 207, 2025, 8, 117, 1, 3, 2, 21, 0, 1, NULL, '275000', '', '', '1', '825000', '', '', 4),
(1943, 55, 78, 25, 207, 2025, 9, 117, 1, 3, 2, 21, 0, 1, NULL, '275000', '', '', '1', '825000', '', '', 4),
(1944, 55, 78, 25, 207, 2025, 10, 117, 1, 3, 2, 21, 0, 1, NULL, '275000', '', '', '1', '825000', '', '', 4),
(1945, 55, 78, 25, 207, 2025, 11, 117, 1, 3, 2, 21, 0, 1, NULL, '275000', '', '', '1', '825000', '', '', 4),
(1946, 55, 78, 25, 207, 2025, 12, 117, 1, 3, 2, 21, 0, 1, NULL, '275000', '', '', '1', '825000', '', '', 4),
(1947, 79, 79, 27, 214, 2025, 1, 106, 1, 3, 2, 22, 0, 1, '2', '6424000', '', 'default', '1', '12848000', '', '', 4),
(1948, 79, 79, 27, 214, 2025, 2, 106, 1, 3, 2, 22, 0, 1, '2', '6424000', '', 'default', '1', '12848000', '', '', 4),
(1949, 79, 79, 27, 214, 2025, 3, 106, 1, 3, 2, 22, 0, 1, '2', '6424000', '', 'default', '1', '12848000', '', '', 4),
(1950, 79, 79, 27, 214, 2025, 4, 106, 1, 3, 2, 22, 0, 1, '2', '6424000', '', 'default', '1', '12848000', '', '', 4),
(1951, 79, 79, 27, 214, 2025, 5, 106, 1, 3, 2, 22, 0, 1, '2', '6424000', '', 'default', '1', '12848000', '', '', 4),
(1952, 79, 79, 27, 214, 2025, 6, 106, 1, 3, 2, 22, 0, 1, '2', '6424000', '', 'default', '1', '12848000', '', '', 4),
(1953, 79, 79, 27, 214, 2025, 7, 106, 1, 3, 2, 22, 0, 1, '2', '6424000', '', 'default', '1', '12848000', '', '', 4),
(1954, 79, 79, 27, 214, 2025, 8, 106, 1, 3, 2, 22, 0, 1, '2', '6424000', '', 'default', '1', '12848000', '', '', 4),
(1955, 79, 79, 27, 214, 2025, 9, 106, 1, 3, 2, 22, 0, 1, '2', '6424000', '', 'default', '1', '12848000', '', '', 4),
(1956, 79, 79, 27, 214, 2025, 10, 106, 1, 3, 2, 22, 0, 1, '2', '6424000', '', 'default', '1', '12848000', '', '', 4),
(1957, 79, 79, 27, 214, 2025, 11, 106, 1, 3, 2, 22, 0, 1, '2', '6424000', '', 'default', '1', '12848000', '', '', 4),
(1958, 79, 79, 27, 214, 2025, 12, 106, 1, 3, 2, 22, 0, 1, '2', '6424000', '', 'default', '1', '12848000', '', '', 4),
(1959, 79, 79, 27, 215, 2025, 1, 108, 1, 3, 2, 22, 0, 1, NULL, '605000', '', '', '1', '1210000', '', '', 4),
(1960, 79, 79, 27, 215, 2025, 2, 108, 1, 3, 2, 22, 0, 1, NULL, '605000', '', '', '1', '1210000', '', '', 4),
(1961, 79, 79, 27, 215, 2025, 3, 108, 1, 3, 2, 22, 0, 1, NULL, '605000', '', '', '1', '1210000', '', '', 4),
(1962, 79, 79, 27, 215, 2025, 4, 108, 1, 3, 2, 22, 0, 1, NULL, '605000', '', '', '1', '1210000', '', '', 4),
(1963, 79, 79, 27, 215, 2025, 5, 108, 1, 3, 2, 22, 0, 1, NULL, '605000', '', '', '1', '1210000', '', '', 4),
(1964, 79, 79, 27, 215, 2025, 6, 108, 1, 3, 2, 22, 0, 1, NULL, '605000', '', '', '1', '1210000', '', '', 4),
(1965, 79, 79, 27, 215, 2025, 7, 108, 1, 3, 2, 22, 0, 1, NULL, '605000', '', '', '1', '1210000', '', '', 4),
(1966, 79, 79, 27, 215, 2025, 8, 108, 1, 3, 2, 22, 0, 1, NULL, '605000', '', '', '1', '1210000', '', '', 4),
(1967, 79, 79, 27, 215, 2025, 9, 108, 1, 3, 2, 22, 0, 1, NULL, '605000', '', '', '1', '1210000', '', '', 4),
(1968, 79, 79, 27, 215, 2025, 10, 108, 1, 3, 2, 22, 0, 1, NULL, '605000', '', '', '1', '1210000', '', '', 4),
(1969, 79, 79, 27, 215, 2025, 11, 108, 1, 3, 2, 22, 0, 1, NULL, '605000', '', '', '1', '1210000', '', '', 4),
(1970, 79, 79, 27, 215, 2025, 12, 108, 1, 3, 2, 22, 0, 1, NULL, '605000', '', '', '1', '1210000', '', '', 4),
(1971, 79, 79, 27, 216, 2025, 1, 112, 1, 3, 2, 22, 0, 1, NULL, '275000', '', '', '1', '550000', '', '', 4),
(1972, 79, 79, 27, 216, 2025, 2, 112, 1, 3, 2, 22, 0, 1, NULL, '275000', '', '', '1', '550000', '', '', 4),
(1973, 79, 79, 27, 216, 2025, 3, 112, 1, 3, 2, 22, 0, 1, NULL, '275000', '', '', '1', '550000', '', '', 4),
(1974, 79, 79, 27, 216, 2025, 4, 112, 1, 3, 2, 22, 0, 1, NULL, '275000', '', '', '1', '550000', '', '', 4),
(1975, 79, 79, 27, 216, 2025, 5, 112, 1, 3, 2, 22, 0, 1, NULL, '275000', '', '', '1', '550000', '', '', 4),
(1976, 79, 79, 27, 216, 2025, 6, 112, 1, 3, 2, 22, 0, 1, NULL, '275000', '', '', '1', '550000', '', '', 4),
(1977, 79, 79, 27, 216, 2025, 7, 112, 1, 3, 2, 22, 0, 1, NULL, '275000', '', '', '1', '550000', '', '', 4),
(1978, 79, 79, 27, 216, 2025, 8, 112, 1, 3, 2, 22, 0, 1, NULL, '275000', '', '', '1', '550000', '', '', 4),
(1979, 79, 79, 27, 216, 2025, 9, 112, 1, 3, 2, 22, 0, 1, NULL, '275000', '', '', '1', '550000', '', '', 4),
(1980, 79, 79, 27, 216, 2025, 10, 112, 1, 3, 2, 22, 0, 1, NULL, '275000', '', '', '1', '550000', '', '', 4),
(1981, 79, 79, 27, 216, 2025, 11, 112, 1, 3, 2, 22, 0, 1, NULL, '275000', '', '', '1', '550000', '', '', 4),
(1982, 79, 79, 27, 216, 2025, 12, 112, 1, 3, 2, 22, 0, 1, NULL, '275000', '', '', '1', '550000', '', '', 4),
(1983, 79, 79, 27, 217, 2025, 1, 113, 1, 3, 2, 22, 0, 1, NULL, '2750000', '', '', '1', '5500000', '', '', 4),
(1984, 79, 79, 27, 217, 2025, 2, 113, 1, 3, 2, 22, 0, 1, NULL, '2750000', '', '', '1', '5500000', '', '', 4),
(1985, 79, 79, 27, 217, 2025, 3, 113, 1, 3, 2, 22, 0, 1, NULL, '2750000', '', '', '1', '5500000', '', '', 4),
(1986, 79, 79, 27, 217, 2025, 4, 113, 1, 3, 2, 22, 0, 1, NULL, '2750000', '', '', '1', '5500000', '', '', 4),
(1987, 79, 79, 27, 217, 2025, 5, 113, 1, 3, 2, 22, 0, 1, NULL, '2750000', '', '', '1', '5500000', '', '', 4),
(1988, 79, 79, 27, 217, 2025, 6, 113, 1, 3, 2, 22, 0, 1, NULL, '2750000', '', '', '1', '5500000', '', '', 4),
(1989, 79, 79, 27, 217, 2025, 7, 113, 1, 3, 2, 22, 0, 1, NULL, '2750000', '', '', '1', '5500000', '', '', 4),
(1990, 79, 79, 27, 217, 2025, 8, 113, 1, 3, 2, 22, 0, 1, NULL, '2750000', '', '', '1', '5500000', '', '', 4),
(1991, 79, 79, 27, 217, 2025, 9, 113, 1, 3, 2, 22, 0, 1, NULL, '2750000', '', '', '1', '5500000', '', '', 4),
(1992, 79, 79, 27, 217, 2025, 10, 113, 1, 3, 2, 22, 0, 1, NULL, '2750000', '', '', '1', '5500000', '', '', 4),
(1993, 79, 79, 27, 217, 2025, 11, 113, 1, 3, 2, 22, 0, 1, NULL, '2750000', '', '', '1', '5500000', '', '', 4),
(1994, 79, 79, 27, 217, 2025, 12, 113, 1, 3, 2, 22, 0, 1, NULL, '2750000', '', '', '1', '5500000', '', '', 4),
(1995, 79, 79, 27, 218, 2025, 13, 111, 1, 3, 2, 22, 0, 1, NULL, '0', '', 'thr', '1', '0', '', '', 4),
(1996, 79, 79, 27, 219, 2025, 1, 117, 1, 3, 2, 22, 0, 1, NULL, '275000', '', '', '1', '550000', '', '', 4),
(1997, 79, 79, 27, 219, 2025, 2, 117, 1, 3, 2, 22, 0, 1, NULL, '275000', '', '', '1', '550000', '', '', 4),
(1998, 79, 79, 27, 219, 2025, 3, 117, 1, 3, 2, 22, 0, 1, NULL, '275000', '', '', '1', '550000', '', '', 4),
(1999, 79, 79, 27, 219, 2025, 4, 117, 1, 3, 2, 22, 0, 1, NULL, '275000', '', '', '1', '550000', '', '', 4),
(2000, 79, 79, 27, 219, 2025, 5, 117, 1, 3, 2, 22, 0, 1, NULL, '275000', '', '', '1', '550000', '', '', 4),
(2001, 79, 79, 27, 219, 2025, 6, 117, 1, 3, 2, 22, 0, 1, NULL, '275000', '', '', '1', '550000', '', '', 4),
(2002, 79, 79, 27, 219, 2025, 7, 117, 1, 3, 2, 22, 0, 1, NULL, '275000', '', '', '1', '550000', '', '', 4),
(2003, 79, 79, 27, 219, 2025, 8, 117, 1, 3, 2, 22, 0, 1, NULL, '275000', '', '', '1', '550000', '', '', 4),
(2004, 79, 79, 27, 219, 2025, 9, 117, 1, 3, 2, 22, 0, 1, NULL, '275000', '', '', '1', '550000', '', '', 4),
(2005, 79, 79, 27, 219, 2025, 10, 117, 1, 3, 2, 22, 0, 1, NULL, '275000', '', '', '1', '550000', '', '', 4),
(2006, 79, 79, 27, 219, 2025, 11, 117, 1, 3, 2, 22, 0, 1, NULL, '275000', '', '', '1', '550000', '', '', 4),
(2007, 79, 79, 27, 219, 2025, 12, 117, 1, 3, 2, 22, 0, 1, NULL, '275000', '', '', '1', '550000', '', '', 4),
(2008, 58, 80, 29, 226, 2025, 1, 106, 1, 3, 2, 23, 0, 1, '2', '6424000', '', 'default', '1', '12848000', '', '', 4),
(2009, 58, 80, 29, 226, 2025, 2, 106, 1, 3, 2, 23, 0, 1, '2', '6424000', '', 'default', '1', '12848000', '', '', 4),
(2010, 58, 80, 29, 226, 2025, 3, 106, 1, 3, 2, 23, 0, 1, '2', '6424000', '', 'default', '1', '12848000', '', '', 4),
(2011, 58, 80, 29, 226, 2025, 4, 106, 1, 3, 2, 23, 0, 1, '2', '6424000', '', 'default', '1', '12848000', '', '', 4),
(2012, 58, 80, 29, 226, 2025, 5, 106, 1, 3, 2, 23, 0, 1, '2', '6424000', '', 'default', '1', '12848000', '', '', 4),
(2013, 58, 80, 29, 226, 2025, 6, 106, 1, 3, 2, 23, 0, 1, '2', '6424000', '', 'default', '1', '12848000', '', '', 4),
(2014, 58, 80, 29, 226, 2025, 7, 106, 1, 3, 2, 23, 0, 1, '2', '6424000', '', 'default', '1', '12848000', '', '', 4),
(2015, 58, 80, 29, 226, 2025, 8, 106, 1, 3, 2, 23, 0, 1, '2', '6424000', '', 'default', '1', '12848000', '', '', 4),
(2016, 58, 80, 29, 226, 2025, 9, 106, 1, 3, 2, 23, 0, 1, '2', '6424000', '', 'default', '1', '12848000', '', '', 4),
(2017, 58, 80, 29, 226, 2025, 10, 106, 1, 3, 2, 23, 0, 1, '2', '6424000', '', 'default', '1', '12848000', '', '', 4),
(2018, 58, 80, 29, 226, 2025, 11, 106, 1, 3, 2, 23, 0, 1, '2', '6424000', '', 'default', '1', '12848000', '', '', 4),
(2019, 58, 80, 29, 226, 2025, 12, 106, 1, 3, 2, 23, 0, 1, '2', '6424000', '', 'default', '1', '12848000', '', '', 4),
(2020, 58, 80, 29, 227, 2025, 1, 108, 1, 3, 2, 23, 0, 1, NULL, '605000', '', '', '1', '1210000', '', '', 4),
(2021, 58, 80, 29, 227, 2025, 2, 108, 1, 3, 2, 23, 0, 1, NULL, '605000', '', '', '1', '1210000', '', '', 4),
(2022, 58, 80, 29, 227, 2025, 3, 108, 1, 3, 2, 23, 0, 1, NULL, '605000', '', '', '1', '1210000', '', '', 4),
(2023, 58, 80, 29, 227, 2025, 4, 108, 1, 3, 2, 23, 0, 1, NULL, '605000', '', '', '1', '1210000', '', '', 4),
(2024, 58, 80, 29, 227, 2025, 5, 108, 1, 3, 2, 23, 0, 1, NULL, '605000', '', '', '1', '1210000', '', '', 4),
(2025, 58, 80, 29, 227, 2025, 6, 108, 1, 3, 2, 23, 0, 1, NULL, '605000', '', '', '1', '1210000', '', '', 4),
(2026, 58, 80, 29, 227, 2025, 7, 108, 1, 3, 2, 23, 0, 1, NULL, '605000', '', '', '1', '1210000', '', '', 4),
(2027, 58, 80, 29, 227, 2025, 8, 108, 1, 3, 2, 23, 0, 1, NULL, '605000', '', '', '1', '1210000', '', '', 4),
(2028, 58, 80, 29, 227, 2025, 9, 108, 1, 3, 2, 23, 0, 1, NULL, '605000', '', '', '1', '1210000', '', '', 4),
(2029, 58, 80, 29, 227, 2025, 10, 108, 1, 3, 2, 23, 0, 1, NULL, '605000', '', '', '1', '1210000', '', '', 4),
(2030, 58, 80, 29, 227, 2025, 11, 108, 1, 3, 2, 23, 0, 1, NULL, '605000', '', '', '1', '1210000', '', '', 4),
(2031, 58, 80, 29, 227, 2025, 12, 108, 1, 3, 2, 23, 0, 1, NULL, '605000', '', '', '1', '1210000', '', '', 4),
(2032, 58, 80, 29, 228, 2025, 1, 112, 1, 3, 2, 23, 0, 1, NULL, '275000', '', '', '1', '550000', '', '', 4),
(2033, 58, 80, 29, 228, 2025, 2, 112, 1, 3, 2, 23, 0, 1, NULL, '275000', '', '', '1', '550000', '', '', 4),
(2034, 58, 80, 29, 228, 2025, 3, 112, 1, 3, 2, 23, 0, 1, NULL, '275000', '', '', '1', '550000', '', '', 4),
(2035, 58, 80, 29, 228, 2025, 4, 112, 1, 3, 2, 23, 0, 1, NULL, '275000', '', '', '1', '550000', '', '', 4),
(2036, 58, 80, 29, 228, 2025, 5, 112, 1, 3, 2, 23, 0, 1, NULL, '275000', '', '', '1', '550000', '', '', 4),
(2037, 58, 80, 29, 228, 2025, 6, 112, 1, 3, 2, 23, 0, 1, NULL, '275000', '', '', '1', '550000', '', '', 4),
(2038, 58, 80, 29, 228, 2025, 7, 112, 1, 3, 2, 23, 0, 1, NULL, '275000', '', '', '1', '550000', '', '', 4),
(2039, 58, 80, 29, 228, 2025, 8, 112, 1, 3, 2, 23, 0, 1, NULL, '275000', '', '', '1', '550000', '', '', 4),
(2040, 58, 80, 29, 228, 2025, 9, 112, 1, 3, 2, 23, 0, 1, NULL, '275000', '', '', '1', '550000', '', '', 4),
(2041, 58, 80, 29, 228, 2025, 10, 112, 1, 3, 2, 23, 0, 1, NULL, '275000', '', '', '1', '550000', '', '', 4),
(2042, 58, 80, 29, 228, 2025, 11, 112, 1, 3, 2, 23, 0, 1, NULL, '275000', '', '', '1', '550000', '', '', 4),
(2043, 58, 80, 29, 228, 2025, 12, 112, 1, 3, 2, 23, 0, 1, NULL, '275000', '', '', '1', '550000', '', '', 4),
(2044, 58, 80, 29, 229, 2025, 1, 113, 1, 3, 2, 23, 0, 1, NULL, '2750000', '', '', '1', '5500000', '', '', 4),
(2045, 58, 80, 29, 229, 2025, 2, 113, 1, 3, 2, 23, 0, 1, NULL, '2750000', '', '', '1', '5500000', '', '', 4),
(2046, 58, 80, 29, 229, 2025, 3, 113, 1, 3, 2, 23, 0, 1, NULL, '2750000', '', '', '1', '5500000', '', '', 4),
(2047, 58, 80, 29, 229, 2025, 4, 113, 1, 3, 2, 23, 0, 1, NULL, '2750000', '', '', '1', '5500000', '', '', 4),
(2048, 58, 80, 29, 229, 2025, 5, 113, 1, 3, 2, 23, 0, 1, NULL, '2750000', '', '', '1', '5500000', '', '', 4),
(2049, 58, 80, 29, 229, 2025, 6, 113, 1, 3, 2, 23, 0, 1, NULL, '2750000', '', '', '1', '5500000', '', '', 4),
(2050, 58, 80, 29, 229, 2025, 7, 113, 1, 3, 2, 23, 0, 1, NULL, '2750000', '', '', '1', '5500000', '', '', 4),
(2051, 58, 80, 29, 229, 2025, 8, 113, 1, 3, 2, 23, 0, 1, NULL, '2750000', '', '', '1', '5500000', '', '', 4),
(2052, 58, 80, 29, 229, 2025, 9, 113, 1, 3, 2, 23, 0, 1, NULL, '2750000', '', '', '1', '5500000', '', '', 4),
(2053, 58, 80, 29, 229, 2025, 10, 113, 1, 3, 2, 23, 0, 1, NULL, '2750000', '', '', '1', '5500000', '', '', 4),
(2054, 58, 80, 29, 229, 2025, 11, 113, 1, 3, 2, 23, 0, 1, NULL, '2750000', '', '', '1', '5500000', '', '', 4),
(2055, 58, 80, 29, 229, 2025, 12, 113, 1, 3, 2, 23, 0, 1, NULL, '2750000', '', '', '1', '5500000', '', '', 4),
(2056, 58, 80, 29, 230, 2025, 13, 111, 1, 3, 2, 23, 0, 1, NULL, '0', '', 'thr', '1', '0', '', '', 4),
(2057, 58, 80, 29, 231, 2025, 1, 117, 1, 3, 2, 23, 0, 1, NULL, '275000', '', '', '1', '550000', '', '', 4),
(2058, 58, 80, 29, 231, 2025, 2, 117, 1, 3, 2, 23, 0, 1, NULL, '275000', '', '', '1', '550000', '', '', 4),
(2059, 58, 80, 29, 231, 2025, 3, 117, 1, 3, 2, 23, 0, 1, NULL, '275000', '', '', '1', '550000', '', '', 4),
(2060, 58, 80, 29, 231, 2025, 4, 117, 1, 3, 2, 23, 0, 1, NULL, '275000', '', '', '1', '550000', '', '', 4),
(2061, 58, 80, 29, 231, 2025, 5, 117, 1, 3, 2, 23, 0, 1, NULL, '275000', '', '', '1', '550000', '', '', 4),
(2062, 58, 80, 29, 231, 2025, 6, 117, 1, 3, 2, 23, 0, 1, NULL, '275000', '', '', '1', '550000', '', '', 4),
(2063, 58, 80, 29, 231, 2025, 7, 117, 1, 3, 2, 23, 0, 1, NULL, '275000', '', '', '1', '550000', '', '', 4),
(2064, 58, 80, 29, 231, 2025, 8, 117, 1, 3, 2, 23, 0, 1, NULL, '275000', '', '', '1', '550000', '', '', 4),
(2065, 58, 80, 29, 231, 2025, 9, 117, 1, 3, 2, 23, 0, 1, NULL, '275000', '', '', '1', '550000', '', '', 4),
(2066, 58, 80, 29, 231, 2025, 10, 117, 1, 3, 2, 23, 0, 1, NULL, '275000', '', '', '1', '550000', '', '', 4),
(2067, 58, 80, 29, 231, 2025, 11, 117, 1, 3, 2, 23, 0, 1, NULL, '275000', '', '', '1', '550000', '', '', 4),
(2068, 58, 80, 29, 231, 2025, 12, 117, 1, 3, 2, 23, 0, 1, NULL, '275000', '', '', '1', '550000', '', '', 4),
(2069, 55, 81, 26, 208, 2026, 4, 106, 1, 3, 2, 21, 0, 1, '5', '9634000', '', 'default', '1', '48170000', '', '', 5),
(2070, 55, 81, 26, 208, 2026, 5, 106, 1, 3, 2, 21, 0, 1, '5', '9634000', '', 'default', '1', '48170000', '', '', 5),
(2115, 55, 82, 25, 201, 2025, 1, 106, 1, 3, 2, 21, 0, 1, '2', '6424000', '', 'default', '1', '12848000', '', '', 4),
(2116, 55, 82, 25, 201, 2025, 2, 106, 1, 3, 2, 21, 0, 1, '2', '6424000', '', 'default', '1', '12848000', '', '', 4),
(2117, 55, 82, 25, 201, 2025, 3, 106, 1, 3, 2, 21, 0, 1, '2', '6424000', '', 'default', '1', '12848000', '', '', 4),
(2118, 55, 82, 25, 201, 2025, 4, 106, 1, 3, 2, 21, 0, 1, '2', '6424000', '', 'default', '1', '12848000', '', '', 4),
(2119, 55, 82, 25, 201, 2025, 5, 106, 1, 3, 2, 21, 0, 1, '2', '6424000', '', 'default', '1', '12848000', '', '', 4),
(2120, 55, 82, 25, 201, 2025, 6, 106, 1, 3, 2, 21, 0, 1, '2', '6424000', '', 'default', '1', '12848000', '', '', 4),
(2121, 55, 82, 25, 201, 2025, 7, 106, 1, 3, 2, 21, 0, 1, '2', '6424000', '', 'default', '1', '12848000', '', '', 4),
(2122, 55, 82, 25, 201, 2025, 8, 106, 1, 3, 2, 21, 0, 1, '2', '6424000', '', 'default', '1', '12848000', '', '', 4),
(2123, 55, 82, 25, 201, 2025, 9, 106, 1, 3, 2, 21, 0, 1, '2', '6424000', '', 'default', '1', '12848000', '', '', 4),
(2124, 55, 82, 25, 201, 2025, 10, 106, 1, 3, 2, 21, 0, 1, '2', '6424000', '', 'default', '1', '12848000', '', '', 4),
(2125, 55, 82, 25, 201, 2025, 11, 106, 1, 3, 2, 21, 0, 1, '2', '6424000', '', 'default', '1', '12848000', '', '', 4),
(2126, 55, 82, 25, 201, 2025, 12, 106, 1, 3, 2, 21, 0, 1, '2', '6424000', '', 'default', '1', '12848000', '', '', 4),
(2127, 55, 82, 25, 202, 2025, 1, 108, 1, 3, 2, 21, 0, 1, NULL, '605000', '', '', '1', '1210000', '', '', 4),
(2128, 55, 82, 25, 202, 2025, 2, 108, 1, 3, 2, 21, 0, 1, NULL, '605000', '', '', '1', '1210000', '', '', 4),
(2129, 55, 82, 25, 202, 2025, 3, 108, 1, 3, 2, 21, 0, 1, NULL, '605000', '', '', '1', '1210000', '', '', 4),
(2130, 55, 82, 25, 202, 2025, 4, 108, 1, 3, 2, 21, 0, 1, NULL, '605000', '', '', '1', '1210000', '', '', 4),
(2131, 55, 82, 25, 202, 2025, 5, 108, 1, 3, 2, 21, 0, 1, NULL, '605000', '', '', '1', '1210000', '', '', 4),
(2132, 55, 82, 25, 202, 2025, 6, 108, 1, 3, 2, 21, 0, 1, NULL, '605000', '', '', '1', '1210000', '', '', 4),
(2133, 55, 82, 25, 202, 2025, 7, 108, 1, 3, 2, 21, 0, 1, NULL, '605000', '', '', '1', '1210000', '', '', 4),
(2134, 55, 82, 25, 202, 2025, 8, 108, 1, 3, 2, 21, 0, 1, NULL, '605000', '', '', '1', '1210000', '', '', 4),
(2135, 55, 82, 25, 202, 2025, 9, 108, 1, 3, 2, 21, 0, 1, NULL, '605000', '', '', '1', '1210000', '', '', 4),
(2136, 55, 82, 25, 202, 2025, 10, 108, 1, 3, 2, 21, 0, 1, NULL, '605000', '', '', '1', '1210000', '', '', 4),
(2137, 55, 82, 25, 202, 2025, 11, 108, 1, 3, 2, 21, 0, 1, NULL, '605000', '', '', '1', '1210000', '', '', 4),
(2138, 55, 82, 25, 202, 2025, 12, 108, 1, 3, 2, 21, 0, 1, NULL, '605000', '', '', '1', '1210000', '', '', 4),
(2139, 55, 82, 25, 204, 2025, 1, 112, 1, 3, 2, 21, 0, 1, NULL, '275000', '', '', '1', '550000', '', '', 4),
(2140, 55, 82, 25, 204, 2025, 2, 112, 1, 3, 2, 21, 0, 1, NULL, '275000', '', '', '1', '550000', '', '', 4),
(2141, 55, 82, 25, 204, 2025, 3, 112, 1, 3, 2, 21, 0, 1, NULL, '275000', '', '', '1', '550000', '', '', 4),
(2142, 55, 82, 25, 204, 2025, 4, 112, 1, 3, 2, 21, 0, 1, NULL, '275000', '', '', '1', '550000', '', '', 4),
(2143, 55, 82, 25, 204, 2025, 5, 112, 1, 3, 2, 21, 0, 1, NULL, '275000', '', '', '1', '550000', '', '', 4),
(2144, 55, 82, 25, 204, 2025, 6, 112, 1, 3, 2, 21, 0, 1, NULL, '275000', '', '', '1', '550000', '', '', 4),
(2145, 55, 82, 25, 204, 2025, 7, 112, 1, 3, 2, 21, 0, 1, NULL, '275000', '', '', '1', '550000', '', '', 4),
(2146, 55, 82, 25, 204, 2025, 8, 112, 1, 3, 2, 21, 0, 1, NULL, '275000', '', '', '1', '550000', '', '', 4),
(2147, 55, 82, 25, 204, 2025, 9, 112, 1, 3, 2, 21, 0, 1, NULL, '275000', '', '', '1', '550000', '', '', 4),
(2148, 55, 82, 25, 204, 2025, 10, 112, 1, 3, 2, 21, 0, 1, NULL, '275000', '', '', '1', '550000', '', '', 4),
(2149, 55, 82, 25, 204, 2025, 11, 112, 1, 3, 2, 21, 0, 1, NULL, '275000', '', '', '1', '550000', '', '', 4),
(2150, 55, 82, 25, 204, 2025, 12, 112, 1, 3, 2, 21, 0, 1, NULL, '275000', '', '', '1', '550000', '', '', 4),
(2151, 55, 82, 25, 205, 2025, 1, 113, 1, 3, 2, 21, 0, 1, NULL, '2750000', '', '', '1', '5500000', '', '', 4),
(2152, 55, 82, 25, 205, 2025, 2, 113, 1, 3, 2, 21, 0, 1, NULL, '2750000', '', '', '1', '5500000', '', '', 4),
(2153, 55, 82, 25, 205, 2025, 3, 113, 1, 3, 2, 21, 0, 1, NULL, '2750000', '', '', '1', '5500000', '', '', 4),
(2154, 55, 82, 25, 205, 2025, 4, 113, 1, 3, 2, 21, 0, 1, NULL, '2750000', '', '', '1', '5500000', '', '', 4),
(2155, 55, 82, 25, 205, 2025, 5, 113, 1, 3, 2, 21, 0, 1, NULL, '2750000', '', '', '1', '5500000', '', '', 4),
(2156, 55, 82, 25, 205, 2025, 6, 113, 1, 3, 2, 21, 0, 1, NULL, '2750000', '', '', '1', '5500000', '', '', 4),
(2157, 55, 82, 25, 205, 2025, 7, 113, 1, 3, 2, 21, 0, 1, NULL, '2750000', '', '', '1', '5500000', '', '', 4),
(2158, 55, 82, 25, 205, 2025, 8, 113, 1, 3, 2, 21, 0, 1, NULL, '2750000', '', '', '1', '5500000', '', '', 4),
(2159, 55, 82, 25, 205, 2025, 9, 113, 1, 3, 2, 21, 0, 1, NULL, '2750000', '', '', '1', '5500000', '', '', 4),
(2160, 55, 82, 25, 205, 2025, 10, 113, 1, 3, 2, 21, 0, 1, NULL, '2750000', '', '', '1', '5500000', '', '', 4),
(2161, 55, 82, 25, 205, 2025, 11, 113, 1, 3, 2, 21, 0, 1, NULL, '2750000', '', '', '1', '5500000', '', '', 4),
(2162, 55, 82, 25, 205, 2025, 12, 113, 1, 3, 2, 21, 0, 1, NULL, '2750000', '', '', '1', '5500000', '', '', 4),
(2163, 55, 82, 25, 206, 2025, 13, 111, 1, 3, 2, 21, 0, 1, NULL, '0', '', 'thr', '1', '0', '', '', 4),
(2164, 55, 82, 25, 207, 2025, 1, 117, 1, 3, 2, 21, 0, 1, NULL, '275000', '', '', '1', '550000', '', '', 4),
(2165, 55, 82, 25, 207, 2025, 2, 117, 1, 3, 2, 21, 0, 1, NULL, '275000', '', '', '1', '550000', '', '', 4),
(2166, 55, 82, 25, 207, 2025, 3, 117, 1, 3, 2, 21, 0, 1, NULL, '275000', '', '', '1', '550000', '', '', 4),
(2167, 55, 82, 25, 207, 2025, 4, 117, 1, 3, 2, 21, 0, 1, NULL, '275000', '', '', '1', '550000', '', '', 4),
(2168, 55, 82, 25, 207, 2025, 5, 117, 1, 3, 2, 21, 0, 1, NULL, '275000', '', '', '1', '550000', '', '', 4),
(2169, 55, 82, 25, 207, 2025, 6, 117, 1, 3, 2, 21, 0, 1, NULL, '275000', '', '', '1', '550000', '', '', 4),
(2170, 55, 82, 25, 207, 2025, 7, 117, 1, 3, 2, 21, 0, 1, NULL, '275000', '', '', '1', '550000', '', '', 4),
(2171, 55, 82, 25, 207, 2025, 8, 117, 1, 3, 2, 21, 0, 1, NULL, '275000', '', '', '1', '550000', '', '', 4),
(2172, 55, 82, 25, 207, 2025, 9, 117, 1, 3, 2, 21, 0, 1, NULL, '275000', '', '', '1', '550000', '', '', 4),
(2173, 55, 82, 25, 207, 2025, 10, 117, 1, 3, 2, 21, 0, 1, NULL, '275000', '', '', '1', '550000', '', '', 4),
(2174, 55, 82, 25, 207, 2025, 11, 117, 1, 3, 2, 21, 0, 1, NULL, '275000', '', '', '1', '550000', '', '', 4),
(2175, 55, 82, 25, 207, 2025, 12, 117, 1, 3, 2, 21, 0, 1, NULL, '275000', '', '', '1', '550000', '', '', 4);

-- --------------------------------------------------------

--
-- Table structure for table `jurnal_opex`
--

CREATE TABLE `jurnal_opex` (
  `id_jurnal_opex` int(11) NOT NULL,
  `id_opex` int(11) NOT NULL,
  `id_years` int(11) NOT NULL,
  `id_months` int(11) NOT NULL,
  `id_branch` int(11) NOT NULL,
  `id_jenis_pengajuan` int(11) NOT NULL,
  `id_divisi_budget` int(11) NOT NULL,
  `id_department_budget` int(11) NOT NULL,
  `id_m_opex` int(11) NOT NULL,
  `id_account` int(11) NOT NULL,
  `id_user` int(11) NOT NULL,
  `id_currency` int(11) NOT NULL,
  `kurs` varchar(10) NOT NULL,
  `value` varchar(20) NOT NULL,
  `nama_opex` varchar(50) NOT NULL,
  `type` varchar(50) NOT NULL
) ENGINE=InnoDB DEFAULT CHARSET=utf8mb4 COLLATE=utf8mb4_general_ci;

--
-- Dumping data for table `jurnal_opex`
--

INSERT INTO `jurnal_opex` (`id_jurnal_opex`, `id_opex`, `id_years`, `id_months`, `id_branch`, `id_jenis_pengajuan`, `id_divisi_budget`, `id_department_budget`, `id_m_opex`, `id_account`, `id_user`, `id_currency`, `kurs`, `value`, `nama_opex`, `type`) VALUES
(457, 68, 2025, 1, 1, 3, 2, 21, 5, 86, 55, 1, '1', '700000', 'OKKK', 'multiple'),
(458, 68, 2025, 2, 1, 3, 2, 21, 5, 86, 55, 1, '1', '700000', 'OKKK', 'multiple'),
(459, 68, 2025, 3, 1, 3, 2, 21, 5, 86, 55, 1, '1', '700000', 'OKKK', 'multiple'),
(460, 68, 2025, 4, 1, 3, 2, 21, 5, 86, 55, 1, '1', '700000', 'OKKK', 'multiple'),
(461, 68, 2025, 5, 1, 3, 2, 21, 5, 86, 55, 1, '1', '700000', 'OKKK', 'multiple'),
(462, 68, 2025, 6, 1, 3, 2, 21, 5, 86, 55, 1, '1', '700000', 'OKKK', 'multiple'),
(463, 68, 2025, 7, 1, 3, 2, 21, 5, 86, 55, 1, '1', '700000', 'OKKK', 'multiple'),
(464, 68, 2025, 8, 1, 3, 2, 21, 5, 86, 55, 1, '1', '700000', 'OKKK', 'multiple'),
(465, 68, 2025, 9, 1, 3, 2, 21, 5, 86, 55, 1, '1', '700000', 'OKKK', 'multiple'),
(466, 68, 2025, 10, 1, 3, 2, 21, 5, 86, 55, 1, '1', '700000', 'OKKK', 'multiple'),
(467, 68, 2025, 11, 1, 3, 2, 21, 5, 86, 55, 1, '1', '700000', 'OKKK', 'multiple'),
(468, 68, 2025, 12, 1, 3, 2, 21, 5, 86, 55, 1, '1', '700000', 'OKKK', 'multiple'),
(469, 69, 2025, 1, 1, 3, 2, 24, 13, 94, 55, 1, '1', '700000', 'OKKK', 'multiple'),
(470, 69, 2025, 2, 1, 3, 2, 24, 13, 94, 55, 1, '1', '700000', 'OKKK', 'multiple'),
(471, 69, 2025, 3, 1, 3, 2, 24, 13, 94, 55, 1, '1', '700000', 'OKKK', 'multiple'),
(472, 69, 2025, 4, 1, 3, 2, 24, 13, 94, 55, 1, '1', '700000', 'OKKK', 'multiple'),
(473, 69, 2025, 5, 1, 3, 2, 24, 13, 94, 55, 1, '1', '700000', 'OKKK', 'multiple'),
(474, 69, 2025, 6, 1, 3, 2, 24, 13, 94, 55, 1, '1', '700000', 'OKKK', 'multiple'),
(475, 69, 2025, 7, 1, 3, 2, 24, 13, 94, 55, 1, '1', '700000', 'OKKK', 'multiple'),
(476, 69, 2025, 8, 1, 3, 2, 24, 13, 94, 55, 1, '1', '700000', 'OKKK', 'multiple'),
(477, 69, 2025, 9, 1, 3, 2, 24, 13, 94, 55, 1, '1', '700000', 'OKKK', 'multiple'),
(478, 69, 2025, 10, 1, 3, 2, 24, 13, 94, 55, 1, '1', '700000', 'OKKK', 'multiple'),
(479, 69, 2025, 11, 1, 3, 2, 24, 13, 94, 55, 1, '1', '700000', 'OKKK', 'multiple'),
(480, 69, 2025, 12, 1, 3, 2, 24, 13, 94, 55, 1, '1', '700000', 'OKKK', 'multiple');

-- --------------------------------------------------------

--
-- Table structure for table `jurnal_stok`
--

CREATE TABLE `jurnal_stok` (
  `id_jurnal_stok` int(11) NOT NULL,
  `id_budget_stok` int(11) NOT NULL,
  `id_budget_sss` int(11) NOT NULL,
  `id_budget` int(11) NOT NULL,
  `id_years` int(11) NOT NULL,
  `id_months` int(11) NOT NULL,
  `id_jenis_pengajuan` int(11) NOT NULL,
  `id_divisi_budget` int(11) NOT NULL,
  `id_department_budget` int(11) NOT NULL,
  `id_branch` int(11) NOT NULL,
  `id_brand` int(11) NOT NULL,
  `id_p_group` int(11) NOT NULL,
  `id_item_group` int(11) NOT NULL,
  `nama_budget_sss` varchar(100) NOT NULL,
  `id_uniq` varchar(50) NOT NULL,
  `id_user` varchar(11) NOT NULL,
  `harga_beli` varchar(20) NOT NULL,
  `harga_jual` varchar(20) NOT NULL,
  `qty` varchar(20) NOT NULL,
  `diskon` varchar(20) NOT NULL,
  `kurs` varchar(20) NOT NULL,
  `total_c_budget` varchar(20) NOT NULL,
  `id_currency` int(11) NOT NULL
) ENGINE=InnoDB DEFAULT CHARSET=utf8mb4 COLLATE=utf8mb4_general_ci;

--
-- Dumping data for table `jurnal_stok`
--

INSERT INTO `jurnal_stok` (`id_jurnal_stok`, `id_budget_stok`, `id_budget_sss`, `id_budget`, `id_years`, `id_months`, `id_jenis_pengajuan`, `id_divisi_budget`, `id_department_budget`, `id_branch`, `id_brand`, `id_p_group`, `id_item_group`, `nama_budget_sss`, `id_uniq`, `id_user`, `harga_beli`, `harga_jual`, `qty`, `diskon`, `kurs`, `total_c_budget`, `id_currency`) VALUES
(204, 17, 0, 0, 2025, 1, 3, 1, 12, 2, 1, 8, 56, '', '', '56', '430000000', '0', '80', '', '1', '0', 1),
(205, 17, 0, 0, 2025, 2, 3, 1, 12, 2, 1, 8, 56, '', '', '56', '430000000', '0', '80', '', '1', '0', 1),
(206, 17, 0, 0, 2025, 3, 3, 1, 12, 2, 1, 8, 56, '', '', '56', '430000000', '0', '80', '', '1', '0', 1),
(207, 17, 0, 0, 2025, 4, 3, 1, 12, 2, 1, 8, 56, '', '', '56', '430000000', '0', '80', '', '1', '0', 1),
(208, 17, 0, 0, 2025, 5, 3, 1, 12, 2, 1, 8, 56, '', '', '56', '430000000', '0', '80', '', '1', '0', 1),
(209, 17, 0, 0, 2025, 6, 3, 1, 12, 2, 1, 8, 56, '', '', '56', '430000000', '0', '80', '', '1', '0', 1),
(210, 17, 0, 0, 2025, 7, 3, 1, 12, 2, 1, 8, 56, '', '', '56', '430000000', '0', '80', '', '1', '0', 1),
(211, 17, 0, 0, 2025, 8, 3, 1, 12, 2, 1, 8, 56, '', '', '56', '430000000', '0', '80', '', '1', '0', 1),
(212, 17, 0, 0, 2025, 9, 3, 1, 12, 2, 1, 8, 56, '', '', '56', '430000000', '0', '80', '', '1', '0', 1),
(213, 17, 0, 0, 2025, 10, 3, 1, 12, 2, 1, 8, 56, '', '', '56', '430000000', '0', '80', '', '1', '0', 1),
(214, 17, 0, 0, 2025, 11, 3, 1, 12, 2, 1, 8, 56, '', '', '56', '430000000', '0', '80', '', '1', '0', 1),
(215, 17, 0, 0, 2025, 12, 3, 1, 12, 2, 1, 8, 56, '', '', '56', '430000000', '0', '80', '', '1', '0', 1),
(338, 0, 93, 0, 2025, 1, 3, 1, 11, 3, 1, 16, 32, '', '', '59', '4728758707', '5150000000', '-2', '', '1', '0', 1),
(339, 0, 93, 0, 2025, 2, 3, 1, 11, 3, 1, 16, 32, '', '', '59', '4728758707', '5150000000', '-2', '', '1', '0', 1),
(340, 0, 93, 0, 2025, 3, 3, 1, 11, 3, 1, 16, 32, '', '', '59', '4728758707', '5150000000', '-2', '', '1', '0', 1),
(341, 0, 93, 0, 2025, 4, 3, 1, 11, 3, 1, 16, 32, '', '', '59', '4728758707', '5150000000', '-2', '', '1', '0', 1),
(342, 0, 93, 0, 2025, 5, 3, 1, 11, 3, 1, 16, 32, '', '', '59', '4728758707', '5150000000', '-2', '', '1', '0', 1),
(343, 0, 93, 0, 2025, 6, 3, 1, 11, 3, 1, 16, 32, '', '', '59', '4728758707', '5150000000', '-2', '', '1', '0', 1),
(344, 0, 93, 0, 2025, 7, 3, 1, 11, 3, 1, 16, 32, '', '', '59', '4728758707', '5150000000', '-2', '', '1', '0', 1),
(345, 0, 93, 0, 2025, 8, 3, 1, 11, 3, 1, 16, 32, '', '', '59', '4728758707', '5150000000', '-2', '', '1', '0', 1),
(346, 0, 93, 0, 2025, 9, 3, 1, 11, 3, 1, 16, 32, '', '', '59', '4728758707', '5150000000', '-2', '', '1', '0', 1),
(347, 0, 93, 0, 2025, 10, 3, 1, 11, 3, 1, 16, 32, '', '', '59', '4728758707', '5150000000', '-2', '', '1', '0', 1),
(348, 0, 93, 0, 2025, 11, 3, 1, 11, 3, 1, 16, 32, '', '', '59', '4728758707', '5150000000', '-2', '', '1', '0', 1),
(349, 0, 93, 0, 2025, 12, 3, 1, 11, 3, 1, 16, 32, '', '', '59', '4728758707', '5150000000', '-2', '', '1', '0', 1),
(350, 0, 94, 0, 2025, 1, 3, 1, 12, 2, 1, 8, 56, '', '', '56', '40000000', '80000000', '-2', '', '1', '6.4', 1),
(351, 0, 94, 0, 2025, 2, 3, 1, 12, 2, 1, 8, 56, '', '', '56', '40000000', '80000000', '-2', '', '1', '6.4', 1),
(352, 0, 94, 0, 2025, 3, 3, 1, 12, 2, 1, 8, 56, '', '', '56', '40000000', '80000000', '-2', '', '1', '6.4', 1),
(353, 0, 94, 0, 2025, 4, 3, 1, 12, 2, 1, 8, 56, '', '', '56', '40000000', '80000000', '-2', '', '1', '6.4', 1),
(354, 0, 94, 0, 2025, 5, 3, 1, 12, 2, 1, 8, 56, '', '', '56', '40000000', '80000000', '-2', '', '1', '6.4', 1),
(355, 0, 94, 0, 2025, 6, 3, 1, 12, 2, 1, 8, 56, '', '', '56', '40000000', '80000000', '-2', '', '1', '6.4', 1),
(356, 0, 94, 0, 2025, 7, 3, 1, 12, 2, 1, 8, 56, '', '', '56', '40000000', '80000000', '-2', '', '1', '6.4', 1),
(357, 0, 94, 0, 2025, 8, 3, 1, 12, 2, 1, 8, 56, '', '', '56', '40000000', '80000000', '-2', '', '1', '6.4', 1),
(358, 0, 94, 0, 2025, 9, 3, 1, 12, 2, 1, 8, 56, '', '', '56', '40000000', '80000000', '-2', '', '1', '6.4', 1),
(359, 0, 94, 0, 2025, 10, 3, 1, 12, 2, 1, 8, 56, '', '', '56', '40000000', '80000000', '-2', '', '1', '6.4', 1),
(360, 0, 94, 0, 2025, 11, 3, 1, 12, 2, 1, 8, 56, '', '', '56', '40000000', '80000000', '-2', '', '1', '6.4', 1),
(361, 0, 94, 0, 2025, 12, 3, 1, 12, 2, 1, 8, 56, '', '', '56', '40000000', '80000000', '-2', '', '1', '6.4', 1),
(362, 0, 95, 0, 2025, 1, 3, 1, 11, 3, 4, 11, 19, '', '', '59', '576573000', '681000000', '-12', '', '1', '0', 1),
(363, 0, 95, 0, 2025, 2, 3, 1, 11, 3, 4, 11, 19, '', '', '59', '576573000', '681000000', '-12', '', '1', '0', 1),
(364, 0, 95, 0, 2025, 3, 3, 1, 11, 3, 4, 11, 19, '', '', '59', '576573000', '681000000', '-12', '', '1', '0', 1),
(365, 0, 95, 0, 2025, 4, 3, 1, 11, 3, 4, 11, 19, '', '', '59', '576573000', '681000000', '-12', '', '1', '0', 1),
(366, 0, 95, 0, 2025, 5, 3, 1, 11, 3, 4, 11, 19, '', '', '59', '576573000', '681000000', '-12', '', '1', '0', 1),
(367, 0, 95, 0, 2025, 6, 3, 1, 11, 3, 4, 11, 19, '', '', '59', '576573000', '681000000', '-12', '', '1', '0', 1),
(368, 0, 95, 0, 2025, 7, 3, 1, 11, 3, 4, 11, 19, '', '', '59', '576573000', '681000000', '-12', '', '1', '0', 1),
(369, 0, 95, 0, 2025, 8, 3, 1, 11, 3, 4, 11, 19, '', '', '59', '576573000', '681000000', '-12', '', '1', '0', 1),
(370, 0, 95, 0, 2025, 9, 3, 1, 11, 3, 4, 11, 19, '', '', '59', '576573000', '681000000', '-12', '', '1', '0', 1),
(371, 0, 95, 0, 2025, 10, 3, 1, 11, 3, 4, 11, 19, '', '', '59', '576573000', '681000000', '-12', '', '1', '0', 1),
(372, 0, 95, 0, 2025, 11, 3, 1, 11, 3, 4, 11, 19, '', '', '59', '576573000', '681000000', '-12', '', '1', '0', 1),
(373, 0, 95, 0, 2025, 12, 3, 1, 11, 3, 4, 11, 19, '', '', '59', '576573000', '681000000', '-12', '', '1', '0', 1);

-- --------------------------------------------------------

--
-- Table structure for table `lbpd`
--

CREATE TABLE `lbpd` (
  `id_lbpd` int(11) NOT NULL,
  `id_sppd` int(11) NOT NULL,
  `id_department_budget` int(11) NOT NULL,
  `id_tg` varchar(11) DEFAULT NULL,
  `tgl` timestamp NOT NULL DEFAULT current_timestamp() ON UPDATE current_timestamp(),
  `id_user` varchar(11) NOT NULL,
  `id_employee` varchar(11) NOT NULL,
  `id_tt` varchar(11) NOT NULL,
  `id_jenis_pengajuan` varchar(11) NOT NULL,
  `id_devisi` varchar(11) NOT NULL,
  `id_departement` varchar(11) NOT NULL,
  `id_app` varchar(11) NOT NULL,
  `id_region` varchar(11) NOT NULL,
  `id_city` varchar(11) NOT NULL,
  `id_cost` varchar(11) NOT NULL,
  `id_grade` varchar(11) NOT NULL,
  `id_plafon` varchar(11) NOT NULL,
  `id_currency` varchar(11) NOT NULL,
  `sub` varchar(500) NOT NULL,
  `status` enum('Draft','waiting','approved','rejected','recheck','confirmed','closed') NOT NULL,
  `date` datetime NOT NULL,
  `time_in` time NOT NULL,
  `time_out` time NOT NULL,
  `fleg` varchar(100) NOT NULL,
  `id_uniq` varchar(100) NOT NULL,
  `id_uniq1` varchar(20) NOT NULL,
  `date_in` date NOT NULL,
  `date_out` date NOT NULL,
  `id_user_hr` varchar(11) NOT NULL,
  `id_hrga_sppd` varchar(11) NOT NULL,
  `id_hrga_lbpd` varchar(11) NOT NULL,
  `id_user_acc` varchar(11) NOT NULL,
  `id_acc_sppd` varchar(11) NOT NULL,
  `id_acc_lbpd` varchar(11) NOT NULL,
  `cal_date` varchar(11) NOT NULL,
  `cal_time` varchar(11) NOT NULL,
  `follower` varchar(100) NOT NULL,
  `kurs` varchar(50) NOT NULL,
  `datetime` datetime NOT NULL,
  `total_transfer` varchar(20) NOT NULL,
  `total_saku` varchar(20) DEFAULT NULL,
  `total_amount` varchar(20) DEFAULT NULL,
  `manual_time` varchar(50) NOT NULL
) ENGINE=InnoDB DEFAULT CHARSET=utf8mb4 COLLATE=utf8mb4_general_ci;

--
-- Dumping data for table `lbpd`
--

INSERT INTO `lbpd` (`id_lbpd`, `id_sppd`, `id_department_budget`, `id_tg`, `tgl`, `id_user`, `id_employee`, `id_tt`, `id_jenis_pengajuan`, `id_devisi`, `id_departement`, `id_app`, `id_region`, `id_city`, `id_cost`, `id_grade`, `id_plafon`, `id_currency`, `sub`, `status`, `date`, `time_in`, `time_out`, `fleg`, `id_uniq`, `id_uniq1`, `date_in`, `date_out`, `id_user_hr`, `id_hrga_sppd`, `id_hrga_lbpd`, `id_user_acc`, `id_acc_sppd`, `id_acc_lbpd`, `cal_date`, `cal_time`, `follower`, `kurs`, `datetime`, `total_transfer`, `total_saku`, `total_amount`, `manual_time`) VALUES
(5, 51, 0, '14', '2025-06-25 06:33:53', '49', '30', '18', '3', '37', '5', '361', '2', '13', '3', '7', '113', '1', 'ok', 'waiting', '0000-00-00 00:00:00', '14:23:00', '02:23:00', '', '0051', '0001', '2025-06-09', '2025-06-11', '49', '', '14', '49', '', '57', '3', '4', 'ok', '1', '2025-06-05 07:23:00', '672545', 'Rp 90.000', 'Rp 192.000', ''),
(7, 51, 0, '14', '2025-06-25 06:33:53', '49', '30', '17', '3', '37', '5', '0', '2', '13', '3', '7', '113', '1', 'ok', 'waiting', '0000-00-00 00:00:00', '14:23:00', '02:23:00', '', '0051', '0001', '2025-06-09', '2025-06-11', '49', '', '12', '49', '', '57', '3', '4', 'ok', '1', '2025-06-05 07:23:00', '672545', 'Rp 90.000', 'Rp 192.000', ''),
(8, 49, 0, '13', '2025-06-25 06:24:50', '49', '28', '17', '3', '37', '5', '359', '2', '40', '3', '7', '200', '1', 'Oke ya', 'Draft', '0000-00-00 00:00:00', '08:55:00', '20:55:00', '', '0049', '0002', '2025-06-05', '2025-06-07', '', '', '', '', '', '55', '3', '8', 'Oke ya', '1', '2025-06-05 01:55:00', 'Rp 474.000 + Rp 300.', 'Rp 90.000', 'Rp 384.000', ''),
(9, 54, 0, '13', '2025-07-09 07:39:49', '49', '30', '18', '3', '37', '5', '361', '2', '23', '3', '7', '113', '1', 'Oke aja gw', 'waiting', '0000-00-00 00:00:00', '13:39:00', '01:39:00', '', '0054', '0003', '2025-06-10', '2025-06-13', '49', '', '15', '49', '', '75', '4', '7', 'Oke aja gw', '1', '2025-06-10 06:39:00', '471000', 'Rp 135.000', 'Rp 336.000', ''),
(10, 55, 0, '13', '2025-06-26 06:32:30', '49', '30', '18', '3', '37', '5', '361', '2', '28', '3', '7', '113', '1', 'Tess', 'approved', '0000-00-00 00:00:00', '14:47:00', '02:47:00', '', '0055', '0004', '2025-06-10', '2025-06-18', '49', '', '16', '49', '', '60', '9', '21', 'ok', '1', '2025-06-10 07:46:00', '1416000', 'Rp 360.000', 'Rp 1.008.000', ''),
(11, 56, 0, '13', '2025-07-09 07:33:56', '49', '30', '18', '3', '37', '5', '361', '2', '28', '3', '7', '113', '1', 'TESSS LAGI', 'approved', '0000-00-00 00:00:00', '15:03:00', '03:03:00', '', '0056', '0005', '2025-06-10', '2025-06-13', '49', '', '17', '49', '', '73', '4', '6', 'OK', '1', '2025-06-10 08:02:00', '471000', 'Rp 135.000', 'Rp 288.000', '6'),
(12, 43, 0, '13', '2025-06-24 07:11:41', '49', '28', '18', '3', '37', '5', '361', '2', '40', '3', '7', '113', '1', 'MASIH TES UNTUK LBPD', 'waiting', '0000-00-00 00:00:00', '09:55:00', '21:55:00', '', '0043', '0006', '2025-06-04', '2025-06-07', '49', '', '24', '49', '', '49', '4', '11', 'MASIH TES UNTUK LBPD', '1', '2025-06-04 02:54:00', 'Rp 663.000 + Rp 0 = ', 'Rp 135.000', 'Rp 528.000', '11'),
(13, 57, 0, '13', '2025-07-09 07:31:30', '49', '30', '18', '3', '37', '5', '361', '2', '40', '3', '7', '113', '1', 'OKE OCE', 'approved', '0000-00-00 00:00:00', '17:05:00', '05:05:00', '', '0057', '0007', '2025-06-10', '2025-06-12', '49', '', '18', '49', '', '71', '3', '3', 'OK', '1', '2025-06-10 10:05:00', '282000', 'Rp 90.000', 'Rp 144.000', '3'),
(14, 58, 0, '13', '2025-07-09 07:22:40', '49', '30', '18', '3', '37', '5', '361', '2', '28', '3', '7', '113', '1', 'dsfsfdsf', 'approved', '0000-00-00 00:00:00', '17:09:00', '05:09:00', '', '0058', '0008', '2025-06-10', '2025-06-13', '49', '', '19', '49', '', '69', '4', '6', 'dsfdsfds', '1', '2025-06-10 10:09:00', '471000', 'Rp 135.000', 'Rp 288.000', '6'),
(15, 59, 0, '13', '2025-07-09 07:21:55', '49', '28', '18', '3', '37', '5', '361', '2', '28', '3', '7', '113', '1', 'okkkk', 'approved', '0000-00-00 00:00:00', '17:13:00', '05:13:00', '', '0059', '0009', '2025-06-10', '2025-06-14', '49', '', '20', '49', '', '67', '5', '9', 'okkk', '1', '2025-06-10 10:12:00', '660000', 'Rp 180.000', 'Rp 432.000', '9'),
(16, 2, 0, '13', '2025-06-13 07:51:48', '49', '28', '18', '3', '37', '5', '361', '2', '13', '3', '7', '113', '1', 'TESS', 'approved', '0000-00-00 00:00:00', '08:53:00', '20:54:00', '', '0002', '0010', '2025-06-13', '2025-06-15', '49', '', '21', '49', '', '', '3', '6', '', '1', '2025-06-13 01:43:00', '474000', 'Rp 90.000', 'Rp 288.000', '6'),
(18, 7, 0, '13', '2025-06-13 07:36:05', '49', '28', '18', '3', '37', '5', '361', '2', '25', '3', '7', '113', '1', 'Awal dari semuanya ini', 'approved', '0000-00-00 00:00:00', '09:29:00', '21:29:00', '', '0007', '0011', '2025-06-13', '2025-06-16', '49', '', '22', '49', '', '', '4', '11', 'ok', '1', '2025-06-13 02:24:00', '711000', 'Rp 135.000', 'Rp 528.000', '11'),
(19, 6, 0, '13', '2025-06-13 07:41:55', '49', '28', '18', '3', '37', '5', '361', '2', '28', '3', '7', '113', '1', 'oke', 'approved', '0000-00-00 00:00:00', '09:22:00', '21:22:00', '', '0006', '0012', '2025-06-13', '2025-06-17', '49', '', '23', '49', '', '', '5', '14', 'ok', '1', '2025-06-13 02:22:00', '912000', 'Rp 180.000', 'Rp 672.000', '14'),
(20, 8, 0, '14', '2025-06-19 04:35:40', '49', '28', '18', '3', '37', '5', '361', '2', '26', '3', '7', '113', '1', 'TESS SEMUA NYA BOSSSSS', 'closed', '0000-00-00 00:00:00', '16:03:00', '04:03:00', '', '0008', '0013', '2025-06-13', '2025-06-16', '49', '', '25', '49', '', '', '4', '7', 'TESS SEMUA NYA BOSSSSS', '1', '2025-06-13 09:02:00', '471000', 'Rp 135.000', 'Rp 336.000', '7'),
(21, 9, 0, '14', '2025-06-18 08:18:32', '49', '28', '18', '3', '37', '5', '361', '2', '25', '3', '7', '113', '1', 'KU MAU CINTA YESUS SELAMA NYA', 'closed', '0000-00-00 00:00:00', '08:01:00', '20:01:00', '', '0009', '0014', '2025-06-18', '2025-06-21', '49', '', '26', '49', '', '', '4', '11', 'KU MAU CINTA YESUS SELAMA NYA', '1', '2025-06-18 01:00:00', '1473000', 'Rp 135.000', 'Rp 528.000', '11'),
(22, 10, 0, '14', '2025-06-18 09:36:16', '49', '28', '18', '3', '37', '5', '361', '2', '28', '3', '7', '113', '1', 'TESSS', 'waiting', '0000-00-00 00:00:00', '16:28:00', '04:28:00', '', '0010', '0015', '2025-06-18', '2025-06-21', '49', '', '27', '49', '', '', '4', '7', 'TESSS', '1', '2025-06-18 09:28:00', '471000', 'Rp 135.000', 'Rp 336.000', '7'),
(23, 11, 0, '14', '2025-06-18 09:49:33', '49', '28', '18', '3', '37', '5', '361', '2', '23', '3', '7', '113', '1', 'TES TERAKHIR SEBELUM PULANG', 'closed', '0000-00-00 00:00:00', '16:45:00', '04:45:00', '', '0011', '0016', '2025-06-18', '2025-06-21', '49', '', '28', '49', '', '24', '4', '7', 'TES TERAKHIR SEBELUM PULANG', '1', '2025-06-18 09:45:00', '471000', 'Rp 135.000', 'Rp 336.000', '7'),
(24, 12, 0, '14', '2025-06-19 02:00:17', '49', '28', '18', '3', '37', '5', '361', '7', '36', '3', '7', '149', '3', 'AYOK KITA COBA SAMPE DI CLOSED', 'closed', '0000-00-00 00:00:00', '08:35:00', '20:35:00', '', '0012', '0017', '2025-06-19', '2025-06-21', '49', '', '29', '49', '', '25', '3', '8', 'AYOK KITA COBA SAMPE DI CLOSED', '16000', '2025-06-19 01:33:00', '4610000', 'Rp 1.600.000', 'Rp 2.560.000', '8'),
(25, 13, 0, '14', '2025-06-19 03:51:08', '49', '28', '18', '3', '37', '5', '361', '1', '7', '3', '7', '95', '1', 'UJI COBA RECHECK DI LBPD', 'waiting', '0000-00-00 00:00:00', '09:22:00', '21:22:00', '2', '0013', '0018', '2025-06-19', '2025-06-22', '49', '', '31', '49', '', '27', '4', '11', 'UJI COBA RECHECK DI LBPD', '1', '2025-06-19 02:05:00', '930000', 'Rp 135.000', 'Rp 440.000', '11'),
(26, 15, 0, '14', '2025-06-19 06:12:42', '49', '28', '18', '3', '37', '5', '361', '2', '28', '3', '7', '113', '1', 'ULANGI LAGI', 'waiting', '0000-00-00 00:00:00', '11:51:00', '23:51:00', '2', '0015', '0019', '2025-06-19', '2025-06-21', '49', '', '33', '49', '', '29', '3', '8', 'ULANGI LAGI', '1', '2025-06-19 04:50:00', '474000', 'Rp 90.000', 'Rp 384.000', '8'),
(27, 14, 0, '14', '2025-06-19 06:16:06', '49', '28', '18', '3', '37', '5', '361', '1', '16', '3', '7', '95', '1', 'tesss', 'recheck', '0000-00-00 00:00:00', '10:59:00', '22:59:00', '2', '0014', '0020', '2025-06-19', '2025-06-21', '49', '', '34', '49', '', '30', '3', '8', 'okk', '1', '2025-06-19 03:58:00', '410000', 'Rp 90.000', 'Rp 320.000', '8'),
(28, 16, 0, '14', '2025-07-09 07:41:06', '49', '28', '18', '3', '37', '5', '361', '2', '26', '3', '7', '113', '1', 'OK', 'waiting', '0000-00-00 00:00:00', '06:18:00', '13:18:00', '', '0016', '0021', '2025-06-19', '2025-06-19', '49', '', '80', '49', '', '76', '1', '3', 'OK', '1', '2025-06-19 06:17:00', '', 'Rp 0', 'Rp 144.000', '3'),
(29, 17, 0, '14', '2025-07-09 09:21:43', '49', '28', '18', '3', '37', '5', '361', '2', '27', '3', '7', '113', '1', 'TESSS', 'closed', '0000-00-00 00:00:00', '13:39:00', '01:39:00', '', '0017', '0022', '2025-06-19', '2025-06-27', '49', '', '35', '49', '', '31', '9', '22', '', '1', '2025-06-19 06:39:00', '1416000', 'Rp 360.000', 'Rp 1.056.000', '22'),
(30, 21, 0, '14', '2025-07-09 09:20:04', '49', '28', '18', '3', '37', '5', '361', '2', '26', '3', '7', '113', '1', 'OKK', 'closed', '0000-00-00 00:00:00', '13:47:00', '01:47:00', '2', '0021', '0023', '2025-06-19', '2025-06-23', '49', '', '37', '49', '', '33', '5', '10', 'OKK', '1', '2025-06-19 06:46:00', '660000', 'Rp 180.000', 'Rp 480.000', '10'),
(31, 23, 0, '14', '2025-06-19 07:54:24', '49', '28', '18', '3', '37', '5', '361', '1', '7', '3', '7', '95', '1', 'ok', 'waiting', '0000-00-00 00:00:00', '14:39:00', '02:39:00', '2', '0023', '0024', '2025-06-19', '2025-06-25', '49', '', '41', '49', '', '37', '7', '16', 'okkk', '1', '2025-06-19 07:38:00', '910000', 'Rp 270.000', 'Rp 640.000', '16'),
(54, 45, 0, '14', '2025-07-09 07:39:49', '49', '28', '18', '3', '37', '5', '361', '2', '25', '3', '7', '113', '1', 'TESS', 'waiting', '0000-00-00 00:00:00', '11:42:00', '23:42:00', '', '0045', '0025', '2025-06-26', '2025-06-28', '49', '', '79', '49', '', '75', '3', '8', 'TESS', '1', '2025-06-26 04:42:00', '474000', 'Rp 90.000', 'Rp 384.000', '8'),
(55, 46, 0, '14', '2025-07-09 09:02:09', '49', '28', '18', '3', '37', '5', '361', '1', '3', '3', '7', '95', '1', 'TES LAGI LANJUTAN 0001', 'closed', '0000-00-00 00:00:00', '13:18:00', '01:18:00', '2', '0046', '0026', '2025-06-26', '2025-06-28', '49', '', '64', '49', '', '60', '3', '4', 'TES LAGI LANJUTAN 0001', '1', '2025-06-26 06:11:00', '250000', 'Rp 90.000', 'Rp 160.000', '4'),
(56, 49, 0, '14', '2025-07-09 07:33:56', '49', '28', '18', '3', '37', '5', '361', '2', '28', '3', '7', '113', '1', 'tes lagi ya', 'waiting', '0000-00-00 00:00:00', '10:08:00', '22:09:00', '', '0049', '0027', '2025-06-30', '2025-07-03', '49', '', '77', '49', '', '73', '4', '11', 'tes lagi ya', '1', '2025-06-30 03:01:00', '663000', 'Rp 135.000', 'Rp 528.000', '11'),
(57, 57, 0, '14', '2025-07-09 07:31:30', '49', '28', '18', '3', '37', '5', '361', '2', '40', '3', '7', '113', '1', 'gdgdg', 'waiting', '0000-00-00 00:00:00', '12:01:00', '12:01:00', '', '0057', '0028', '2025-06-30', '2025-07-02', '49', '', '75', '49', '', '71', '3', '6', 'sg', '1', '2025-06-30 05:01:00', '378000', 'Rp 90.000', 'Rp 288.000', '6'),
(58, 58, 0, '14', '2025-07-09 07:22:40', '49', '28', '18', '3', '37', '5', '361', '2', '25', '3', '7', '113', '1', 'TES YA SEMUA 0001', 'waiting', '0000-00-00 00:00:00', '13:22:00', '01:22:00', '', '0058', '0029', '2025-06-30', '2025-07-03', '49', '', '73', '49', '', '69', '4', '7', 'TES YA SEMUA 0001', '1', '2025-06-30 06:22:00', '1994000', 'Rp 135.000', 'Rp 336.000', '7'),
(59, 75, 0, '14', '2025-07-11 10:14:28', '49', '28', '18', '3', '37', '5', '361', '1', '16', '3', '7', '95', '1', 'Tes', 'waiting', '0000-00-00 00:00:00', '13:58:00', '01:58:00', '', '0073', '0030', '2025-07-01', '2025-07-05', '49', '', '71', '49', '', '103', '5', '10', 'Tes', '1', '2025-07-01 06:40:00', '1480000', 'Rp 180.000', 'Rp 400.000', '10'),
(60, 85, 0, '14', '2025-09-15 04:09:37', '49', '28', '18', '3', '37', '5', '361', '1', '16', '3', '7', '95', '1', 'Tes', 'waiting', '0000-00-00 00:00:00', '06:18:00', '20:00:00', '', '0083', '0031', '2025-07-02', '2025-07-02', '49', '', '69', '49', '', '119', '1', '3', 'ok', '1', '2025-07-02 02:54:00', '575000', 'Rp 0', 'Rp 120.000', '3'),
(61, 86, 0, '14', '2025-07-09 07:20:18', '49', '28', '18', '3', '37', '5', '361', '1', '5', '3', '7', '95', '1', 'Tes ya', 'waiting', '0000-00-00 00:00:00', '06:59:00', '19:00:00', '2', '0084', '0032', '2025-07-09', '2025-07-10', '49', '', '70', '49', '', '66', '2', '5', 'ok', '1', '2025-07-09 01:35:00', '2342500', 'Rp 45.000', 'Rp 200.000', '5'),
(62, 76, 0, '14', '2025-07-11 10:18:19', '49', '28', '18', '3', '37', '5', '361', '1', '7', '3', '7', '95', '1', 'KITA UJI COBA LAGI YA', 'closed', '0000-00-00 00:00:00', '08:18:00', '19:00:00', '', '0074', '0033', '2025-07-02', '2025-07-05', '49', '', '82', '49', '', '106', '4', '10', 'TES', '1', '2025-07-02 01:17:00', '1025000', 'Rp 135.000', 'Rp 400.000', '10'),
(63, 74, 0, '14', '2025-07-11 10:07:31', '49', '28', '18', '3', '37', '5', '361', '2', '26', '3', '7', '113', '1', 'dsfdsf', 'closed', '0000-00-00 00:00:00', '06:42:00', '20:00:00', '', '0072', '0034', '2025-07-01', '2025-07-01', '49', '', '84', '49', '', '101', '1', '3', 'dfdf', '1', '2025-07-01 02:42:00', '663000', 'Rp 0', 'Rp 144.000', '3'),
(64, 73, 0, '14', '2025-07-11 10:02:03', '49', '28', '18', '3', '37', '5', '361', '2', '28', '3', '7', '113', '1', 'Tess ', 'closed', '0000-00-00 00:00:00', '08:50:00', '20:50:00', '', '0071', '0035', '2025-07-01', '2025-07-04', '49', '', '88', '49', '', '99', '4', '11', 'Yess', '1', '2025-07-01 01:49:00', '663000', 'Rp 135.000', 'Rp 528.000', '11'),
(65, 72, 0, '14', '2025-07-11 09:47:48', '49', '28', '18', '3', '37', '5', '361', '2', '26', '3', '7', '113', '1', 'dfdfdf', 'closed', '0000-00-00 00:00:00', '16:05:00', '04:05:00', '', '0070', '0036', '2025-06-30', '2025-07-03', '49', '', '86', '49', '', '92', '4', '7', 'dfdf', '1', '2025-06-30 09:05:00', '471000', 'Rp 135.000', 'Rp 336.000', '7'),
(66, 71, 0, '14', '2025-07-11 04:06:56', '49', '28', '18', '3', '37', '5', '361', '1', '16', '3', '7', '95', '1', 'sasad', 'closed', '0000-00-00 00:00:00', '16:03:00', '04:03:00', '', '0069', '0037', '2025-06-30', '2025-07-02', '49', '', '90', '49', '', '90', '3', '4', 'dads', '1', '2025-06-30 09:03:00', '250000', 'Rp 90.000', 'Rp 160.000', '4'),
(67, 70, 0, '13', '2025-07-11 03:49:24', '49', '28', '17', '3', '37', '5', '359', '1', '10', '3', '7', '182', '1', 'sdf', 'Draft', '0000-00-00 00:00:00', '15:59:00', '03:59:00', '', '0068', '0038', '2025-06-30', '2025-07-03', '', '', '', '', '', '88', '4', '7', 'dfdf', '1', '2025-06-30 08:59:00', '415000', 'Rp 135.000', 'Rp 280.000', ''),
(68, 69, 0, '13', '2025-07-09 09:22:30', '49', '28', '17', '3', '37', '5', '359', '2', '40', '3', '7', '200', '1', 'affasf', 'Draft', '0000-00-00 00:00:00', '15:51:00', '03:51:00', '', '0067', '0039', '2025-06-30', '2025-07-04', '', '', '', '', '', '', '5', '10', 'asfaf', '1', '2025-06-30 08:49:00', '660000', 'Rp 180.000', 'Rp 480.000', ''),
(69, 87, 0, '13', '2025-07-09 09:37:17', '49', '28', '17', '3', '37', '5', '359', '1', '5', '3', '7', '182', '1', 'TES 003', 'Draft', '0000-00-00 00:00:00', '06:26:00', '19:01:00', '', '0085', '0040', '2025-07-09', '2025-07-10', '', '', '', '', '', '', '2', '6', '', '1', '2025-07-09 09:26:00', '2385000', 'Rp 45.000', 'Rp 240.000', ''),
(70, 91, 0, '14', '2026-02-05 06:37:23', '49', '28', '18', '3', '37', '5', '361', '2', '40', '3', '7', '113', '1', 'TES', 'closed', '0000-00-00 00:00:00', '09:06:00', '21:06:00', '', '0089', '0041', '2025-07-11', '2025-07-14', '49', '', '92', '49', '', '121', '4', '11', 'TES', '1', '2025-07-11 02:06:00', '663000', 'Rp 135.000', 'Rp 528.000', '11'),
(71, 92, 0, '14', '2025-07-11 04:13:36', '49', '28', '18', '3', '37', '5', '361', '2', '40', '3', '7', '113', '1', 'Tes', 'closed', '0000-00-00 00:00:00', '10:53:00', '22:53:00', '3', '0090', '0042', '2025-07-11', '2025-07-12', '49', '', '94', '49', '', '90', '2', '5', '-', '1', '2025-07-11 03:52:00', '285000', 'Rp 45.000', 'Rp 240.000', '5'),
(72, 96, 0, '14', '2025-07-11 09:47:49', '49', '28', '18', '3', '37', '5', '361', '2', '28', '3', '7', '113', '1', 'wqdqdqwd', 'waiting', '0000-00-00 00:00:00', '16:41:00', '04:41:00', '', '0094', '0043', '2025-07-11', '2025-07-12', '49', '', '96', '49', '', '92', '2', '1', 'qwdqwdq', '1', '2025-07-11 09:40:00', '93000', 'Rp 45.000', 'Rp 48.000', '1'),
(73, 97, 0, '14', '2025-07-11 10:02:03', '49', '28', '18', '3', '37', '5', '361', '2', '28', '3', '7', '113', '1', 'retertert', 'waiting', '0000-00-00 00:00:00', '16:53:00', '04:53:00', '', '0095', '0044', '2025-07-11', '2025-07-12', '49', '', '103', '49', '', '99', '2', '1', 'ertretrt', '1', '2025-07-11 09:53:00', '141000', 'Rp 45.000', 'Rp 48.000', '1'),
(74, 98, 0, '14', '2025-07-11 10:07:31', '49', '28', '18', '3', '37', '5', '361', '1', '21', '3', '7', '95', '1', 'e', 'waiting', '0000-00-00 00:00:00', '17:05:00', '05:05:00', '', '0096', '0045', '2025-07-11', '2025-07-12', '49', '', '105', '49', '', '101', '2', '1', 'e', '1', '2025-07-11 10:05:00', '125000', 'Rp 45.000', 'Rp 40.000', '1'),
(75, 99, 0, '14', '2025-07-11 10:14:28', '49', '28', '18', '3', '37', '5', '361', '1', '22', '3', '7', '95', '1', 'wewew', 'waiting', '0000-00-00 00:00:00', '17:10:00', '05:10:00', '', '0097', '0046', '2025-07-11', '2025-07-12', '49', '', '107', '49', '', '103', '2', '1', 'werwer', '1', '2025-07-11 10:10:00', '125000', 'Rp 45.000', 'Rp 40.000', '1'),
(76, 100, 0, '14', '2025-07-11 10:18:19', '49', '28', '18', '3', '37', '5', '361', '1', '5', '3', '7', '95', '1', 'ff', 'waiting', '0000-00-00 00:00:00', '17:16:00', '05:16:00', '', '0098', '0047', '2025-07-11', '2025-07-12', '49', '', '110', '49', '', '106', '2', '1', 'dfd', '1', '2025-07-11 10:16:00', '125000', 'Rp 45.000', 'Rp 40.000', '1'),
(77, 101, 0, '14', '2025-07-14 01:53:02', '49', '28', '18', '3', '37', '5', '361', '1', '19', '3', '7', '95', '1', 'TES KALI KEDUA', 'closed', '0000-00-00 00:00:00', '06:56:00', '19:00:00', '', '0099', '0048', '2025-07-14', '2025-07-15', '49', '', '112', '49', '', '108', '2', '5', 'TES KALI KEDUA', '1', '2025-07-14 00:52:00', '595000', 'Rp 45.000', 'Rp 200.000', '5'),
(78, 102, 0, '14', '2025-07-18 01:33:17', '49', '28', '18', '3', '37', '5', '361', '1', '22', '3', '7', '95', '1', 'MARI KITA COBA TES LAGI YA', 'confirmed', '0000-00-00 00:00:00', '08:07:00', '20:07:00', '', '0100', '0049', '2025-07-18', '2025-07-19', '49', '', '114', '49', '', '110', '2', '5', 'MARI KITA COBA TES LAGI YA', '1', '2025-07-18 01:05:00', '245000', 'Rp 45.000', 'Rp 200.000', '5'),
(79, 103, 0, '14', '2025-09-04 03:47:40', '49', '28', '18', '3', '37', '5', '361', '2', '13', '3', '7', '113', '1', 'PERGI MENCARI IKAN DI LAUT', 'waiting', '0000-00-00 00:00:00', '09:51:00', '21:51:00', '', '0101', '0050', '2025-07-21', '2025-07-23', '49', '', '117', '49', '', '113', '3', '3', 'PERGI MENCARI IKAN DI LAUT', '1', '2025-07-21 02:51:00', '474000', 'Rp 90.000', 'Rp 144.000', '3'),
(80, 106, 0, '14', '2025-09-04 07:50:05', '49', '28', '18', '3', '37', '5', '361', '1', '4', '3', '7', '95', '1', 'MEETING DENGAN VENDOR DI PEKANBARU', 'closed', '0000-00-00 00:00:00', '06:20:00', '18:20:00', '', '0104', '0051', '2025-08-14', '2025-08-16', '49', '', '118', '49', '', '114', '3', '5', '-', '1', '2025-08-14 02:19:00', '1210000', 'Rp 90.000', 'Rp 200.000', '5'),
(81, 107, 0, '14', '2025-08-28 04:45:00', '58', '26', '18', '3', '40', '18', '363', '1', '4', '3', '16', '104', '1', 'SPPD KE PEKANBARU', 'waiting', '0000-00-00 00:00:00', '06:30:00', '20:30:00', '', '0105', '0052', '2025-08-28', '2025-08-31', '58', '', '115', '58', '', '111', '4', '9', 'RANDY', '1', '2025-08-28 04:23:00', '1795000', 'Rp 300.000', 'Rp 495.000', '9'),
(82, 115, 0, '14', '2025-09-04 07:57:01', '49', '28', '18', '3', '37', '5', '361', '2', '13', '3', '7', '113', '1', 'dsd', 'waiting', '0000-00-00 00:00:00', '09:39:00', '21:39:00', '', '0113', '0053', '2025-09-03', '2025-09-06', '49', '', '119', '49', '', '115', '4', '3', 'ewrwrwrrew', '1', '2025-09-03 02:39:00', '663000', 'Rp 135.000', 'Rp 144.000', '3'),
(83, 108, 0, '14', '2025-09-15 04:05:10', '49', '28', '18', '3', '37', '5', '361', '1', '5', '3', '7', '95', '1', '5675757', 'waiting', '0000-00-00 00:00:00', '13:55:00', '04:55:00', '', '0106', '0054', '2025-08-28', '2025-08-31', '49', '', '120', '49', '', '116', '4', '7', '7567657', '1', '2025-08-28 06:55:00', '290000', 'Rp 135.000', 'Rp 280.000', '7'),
(84, 105, 0, '14', '2025-09-15 04:21:26', '49', '28', '18', '3', '37', '5', '361', '1', '20', '3', '7', '95', '1', 'TES', 'waiting', '0000-00-00 00:00:00', '09:01:00', '16:01:00', '2', '0103', '0055', '2025-08-05', '2025-08-09', '49', '', '122', '49', '', '118', '5', '13', 'TES', '1', '2025-08-05 02:00:00', '410000', 'Rp 180.000', 'Rp 520.000', '13'),
(85, 89, 0, '14', '2025-11-14 06:17:53', '49', '28', '18', '3', '37', '5', '361', '1', '21', '3', '7', '95', '1', 'YA COBA LAGI DEH', 'waiting', '0000-00-00 00:00:00', '06:02:00', '05:00:00', '4', '0087', '0056', '2025-07-10', '2025-07-12', '49', '', '123', '49', '', '120', '3', '6', 'UP TO YOU LORD', '1', '2025-07-10 02:56:00', '2005000', 'Rp 90.000', 'Rp 240.000', '6'),
(86, 117, 0, '13', '2025-09-19 10:01:04', '58', '26', '17', '3', '40', '18', '362', '1', '10', '3', '16', '104', '1', 'ssadad', 'Draft', '0000-00-00 00:00:00', '04:57:00', '16:58:00', '', '0115', '0057', '2025-09-19', '2025-09-22', '', '', '', '', '', '', '4', '11', '1', '1', '2025-09-19 09:57:00', '905000', 'Rp 300.000', 'Rp 605.000', ''),
(87, 120, 0, '13', '2025-10-29 09:37:58', '49', '28', '17', '3', '37', '5', '359', '2', '28', '3', '7', '113', '1', 'ok', 'Draft', '0000-00-00 00:00:00', '02:55:00', '14:56:00', '', '0118', '0058', '2025-10-29', '2025-11-06', '', '', '', '', '', '', '9', '26', '-', '1', '2025-10-29 07:55:00', '67267145', 'Rp 360.000', 'Rp 1.248.000', ''),
(88, 121, 0, '13', '2025-10-30 03:23:11', '49', '28', '17', '3', '37', '5', '359', '3', '30', '3', '7', '131', '1', 'TES SAJA', 'Draft', '0000-00-00 00:00:00', '03:28:00', '15:28:00', '', '0119', '0059', '2025-10-29', '2025-11-01', '', '', '', '', '', '', '4', '11', 'TES SAJA', '1', '2025-10-29 08:27:00', '8651000', 'Rp 135.000', 'Rp 616.000', ''),
(89, 122, 0, '14', '2025-11-14 07:25:28', '49', '28', '18', '3', '37', '5', '361', '1', '16', '3', '7', '95', '1', 'tessssss', 'closed', '0000-00-00 00:00:00', '11:01:00', '23:01:00', '', '0120', '0060', '2025-10-30', '2025-11-05', '49', '', '124', '49', '', '120', '7', '20', '', '1', '2025-10-30 04:00:00', '350001', 'Rp 270.000', 'Rp 800.000', '20'),
(90, 124, 0, '13', '2026-02-05 04:54:31', '49', '28', '17', '3', '37', '5', '359', '2', '25', '3', '7', '113', '1', 'ok', 'Draft', '0000-00-00 00:00:00', '11:19:00', '23:19:00', '', '0122', '0061', '2026-02-06', '2026-02-07', '', '', '', '', '', '', '2', '5', 'ok', '1', '2026-02-05 04:18:00', '285000', 'Rp 45.000', 'Rp 240.000', ''),
(91, 123, 11, '14', '2026-02-05 06:52:31', '49', '28', '18', '3', '37', '5', '361', '1', '22', '3', '7', '95', '1', 'Tes', 'closed', '0000-00-00 00:00:00', '11:16:00', '23:16:00', '', '0121', '0062', '2026-02-05', '2026-02-07', '49', '', '125', '49', '', '121', '3', '8', 'Tes', '1', '2026-02-05 13:29:13', '410000', 'Rp 90.000', 'Rp 320.000', '8'),
(92, 154, 11, '13', '2026-02-24 08:16:10', '49', '28', '17', '3', '37', '5', '359', '2', '26', '3', '7', '113', '1', 'saafasf', 'Draft', '0000-00-00 00:00:00', '10:41:00', '22:41:00', '', '0152', '0063', '2026-02-24', '2026-02-28', '', '', '', '', '', '', '5', '12', 'sdasdsd', '1', '2026-02-24 03:41:00', '660000', 'Rp 180.000', 'Rp 576.000', '');

-- --------------------------------------------------------

--
