-- Table structure for table `leave`
--

CREATE TABLE `leave` (
  `id_leave` int(11) NOT NULL,
  `name_leave` varchar(255) NOT NULL,
  `deskripsi` text DEFAULT NULL
) ENGINE=InnoDB DEFAULT CHARSET=utf8mb4 COLLATE=utf8mb4_general_ci;

--
-- Dumping data for table `leave`
--

INSERT INTO `leave` (`id_leave`, `name_leave`, `deskripsi`) VALUES
(1, 'PAID LEAVE', 'IZIN DI BAYAR'),
(2, 'UNPAID LEAVE', 'IZIN TIDAK DI BAYAR');

-- --------------------------------------------------------

--
-- Table structure for table `leavee`
--

CREATE TABLE `leavee` (
  `id_leave` int(11) NOT NULL,
  `name_leave` varchar(255) NOT NULL,
  `deskripsi` varchar(200) DEFAULT NULL
) ENGINE=InnoDB DEFAULT CHARSET=utf8mb4 COLLATE=utf8mb4_general_ci;

--
-- Dumping data for table `leavee`
--

INSERT INTO `leavee` (`id_leave`, `name_leave`, `deskripsi`) VALUES
(1, 'PAID LEAVE', 'IZIN DI BAYAR'),
(2, 'UNPAID LEAVE', 'IZIN TIDAK DI BAYAR');

-- --------------------------------------------------------

--
-- Table structure for table `lk`
--

CREATE TABLE `lk` (
  `id_lk` int(11) NOT NULL,
  `id_user` int(11) NOT NULL,
  `id_budget_sss` int(11) NOT NULL,
  `id_mpp` int(11) NOT NULL,
  `id_capex` int(11) NOT NULL,
  `id_opex` int(11) NOT NULL,
  `id_opening` int(11) DEFAULT NULL,
  `id_years` varchar(100) NOT NULL,
  `id_months` varchar(110) NOT NULL,
  `id_jenis_pengajuan` varchar(110) NOT NULL,
  `id_branch` varchar(110) NOT NULL,
  `id_divisi_budget` varchar(110) NOT NULL,
  `id_department_budget` varchar(110) NOT NULL,
  `id_account` varchar(110) NOT NULL,
  `amount` bigint(50) NOT NULL
) ENGINE=InnoDB DEFAULT CHARSET=utf8mb4 COLLATE=utf8mb4_general_ci;

--
-- Dumping data for table `lk`
--

INSERT INTO `lk` (`id_lk`, `id_user`, `id_budget_sss`, `id_mpp`, `id_capex`, `id_opex`, `id_opening`, `id_years`, `id_months`, `id_jenis_pengajuan`, `id_branch`, `id_divisi_budget`, `id_department_budget`, `id_account`, `amount`) VALUES
(2350, 55, 0, 82, 0, 0, NULL, '2025', '1', '3', '1', '2', '21', '620101', 12848000),
(2351, 55, 0, 82, 0, 0, NULL, '2025', '2', '3', '1', '2', '21', '620101', 12848000),
(2352, 55, 0, 82, 0, 0, NULL, '2025', '3', '3', '1', '2', '21', '620101', 12848000),
(2353, 55, 0, 82, 0, 0, NULL, '2025', '4', '3', '1', '2', '21', '620101', 12848000),
(2354, 55, 0, 82, 0, 0, NULL, '2025', '5', '3', '1', '2', '21', '620101', 12848000),
(2355, 55, 0, 82, 0, 0, NULL, '2025', '6', '3', '1', '2', '21', '620101', 12848000),
(2356, 55, 0, 82, 0, 0, NULL, '2025', '7', '3', '1', '2', '21', '620101', 12848000),
(2357, 55, 0, 82, 0, 0, NULL, '2025', '8', '3', '1', '2', '21', '620101', 12848000),
(2358, 55, 0, 82, 0, 0, NULL, '2025', '9', '3', '1', '2', '21', '620101', 12848000),
(2359, 55, 0, 82, 0, 0, NULL, '2025', '10', '3', '1', '2', '21', '620101', 12848000),
(2360, 55, 0, 82, 0, 0, NULL, '2025', '11', '3', '1', '2', '21', '620101', 12848000),
(2361, 55, 0, 82, 0, 0, NULL, '2025', '12', '3', '1', '2', '21', '620101', 12848000),
(2362, 55, 0, 82, 0, 0, NULL, '2025', '1', '3', '1', '2', '21', '620103', 1210000),
(2363, 55, 0, 82, 0, 0, NULL, '2025', '2', '3', '1', '2', '21', '620103', 1210000),
(2364, 55, 0, 82, 0, 0, NULL, '2025', '3', '3', '1', '2', '21', '620103', 1210000),
(2365, 55, 0, 82, 0, 0, NULL, '2025', '4', '3', '1', '2', '21', '620103', 1210000),
(2366, 55, 0, 82, 0, 0, NULL, '2025', '5', '3', '1', '2', '21', '620103', 1210000),
(2367, 55, 0, 82, 0, 0, NULL, '2025', '6', '3', '1', '2', '21', '620103', 1210000),
(2368, 55, 0, 82, 0, 0, NULL, '2025', '7', '3', '1', '2', '21', '620103', 1210000),
(2369, 55, 0, 82, 0, 0, NULL, '2025', '8', '3', '1', '2', '21', '620103', 1210000),
(2370, 55, 0, 82, 0, 0, NULL, '2025', '9', '3', '1', '2', '21', '620103', 1210000),
(2371, 55, 0, 82, 0, 0, NULL, '2025', '10', '3', '1', '2', '21', '620103', 1210000),
(2372, 55, 0, 82, 0, 0, NULL, '2025', '11', '3', '1', '2', '21', '620103', 1210000),
(2373, 55, 0, 82, 0, 0, NULL, '2025', '12', '3', '1', '2', '21', '620103', 1210000),
(2374, 55, 0, 82, 0, 0, NULL, '2025', '1', '3', '1', '2', '21', '620108', 550000),
(2375, 55, 0, 82, 0, 0, NULL, '2025', '2', '3', '1', '2', '21', '620108', 550000),
(2376, 55, 0, 82, 0, 0, NULL, '2025', '3', '3', '1', '2', '21', '620108', 550000),
(2377, 55, 0, 82, 0, 0, NULL, '2025', '4', '3', '1', '2', '21', '620108', 550000),
(2378, 55, 0, 82, 0, 0, NULL, '2025', '5', '3', '1', '2', '21', '620108', 550000),
(2379, 55, 0, 82, 0, 0, NULL, '2025', '6', '3', '1', '2', '21', '620108', 550000),
(2380, 55, 0, 82, 0, 0, NULL, '2025', '7', '3', '1', '2', '21', '620108', 550000),
(2381, 55, 0, 82, 0, 0, NULL, '2025', '8', '3', '1', '2', '21', '620108', 550000),
(2382, 55, 0, 82, 0, 0, NULL, '2025', '9', '3', '1', '2', '21', '620108', 550000),
(2383, 55, 0, 82, 0, 0, NULL, '2025', '10', '3', '1', '2', '21', '620108', 550000),
(2384, 55, 0, 82, 0, 0, NULL, '2025', '11', '3', '1', '2', '21', '620108', 550000),
(2385, 55, 0, 82, 0, 0, NULL, '2025', '12', '3', '1', '2', '21', '620108', 550000),
(2386, 55, 0, 82, 0, 0, NULL, '2025', '1', '3', '1', '2', '21', '620109', 5500000),
(2387, 55, 0, 82, 0, 0, NULL, '2025', '2', '3', '1', '2', '21', '620109', 5500000),
(2388, 55, 0, 82, 0, 0, NULL, '2025', '3', '3', '1', '2', '21', '620109', 5500000),
(2389, 55, 0, 82, 0, 0, NULL, '2025', '4', '3', '1', '2', '21', '620109', 5500000),
(2390, 55, 0, 82, 0, 0, NULL, '2025', '5', '3', '1', '2', '21', '620109', 5500000),
(2391, 55, 0, 82, 0, 0, NULL, '2025', '6', '3', '1', '2', '21', '620109', 5500000),
(2392, 55, 0, 82, 0, 0, NULL, '2025', '7', '3', '1', '2', '21', '620109', 5500000),
(2393, 55, 0, 82, 0, 0, NULL, '2025', '8', '3', '1', '2', '21', '620109', 5500000),
(2394, 55, 0, 82, 0, 0, NULL, '2025', '9', '3', '1', '2', '21', '620109', 5500000),
(2395, 55, 0, 82, 0, 0, NULL, '2025', '10', '3', '1', '2', '21', '620109', 5500000),
(2396, 55, 0, 82, 0, 0, NULL, '2025', '11', '3', '1', '2', '21', '620109', 5500000),
(2397, 55, 0, 82, 0, 0, NULL, '2025', '12', '3', '1', '2', '21', '620109', 5500000),
(2398, 55, 0, 82, 0, 0, NULL, '2025', '13', '3', '1', '2', '21', '620107', 0),
(2399, 55, 0, 82, 0, 0, NULL, '2025', '1', '3', '1', '2', '21', '620113', 550000),
(2400, 55, 0, 82, 0, 0, NULL, '2025', '2', '3', '1', '2', '21', '620113', 550000),
(2401, 55, 0, 82, 0, 0, NULL, '2025', '3', '3', '1', '2', '21', '620113', 550000),
(2402, 55, 0, 82, 0, 0, NULL, '2025', '4', '3', '1', '2', '21', '620113', 550000),
(2403, 55, 0, 82, 0, 0, NULL, '2025', '5', '3', '1', '2', '21', '620113', 550000),
(2404, 55, 0, 82, 0, 0, NULL, '2025', '6', '3', '1', '2', '21', '620113', 550000),
(2405, 55, 0, 82, 0, 0, NULL, '2025', '7', '3', '1', '2', '21', '620113', 550000),
(2406, 55, 0, 82, 0, 0, NULL, '2025', '8', '3', '1', '2', '21', '620113', 550000),
(2407, 55, 0, 82, 0, 0, NULL, '2025', '9', '3', '1', '2', '21', '620113', 550000),
(2408, 55, 0, 82, 0, 0, NULL, '2025', '10', '3', '1', '2', '21', '620113', 550000),
(2409, 55, 0, 82, 0, 0, NULL, '2025', '11', '3', '1', '2', '21', '620113', 550000),
(2410, 55, 0, 82, 0, 0, NULL, '2025', '12', '3', '1', '2', '21', '620113', 550000),
(2411, 55, 0, 0, 46, 0, NULL, '2025', '1', '3', '1', '2', '21', '621415', 83333),
(2412, 55, 0, 0, 46, 0, NULL, '2025', '2', '3', '1', '2', '21', '621415', 83333),
(2413, 55, 0, 0, 46, 0, NULL, '2025', '3', '3', '1', '2', '21', '621415', 83333),
(2414, 55, 0, 0, 46, 0, NULL, '2025', '4', '3', '1', '2', '21', '621415', 83333),
(2415, 55, 0, 0, 46, 0, NULL, '2025', '5', '3', '1', '2', '21', '621415', 83333),
(2416, 55, 0, 0, 46, 0, NULL, '2025', '6', '3', '1', '2', '21', '621415', 83333),
(2417, 55, 0, 0, 46, 0, NULL, '2025', '7', '3', '1', '2', '21', '621415', 83333),
(2418, 55, 0, 0, 46, 0, NULL, '2025', '8', '3', '1', '2', '21', '621415', 83333),
(2419, 55, 0, 0, 46, 0, NULL, '2025', '9', '3', '1', '2', '21', '621415', 83333),
(2420, 55, 0, 0, 46, 0, NULL, '2025', '10', '3', '1', '2', '21', '621415', 83333),
(2421, 55, 0, 0, 46, 0, NULL, '2025', '11', '3', '1', '2', '21', '621415', 83333),
(2422, 55, 0, 0, 46, 0, NULL, '2025', '12', '3', '1', '2', '21', '621415', 83333),
(2423, 55, 0, 0, 0, 68, NULL, '2025', '1', '3', '1', '2', '21', '610301', 700000),
(2424, 55, 0, 0, 0, 68, NULL, '2025', '2', '3', '1', '2', '21', '610301', 700000),
(2425, 55, 0, 0, 0, 68, NULL, '2025', '3', '3', '1', '2', '21', '610301', 700000),
(2426, 55, 0, 0, 0, 68, NULL, '2025', '4', '3', '1', '2', '21', '610301', 700000),
(2427, 55, 0, 0, 0, 68, NULL, '2025', '5', '3', '1', '2', '21', '610301', 700000),
(2428, 55, 0, 0, 0, 68, NULL, '2025', '6', '3', '1', '2', '21', '610301', 700000),
(2429, 55, 0, 0, 0, 68, NULL, '2025', '7', '3', '1', '2', '21', '610301', 700000),
(2430, 55, 0, 0, 0, 68, NULL, '2025', '8', '3', '1', '2', '21', '610301', 700000),
(2431, 55, 0, 0, 0, 68, NULL, '2025', '9', '3', '1', '2', '21', '610301', 700000),
(2432, 55, 0, 0, 0, 68, NULL, '2025', '10', '3', '1', '2', '21', '610301', 700000),
(2433, 55, 0, 0, 0, 68, NULL, '2025', '11', '3', '1', '2', '21', '610301', 700000),
(2434, 55, 0, 0, 0, 68, NULL, '2025', '12', '3', '1', '2', '21', '610301', 700000),
(2435, 55, 0, 0, 0, 69, NULL, '2025', '1', '3', '1', '2', '24', '610700', 700000),
(2436, 55, 0, 0, 0, 69, NULL, '2025', '2', '3', '1', '2', '24', '610700', 700000),
(2437, 55, 0, 0, 0, 69, NULL, '2025', '3', '3', '1', '2', '24', '610700', 700000),
(2438, 55, 0, 0, 0, 69, NULL, '2025', '4', '3', '1', '2', '24', '610700', 700000),
(2439, 55, 0, 0, 0, 69, NULL, '2025', '5', '3', '1', '2', '24', '610700', 700000),
(2440, 55, 0, 0, 0, 69, NULL, '2025', '6', '3', '1', '2', '24', '610700', 700000),
(2441, 55, 0, 0, 0, 69, NULL, '2025', '7', '3', '1', '2', '24', '610700', 700000),
(2442, 55, 0, 0, 0, 69, NULL, '2025', '8', '3', '1', '2', '24', '610700', 700000),
(2443, 55, 0, 0, 0, 69, NULL, '2025', '9', '3', '1', '2', '24', '610700', 700000),
(2444, 55, 0, 0, 0, 69, NULL, '2025', '10', '3', '1', '2', '24', '610700', 700000),
(2445, 55, 0, 0, 0, 69, NULL, '2025', '11', '3', '1', '2', '24', '610700', 700000),
(2446, 55, 0, 0, 0, 69, NULL, '2025', '12', '3', '1', '2', '24', '610700', 700000);

-- --------------------------------------------------------

--
-- Table structure for table `location`
--

CREATE TABLE `location` (
  `id_location` int(11) NOT NULL,
  `location_name` varchar(100) NOT NULL,
  `pic` varchar(100) NOT NULL,
  `contact_pic` varchar(100) NOT NULL,
  `adr_location` varchar(100) NOT NULL,
  `id_customer` int(11) NOT NULL
) ENGINE=InnoDB DEFAULT CHARSET=utf8mb4 COLLATE=utf8mb4_general_ci;

--
-- Dumping data for table `location`
--

INSERT INTO `location` (`id_location`, `location_name`, `pic`, `contact_pic`, `adr_location`, `id_customer`) VALUES
(16, 'Site Luwe Hulu - Muara Teweh, Central Kalimantan', '', '', 'Site Luwe Hulu - Muara Teweh, Central Kalimantan', 8),
(17, 'Site BP Tangguh - Bintuni, Papua', '', '', 'Site BP Tangguh - Bintuni, Papua', 9),
(18, 'YARD PT GTA - BOJONEGORO', '', '', 'YARD PT GTA - BOJONEGORO', 9),
(19, 'SITE ADARO TANJUNG KAL-SEL (ADMO)', '', '', '', 10),
(20, 'SITE ADARO TANJUNG KAL-SEL BALANGAN ', '', '', '', 10),
(21, 'Site MACO - KAL-TENG ,MUARA TEWEH', '', '', '', 10),
(22, 'SITE ANGSANA,BANJARMASIN KAL-SEL SATUI', '', '', '', 10),
(23, 'Site Angsana - Banjarmasin, South Kalimantan', '', '', '', 10),
(24, 'SITE KOTA BARU', '', '', '', 11),
(25, 'Site Sanga-sanga', '', '', '', 12),
(26, 'SITE - M.BUNGO (JAMBI)', '', '', '', 13),
(27, 'SITE - BINUANG (KALSEL) BMB', '', '', '', 13),
(28, 'MHU SITE BALUMPUR', '', '', '', 13),
(29, 'DMP Palembang', '', '', '', 13),
(30, 'MIFA aceh - Mutasi CK BIB', '', '', '', 13),
(31, 'CK BIB ANGSANA ', '', '', '', 13),
(32, 'SITE RANTAU BMB', '', '', '', 13),
(33, 'Desa Winuri . Likupang timur kab minahasa ,Sulut', '', '', '', 14),
(34, 'Site Sorowako', '', '', '', 15),
(35, 'Site Bahodopi', '', '', '', 15),
(36, 'Site CCM Tarakan', '', '', '', 16),
(37, 'Site LANGIKIMA', '', '', '', 16),
(38, 'Site BP Tangguh - Bintuni, Papua', '', '', '', 20),
(39, 'Japek Toll Road Project - Jakarta', '', '', '', 21),
(40, 'Site SDJ -Kal-Sel', '', '', '', 22),
(41, 'Site Lati Berau', '', '', '', 22),
(42, 'Site Binungan Berau', '', '', '', 22),
(43, 'Site SDJ -Kal-Sel', '', '', '', 22),
(45, 'Site Berau', '', '', '', 23),
(46, 'Mangoli', '', '', '', 25),
(47, 'BONTANG', '', '', '', 26),
(48, 'Grogot', '', '', '', 27),
(49, 'Tenggarong', '', '', '', 28),
(50, 'Lamongan', '', '', '', 29),
(51, 'Jakarta', '', '', '', 29),
(52, 'Lamongan', '', '', '', 30),
(53, 'Lamongan', '', '', '', 31),
(54, 'BONTANG', '', '', '', 32),
(55, 'GROGOT', '', '', '', 33);

-- --------------------------------------------------------

--
-- Table structure for table `mekanik`
--

CREATE TABLE `mekanik` (
  `id_mekanik` int(11) NOT NULL,
  `id_user` int(11) NOT NULL,
  `description` varchar(50) NOT NULL
) ENGINE=InnoDB DEFAULT CHARSET=utf8mb4 COLLATE=utf8mb4_general_ci;

--
-- Dumping data for table `mekanik`
--

INSERT INTO `mekanik` (`id_mekanik`, `id_user`, `description`) VALUES
(2, 73, 'SERVICE'),
(3, 76, 'SERVICE');

-- --------------------------------------------------------

--
-- Table structure for table `mekanik_wo`
--

CREATE TABLE `mekanik_wo` (
  `id_mekanik_wo` int(11) NOT NULL,
  `id_mekanik` int(11) NOT NULL,
  `id_user` int(11) NOT NULL,
  `id_wo` int(11) DEFAULT NULL,
  `id_uniq` int(11) NOT NULL
) ENGINE=InnoDB DEFAULT CHARSET=utf8mb4 COLLATE=utf8mb4_general_ci;

--
-- Dumping data for table `mekanik_wo`
--

INSERT INTO `mekanik_wo` (`id_mekanik_wo`, `id_mekanik`, `id_user`, `id_wo`, `id_uniq`) VALUES
(129, 0, 73, 190, 0),
(130, 0, 49, 190, 0),
(131, 0, 73, 191, 0),
(132, 0, 49, 191, 0),
(133, 0, 76, 191, 0),
(134, 0, 73, 192, 0),
(135, 0, 49, 192, 0),
(136, 0, 73, 193, 0),
(137, 0, 49, 193, 0),
(138, 0, 76, 193, 0),
(139, 0, 73, 194, 0),
(140, 0, 73, 275, 0),
(141, 0, 73, 274, 0),
(142, 0, 73, 276, 0),
(143, 0, 76, 285, 0),
(144, 0, 73, 293, 0),
(145, 0, 76, 293, 0),
(146, 0, 73, 315, 0),
(147, 0, 76, 315, 0);

-- --------------------------------------------------------

--
-- Table structure for table `months`
--

CREATE TABLE `months` (
  `id_months` int(11) NOT NULL,
  `id_years` int(11) NOT NULL,
  `nama_months` varchar(50) NOT NULL,
  `description` varchar(50) NOT NULL
) ENGINE=InnoDB DEFAULT CHARSET=utf8mb4 COLLATE=utf8mb4_general_ci;

--
-- Dumping data for table `months`
--

INSERT INTO `months` (`id_months`, `id_years`, `nama_months`, `description`) VALUES
(1, 2026, 'JANUARY', 'JANUARY'),
(2, 2026, 'FEBRUARY', 'FEBRUARY'),
(3, 2026, 'MARCH', 'MARCH'),
(4, 2026, 'APRIL', 'APRIL'),
(5, 2026, 'MAY', 'MAY'),
(6, 2026, 'JUNE', 'JUNE'),
(7, 2026, 'JULY ', 'JULY '),
(8, 2026, 'AUGUST', 'AUGUST'),
(9, 2026, 'SEPTEMBER', 'SEPTEMBER'),
(10, 2026, 'OCTOBER', 'OCTOBER'),
(11, 2026, 'NOVEMBER', 'NOVEMBER'),
(12, 2026, 'DECEMBER', 'DECEMBER'),
(13, 2026, 'THR', 'thr');

-- --------------------------------------------------------

--
-- Table structure for table `mpp`
--

CREATE TABLE `mpp` (
  `id_mpp` int(11) NOT NULL,
  `id_years` int(11) NOT NULL,
  `id_months` int(11) NOT NULL,
  `id_jenis_pengajuan` int(11) NOT NULL,
  `id_branch` int(11) NOT NULL,
  `id_divisi_budget` int(11) NOT NULL,
  `id_department_budget` int(11) NOT NULL,
  `id_golongan` int(11) NOT NULL,
  `type` varchar(50) NOT NULL,
  `label` varchar(100) NOT NULL,
  `id_user` int(11) NOT NULL,
  `id_currency` varchar(20) NOT NULL,
  `kurs` varchar(11) NOT NULL,
  `qty` varchar(20) NOT NULL,
  `id_budget_mpp` int(11) NOT NULL,
  `id_jurnal_mpp` int(11) NOT NULL,
  `id_category_type` int(11) NOT NULL,
  `value1` varchar(50) NOT NULL,
  `value2` varchar(50) NOT NULL,
  `id_grade` int(11) NOT NULL
) ENGINE=InnoDB DEFAULT CHARSET=utf8mb4 COLLATE=utf8mb4_general_ci;

--
-- Dumping data for table `mpp`
--

INSERT INTO `mpp` (`id_mpp`, `id_years`, `id_months`, `id_jenis_pengajuan`, `id_branch`, `id_divisi_budget`, `id_department_budget`, `id_golongan`, `type`, `label`, `id_user`, `id_currency`, `kurs`, `qty`, `id_budget_mpp`, `id_jurnal_mpp`, `id_category_type`, `value1`, `value2`, `id_grade`) VALUES
(82, 2025, 1, 3, 1, 2, 21, 4, '', '', 55, '1', '1', '2', 25, 0, 0, '6424000', '5500000', 0);

-- --------------------------------------------------------

--
-- Table structure for table `mpp_budget`
--

CREATE TABLE `mpp_budget` (
  `id_mpp_budget` int(11) NOT NULL,
  `id_budget_mpp` int(11) NOT NULL,
  `id_account` varchar(50) NOT NULL,
  `gaji` varchar(50) NOT NULL,
  `amount` varchar(20) NOT NULL,
  `total_amount` varchar(20) NOT NULL,
  `type1` varchar(20) NOT NULL,
  `factor` varchar(50) NOT NULL
) ENGINE=InnoDB DEFAULT CHARSET=utf8mb4 COLLATE=utf8mb4_general_ci;

--
-- Dumping data for table `mpp_budget`
--

INSERT INTO `mpp_budget` (`id_mpp_budget`, `id_budget_mpp`, `id_account`, `gaji`, `amount`, `total_amount`, `type1`, `factor`) VALUES
(30, 1, '49', '1', '', '', 'default', 'value1'),
(31, 1, '55', '0.105', '', '', '', 'value2'),
(32, 1, '56', '0.0724', '', '', '', 'value2'),
(33, 1, '57', '0', '', '', '', 'value2'),
(34, 1, '58', '0.05', '', '', '', 'value2'),
(35, 1, '60', '0.5', '', '', '', 'value2'),
(37, 1, '61', '0', '', '', 'thr', 'value2'),
(38, 5, '49', '1', '', '', 'default', 'value1'),
(39, 5, '55', '0.105', '', '', '', 'value2'),
(40, 5, '56', '0.0724', '', '', '', 'value2'),
(41, 5, '57', '0', '', '', '', 'value2'),
(42, 5, '58', '0.05', '', '', '', 'value2'),
(43, 5, '60', '0.5', '', '', '', 'value2'),
(44, 5, '61', '0', '', '', 'thr', 'value2'),
(45, 9, '49', '1', '', '', 'default', 'value1'),
(46, 9, '55', '0.105', '', '', '', 'value2'),
(47, 9, '56', '0.0724', '', '', '', 'value2'),
(48, 9, '57', '0', '', '', '', 'value2'),
(49, 9, '58', '0.05', '', '', '', 'value2'),
(50, 9, '60', '0.5', '', '', '', 'value2'),
(51, 9, '61', '0', '', '', 'thr', 'value2'),
(52, 2, '49', '1', '', '', 'default', 'value1'),
(53, 2, '55', '0.11', '', '', '', 'value2'),
(54, 2, '56', '0.057', '', '', '', 'value2'),
(55, 2, '57', '0.02', '', '', '', 'value2'),
(56, 2, '58', '0.03', '', '', '', 'value2'),
(57, 2, '60', '0.5', '', '', '', 'value2'),
(58, 2, '61', '0', '', '', 'thr', 'value2'),
(59, 6, '49', '1', '', '', 'default', 'value1'),
(60, 6, '55', '0.11', '', '', '', 'value2'),
(61, 6, '56', '0.057', '', '', '', 'value2'),
(62, 6, '57', '0.02', '', '', '', 'value2'),
(63, 6, '58', '0.03', '', '', '', 'value2'),
(64, 6, '60', '0.5', '', '', '', 'value2'),
(65, 6, '61', '0', '', '', 'thr', 'value2'),
(66, 10, '49', '1', '', '', 'default', 'value1'),
(67, 10, '55', '0.11', '', '', '', 'value2'),
(68, 10, '56', '0.057', '', '', '', 'value2'),
(69, 10, '57', '0.02', '', '', '', 'value2'),
(70, 10, '58', '0.03', '', '', '', 'value2'),
(71, 10, '60', '0.5', '', '', '', 'value2'),
(72, 10, '61', '0', '', '', 'thr', 'value2'),
(73, 3, '49', '1', '', '', 'default', 'value1'),
(74, 3, '55', '0.11', '', '', '', 'value2'),
(75, 3, '56', '0.05', '', '', '', 'value2'),
(76, 3, '57', '0.02', '', '', '', 'value2'),
(77, 3, '58', '0.03', '', '', '', 'value2'),
(78, 3, '60', '0.5', '', '', '', 'value2'),
(79, 3, '61', '0', '', '', 'thr', 'value2'),
(80, 7, '49', '1', '', '', 'default', 'value1'),
(81, 7, '55', '0.11', '', '', '', 'value2'),
(82, 7, '56', '0.05', '', '', '', 'value2'),
(83, 7, '57', '0.02', '', '', '', 'value2'),
(84, 7, '58', '0.03', '', '', '', 'value2'),
(85, 7, '60', '0.5', '', '', '', 'value2'),
(86, 7, '61', '0', '', '', 'thr', 'value2'),
(87, 11, '49', '1', '', '', 'default', 'value1'),
(88, 11, '55', '0.11', '', '', '', 'value2'),
(89, 11, '56', '0.05', '', '', '', 'value2'),
(90, 11, '57', '0.02', '', '', '', 'value2'),
(91, 11, '58', '0.03', '', '', '', 'value2'),
(92, 11, '60', '0.5', '', '', '', 'value2'),
(93, 11, '61', '0', '', '', 'thr', 'value2'),
(94, 4, '74', '1', '', '', 'default', 'value1'),
(95, 4, '76', '0.05', '', '', '', 'value2'),
(97, 4, '80', '0.027', '', '', '', 'value2'),
(98, 4, '81', '0.5', '', '', '', 'value2'),
(99, 4, '82', '0.5', '', '', '', 'value2'),
(100, 4, '84', '0.11', '', '', '', 'value2'),
(101, 4, '79', '0.5', '', '', 'thr', 'value2'),
(102, 8, '74', '1', '', '', 'default', 'value1'),
(103, 8, '76', '0.05', '', '', '', 'value2'),
(104, 8, '80', '0.027', '', '', '', 'value2'),
(105, 8, '81', '0.5', '', '', '', 'value2'),
(106, 8, '82', '0.5', '', '', '', 'value2'),
(107, 8, '84', '0.11', '', '', '', 'value2'),
(108, 8, '79', '0.5', '', '', 'thr', 'value2'),
(109, 12, '74', '1', '', '', 'default', 'value1'),
(110, 12, '76', '0.05', '', '', '', 'value2'),
(111, 12, '80', '0.027', '', '', '', 'value2'),
(112, 12, '81', '0.5', '', '', '', 'value2'),
(113, 12, '82', '0.5', '', '', '', 'value2'),
(114, 12, '84', '0.11', '', '', '', 'value2'),
(115, 12, '79', '0.5', '', '', 'thr', 'value2'),
(116, 13, '74', '1', '', '', 'default', 'value1'),
(117, 13, '76', '0.05', '', '', '', 'value2'),
(118, 13, '79', '0.5', '', '', 'thr', 'value2'),
(119, 13, '80', '0.025', '', '', '', 'value2'),
(120, 13, '81', '0.5', '', '', '', 'value2'),
(121, 13, '82', '0.5', '', '', '', 'value2'),
(122, 13, '84', '0.11', '', '', '', 'value2'),
(123, 15, '74', '1', '', '', 'default', 'value1'),
(124, 15, '76', '0.05', '', '', '', 'value2'),
(125, 15, '79', '0.5', '', '', 'thr', 'value2'),
(126, 15, '80', '0.025', '', '', '', 'value2'),
(127, 15, '81', '0.5', '', '', '', 'value2'),
(128, 15, '82', '0.5', '', '', '', 'value2'),
(129, 15, '84', '0.11', '', '', '', 'value2'),
(130, 17, '74', '1', '', '', 'default', 'value1'),
(131, 17, '76', '0.05', '', '', '', 'value2'),
(132, 17, '79', '0.5', '', '', 'thr', 'value2'),
(133, 17, '80', '0.025', '', '', '', 'value2'),
(134, 17, '81', '0.5', '', '', '', 'value2'),
(135, 17, '82', '0.5', '', '', '', 'value2'),
(136, 17, '84', '0.11', '', '', '', 'value2'),
(137, 14, '74', '1', '', '', 'default', 'value1'),
(138, 14, '76', '0.05', '', '', '', 'value2'),
(139, 14, '79', '0.5', '', '', 'thr', 'value2'),
(140, 14, '80', '0.03', '', '', '', 'value2'),
(141, 14, '81', '0.5', '', '', '', 'value2'),
(142, 14, '82', '0.5', '', '', '', 'value2'),
(143, 14, '84', '0.11', '', '', '', 'value2'),
(144, 16, '74', '1', '', '', 'default', 'value1'),
(145, 16, '76', '0.05', '', '', '', 'value2'),
(146, 16, '79', '0.5', '', '', 'thr', 'value2'),
(147, 16, '80', '0.03', '', '', '', 'value2'),
(148, 16, '81', '0.5', '', '', '', 'value2'),
(149, 16, '82', '0.5', '', '', '', 'value2'),
(150, 16, '84', '0.11', '', '', '', 'value2'),
(151, 18, '74', '1', '', '', 'default', 'value1'),
(152, 18, '76', '0.05', '', '', '', 'value2'),
(153, 18, '79', '0.5', '', '', 'thr', 'value2'),
(154, 18, '80', '0.03', '', '', '', 'value2'),
(155, 18, '81', '0.5', '', '', '', 'value2'),
(156, 18, '82', '0.5', '', '', '', 'value2'),
(157, 18, '84', '0.11', '', '', '', 'value2'),
(158, 23, '74', '1', '', '', 'default', 'value1'),
(159, 23, '76', '0.05', '', '', '', 'value2'),
(160, 23, '79', '0.5', '', '', 'thr', 'value2'),
(161, 23, '80', '0.025', '', '', '', 'value2'),
(162, 23, '81', '0.5', '', '', '', 'value2'),
(163, 23, '82', '0.5', '', '', '', 'value2'),
(164, 23, '84', '0.11', '', '', '', 'value2'),
(165, 19, '74', '1', '', '', 'default', 'value1'),
(166, 19, '76', '0.05', '', '', '', 'value2'),
(167, 19, '79', '0.5', '', '', 'thr', 'value2'),
(168, 19, '80', '0.025', '', '', '', 'value2'),
(169, 19, '81', '0.5', '', '', '', 'value2'),
(170, 19, '82', '0.5', '', '', '', 'value2'),
(171, 19, '84', '0.11', '', '', '', 'value2'),
(172, 21, '74', '1', '', '', 'default', 'value1'),
(173, 21, '76', '0.05', '', '', '', 'value2'),
(174, 21, '79', '0.5', '', '', 'thr', 'value2'),
(175, 21, '80', '0.025', '', '', '', 'value2'),
(176, 21, '81', '0.5', '', '', '', 'value2'),
(177, 21, '82', '0.5', '', '', '', 'value2'),
(178, 21, '84', '0.11', '', '', '', 'value2'),
(179, 24, '74', '1', '', '', 'default', 'value1'),
(180, 24, '76', '0.05', '', '', '', 'value2'),
(181, 24, '79', '0.5', '', '', 'thr', 'value2'),
(182, 24, '80', '0.03', '', '', '', 'value2'),
(184, 24, '81', '0.5', '', '', '', 'value2'),
(185, 24, '82', '0.5', '', '', '', 'value2'),
(186, 24, '84', '0.11', '', '', '', 'value2'),
(187, 20, '74', '1', '', '', 'default', 'value1'),
(188, 20, '76', '0.05', '', '', '', 'value2'),
(189, 20, '79', '0.5', '', '', 'thr', 'value2'),
(190, 20, '80', '0.03', '', '', '', 'value2'),
(191, 20, '81', '0.5', '', '', '', 'value2'),
(192, 20, '82', '0.5', '', '', '', 'value2'),
(193, 20, '84', '0.11', '', '', '', 'value2'),
(194, 22, '74', '1', '', '', 'default', 'value1'),
(195, 22, '76', '0.05', '', '', '', 'value2'),
(196, 22, '79', '0.5', '', '', 'thr', 'value2'),
(197, 22, '80', '0.03', '', '', '', 'value2'),
(198, 22, '81', '0.5', '', '', '', 'value2'),
(199, 22, '82', '0.5', '', '', '', 'value2'),
(200, 22, '84', '0.11', '', '', '', 'value2'),
(201, 25, '106', '1', '', '', 'default', 'value1'),
(202, 25, '108', '0.11', '', '', '', 'value2'),
(204, 25, '112', '0.05', '', '', '', 'value2'),
(205, 25, '113', '0.5', '', '', '', 'value2'),
(206, 25, '111', '0', '', '', 'thr', 'value2'),
(207, 25, '117', '0.05', '', '', '', 'value2'),
(208, 26, '106', '1', '', '', 'default', 'value1'),
(209, 26, '108', '0.11', '', '', '', 'value2'),
(210, 26, '112', '0.05', '', '', '', 'value2'),
(211, 26, '113', '0.5', '', '', '', 'value2'),
(212, 26, '111', '0', '', '', 'thr', 'value2'),
(213, 26, '117', '0.05', '', '', '', 'value2'),
(214, 27, '106', '1', '', '', 'default', 'value1'),
(215, 27, '108', '0.11', '', '', '', 'value2'),
(216, 27, '112', '0.05', '', '', '', 'value2'),
(217, 27, '113', '0.5', '', '', '', 'value2'),
(218, 27, '111', '0', '', '', 'thr', 'value2'),
(219, 27, '117', '0.05', '', '', '', 'value2'),
(220, 28, '106', '1', '', '', 'default', 'value1'),
(221, 28, '108', '0.11', '', '', '', 'value2'),
(222, 28, '112', '0.05', '', '', '', 'value2'),
(223, 28, '113', '0.5', '', '', '', 'value2'),
(224, 28, '111', '0', '', '', 'thr', 'value2'),
(225, 28, '117', '0.05', '', '', '', 'value2'),
(226, 29, '106', '1', '', '', 'default', 'value1'),
(227, 29, '108', '0.11', '', '', '', 'value2'),
(228, 29, '112', '0.05', '', '', '', 'value2'),
(229, 29, '113', '0.5', '', '', '', 'value2'),
(230, 29, '111', '0', '', '', 'thr', 'value2'),
(231, 29, '117', '0.05', '', '', '', 'value2'),
(232, 30, '106', '1', '', '', 'default', 'value1'),
(233, 30, '108', '0.11', '', '', '', 'value2'),
(234, 30, '112', '0.05', '', '', '', 'value2'),
(235, 30, '113', '0.5', '', '', '', 'value2'),
(236, 30, '111', '0', '', '', 'thr', 'value2'),
(237, 30, '117', '0.05', '', '', '', 'value2'),
(238, 0, '106', '1', '', '', 'default', 'value1'),
(239, 0, '108', '0.11', '', '', '', 'value2'),
(240, 0, '112', '	0.05', '', '', '', 'value2');

-- --------------------------------------------------------

--
-- Table structure for table `m_opex`
--

CREATE TABLE `m_opex` (
  `id_m_opex` int(11) NOT NULL,
  `id_jenis_pengajuan` int(11) NOT NULL,
  `id_divisi_budget` int(11) NOT NULL,
  `id_account` int(11) DEFAULT NULL,
  `nama_m_opex` varchar(100) NOT NULL,
  `type` varchar(50) NOT NULL
) ENGINE=InnoDB DEFAULT CHARSET=utf8mb4 COLLATE=utf8mb4_general_ci;

--
-- Dumping data for table `m_opex`
--

INSERT INTO `m_opex` (`id_m_opex`, `id_jenis_pengajuan`, `id_divisi_budget`, `id_account`, `nama_m_opex`, `type`) VALUES
(1, 3, 1, 46, 'Biaya Perlengkapan Gudang Sparepart', 'single'),
(2, 3, 1, 59, 'Biaya Training Mekanik', 'single'),
(3, 3, 1, 73, 'Beban Operasional Lainnya', 'single'),
(4, 3, 1, 85, 'Biaya Perjalanan Dinas', 'single'),
(5, 3, 1, 86, 'Biaya BBM, parkir, toll', 'single'),
(6, 3, 1, 87, 'Biaya Pajak & Surat Kendaraan Bermotor', 'single'),
(7, 3, 1, 88, 'Biaya Pemeliharaan dan Perbaikan Kendaraan Ops - Part', 'single'),
(8, 3, 1, 89, 'Biaya Pemeliharaan dan Perbaikan Kendaraan Ops - Jasa', 'single'),
(9, 3, 1, 90, 'Biaya Telp dan Fax', 'single'),
(10, 3, 1, 91, 'Biaya Iuran', 'single'),
(11, 3, 1, 92, 'Biaya ATK, Fotokopi & Percetakan', 'single'),
(12, 3, 1, 93, 'Biaya Sewa Kendaraan', 'single'),
(13, 3, 1, 94, 'Biaya Pemeliharaan dan Perbaikan', 'single'),
(14, 3, 1, 95, 'Biaya Jasa Profesional', 'single'),
(15, 3, 1, 96, 'Biaya Komisi Penjualan', 'single'),
(16, 3, 1, 97, 'Biaya Iklan & Promosi Penjualan', 'single'),
(17, 3, 1, 98, 'Biaya Entertainment', 'single'),
(18, 3, 1, 99, 'Biaya Klaim Pelanggan', 'single'),
(19, 3, 1, 100, 'Biaya Asuransi', 'single'),
(20, 3, 1, 101, 'Biaya Pengiriman', 'single'),
(21, 3, 1, 102, 'Biaya rekruitmen dan pelatihan karyawan', 'single'),
(22, 3, 1, 103, 'Biaya Web dan Domain', 'single'),
(23, 3, 1, 104, 'Biaya Penjualan Lainnya', 'single'),
(24, 3, 2, 175, ' Laba/Rugi Terealisasi', 'single'),
(25, 3, 2, 176, 'Laba/Rugi Belum Terealisasi', 'single'),
(26, 3, 2, 177, 'Laba/Rugi Disposisi Aset', 'single'),
(27, 3, 2, 179, ' Laba/Rugi Terealisasi IDR', 'single'),
(28, 3, 2, 180, '  Laba/Rugi Terealisasi EUR', 'single'),
(29, 3, 2, 181, '  Laba/Rugi Terealisasi USD', 'single'),
(30, 3, 2, 182, '  Laba/Rugi Terealisasi AUD', 'single'),
(31, 3, 2, 183, '  Laba/Rugi Terealisasi SGD', 'single'),
(32, 3, 2, 184, '  Laba/Rugi Terealisasi GBP', 'single'),
(33, 3, 2, 185, '  Laba/Rugi Belum Terealisasi IDR', 'single'),
(34, 3, 2, 186, '  Laba/Rugi Belum Terealisasi EUR', 'single'),
(35, 3, 2, 187, '  Laba/Rugi Belum Terealisasi USD', 'single'),
(36, 3, 2, 188, '  Laba/Rugi Belum Terealisasi AUD', 'single'),
(37, 3, 2, 189, '  Laba/Rugi Belum Terealisasi SGD', 'single'),
(38, 3, 2, 190, '  Laba/Rugi Belum Terealisasi GBP', 'single'),
(39, 3, 2, 105, '  Beban Umum  Administrasi', 'single'),
(40, 3, 2, 107, '  Biaya Lembur', 'single'),
(41, 3, 2, 110, '  Biaya Bonus', 'single'),
(42, 3, 2, 113, '  Biaya Pesangon', 'single'),
(43, 3, 2, 114, '  Biaya Asuransi Kesehatan', 'single'),
(44, 3, 2, 115, '  Biaya Tunjangan Pengobatan', 'single'),
(45, 3, 2, 116, '  Biaya Pesangon  Kompensasi', 'single'),
(46, 3, 2, 119, '  Biaya BBM parkir toll', 'single'),
(47, 3, 2, 120, '  Biaya Pajak  Surat Kendaraan Bermotor', 'single'),
(48, 3, 2, 121, '  Biaya Pemeliharaan dan Perbaikan Kendaraan Ops -  Part', 'single'),
(49, 3, 2, 122, '  Biaya Pemeliharaan dan Perbaikan Kendaraan Ops  - Jasa', 'single'),
(50, 3, 2, 123, '  Biaya Pengiriman Dokumen', 'single'),
(51, 3, 2, 124, '  Biaya Pengiriman Lainnya', 'single'),
(52, 3, 2, 125, '  Biaya Listrik dan Air', 'single'),
(53, 3, 2, 126, '  Biaya Telp  Fax', 'single'),
(54, 3, 2, 127, '  Biaya Iuran', 'single'),
(55, 3, 2, 128, '  Biaya ATK, Fotokopi &  Percetakan', 'single'),
(56, 3, 2, 129, '  Biaya Benda Pos dan Materai', 'single'),
(57, 3, 2, 130, '  Biaya Perlengkapan Kantor', 'single'),
(58, 3, 2, 131, '  Biaya Sewa TanahBangunan', 'single'),
(59, 3, 2, 132, '  Biaya Sewa Kendaraan', 'single'),
(60, 3, 2, 133, '  Biaya Sewa Lainnya', 'single'),
(61, 3, 2, 134, '  Biaya Pemeliharaan dan Perbaikan Gedung', 'single'),
(62, 3, 2, 135, '  Biaya Pemeliharaan dan Perbaikan Peralatan Kantor', 'single'),
(63, 3, 2, 136, '  Biaya Pemeliharaan dan Perbaikan Lainnya', 'single'),
(64, 3, 2, 137, '  Biaya Pemeliharaan dan Perbaikan Peralatan Kantor (part)', 'single'),
(65, 3, 2, 138, '  Biaya Jasa Profesional', 'single'),
(66, 3, 2, 139, '  Biaya SuratSurat Ijin', 'single'),
(67, 3, 2, 140, '  Biaya Denda dan Bunga Pajak', 'single'),
(68, 3, 2, 141, '  Biaya PBB', 'single'),
(69, 3, 2, 142, '  Biaya PPh Pasal  4 Ayat 2 ', 'single'),
(70, 3, 2, 143, '  Biaya PPh Pasal  29', 'single'),
(71, 3, 2, 144, '  Biaya Administrasi Perpajakan', 'single'),
(72, 3, 2, 145, '  Biaya Pajak Reklame', 'single'),
(73, 3, 2, 146, '  Biaya Asuransi Gedung', 'single'),
(74, 3, 2, 147, '  Biaya Asuransi Kendaraan', 'single'),
(75, 3, 2, 148, '  Biaya Entertainment', 'single'),
(76, 3, 2, 149, '  Biaya Sumbangan', 'single'),
(77, 3, 2, 150, '  Biaya Rekrutmen Karyawan', 'single'),
(78, 3, 2, 151, '  Biaya Pelatihan dan Seminar', 'single'),
(79, 3, 2, 158, '  Biaya Perlengkapan Komputer', 'single'),
(80, 3, 2, 159, '  Biaya Lisensi Software', 'single'),
(81, 3, 2, 160, '  Biaya Internet', 'single'),
(82, 3, 2, 161, '  Biaya Pemeliharaan dan Perbaikan Perangkat IT', 'single'),
(83, 3, 2, 162, '  Biaya Web dan Domain', 'single'),
(84, 3, 2, 163, '  Biaya Penghapusan Piutang Tak Tertagih', 'single'),
(85, 3, 2, 164, '  Biaya Rumah Tangga Kantor', 'single'),
(86, 3, 2, 165, '  Biaya Seragam Karyawan', 'single'),
(87, 3, 2, 166, '  Biaya Keamanan dan Kebersihan', 'single'),
(88, 3, 2, 167, '  Pendapatan Jasa Giro', 'single'),
(89, 3, 2, 168, '  Pendapatan Bunga Deposito', 'single'),
(90, 3, 2, 169, '  Penjualan Persediaan / Perlengkapan', 'single'),
(91, 3, 2, 170, '  Laba / Rugi Revaluasi Aset', 'single'),
(92, 3, 2, 171, '  Pendapatan Diluar Usaha Lainnya', 'single'),
(93, 3, 2, 172, '  Beban Bunga Pinjaman', 'single'),
(94, 3, 2, 173, '  Beban Adm. Bank &  Buku Cek / Giro', 'single'),
(95, 3, 2, 174, '  Pajak Jasa Giro', 'single'),
(96, 3, 2, 178, '  Beban Bunga Leasing', 'single'),
(170, 3, 1, 0, '  Beban Operasional Lainnya', 'single');

-- --------------------------------------------------------

--
-- Table structure for table `opening`
--

CREATE TABLE `opening` (
  `id_opening` int(11) NOT NULL,
  `nama_opening` varchar(50) NOT NULL,
  `description` varchar(50) NOT NULL
) ENGINE=InnoDB DEFAULT CHARSET=utf8mb4 COLLATE=utf8mb4_general_ci;

-- --------------------------------------------------------

--
-- Table structure for table `opex`
--

CREATE TABLE `opex` (
  `id_opex` int(11) NOT NULL,
  `id_years` int(11) NOT NULL,
  `id_months` int(11) NOT NULL,
  `id_branch` int(11) NOT NULL,
  `id_jenis_pengajuan` int(11) NOT NULL,
  `id_divisi_budget` int(11) NOT NULL,
  `id_department_budget` int(11) NOT NULL,
  `id_m_opex` int(11) NOT NULL,
  `id_account` int(11) NOT NULL,
  `id_user` int(11) NOT NULL,
  `id_currency` int(11) NOT NULL,
  `kurs` varchar(10) NOT NULL,
  `value` varchar(20) NOT NULL,
  `nama_opex` varchar(100) NOT NULL,
  `type` varchar(50) NOT NULL
) ENGINE=InnoDB DEFAULT CHARSET=utf8mb4 COLLATE=utf8mb4_general_ci;

--
-- Dumping data for table `opex`
--

INSERT INTO `opex` (`id_opex`, `id_years`, `id_months`, `id_branch`, `id_jenis_pengajuan`, `id_divisi_budget`, `id_department_budget`, `id_m_opex`, `id_account`, `id_user`, `id_currency`, `kurs`, `value`, `nama_opex`, `type`) VALUES
(68, 2025, 1, 1, 3, 2, 21, 5, 86, 55, 1, '1', '700000', 'OKKK', 'multiple'),
(69, 2025, 1, 1, 3, 2, 24, 13, 94, 55, 1, '1', '700000', 'OKKK', 'multiple');

-- --------------------------------------------------------

--
-- Table structure for table `overtime`
--

CREATE TABLE `overtime` (
  `id_overtime` int(11) NOT NULL,
  `id_tg` int(11) DEFAULT NULL,
  `tgl` timestamp NOT NULL DEFAULT current_timestamp() ON UPDATE current_timestamp(),
  `id_user` int(11) NOT NULL,
  `id_tt` int(11) NOT NULL,
  `id_jenis_pengajuan` int(11) NOT NULL,
  `id_devisi` int(11) NOT NULL,
  `id_departement` int(11) NOT NULL,
  `id_app` int(11) NOT NULL,
  `id_currency` int(11) NOT NULL,
  `sub` varchar(500) NOT NULL,
  `deskripsi` text NOT NULL,
  `status` enum('Draft','waiting','approved','rejected','recheck','confirmed') NOT NULL,
  `datetime` date NOT NULL,
  `id_category` int(11) NOT NULL,
  `time_in` time NOT NULL,
  `time_out` time NOT NULL,
  `fleg` varchar(100) NOT NULL,
  `id_uniq` varchar(100) NOT NULL,
  `transaction_date` date NOT NULL,
  `id_user_hr` int(11) NOT NULL,
  `id_hrga` int(11) NOT NULL
) ENGINE=InnoDB DEFAULT CHARSET=utf8mb4 COLLATE=utf8mb4_general_ci;

--
-- Dumping data for table `overtime`
--

INSERT INTO `overtime` (`id_overtime`, `id_tg`, `tgl`, `id_user`, `id_tt`, `id_jenis_pengajuan`, `id_devisi`, `id_departement`, `id_app`, `id_currency`, `sub`, `deskripsi`, `status`, `datetime`, `id_category`, `time_in`, `time_out`, `fleg`, `id_uniq`, `transaction_date`, `id_user_hr`, `id_hrga`) VALUES
(1, 6, '2025-01-05 22:07:48', 49, 9, 3, 37, 5, 150, 0, 'Tes overtime', 'Tes overtime', 'confirmed', '2024-11-14', 1, '13:35:00', '16:35:00', '', '0000', '2024-11-14', 49, 1),
(12, 6, '2025-01-05 22:08:08', 63, 9, 3, 36, 9, 183, 0, 'LEMBUR TGL 28/11/2024', 'LEMBUR TGL 28/11/2024\r\nMEETING PAK BUDI PERMANA & PAK VENDRY', 'confirmed', '2024-12-02', 1, '17:30:00', '21:58:00', '', '0001', '2024-12-02', 63, 12),
(13, 6, '2025-01-05 22:08:36', 62, 9, 3, 35, 13, 179, 0, 'Izin Sakit Tgl 02/12/2024', 'Izin Sakit Tgl 02/12/2024', 'rejected', '2024-12-02', 1, '08:00:00', '17:00:00', '', '0002', '2024-12-02', 62, 13),
(14, 6, '2025-01-05 22:09:04', 63, 9, 3, 36, 9, 183, 0, 'LEMBUR TGL 02/12/2024', 'LEMBUR TGL 02/12/2024\r\nMEETING PAK BUDI PERMANA & PAK VENDRY', 'confirmed', '2024-12-05', 1, '17:30:00', '18:43:00', '', '0003', '2024-12-02', 63, 14),
(15, 6, '2025-01-05 22:09:31', 77, 9, 3, 35, 14, 182, 0, 'Overtime jack pailing & genset di sunward cakung', 'Laporan overtime ini untuk pekerjaan  overtime kemarin.Baru dibuat hari ini dikarenakan NIK saya kemarin belum terdaftarkan diaplikasi. \r\n\r\nJob description : \r\n- inspection part \r\n- lifting part pailing jack & genset ke truck \r\n- crosscheck ', 'confirmed', '2024-12-05', 1, '17:00:00', '22:00:00', '', '0004', '2024-12-04', 77, 15),
(16, 6, '2025-01-05 22:09:51', 74, 9, 3, 35, 14, 182, 0, 'Overtime jack pailing & genset di sunward', '• inspection & lifting part ke truck\r\n• crosscheck \r\n\r\nOvertime ini dibuat hari ini untuk pekerjaan overtime kemarin pada tanggal 04/12/2024', 'confirmed', '2024-12-05', 1, '17:00:00', '22:00:00', '', '0005', '2024-12-04', 74, 16),
(17, 6, '2025-01-05 22:10:42', 74, 9, 3, 35, 14, 182, 0, 'Preventif maintenance HX 75 S & unloding genset dan Jack pailing ', '• PM 250 HX 75 S. (2 UNIT)\\r\\n•Unloding genset dan Jack pailing \\r\\n• comisoning Jack pailing dan genset ', 'confirmed', '2024-12-12', 1, '17:00:00', '21:00:00', '', '0006', '2024-12-12', 74, 17),
(18, 6, '2025-01-05 22:10:08', 77, 9, 3, 35, 14, 182, 0, 'Overtime', 'unloading jackpilling & genset\r\nInstall hose to jackpilling\r\nComissioning jackpilling dan genset\r\nPM 250 H unit HX75s 2 unit', 'confirmed', '2024-12-12', 1, '17:00:00', '21:00:00', '', '0007', '2024-12-12', 77, 18),
(19, 6, '2025-01-05 22:11:21', 74, 9, 3, 35, 14, 182, 0, 'Assembly Jack pailing ', 'Assembly Jack pailing ', 'rejected', '2024-12-13', 1, '09:00:00', '21:30:00', '', '0008', '2024-12-13', 74, 19),
(20, 6, '2025-01-05 22:11:47', 74, 9, 3, 35, 14, 182, 0, 'Crosscheck part & assembly Jack pailing ', '• Crosscheck part \r\n• assembly Jack pailing ', 'confirmed', '2024-12-13', 1, '17:00:00', '20:00:00', '', '0009', '2024-12-13', 74, 20),
(21, 6, '2025-01-05 22:12:10', 77, 9, 3, 35, 14, 182, 0, 'Overtime', 'Job description :\r\n- check HM and take picture name plate all unit\r\n- prepare tools to assembly jackpilling \r\n- waiting for operator jackpilling from customer\r\n- croschek part \r\n- assembly ( without counterweight )\r\n- training PIC & operator', 'confirmed', '2024-12-13', 1, '17:00:00', '20:00:00', '', '0010', '2024-12-13', 77, 21),
(22, 6, '2025-01-06 02:04:34', 77, 9, 3, 35, 14, 182, 0, 'izin ', 'Saya memohon izin untuk tidak masuk bekerja pada hari ini (02/01/2025) dikarenakan ada urusan keluarga yang harus dihadiri oleh saya secara langsung dan sekaligus saya ingin memperbaiki kelengkapan dokumen saya sebagai seorang karyawan disuatu perusahaan serta saya juga ingin men service hp saya agar bisa digunakan seperti semula lagi untuk komunikasi saat bekerja. Sekian yang bisa saya sampaikan harap dijadikan maklum, Terimakasih.\\\\r\\\\n\\\\r\\\\n Wahyu Hidayat.', 'rejected', '2025-01-06', 2, '15:02:00', '15:02:00', '', '0011', '2025-02-01', 77, 22),
(23, 6, '2025-01-06 05:11:58', 77, 9, 3, 35, 14, 182, 0, 'Izin pergantian hari libur', 'Saya memohon izin untuk tidak masuk bekerja pada hari jum\'at dikarenakan saya memiliki simpanan hari libur setelah dinas dari mobyco lamongan dan saya claim hari libur itu di hari jum\'at 03/01/2025. Demikian yang dapat saya sampaikan mohon untuk dijadikan maklum.Terimakasih.\r\n\r\n\r\n Wahyu Hidayat.', 'rejected', '2025-01-06', 2, '15:07:00', '15:07:00', '', '0012', '2025-03-01', 77, 23),
(24, 6, '2025-01-09 04:47:39', 69, 9, 3, 35, 14, 182, 0, 'Overtime ', 'Rebuild and moving unit Jackpail & Genset, location Sunward Yard', 'confirmed', '2025-01-03', 1, '17:00:00', '21:30:00', '', '0013', '2025-01-08', 69, 24),
(25, 6, '2025-01-09 04:42:58', 78, 9, 3, 35, 14, 182, 0, 'Genset, Sunward Jackpiling', '1. Commisioning Genset di BMG Cikupa\r\n2. Assist assembly unit Jackpiling di Warehouse Sunward\r\n2. Loading unit jackpiling dan genset dari Cikupa ke ekspedisi di warehouse \r\n    Sunward, Cakung', 'confirmed', '2025-01-08', 1, '17:00:00', '21:30:00', '', '0014', '2025-01-08', 78, 25),
(26, 6, '2025-01-09 04:42:42', 77, 9, 3, 35, 14, 182, 0, 'Overtime', '1. Commisioning genset di cikande cikupa\r\n2. Assist assembly jackpiling di warehouse sunward\r\n3. Loading genset di cikande to delevery sunward cakung \r\n4. loading jackpilling&genset di warehouse sunward to delevery lamongan', 'confirmed', '2025-01-08', 1, '17:00:00', '22:00:00', '', '0015', '2025-08-01', 77, 26),
(27, 6, '2025-01-09 04:38:17', 74, 9, 3, 35, 14, 182, 0, 'Overtime', '1. Assist assembly jackpiling di warehouse sunward \r\n2. Loading jackpilling & genset diwarehouse sunward ', 'confirmed', '2025-01-08', 1, '17:00:00', '21:00:00', '', '0016', '2025-08-01', 74, 27),
(28, 6, '2025-01-09 04:37:41', 77, 9, 3, 35, 14, 182, 0, 'Izin pergantian hari libur', 'Saya memohon izin untuk tidak masuk bekerja pada hari jum\'at dikarenakan saya memiliki simpanan hari libur setelah dinas dari mobyco lamongan dan saya claim hari libur itu di hari jum\'at 03/01/2025. Demikian yang dapat saya sampaikan mohon untuk dijadikan maklum.Terimakasih. Wahyu Hidayat.', 'confirmed', '2025-01-09', 2, '08:00:00', '17:00:00', '', '0017', '2025-01-03', 77, 28),
(29, 6, '2025-01-09 22:27:13', 77, 9, 3, 35, 14, 182, 0, 'Overtime', '1. Loading accesoris jackpilling di sunward \r\n2. Croscheck  quantity', 'confirmed', '2025-01-09', 1, '17:00:00', '19:30:00', '', '0018', '2025-09-01', 77, 29),
(30, 6, '2025-01-09 22:26:44', 69, 9, 3, 35, 14, 182, 0, 'Overtime', 'Loading attachment jackpile moving to mobyco Lamongan ', 'confirmed', '2025-01-09', 1, '17:00:00', '19:30:00', '', '0019', '2025-01-09', 69, 30),
(31, 6, '2025-02-03 02:26:00', 69, 9, 3, 35, 14, 182, 0, 'Penggantian hari libur', 'Penggantian hari libur karena berangkat tugas pada hari minggu tgl 5 januari 2025. Tugas service unit excavator hyunday HX55s customer PT. Adhipatama Anggada lokasi lamongan Jatim.', 'confirmed', '2025-02-03', 2, '08:00:00', '17:00:00', '', '0020', '2025-02-10', 69, 31),
(32, 6, '2025-02-03 02:25:45', 69, 9, 3, 35, 14, 182, 0, 'Penggantian hari libur', 'Penggantian hari libur karena berangkat tugas pada hari libur hari Rabu tgl 29  januari 2025. Tugas service unit excavator hyunday HX75s 2 unit dan JCB81 3 unit customer PT. Adhipatama Anggada lokasi lamongan Jatim.', 'confirmed', '2025-02-03', 2, '08:00:00', '17:00:00', '', '0021', '2025-02-11', 69, 32),
(33, 6, '2025-03-18 03:34:52', 60, 9, 3, 35, 13, 179, 0, 'Proses Dokumen HSE ', 'Proses dokumen HSE untuk keperluan Tender pada E-Proc PT Cipta Kridatama', 'confirmed', '2025-02-04', 1, '18:00:00', '21:34:00', '', '0022', '2025-02-04', 70, 31),
(34, 6, '2025-03-18 03:36:24', 70, 9, 3, 35, 13, 179, 0, 'Tes', 'Tes', 'Draft', '2025-03-18', 1, '10:35:00', '00:35:00', '', '0023', '2025-03-18', 70, 32),
(35, 6, '2025-03-18 03:36:47', 70, 9, 3, 35, 13, 179, 0, 'TESSS', 'TESSS', 'Draft', '2025-03-18', 1, '10:36:00', '23:37:00', '', '0024', '2025-03-18', 70, 33),
(36, 6, '2025-03-18 08:07:32', 60, 9, 3, 35, 13, 179, 0, 'dadsad', 'sa', 'waiting', '2025-03-18', 1, '15:07:00', '03:07:00', '', '0025', '2025-03-18', 60, 34),
(37, 6, '2025-06-25 02:34:07', 49, 9, 3, 37, 5, 175, 0, 'tes', 'ok', 'Draft', '2025-06-25', 1, '09:33:00', '21:33:00', '', '0026', '2025-06-25', 49, 35),
(38, 6, '2025-06-25 02:34:49', 61, 9, 3, 30, 12, 177, 0, 'o', 'okdfghdghdfg', 'Draft', '2025-06-25', 1, '09:34:00', '21:34:00', '', '0027', '2025-06-28', 61, 36),
(39, 6, '2025-07-17 04:14:22', 49, 9, 3, 37, 5, 175, 0, 'ok', 'okkkk', 'confirmed', '2025-07-11', 1, '09:28:00', '21:28:00', '', '0028', '2025-07-11', 49, 37),
(40, 6, '2025-09-08 03:28:17', 49, 9, 3, 37, 5, 175, 0, '9o98o8o', '8o98o98o', 'Draft', '2025-09-08', 1, '10:28:00', '22:28:00', '', '0029', '2025-09-08', 49, 38),
(41, 6, '2025-09-08 03:38:49', 49, 9, 3, 37, 5, 175, 0, 'ok', 'ok9oo', 'confirmed', '2025-09-08', 1, '22:29:00', '22:29:00', '', '0030', '2025-09-08', 49, 39),
(42, 6, '2025-12-04 04:31:00', 49, 9, 3, 37, 5, 175, 0, 'dsf', 'sfsdf', 'waiting', '2025-12-04', 1, '11:30:00', '11:32:00', '', '0031', '2025-12-04', 49, 39);

-- --------------------------------------------------------

--
-- Table structure for table `pengajuan`
--

CREATE TABLE `pengajuan` (
  `id_pengajuan` int(11) NOT NULL,
  `pengajuan` varchar(225) NOT NULL,
  `id_user` int(11) NOT NULL,
  `id_jenis_pengajuan` int(11) NOT NULL,
  `tanggal_pengajuan` date NOT NULL,
  `gambar` varchar(225) NOT NULL,
  `biaya` int(225) NOT NULL,
  `alasan` text NOT NULL,
  `keterangan` text NOT NULL,
  `jadwal_pelaksanaan` date NOT NULL,
  `catatan` text NOT NULL,
  `status` enum('menunggu','proses','selesai') NOT NULL,
  `update_pengajuan` date NOT NULL
) ENGINE=InnoDB DEFAULT CHARSET=latin1 COLLATE=latin1_swedish_ci;

-- --------------------------------------------------------

--
-- Table structure for table `permit`
--

CREATE TABLE `permit` (
  `id_permit` int(11) NOT NULL,
  `permit_name` varchar(100) NOT NULL,
  `deskripsi` varchar(100) NOT NULL
) ENGINE=InnoDB DEFAULT CHARSET=utf8mb4 COLLATE=utf8mb4_general_ci;

--
-- Dumping data for table `permit`
--

INSERT INTO `permit` (`id_permit`, `permit_name`, `deskripsi`) VALUES
(3, 'SICK', 'Izin sakit'),
(4, 'C-IN', 'Izin masuk'),
(5, 'C-OUT', 'Izin keluar'),
(6, 'EARLY OUT', 'Izin keluar lebih awal'),
(7, 'BUSINESS TRIP', 'Izin perjalanan dinas'),
(8, 'OTHERS', 'Izin yang lain');

-- --------------------------------------------------------

--
-- Table structure for table `plafon`
--

CREATE TABLE `plafon` (
  `id_plafon` int(11) NOT NULL,
  `id_grade` int(11) NOT NULL,
  `id_cost` int(11) NOT NULL,
  `id_region` int(11) NOT NULL,
  `value` varchar(50) NOT NULL,
  `id_currency` int(11) NOT NULL,
  `deskripsi` varchar(100) NOT NULL
) ENGINE=InnoDB DEFAULT CHARSET=utf8mb4 COLLATE=utf8mb4_general_ci;

--
-- Dumping data for table `plafon`
--

INSERT INTO `plafon` (`id_plafon`, `id_grade`, `id_cost`, `id_region`, `value`, `id_currency`, `deskripsi`) VALUES
(1, 1, 1, 1, '300,000', 1, 'Actual, Kelas Melati, Standard Room, Twin Sharing'),
(2, 2, 1, 1, '300,000', 1, 'Actual, Kelas Melati, Standard Room, Twin Sharing'),
(3, 3, 1, 1, '300,000', 1, 'Actual, Kelas Melati, Standard Room, Twin Sharing'),
(4, 4, 1, 1, '400,000', 1, 'Actual, bintang 2, Standard Room, Twin Sharing'),
(5, 5, 1, 1, '400,000', 1, 'Actual, bintang 2, Standard Room, Twin Sharing'),
(6, 6, 1, 1, '400,000', 1, 'Actual, bintang 2, Standard Room, Twin Sharing'),
(7, 7, 1, 1, '400,000', 1, 'Actual, bintang 2, Standard Room, Twin Sharing'),
(8, 8, 1, 1, '400,000', 1, 'Actual, bintang 2, Standard Room, Twin Sharing'),
(9, 9, 1, 1, '400,000', 1, 'Actual, bintang 2, Standard Room, Twin Sharing'),
(10, 10, 1, 1, '500,000', 1, 'Actual, bintang 3, Standard Room, Twin Sharing'),
(11, 11, 1, 1, '500,000', 1, 'Actual, bintang 3, Standard Room, Twin Sharing'),
(12, 12, 1, 1, '500,000', 1, 'Actual, bintang 3, Standard Room, Twin Sharing'),
(13, 13, 1, 1, '700,000', 1, 'Actual, bintang 4, Standard Room, Singgele Occupan'),
(14, 14, 1, 1, '700,000', 1, 'Actual, bintang 4, Standard Room, Singgele Occupan'),
(15, 15, 1, 1, '700,000', 1, 'Actual, bintang 4, Standard Room, Singgele Occupan'),
(16, 16, 1, 1, '800,000', 1, 'Actual, bintang 4, Standard Room, Singgele Occupan'),
(17, 17, 1, 1, '800,000', 1, 'Actual, bintang 4, Standard Room, Singgele Occupan'),
(18, 18, 1, 1, '0', 1, 'Actual, bintang 5, Standard Room, Singgele Occupan'),
(19, 1, 1, 2, '300000', 1, 'Actual, Kelas Melati, Standard Room, Twin Sharing'),
(20, 2, 1, 2, '300000', 1, 'Actual, Kelas Melati, Standard Room, Twin Sharing'),
(21, 3, 1, 2, '300,000', 1, 'Actual, Kelas Melati, Standard Room, Twin Sharing'),
(22, 4, 1, 2, '400,000', 1, 'Actual, bintang 2, Standard Room, Twin Sharing'),
(23, 5, 1, 2, '400,000', 1, 'Actual, bintang 2, Standard Room, Twin Sharing'),
(24, 6, 1, 2, '400,000', 1, 'Actual, bintang 2, Standard Room, Twin Sharing'),
(25, 7, 1, 2, '400,000', 1, 'Actual, bintang 2, Standard Room, Twin Sharing'),
(26, 8, 1, 2, '400,000', 1, 'Actual, bintang 2, Standard Room, Twin Sharing'),
(27, 9, 1, 2, '400,000', 1, 'Actual, bintang 2, Standard Room, Twin Sharing'),
(28, 10, 1, 2, '500,000', 1, 'Actual, bintang 3, Standard Room, Twin Sharing'),
(29, 11, 1, 2, '400,000', 1, 'Actual, bintang 3, Standard Room, Twin Sharing'),
(30, 12, 1, 2, '400,000', 1, 'Actual, bintang 3, Standard Room, Twin Sharing'),
(31, 13, 1, 2, '700,000', 1, 'Actual, bintang 4, Standard Room, Singgle Occupancy'),
(32, 14, 1, 2, '700,000', 1, 'Actual, bintang 4, Standard Room, Singgle Occupancy'),
(33, 15, 1, 2, '700,000', 1, 'Actual, bintang 4, Standard Room, Singgle Occupancy'),
(34, 16, 1, 2, '800,000', 1, 'Actual, bintang 4, Standard Room, Singgle Occupancy'),
(35, 17, 1, 2, '800,000', 1, 'Actual, bintang 4, Standard Room, Singgle Occupancy'),
(36, 18, 1, 2, '0', 1, 'Actual, bintang 5, Standard Room, Singgle Occupancy'),
(37, 1, 1, 3, '300,000', 1, 'Actual, Kelas Melati, Standard Room, Twin Sharing'),
(38, 2, 1, 3, '300,000', 1, 'Actual, Kelas Melati, Standard Room, Twin Sharing'),
(39, 3, 1, 3, '300,000', 1, 'Actual, Kelas Melati, Standard Room, Twin Sharing'),
(40, 4, 1, 3, '400,000', 1, 'Actual, bintang 2, Standard Room, Twin Sharing'),
(41, 5, 1, 3, '400,000', 1, 'Actual, bintang 2, Standard Room, Twin Sharing'),
(42, 6, 1, 3, '400,000', 1, 'Actual, bintang 2, Standard Room, Twin Sharing'),
(43, 7, 1, 3, '400,000', 1, 'Actual, bintang 2, Standard Room, Twin Sharing'),
(44, 8, 1, 3, '400,000', 1, 'Actual, bintang 2, Standard Room, Twin Sharing'),
(45, 9, 1, 3, '400,000', 1, 'Actual, bintang 2, Standard Room, Twin Sharing'),
(46, 10, 1, 3, '500,000', 1, 'Actual, bintang 3, Standard Room, Twin Sharing'),
(47, 11, 1, 3, '500,000', 1, 'Actual, bintang 3, Standard Room, Twin Sharing'),
(48, 12, 1, 3, '500,000', 1, 'Actual, bintang 3, Standard Room, Twin Sharing'),
(49, 13, 1, 3, '700,000', 1, 'Actual, bintang 4, Standard Room, Singgle Occupancy'),
(50, 14, 1, 3, '700,000', 1, 'Actual, bintang 4, Standard Room, Singgle Occupancy'),
(51, 15, 1, 3, '700,000', 1, 'Actual, bintang 4, Standard Room, Singgle Occupancy'),
(52, 16, 1, 3, '800,000', 1, 'Actual, bintang 4, Standard Room, Singgle Occupancy'),
(53, 17, 1, 3, '800,000', 1, 'Actual, bintang 4, Standard Room, Singgle Occupancy'),
(54, 18, 1, 3, '0', 1, 'Actual, bintang 5, Standard Room, Singgle Occupancy'),
(89, 1, 2, 1, '30,000', 1, 'Per sekali makan (kali 3 kali makan)'),
(90, 2, 2, 1, '30,000', 1, 'Per sekali makan (kali 3 kali makan)'),
(91, 3, 2, 1, '30,000', 1, 'Per sekali makan (kali 3 kali makan)'),
(92, 4, 2, 1, '35,000', 1, 'Per sekali makan (kali 3 kali makan)'),
(93, 5, 2, 1, '35,000', 1, 'Per sekali makan (kali 3 kali makan)'),
(94, 6, 2, 1, '35,000', 1, 'Per sekali makan (kali 3 kali makan)'),
(95, 7, 2, 1, '40,000', 1, 'Per sekali makan (kali 3 kali makan)'),
(96, 8, 2, 1, '40,000', 1, 'Per sekali makan (kali 3 kali makan)'),
(97, 9, 2, 1, '40,000', 1, 'Per sekali makan (kali 3 kali makan)'),
(98, 10, 2, 1, '45,000', 1, 'Per sekali makan (kali 3 kali makan)'),
(99, 11, 2, 1, '45,000', 1, 'Per sekali makan (kali 3 kali makan)'),
(100, 12, 2, 1, '45,000', 1, 'Per sekali makan (kali 3 kali makan)/hari'),
(101, 13, 2, 1, '50,000', 1, 'Per sekali makan (kali 3 kali makan)/hari'),
(102, 14, 2, 1, '50,000', 1, 'Per sekali makan (kali 3 kali makan)/hari'),
(103, 15, 2, 1, '50,000', 1, 'Per sekali makan (kali 3 kali makan)/hari'),
(104, 16, 2, 1, '55,000', 1, 'Per sekali makan (kali 3 kali makan)/hari'),
(105, 17, 2, 1, '55,000', 1, 'Per sekali makan (kali 3 kali makan)/hari'),
(106, 18, 2, 1, '0', 1, 'Per sekali makan (kali 3 kali makan)/hari'),
(107, 1, 2, 2, '36,000', 1, 'Per sekali makan (kali 3 kali makan)/hari'),
(108, 2, 2, 2, '36,000', 1, 'Per sekali makan (kali 3 kali makan)/hari'),
(109, 3, 2, 2, '36,000', 1, 'Per sekali makan (kali 3 kali makan)/hari'),
(110, 4, 2, 2, '42,000', 1, 'Per sekali makan (kali 3 kali makan)/hari'),
(111, 5, 2, 2, '42,000', 1, 'Per sekali makan (kali 3 kali makan)/hari'),
(112, 6, 2, 2, '42,000', 1, 'Per sekali makan (kali 3 kali makan)/hari'),
(113, 7, 2, 2, '48,000', 1, 'Per sekali makan (kali 3 kali makan)/hari'),
(114, 8, 2, 2, '48,000', 1, 'Per sekali makan (kali 3 kali makan)/hari'),
(115, 9, 2, 2, '48,000', 1, 'Per sekali makan (kali 3 kali makan)/hari'),
(116, 10, 2, 2, '54,000', 1, 'Per sekali makan (kali 3 kali makan)/hari'),
(117, 11, 2, 2, '54,000', 1, 'Per sekali makan (kali 3 kali makan)/hari'),
(118, 12, 2, 2, '54,000', 1, 'Per sekali makan (kali 3 kali makan)/hari'),
(119, 13, 2, 2, '60,000', 1, 'Per sekali makan (kali 3 kali makan)/hari'),
(120, 14, 2, 2, '60,000', 1, 'Per sekali makan (kali 3 kali makan)/hari'),
(121, 15, 2, 2, '60,000', 1, 'Per sekali makan (kali 3 kali makan)/hari'),
(122, 16, 2, 2, '66,000', 1, 'Per sekali makan (kali 3 kali makan)/hari'),
(123, 17, 2, 2, '66,000', 1, 'Per sekali makan (kali 3 kali makan)/hari'),
(124, 18, 2, 2, '0', 1, 'Per sekali makan (kali 3 kali makan)/hari'),
(125, 1, 2, 3, '42,000', 1, 'Per sekali makan (kali 3 kali makan)/hari'),
(126, 2, 2, 3, '42,000', 1, 'Per sekali makan (kali 3 kali makan)/hari'),
(127, 3, 2, 3, '42,000', 1, 'Per sekali makan (kali 3 kali makan)/hari'),
(128, 4, 2, 3, '49,000', 1, 'Per sekali makan (kali 3 kali makan)/hari'),
(129, 5, 2, 3, '49,000', 1, 'Per sekali makan (kali 3 kali makan)/hari'),
(130, 6, 2, 3, '49,000', 1, 'Per sekali makan (kali 3 kali makan)/hari'),
(131, 7, 2, 3, '56,000', 1, 'Per sekali makan (kali 3 kali makan)/hari'),
(132, 8, 2, 3, '56,000', 1, 'Per sekali makan (kali 3 kali makan)/hari'),
(133, 9, 2, 3, '56,000', 1, 'Per sekali makan (kali 3 kali makan)/hari'),
(134, 10, 2, 3, '63,000', 1, 'Per sekali makan (kali 3 kali makan)/hari'),
(135, 11, 2, 3, '63,000', 1, 'Per sekali makan (kali 3 kali makan)/hari'),
(136, 12, 2, 3, '63,000', 1, 'Per sekali makan (kali 3 kali makan)/hari'),
(137, 13, 2, 3, '70,000', 1, 'Per sekali makan (kali 3 kali makan)/hari'),
(138, 14, 2, 3, '70,000', 1, 'Per sekali makan (kali 3 kali makan)/hari'),
(139, 15, 2, 3, '70,000', 1, 'Per sekali makan (kali 3 kali makan)/hari'),
(140, 16, 2, 3, '77,000', 1, 'Per sekali makan (kali 3 kali makan)/hari'),
(141, 17, 2, 3, '77,000', 1, 'Per sekali makan (kali 3 kali makan)/hari'),
(142, 18, 2, 3, '0', 1, 'Per sekali makan (kali 3 kali makan)/hari'),
(143, 1, 2, 7, '15', 3, 'Per sekali makan (kali 3 kali makan)/hari'),
(144, 2, 2, 7, '15', 3, 'Per sekali makan (kali 3 kali makan)/hari'),
(145, 3, 2, 7, '15', 3, 'Per sekali makan (kali 3 kali makan)/hari'),
(146, 4, 2, 7, '15', 3, 'Per sekali makan (kali 3 kali makan)/hari'),
(147, 5, 2, 7, '15', 3, 'Per sekali makan (kali 3 kali makan)/hari'),
(148, 6, 2, 7, '15', 3, 'Per sekali makan (kali 3 kali makan)/hari'),
(149, 7, 2, 7, '20', 3, 'Per sekali makan (kali 3 kali makan)/hari'),
(150, 8, 2, 7, '20', 3, 'Per sekali makan (kali 3 kali makan)/hari'),
(151, 9, 2, 7, '20', 3, 'Per sekali makan (kali 3 kali makan)/hari'),
(152, 10, 2, 7, '20', 3, 'Per sekali makan (kali 3 kali makan)/hari'),
(153, 11, 2, 7, '20', 3, 'Per sekali makan (kali 3 kali makan)/hari'),
(154, 12, 2, 7, '20', 3, 'Per sekali makan (kali 3 kali makan)/hari'),
(155, 13, 2, 7, '25', 3, 'Per sekali makan (kali 3 kali makan)/hari'),
(156, 14, 2, 7, '25', 3, 'Per sekali makan (kali 3 kali makan)/hari'),
(157, 15, 2, 7, '25', 3, 'Per sekali makan (kali 3 kali makan)/hari'),
(158, 16, 2, 7, '25', 3, 'Per sekali makan (kali 3 kali makan)/hari'),
(159, 17, 2, 7, '25', 3, 'Per sekali makan (kali 3 kali makan)/hari'),
(160, 18, 2, 7, '30', 3, 'Per sekali makan (kali 3 kali makan)/hari'),
(161, 1, 2, 8, '10', 3, 'Per sekali makan (kali 3 kali makan)/hari'),
(162, 2, 2, 8, '10', 3, 'Per sekali makan (kali 3 kali makan)/hari'),
(163, 3, 2, 8, '10', 3, 'Per sekali makan (kali 3 kali makan)/hari'),
(164, 4, 2, 8, '10', 3, 'Per sekali makan (kali 3 kali makan)/hari'),
(165, 5, 2, 8, '10', 3, 'Per sekali makan (kali 3 kali makan)/hari'),
(166, 6, 2, 8, '10', 3, 'Per sekali makan (kali 3 kali makan)/hari'),
(167, 10, 2, 8, '10', 3, 'Per sekali makan (kali 3 kali makan)/hari'),
(168, 11, 2, 8, '10', 3, 'Per sekali makan (kali 3 kali makan)/hari'),
(169, 12, 2, 8, '10', 3, 'Per sekali makan (kali 3 kali makan)/hari'),
(170, 13, 2, 8, '12', 3, 'Per sekali makan (kali 3 kali makan)/hari'),
(171, 14, 2, 8, '12', 3, 'Per sekali makan (kali 3 kali makan)/hari'),
(172, 15, 2, 8, '12', 3, 'Per sekali makan (kali 3 kali makan)/hari'),
(173, 16, 2, 8, '12', 3, 'Per sekali makan (kali 3 kali makan)/hari'),
(174, 17, 2, 8, '12', 3, 'Per sekali makan (kali 3 kali makan)/hari'),
(175, 18, 2, 8, '14', 3, 'Per sekali makan (kali 3 kali makan)/hari'),
(176, 1, 3, 1, '25,000', 1, 'Uang Saku/Inap'),
(177, 2, 3, 1, '25,000', 1, 'Uang Saku/Inap'),
(178, 3, 3, 1, '25,000', 1, 'Uang Saku/Inap'),
(179, 4, 3, 1, '35,000', 1, 'Uang Saku/Inap'),
(180, 5, 3, 1, '35,000', 1, 'Uang Saku/Inap'),
(181, 6, 3, 1, '35,000', 1, 'Uang Saku/Inap'),
(182, 7, 3, 1, '45,000', 1, 'Uang Saku/Inap'),
(183, 8, 3, 1, '45,000', 1, 'Uang Saku/Inap'),
(184, 9, 3, 1, '45,000', 1, 'Uang Saku/Inap'),
(185, 10, 3, 1, '55,000', 1, 'Uang Saku/Inap'),
(186, 11, 3, 1, '55,000', 1, 'Uang Saku/Inap'),
(187, 12, 3, 1, '55,000', 1, 'Uang Saku/Inap'),
(188, 13, 3, 1, '75,000', 1, 'Uang Saku/Inap'),
(189, 14, 3, 1, '75,000', 1, 'Uang Saku/Inap'),
(190, 15, 3, 1, '75,000', 1, 'Uang Saku/Inap'),
(191, 16, 3, 1, '100,000', 1, 'Uang Saku/Inap'),
(192, 17, 3, 1, '100,000', 1, 'Uang Saku/Inap'),
(193, 18, 3, 1, '125,000', 1, 'Uang Saku/Inap'),
(194, 1, 3, 2, '25,000', 1, 'Uang Saku/Inap'),
(195, 2, 3, 2, '25,000', 1, 'Uang Saku/Inap'),
(196, 3, 3, 2, '25,000', 1, 'Uang Saku/Inap'),
(197, 4, 3, 2, '35,000', 1, 'Uang Saku/Inap'),
(198, 5, 3, 2, '35,000', 1, 'Uang Saku/Inap'),
(199, 6, 3, 2, '35,000', 1, 'Uang Saku/Inap'),
(200, 7, 3, 2, '45,000', 1, 'Uang Saku/Inap'),
(201, 8, 3, 2, '45,000', 1, 'Uang Saku/Inap'),
(202, 9, 3, 2, '45,000', 1, 'Uang Saku/Inap'),
(203, 10, 3, 2, '55,000', 1, 'Uang Saku/Inap'),
(204, 11, 3, 2, '55,000', 1, 'Uang Saku/Inap'),
(205, 12, 3, 2, '55,000', 1, 'Uang Saku/Inap'),
(206, 13, 3, 2, '75,000', 1, 'Uang Saku/Inap'),
(207, 14, 3, 2, '75,000', 1, 'Uang Saku/Inap'),
(208, 15, 3, 2, '75,000', 1, 'Uang Saku/Inap'),
(209, 16, 3, 2, '100,000', 1, 'Uang Saku/Inap'),
(210, 17, 3, 2, '100,000', 1, 'Uang Saku/Inap'),
(211, 18, 3, 2, '125,000', 1, 'Uang Saku/Inap'),
(212, 1, 3, 3, '25,000', 1, 'Uang Saku/Inap'),
(213, 2, 3, 3, '25,000', 1, 'Uang Saku/Inap'),
(214, 3, 3, 3, '25,000', 1, 'Uang Saku/Inap'),
(215, 4, 3, 3, '35,000', 1, 'Uang Saku/Inap'),
(216, 5, 3, 3, '35,000', 1, 'Uang Saku/Inap'),
(217, 6, 3, 3, '35,000', 1, 'Uang Saku/Inap'),
(218, 7, 3, 3, '45,000', 1, 'Uang Saku/Inap'),
(219, 8, 3, 3, '45,000', 1, 'Uang Saku/Inap'),
(220, 9, 3, 3, '45,000', 1, 'Uang Saku/Inap'),
(221, 10, 3, 3, '55,000', 1, 'Uang Saku/Inap'),
(222, 11, 3, 3, '55,000', 1, 'Uang Saku/Inap'),
(223, 12, 3, 3, '55,000', 1, 'Uang Saku/Inap'),
(224, 13, 3, 3, '75,000', 1, 'Uang Saku/Inap'),
(225, 14, 3, 3, '75,000', 1, 'Uang Saku/Inap'),
(226, 15, 3, 3, '75,000', 1, 'Uang Saku/Inap'),
(227, 16, 3, 3, '100,000', 1, 'Uang Saku/Inap'),
(228, 17, 3, 3, '100,000', 1, 'Uang Saku/Inap'),
(229, 18, 3, 3, '125,000', 1, 'Uang Saku/Inap'),
(230, 1, 3, 7, '40', 3, 'Uang Saku/Inap'),
(231, 2, 3, 7, '40', 3, 'Uang Saku/Inap'),
(232, 3, 3, 7, '40', 3, 'Uang Saku/Inap'),
(233, 4, 3, 7, '40', 3, 'Uang Saku/Inap'),
(234, 5, 3, 7, '40', 3, 'Uang Saku/Inap'),
(235, 6, 3, 7, '40', 3, 'Uang Saku/Inap'),
(236, 7, 3, 7, '50', 3, 'Uang Saku/Inap'),
(237, 8, 3, 7, '50', 3, 'Uang Saku/Inap'),
(238, 9, 3, 7, '50', 3, 'Uang Saku/Inap'),
(239, 10, 3, 7, '55', 3, 'Uang Saku/Inap'),
(240, 11, 3, 7, '55', 3, 'Uang Saku/Inap'),
(241, 12, 3, 7, '55', 3, 'Uang Saku/Inap'),
(242, 13, 3, 7, '70', 3, 'Uang Saku/Inap'),
(243, 14, 3, 7, '70', 3, 'Uang Saku/Inap'),
(244, 15, 3, 7, '70', 3, 'Uang Saku/Inap'),
(245, 16, 3, 7, '80', 3, 'Uang Saku/Inap'),
(246, 17, 3, 7, '80', 3, 'Uang Saku/Inap'),
(247, 18, 3, 7, '90', 3, 'Uang Saku/Inap'),
(248, 1, 3, 8, '25', 3, 'Uang Saku/Inap'),
(249, 2, 3, 8, '25', 3, 'Uang Saku/Inap'),
(250, 3, 3, 8, '25', 3, 'Uang Saku/Inap'),
(251, 4, 3, 8, '25', 3, 'Uang Saku/Inap'),
(252, 5, 3, 8, '25', 3, 'Uang Saku/Inap'),
(253, 6, 3, 8, '25', 3, 'Uang Saku/Inap'),
(254, 7, 3, 8, '30', 3, 'Uang Saku/Inap'),
(255, 8, 3, 8, '30', 3, 'Uang Saku/Inap'),
(256, 9, 3, 8, '30', 3, 'Uang Saku/Inap'),
(257, 10, 3, 8, '40', 3, 'Uang Saku/Inap'),
(258, 11, 3, 8, '40', 3, 'Uang Saku/Inap'),
(259, 12, 3, 8, '40', 3, 'Uang Saku/Inap'),
(260, 13, 3, 8, '55', 3, 'Uang Saku/Inap'),
(261, 14, 3, 8, '55', 3, 'Uang Saku/Inap'),
(262, 15, 3, 8, '55', 3, 'Uang Saku/Inap'),
(263, 16, 3, 8, '60', 3, 'Uang Saku/Inap'),
(264, 17, 3, 8, '60', 3, 'Uang Saku/Inap'),
(265, 18, 3, 8, '65', 3, 'Uang Saku/Inap'),
(266, 1, 7, 1, '1,000,000', 1, 'Kost/bulan'),
(267, 2, 7, 1, '1,000,000', 1, 'Kost/bulan'),
(268, 3, 7, 1, '1,000,000', 1, 'Kost/bulan'),
(269, 4, 7, 1, '1,250,000', 1, 'Kost/bulan'),
(270, 5, 7, 1, '1,250,000', 1, 'Kost/bulan'),
(271, 6, 7, 1, '1,250,000', 1, 'Kost/bulan'),
(272, 7, 7, 1, '1,500,000', 1, 'Kost/bulan'),
(273, 8, 7, 1, '1,500,000', 1, 'Kost/bulan'),
(274, 9, 7, 1, '1,500,000', 1, 'Kost/bulan'),
(275, 10, 7, 1, '1,750,000', 1, 'Kost/bulan'),
(276, 11, 7, 1, '1,750,000', 1, 'Kost/bulan'),
(277, 12, 7, 1, '1,750,000', 1, 'Kost/bulan'),
(278, 13, 7, 1, '2,000,000', 1, 'Kost/bulan'),
(279, 14, 7, 1, '2,000,000', 1, 'Kost/bulan'),
(280, 15, 7, 1, '2,000,000', 1, 'Kost/bulan'),
(284, 1, 7, 2, '1,000,000', 1, 'Kost/bulan'),
(285, 2, 7, 2, '1,000,000', 1, 'Kost/bulan'),
(286, 3, 7, 2, '1,000,000', 1, 'Kost/bulan'),
(287, 4, 7, 2, '1,250,000', 1, 'Kost/bulan'),
(288, 5, 7, 2, '1,250,000', 1, 'Kost/bulan'),
(289, 6, 7, 2, '1,250,000', 1, 'Kost/bulan'),
(290, 7, 7, 2, '1,500,000', 1, 'Kost/bulan'),
(291, 8, 7, 2, '1,500,000', 1, 'Kost/bulan'),
(292, 9, 7, 2, '1,500,000', 1, 'Kost/bulan'),
(293, 10, 7, 2, '1,750,000', 1, 'Kost/bulan'),
(294, 11, 7, 2, '1,750,000', 1, 'Kost/bulan'),
(295, 12, 7, 2, '1,750,000', 1, 'Kost/bulan'),
(296, 13, 7, 2, '2,000,000', 1, 'Kost/bulan'),
(297, 14, 7, 2, '2,000,000', 1, 'Kost/bulan'),
(298, 15, 7, 2, '2,000,000', 1, 'Kost/bulan'),
(302, 1, 7, 3, '1,000,000', 1, 'Kost/bulan'),
(303, 2, 7, 3, '1,000,000', 1, 'Kost/bulan'),
(304, 3, 7, 3, '1,000,000', 1, 'Kost/bulan'),
(305, 4, 7, 3, '1,250,000', 1, 'Kost/bulan'),
(306, 5, 7, 3, '1,250,000', 1, 'Kost/bulan'),
(307, 6, 7, 3, '1,250,000', 1, 'Kost/bulan'),
(308, 7, 7, 3, '1,500,000', 1, 'Kost/bulan'),
(309, 8, 7, 3, '1,500,000', 1, 'Kost/bulan'),
(310, 9, 7, 3, '1,500,000', 1, 'Kost/bulan'),
(311, 10, 7, 3, '1,750,000', 1, 'Kost/bulan'),
(312, 11, 7, 3, '1,750,000', 1, 'Kost/bulan'),
(313, 12, 7, 3, '1,750,000', 1, 'Kost/bulan'),
(314, 13, 7, 3, '2,000,000', 1, 'Kost/bulan'),
(315, 14, 7, 3, '2,000,000', 1, 'Kost/bulan'),
(316, 15, 7, 3, '2,000,000', 1, 'Kost/bulan'),
(320, 7, 2, 8, '10', 3, 'Per sekali makan (kali 3 kali makan)/hari'),
(321, 8, 2, 8, '10', 3, 'Per sekali makan (kali 3 kali makan)/hari'),
(322, 9, 2, 8, '10', 3, 'Per sekali makan (kali 3 kali makan)/hari'),
(323, 16, 7, 1, '0', 1, 'Kost/bulan'),
(324, 16, 7, 2, '0', 1, 'Kost/bulan'),
(325, 16, 7, 3, '0', 1, 'Kost/bulan'),
(326, 17, 7, 1, '0', 1, 'Kost/bulan'),
(327, 17, 7, 2, '0', 1, 'Kost/bulan'),
(328, 17, 7, 3, '0', 1, 'Kost/bulan'),
(329, 18, 7, 1, '0', 1, 'Kost/bulan'),
(330, 18, 7, 2, '0', 1, 'Kost/bulan'),
(331, 18, 7, 3, '0', 1, 'Kost/bulan'),
(332, 16, 1, 1, '800,000', 1, 'Max biaya Hotel/hari'),
(333, 16, 1, 2, '800,000', 1, 'Max biaya Hotel/hari'),
(334, 16, 1, 3, '800,000', 1, 'Max biaya Hotel/hari'),
(335, 17, 1, 1, '800,000', 1, 'Max biaya Hotel/hari'),
(336, 17, 1, 2, '800,000', 1, 'Max biaya Hotel/hari'),
(337, 17, 1, 3, '800,000', 1, 'Max biaya Hotel/hari'),
(338, 18, 1, 1, '0', 1, 'Max biaya Hotel/hari'),
(339, 18, 1, 2, '0', 1, 'Max biaya Hotel/hari'),
(340, 18, 1, 3, '0', 1, 'Max biaya Hotel/hari'),
(341, 15, 1, 1, '700,000', 1, 'Max biaya hotel / hari'),
(343, 15, 1, 2, '700,000', 1, 'Max biaya hotel / hari'),
(344, 15, 1, 3, '700,000', 1, 'Max biaya hotel / hari'),
(345, 14, 1, 1, '700,000', 1, 'Max biaya hotel / hari'),
(346, 14, 1, 2, '700,000', 1, 'Max biaya hotel / hari'),
(347, 14, 1, 3, '700,000', 1, 'Max biaya hotel / hari'),
(348, 13, 1, 1, '700,000', 1, 'Max biaya hotel / hari'),
(349, 13, 1, 2, '700,000', 1, 'Max biaya hotel / hari'),
(350, 13, 1, 3, '700,000', 1, 'Max biaya hotel / hari'),
(351, 10, 1, 1, '500,000', 1, 'Max biaya hotel / hari'),
(352, 10, 1, 2, '500,000', 1, 'Max biaya hotel / hari'),
(353, 10, 1, 3, '500,000', 1, 'Max biaya hotel / hari'),
(354, 11, 1, 1, '500,000', 1, 'Max biaya hotel / hari'),
(355, 11, 1, 2, '500,000', 1, 'Max biaya hotel / hari'),
(356, 12, 1, 1, '500,000', 1, 'Max biaya hotel / hari'),
(357, 11, 1, 3, '500,000', 1, 'Max biaya hotel / hari'),
(358, 12, 1, 2, '500,000', 1, 'Max biaya hotel / hari'),
(359, 12, 1, 3, '500,000', 1, 'Max biaya hotel / hari'),
(360, 7, 1, 1, '400,000', 1, 'Max biaya hotel / hari'),
(361, 7, 1, 2, '400,000', 1, 'Max biaya hotel / hari'),
(362, 7, 1, 3, '400,000', 1, 'Max biaya hotel / hari'),
(363, 8, 1, 1, '400,000', 1, 'Max biaya hotel / hari'),
(364, 8, 1, 2, '400,000', 1, 'Max biaya hotel / hari'),
(365, 8, 1, 3, '400,000', 1, 'Max biaya hotel / hari'),
(366, 4, 1, 1, '400,000', 1, 'Max biaya hotel / hari'),
(367, 9, 1, 1, '400,000', 1, 'Max biaya hotel / hari'),
(368, 9, 1, 2, '400,000', 1, 'Max biaya hotel / hari'),
(369, 9, 1, 3, '400,000', 1, 'Max biaya hotel / hari'),
(370, 4, 1, 2, '400,000', 1, 'Max biaya hotel / hari'),
(371, 4, 1, 3, '400,000', 1, 'Max biaya hotel / hari'),
(372, 5, 1, 1, '400,000', 1, 'Max biaya hotel / hari'),
(373, 5, 1, 2, '400,000', 1, 'Max biaya hotel / hari'),
(374, 5, 1, 3, '400,000', 1, 'Max biaya hotel / hari'),
(375, 6, 1, 1, '400,000', 1, 'Max biaya hotel / hari'),
(376, 6, 1, 2, '400,000', 1, 'Max biaya hotel / hari');

-- --------------------------------------------------------

--
-- Table structure for table `p_group`
--

CREATE TABLE `p_group` (
  `id_p_group` int(11) NOT NULL,
  `id_brand` int(11) NOT NULL,
  `nama_p_group` varchar(50) NOT NULL,
  `description` varchar(50) NOT NULL,
  `id_user` int(11) NOT NULL
) ENGINE=InnoDB DEFAULT CHARSET=utf8mb4 COLLATE=utf8mb4_general_ci;

--
-- Dumping data for table `p_group`
--

INSERT INTO `p_group` (`id_p_group`, `id_brand`, `nama_p_group`, `description`, `id_user`) VALUES
(5, 1, 'TELEHANDLER', 'TELEHANDLER', 59),
(7, 4, 'EXCAVATOR', 'EXCAVATOR', 59),
(8, 1, 'PARTS', 'PARTS', 56),
(10, 4, 'WHEEL EXCAVATOR', 'WHEEL EXCAVATOR', 59),
(11, 4, 'WHEEL LOADER', 'WHEEL LOADER', 59),
(12, 4, 'MOTOR GRADER', 'MOTOR GRADER', 59),
(13, 4, 'ARTICULATED DUMP TRUCK', 'ARTICULATED DUMP TRUCK', 59),
(14, 4, 'WIDE BODY TRUCK', 'WIDE BODY TRUCK', 59),
(16, 1, 'ROTATING TELEHANDLER', 'ROTATING TELEHANDLER', 59),
(17, 1, 'HEAVY DUTY TELEHANDLER ', 'HEAVY DUTY TELEHANDLER ', 59),
(18, 1, 'ATTACHMENT', 'ATTACHMENT', 59),
(20, 3, 'PARTS', 'PARTS S', 56),
(21, 5, 'COMPACTOR', 'COMPACTOR', 49),
(22, 5, 'SUNWARD ZYJ160B Hyd Static Pile Driver', 'SUNWARD ZYJ160B Hyd Static Pile Driver', 49),
(23, 5, 'DSE Genset R-OC180S (180/380)', 'DSE Genset R-OC180S (180/380)', 49);

-- --------------------------------------------------------

--
-- Table structure for table `real_asset`
--

CREATE TABLE `real_asset` (
  `id_real_asset` int(11) NOT NULL,
  `id_tmp_asset` varchar(11) DEFAULT NULL,
  `id_asset` varchar(11) DEFAULT NULL,
  `id_tg` varchar(11) DEFAULT NULL,
  `id_tt` varchar(11) DEFAULT NULL,
  `id_jenis_pengajuan` varchar(50) DEFAULT NULL,
  `id_branch` varchar(50) DEFAULT NULL,
  `id_devisi` varchar(50) DEFAULT NULL,
  `id_departement` varchar(50) DEFAULT NULL,
  `id_asset_location` varchar(50) DEFAULT NULL,
  `id_group_asset` varchar(50) DEFAULT NULL,
  `id_category_type` varchar(50) DEFAULT NULL,
  `id_category_asset` varchar(50) DEFAULT NULL,
  `id_vendor` varchar(50) DEFAULT NULL,
  `id_user` varchar(50) DEFAULT NULL,
  `id_app` varchar(11) DEFAULT NULL,
  `id_employee` varchar(11) DEFAULT NULL,
  `id_uniq` varchar(20) DEFAULT NULL,
  `status` enum('draft','waiting','approved','rejected','recheck','confirmed') DEFAULT NULL,
  `kode_asset` varchar(20) NOT NULL,
  `nama_asset` varchar(50) NOT NULL,
  `description` varchar(200) NOT NULL,
  `nilai_perolehan` varchar(20) NOT NULL,
  `tanggal_perolehan` date NOT NULL,
  `qty` varchar(11) NOT NULL,
  `reff_invoice` varchar(20) NOT NULL,
  `document` varchar(20) NOT NULL,
  `fleg` varchar(11) NOT NULL
) ENGINE=InnoDB DEFAULT CHARSET=utf8mb4 COLLATE=utf8mb4_general_ci;

-- --------------------------------------------------------

--
-- Table structure for table `real_budget`
--

CREATE TABLE `real_budget` (
  `id_real_budget` int(11) NOT NULL,
  `id_years` int(11) NOT NULL,
  `id_months` int(11) NOT NULL,
  `id_branch` int(11) NOT NULL,
  `id_jenis_pengajuan` int(11) NOT NULL,
  `id_divisi_budget` int(11) NOT NULL,
  `id_department_budget` int(11) NOT NULL,
  `id_brand` int(11) NOT NULL,
  `id_p_group` int(11) NOT NULL,
  `id_budget_sss` int(11) NOT NULL,
  `id_c_budget` int(11) NOT NULL,
  `id_account` varchar(50) NOT NULL,
  `id_user` int(11) NOT NULL,
  `id_item_group` varchar(11) NOT NULL,
  `harga_jual` varchar(50) NOT NULL,
  `harga_beli` varchar(50) NOT NULL,
  `qty` varchar(50) NOT NULL,
  `diskon` varchar(50) NOT NULL,
  `kurs` varchar(50) NOT NULL,
  `id_currency` varchar(50) NOT NULL,
  `total_budget_sss` int(11) NOT NULL,
  `factor` varchar(100) NOT NULL,
  `amount` varchar(50) NOT NULL
) ENGINE=InnoDB DEFAULT CHARSET=utf8mb4 COLLATE=utf8mb4_general_ci;

--
-- Dumping data for table `real_budget`
--

INSERT INTO `real_budget` (`id_real_budget`, `id_years`, `id_months`, `id_branch`, `id_jenis_pengajuan`, `id_divisi_budget`, `id_department_budget`, `id_brand`, `id_p_group`, `id_budget_sss`, `id_c_budget`, `id_account`, `id_user`, `id_item_group`, `harga_jual`, `harga_beli`, `qty`, `diskon`, `kurs`, `id_currency`, `total_budget_sss`, `factor`, `amount`) VALUES
(556, 2025, 1, 3, 3, 1, 11, 1, 16, 93, 493, '14', 59, '32', '5150000000', '4728758707', '2', '1', '1', '1', 0, 'jual', '10300000000'),
(557, 2025, 1, 3, 3, 1, 11, 1, 16, 93, 494, '36', 59, '32', '5150000000', '4728758707', '2', '1', '1', '1', 0, 'beli', '9457517414'),
(558, 2025, 1, 3, 3, 1, 11, 1, 16, 93, 495, '37', 59, '32', '5150000000', '4728758707', '2', '0.0025', '1', '1', 0, 'jual', '25750000'),
(559, 2025, 1, 3, 3, 1, 11, 1, 16, 93, 496, '38', 59, '32', '5150000000', '4728758707', '2', '0.01', '1', '1', 0, 'jual', '103000000'),
(560, 2025, 1, 3, 3, 1, 11, 1, 16, 93, 497, '39', 59, '32', '5150000000', '4728758707', '2', '0.001', '1', '1', 0, 'jual', '10300000'),
(561, 2025, 1, 3, 3, 1, 11, 1, 16, 93, 498, '40', 59, '32', '5150000000', '4728758707', '2', '0.002', '1', '1', 0, 'jual', '20600000'),
(562, 2025, 1, 3, 3, 1, 11, 1, 16, 93, 499, '41', 59, '32', '5150000000', '4728758707', '2', '0.007', '1', '1', 0, 'jual', '72100000'),
(563, 2025, 1, 3, 3, 1, 11, 1, 16, 93, 500, '50', 59, '32', '5150000000', '4728758707', '2', '0.01', '1', '1', 0, 'jual', '103000000'),
(564, 2025, 1, 3, 3, 1, 11, 1, 16, 93, 501, '53', 59, '32', '5150000000', '4728758707', '2', '0.002', '1', '1', 0, 'jual', '20600000'),
(565, 2025, 1, 2, 3, 1, 12, 1, 8, 94, 698, '15', 56, '56', '80000000', '40000000', '2', '1', '1', '1', 6, 'jual', '160000000'),
(566, 2025, 1, 2, 3, 1, 12, 1, 8, 94, 699, '42', 56, '56', '80000000', '40000000', '2', '1', '1', '1', 6, 'beli', '80000000'),
(567, 2025, 1, 2, 3, 1, 12, 1, 8, 94, 700, '43', 56, '56', '80000000', '40000000', '2', '0.02', '1', '1', 6, 'jual', '3200000'),
(568, 2025, 1, 2, 3, 1, 12, 1, 8, 94, 701, '44', 56, '56', '80000000', '40000000', '2', '0.001', '1', '1', 6, 'jual', '160000'),
(569, 2025, 1, 2, 3, 1, 12, 1, 8, 94, 702, '45', 56, '56', '80000000', '40000000', '2', '0.12', '1', '1', 6, 'jual', '19200000'),
(570, 2025, 1, 2, 3, 1, 12, 1, 8, 94, 703, '46', 56, '56', '80000000', '40000000', '2', '0.005', '1', '1', 6, 'jual', '800000'),
(571, 2025, 1, 3, 3, 1, 11, 4, 11, 95, 854, '14', 59, '19', '681000000', '576573000', '12', '1', '1', '1', 0, 'jual', '8172000000'),
(572, 2025, 1, 3, 3, 1, 11, 4, 11, 95, 855, '36', 59, '19', '681000000', '576573000', '12', '1', '1', '1', 0, 'beli', '6918876000'),
(573, 2025, 1, 3, 3, 1, 11, 4, 11, 95, 856, '37', 59, '19', '681000000', '576573000', '12', '0.0025', '1', '1', 0, 'jual', '20430000'),
(574, 2025, 1, 3, 3, 1, 11, 4, 11, 95, 857, '38', 59, '19', '681000000', '576573000', '12', '0.01', '1', '1', 0, 'jual', '81720000'),
(575, 2025, 1, 3, 3, 1, 11, 4, 11, 95, 858, '39', 59, '19', '681000000', '576573000', '12', '0.001', '1', '1', 0, 'jual', '8172000'),
(576, 2025, 1, 3, 3, 1, 11, 4, 11, 95, 859, '40', 59, '19', '681000000', '576573000', '12', '0.002', '1', '1', 0, 'jual', '16344000'),
(577, 2025, 1, 3, 3, 1, 11, 4, 11, 95, 860, '50', 59, '19', '681000000', '576573000', '12', '0.01', '1', '1', 0, 'jual', '81720000'),
(578, 2025, 1, 3, 3, 1, 11, 4, 11, 95, 861, '53', 59, '19', '681000000', '576573000', '12', '0.002', '1', '1', 0, 'jual', '16344000');

-- --------------------------------------------------------

--
-- Table structure for table `reff_doc`
--

CREATE TABLE `reff_doc` (
  `id_reff_doc` int(11) NOT NULL,
  `id_asset` int(11) DEFAULT NULL,
  `id_h_asset` varchar(11) NOT NULL,
  `id_item_asset` int(11) NOT NULL,
  `id_real_asset` int(11) NOT NULL,
  `id_user` int(11) DEFAULT NULL,
  `nama_reff_doc` varchar(100) NOT NULL,
  `document` varchar(255) NOT NULL,
  `deskripsi` varchar(255) NOT NULL
) ENGINE=InnoDB DEFAULT CHARSET=utf8mb4 COLLATE=utf8mb4_general_ci;

--
-- Dumping data for table `reff_doc`
--

INSERT INTO `reff_doc` (`id_reff_doc`, `id_asset`, `id_h_asset`, `id_item_asset`, `id_real_asset`, `id_user`, `nama_reff_doc`, `document`, `deskripsi`) VALUES
(39, 149, '17', 0, 0, 49, 'Asset untuk IT DEV', '67da748a79f88.png', 'Asset untuk IT DEV'),
(45, 150, '1', 0, 0, 49, 'ok', '67da7911d1e79.png', 'ok'),
(52, 150, '17', 0, 0, 49, 'Tes', '67da8413111ed.png', 'ok'),
(53, 151, '18', 0, 0, 49, 'L002', '67da85b401146.png', 'L002 '),
(55, 158, '19', 0, 0, 49, 'gfhgfhf', '67db80d61f5a2.png', 'fghffgh'),
(56, 162, '20', 0, 0, 49, 'L 00001', '67dbb9314aaec.png', 'L 00001 TTT'),
(57, NULL, '', 0, 0, 85, 'TES 0001', '67e2189b38301.jpg', 'TES 0001'),
(58, 163, '21', 0, 0, 49, 'TESS 0001', '67e219ca76dec.jpg', 'TESS 0001'),
(59, 164, '', 0, 0, 49, 'cvcv', '68400185eb4bc.jpg', 'vcv'),
(60, 164, '', 0, 0, 49, 'vcv', '684002a34ff9f.jpg', 'cvcv');

-- --------------------------------------------------------

--
-- Table structure for table `reff_doc1`
--

CREATE TABLE `reff_doc1` (
  `id_reff_doc1` int(11) NOT NULL,
  `id_reff_doc` int(11) NOT NULL,
  `id_asset` int(11) DEFAULT NULL,
  `id_h_asset` int(11) DEFAULT NULL,
  `id_tmp_asset` int(11) NOT NULL,
  `id_real_asset` int(11) NOT NULL,
  `id_user` int(11) DEFAULT NULL,
  `nama_reff_doc` varchar(100) NOT NULL,
  `document` varchar(255) NOT NULL,
  `deskripsi` varchar(255) NOT NULL
) ENGINE=InnoDB DEFAULT CHARSET=utf8mb4 COLLATE=utf8mb4_general_ci;

-- --------------------------------------------------------

--
-- Table structure for table `region`
--

CREATE TABLE `region` (
  `id_region` int(11) NOT NULL,
  `nama_region` varchar(100) NOT NULL,
  `deskripsi` varchar(100) NOT NULL
) ENGINE=InnoDB DEFAULT CHARSET=utf8mb4 COLLATE=utf8mb4_general_ci;

--
-- Dumping data for table `region`
--

INSERT INTO `region` (`id_region`, `nama_region`, `deskripsi`) VALUES
(1, 'Region 1', 'SUMATERA & JAWA'),
(2, 'Region 2', 'KALIMANTAN, SULAWESI, & BALI'),
(3, 'Region 3', 'Maluku, Papua, NTT, & NTB'),
(7, 'International  A', 'EROPA'),
(8, 'International B', 'ASIA');

-- --------------------------------------------------------

--
-- Table structure for table `repair`
--

CREATE TABLE `repair` (
  `id_repair` int(11) NOT NULL,
  `nama_repair` varchar(50) NOT NULL,
  `description` varchar(50) NOT NULL
) ENGINE=InnoDB DEFAULT CHARSET=utf8mb4 COLLATE=utf8mb4_general_ci;

--
-- Dumping data for table `repair`
--

INSERT INTO `repair` (`id_repair`, `nama_repair`, `description`) VALUES
(2, 'PM1', '250 HRS'),
(3, 'PM2', '500 HRS'),
(4, 'PM3', '1000 HRS'),
(5, 'PM4', '2000 HRS'),
(6, 'PM5', '5000 HRS / MIDLIFE COMP'),
(7, 'PM6', '10000 HRS / OVERHAUL'),
(8, 'CM1', 'COMPLAINT/REQUEST'),
(9, 'CM2', 'WARRANTY'),
(10, 'CM3', 'REWORK'),
(11, 'CM4', 'ACCIDENT REPAIR'),
(18, 'BL1', 'TEAR & WEAR PARTS'),
(19, 'BL2', 'MODIFICATION, IMPROVEMENT'),
(20, 'PDI', 'PDI'),
(21, 'COMMISIONING', 'COMMISIONING'),
(22, 'TROUBLESHOOTING', 'TROUBLESHOOTING'),
(23, 'OVERHAUL ENGINE', 'OVERHAUL ENGINE'),
(24, 'OVERHAUL TRANSMISSION', 'OVERHAUL TRANSMISSION'),
(25, 'OVERHAUL MAINPUMP', 'OVERHAUL MAINPUMP');

-- --------------------------------------------------------

--
-- Table structure for table `repair_job`
--

CREATE TABLE `repair_job` (
  `id_repair_job` int(11) NOT NULL,
  `id_job` int(11) NOT NULL,
  `id_repair` int(11) NOT NULL
) ENGINE=InnoDB DEFAULT CHARSET=utf8mb4 COLLATE=utf8mb4_general_ci;

--
-- Dumping data for table `repair_job`
--

INSERT INTO `repair_job` (`id_repair_job`, `id_job`, `id_repair`) VALUES
(11, 8, 2),
(12, 10, 2),
(13, 38, 20),
(14, 34, 20),
(15, 26, 20),
(16, 29, 20),
(17, 30, 20),
(18, 37, 20),
(19, 28, 20),
(20, 27, 20),
(21, 43, 20),
(22, 49, 20),
(23, 51, 20),
(24, 50, 20),
(25, 48, 20),
(26, 52, 20),
(27, 38, 21),
(28, 34, 21),
(29, 26, 21),
(30, 29, 21),
(31, 30, 21),
(32, 37, 21),
(33, 28, 21),
(34, 27, 21),
(35, 43, 21),
(36, 49, 21),
(37, 50, 21),
(38, 51, 21),
(39, 52, 21),
(40, 48, 21),
(41, 42, 22),
(42, 44, 22),
(43, 48, 22),
(44, 25, 22),
(45, 45, 22),
(46, 41, 22),
(47, 58, 22),
(48, 46, 22),
(49, 48, 22),
(50, 55, 22),
(51, 47, 22),
(52, 57, 22),
(53, 17, 2),
(54, 16, 2),
(55, 15, 2),
(56, 23, 2),
(58, 39, 2),
(59, 26, 2),
(60, 36, 2),
(61, 43, 2),
(62, 37, 2),
(63, 27, 2),
(64, 28, 2),
(65, 30, 2),
(66, 48, 2),
(67, 55, 2),
(68, 17, 3),
(69, 16, 3),
(70, 15, 3),
(71, 23, 3),
(72, 39, 3),
(73, 26, 3),
(74, 36, 3),
(75, 43, 3),
(76, 37, 3),
(77, 27, 3),
(78, 28, 3),
(79, 30, 3),
(80, 48, 3),
(81, 55, 3),
(82, 17, 4),
(83, 16, 4),
(84, 12, 4),
(85, 15, 4),
(86, 23, 4),
(87, 20, 4),
(88, 18, 4),
(90, 39, 4),
(91, 26, 4),
(92, 36, 4),
(93, 43, 4),
(94, 37, 4),
(95, 27, 4),
(96, 28, 4),
(97, 30, 4),
(98, 48, 4),
(99, 55, 4),
(100, 17, 5),
(101, 16, 5),
(102, 12, 5),
(103, 15, 5),
(104, 23, 5),
(105, 20, 5),
(106, 18, 5),
(107, 21, 5),
(108, 22, 5),
(109, 14, 5),
(110, 19, 5),
(111, 13, 5),
(112, 39, 5),
(113, 26, 5),
(114, 36, 5),
(115, 43, 5),
(116, 37, 5),
(117, 27, 5),
(118, 28, 5),
(119, 30, 5),
(120, 48, 5),
(121, 55, 5),
(122, 48, 22),
(123, 55, 22),
(124, 59, 23),
(125, 56, 23),
(126, 40, 23),
(127, 24, 23),
(128, 53, 23),
(129, 48, 23),
(130, 54, 23),
(131, 59, 24),
(132, 56, 24),
(133, 40, 24),
(135, 60, 24),
(137, 61, 24),
(138, 48, 24),
(139, 54, 24),
(140, 59, 25),
(141, 56, 25),
(142, 40, 25),
(143, 25, 25),
(144, 53, 25),
(145, 48, 25),
(146, 54, 25);

-- --------------------------------------------------------

--
-- Table structure for table `riwayat`
--

CREATE TABLE `riwayat` (
  `id_riwayat` int(11) NOT NULL,
  `kegiatan` varchar(225) NOT NULL,
  `kegiatan2` varchar(225) NOT NULL,
  `kegiatan3` varchar(225) NOT NULL,
  `catatan` text NOT NULL,
  `jenis_riwayat` varchar(225) NOT NULL,
  `id_pengajuan` int(11) NOT NULL,
  `tanggal_kegiatan` date NOT NULL,
  `notifikasi` enum('1','0') NOT NULL
) ENGINE=InnoDB DEFAULT CHARSET=latin1 COLLATE=latin1_swedish_ci;

--
-- Dumping data for table `riwayat`
--

INSERT INTO `riwayat` (`id_riwayat`, `kegiatan`, `kegiatan2`, `kegiatan3`, `catatan`, `jenis_riwayat`, `id_pengajuan`, `tanggal_kegiatan`, `notifikasi`) VALUES
(4, 'Telah Melakukan Menerima Pengajuan', 'Pengajuan diterima', 'Pengajuan Anda Telah DiTerima Oleh Pihak Manajemen', 'tes', 'Penerimaan', 4, '2017-05-08', '0'),
(7, 'Telah Melakukan Penolakan Pengajuan', 'Pengajuan Ditolak', 'Pengajuan Anda Telah DiTolak Oleh Pihak Manajemen', 'tes', 'Penolakan', 7, '2017-05-10', '1'),
(8, 'Telah Melakukan Menerima Pengajuan', 'Pengajuan diterima', 'Pengajuan Anda Telah DiTerima Oleh Pihak Manajemen', 'Pengajuan ini saya terima\r\n', 'Penerimaan', 6, '2017-05-11', '0'),
(10, 'Telah Melakukan Penolakan Pengajuan', 'Pengajuan Ditolak', 'Pengajuan Anda Telah DiTolak Oleh Pihak Manajemen', 'pengajuan ini terlalu baik buat ku', 'Penolakan', 8, '2017-05-16', '0'),
(15, 'Telah Melakukan Perubahan Pengajuan', 'Pengajuan Diubah', 'Pengajuan Anda Telah Diubah Oleh Pihak Manajemen', 'jadwal saya undur', 'Pengubahan', 4, '2017-05-19', '1'),
(16, 'Telah Melakukan Menyelesaian Pengajuan', 'Pengajuan Diselesaikan', 'Pengajuan Anda Telah Diselesaikan Oleh Pihak Manajemen', '', 'Penyelesaian', 6, '2017-05-19', '1'),
(17, 'Telah Melakukan Menerima Pengajuan', 'Pengajuan diterima', 'Pengajuan Anda Telah DiTerima Oleh Pihak Manajemen', 'pengajuan ini saya terima', 'Penerimaan', 9, '2017-05-23', '1');

-- --------------------------------------------------------

--
-- Table structure for table `rpd`
--

CREATE TABLE `rpd` (
  `id_rpd` int(11) NOT NULL,
  `id_sppd` int(11) DEFAULT NULL,
  `id_user` int(11) NOT NULL,
  `tanggal` date NOT NULL,
  `time` time NOT NULL,
  `acti` varchar(200) NOT NULL,
  `location` varchar(50) NOT NULL,
  `description` varchar(300) NOT NULL
) ENGINE=InnoDB DEFAULT CHARSET=utf8mb4 COLLATE=utf8mb4_general_ci;

--
-- Dumping data for table `rpd`
--

INSERT INTO `rpd` (`id_rpd`, `id_sppd`, `id_user`, `tanggal`, `time`, `acti`, `location`, `description`) VALUES
(2, 1, 49, '2025-05-05', '11:13:00', 'TESSSS111', 'tESSS', 'OK'),
(3, 37, 49, '2025-05-06', '11:59:00', 'MEETING', 'SURABAYA', 'OK'),
(5, 42, 49, '2025-05-07', '09:13:00', 'BERHASIL', 'MANADO', 'BERHASIL'),
(6, 44, 49, '2025-05-07', '09:29:00', 'TESS LAGI LAGI', 'TESS LAGI LAGI', 'TESS LAGI LAGI'),
(7, 46, 49, '2025-05-07', '09:37:00', 'cxcxvx', 'xvxcv', 'cxvcxv'),
(8, 47, 49, '2025-05-09', '09:39:00', 'dfdsf', 'sdfdsf', 'dsfdsf'),
(9, 48, 49, '2025-05-10', '09:41:00', 'cbcbv', 'cbcvb', 'vcbcvb'),
(10, 48, 49, '2025-05-08', '09:41:00', 'cvbcvb', 'cbvcb', 'vbcvbcvb'),
(11, 59, 49, '2025-05-15', '09:36:00', 'COBA RPD ', 'KALIURANG', 'COBA RPD '),
(12, 59, 49, '2025-05-15', '10:06:00', 'SEMOGA BERHASIL YA', 'YOGYAKARTA', 'SEMOGA BERHASIL YA'),
(13, 60, 49, '2025-05-15', '15:25:00', 'PERCOBAAN TERAKHIR PASTI BERHASIL', 'DIMANA AJA BERSAMA V', 'PERCOBAAN TERAKHIR PASTI BERHASIL'),
(15, 60, 49, '2025-05-16', '08:00:00', 'PASTI BERHASIL', 'PASTI BERHASIL', 'AKU PASTI SUKSES'),
(17, 60, 49, '2025-05-17', '08:01:00', 'YA AKU BERHASIL', 'YA AKU BERHASIL', 'YA AKU BERHASIL'),
(18, 61, 49, '2025-05-19', '09:08:00', 'GOD IS GOOD TO ME', 'NABIRE', 'GOD IS GOOD TO ME'),
(19, 62, 49, '2025-05-19', '09:12:00', 'GOD IS GOOD TO ME AND TO YOU', 'MANADO', 'GOD IS GOOD TO ME AND TO YOU'),
(20, 63, 49, '2025-05-19', '09:37:00', 'ertr', 'tret', 'retret'),
(21, 68, 49, '2025-05-19', '11:21:00', 'okkk', 'MANADO', 'ok'),
(22, 73, 49, '2025-05-21', '14:16:00', 'PERCOBAAN RECHECK SEBAGAI CONTOH PEMBUATAN SPPD', 'PERCOBAAN RECHECK SEBAGAI CONTOH PEMBUATAN SPPD', 'PERCOBAAN RECHECK SEBAGAI CONTOH PEMBUATAN SPPD'),
(23, 74, 49, '2025-05-24', '14:47:00', 'PERCOBAAN RECHECK SEBAGAI CONTOH PEMBUATAN SPPD1', 'PERCOBAAN RECHECK SEBAGAI CONTOH PEMBUATAN SPPD1', 'PERCOBAAN RECHECK SEBAGAI CONTOH PEMBUATAN SPPD1'),
(24, 75, 49, '2025-05-21', '15:44:00', 'PERCOBAAN RECHECK SEBAGAI CONTOH PEMBUATAN SPPD2', 'PERCOBAAN RECHECK SEBAGAI CONTOH PEMBUATAN SPPD2', 'PERCOBAAN RECHECK SEBAGAI CONTOH PEMBUATAN SPPD2'),
(25, 76, 49, '2025-05-22', '15:50:00', 'PERCOBAAN RECHECK SEBAGAI CONTOH PEMBUATAN SPPD3', 'PERCOBAAN RECHECK SEBAGAI CONTOH PEMBUATAN SPPD3', 'PERCOBAAN RECHECK SEBAGAI CONTOH PEMBUATAN SPPD3'),
(26, 77, 49, '2025-05-22', '09:23:00', 'UJI COBA SEMUA DULU', 'MANADO', 'UJI COBA SEMUA DULU'),
(27, 27, 49, '2025-06-02', '09:51:00', 'UJI COBA TERAKHIR SEBELUM BIKIN CETAK1', 'JAKARTA', 'UJI COBA TERAKHIR SEBELUM BIKIN CETAK1'),
(28, 37, 49, '2025-06-03', '08:42:00', 'TES  YAA', 'TES  YAA', 'TES  YAA'),
(29, 37, 49, '2025-06-12', '08:55:00', 'MEETING TUGAS HARIAN', 'MEETING TUGAS HARIAN', 'MEETING TUGAS HARIAN'),
(30, 3, 49, '2025-06-13', '09:04:00', 'ok', 'ok', 'ok'),
(31, 9, 49, '2025-06-18', '08:02:00', 'KU MAU CINTA YESUS SELAMA NYA', 'MANADO', 'KU MAU CINTA YESUS SELAMA NYA'),
(32, 12, 49, '2025-06-19', '08:35:00', 'AYOK KITA COBA SAMPE DI CLOSED', 'MANADO', 'AYOK KITA COBA SAMPE DI CLOSED'),
(33, 13, 49, '2025-06-19', '09:22:00', 'UJI COBA RECHECK DI LBPD', 'MANADO', 'UJI COBA RECHECK DI LBPD'),
(34, 29, 49, '2025-06-24', '09:17:00', 'Kita tes lagi ya', 'MANADO', 'Kita tes lagi ya'),
(35, 34, 49, '2025-06-24', '14:02:00', 'TORANG MO TES DULU NEH', 'MANADO', 'TORANG MO TES DULU NEH'),
(36, 39, 49, '2025-06-25', '09:11:00', 'COBA LAGI', 'MANADO', 'COBA LAGI'),
(37, 43, 49, '2025-06-25', '11:22:00', 'TES SPPD TIDAK PERLU DI APPROVE', 'MANADO', 'TES SPPD TIDAK PERLU DI APPROVE'),
(38, 44, 49, '2025-06-26', '11:13:00', 'MEETING WITH VENDOR', 'YOGYAKARTA', 'MEETING KEPERLUAN HRGA'),
(39, 50, 49, '2025-06-30', '10:18:00', 'LAGI YA', 'MANADO', 'LAGI YA'),
(40, 58, 49, '2025-06-30', '13:23:00', 'TES YA SEMUA 0001', 'TES YA SEMUA 0001', 'OK'),
(41, 76, 49, '2025-07-02', '08:19:00', 'MEETING', 'BENGKULU', 'MEETING DENGAN VENDOR'),
(42, 78, 49, '2025-07-02', '08:22:00', 'MEETING', 'MANADO', 'TESSS'),
(43, 79, 49, '2025-07-02', '08:29:00', '577', '57', '457'),
(44, 86, 49, '2025-07-09', '08:49:00', 'ok', 'MANADO', 'ok'),
(45, 87, 49, '2025-07-09', '04:29:00', 'MEETING', 'MANADO', 'OK'),
(46, 88, 49, '2025-07-10', '09:48:00', 'MEETING', 'MANADO', 'OK'),
(47, 101, 49, '2025-07-14', '07:58:00', 'TES KALI KEDUA', 'MANADO', 'TES KALI KEDUA'),
(48, 104, 58, '2025-07-29', '10:00:00', 'MEETING', 'PEKANBARU', 'TES'),
(49, 106, 49, '2025-08-14', '09:21:00', 'PERJALANAN KE PEKANBARU', 'PEKANBARU', 'MEETING DENGAN VENDOR DI PEKANBARU'),
(50, 106, 49, '2025-08-15', '09:21:00', 'MEETING DENGAN VENDOR DI PEKANBARU', 'PEKANBARU', 'MEETING DENGAN VENDOR DI PEKANBARU'),
(51, 106, 49, '2025-08-16', '09:22:00', 'PERJALANAN BALIK KE JAKARTA', 'PEKANBARU', 'MEETING DENGAN VENDOR DI PEKANBARU'),
(52, 107, 58, '2025-08-28', '11:26:00', 'BERANGKAT DARI JAKARTA KE PEKANBARU', 'JAKARTA', 'BERANGKAT DARI JAKARTA KE PEKANBARU DENGAN PESAWAT GARUDA'),
(53, 113, 49, '2025-09-03', '08:10:00', 'yyy', 'yyy', 'yyy'),
(54, 113, 49, '2025-09-04', '08:10:00', 'yyy', 'yyy', 'yyy'),
(55, 113, 49, '2025-09-05', '08:10:00', 'yyyy', 'yyyy', 'yyyy'),
(57, 115, 49, '2025-09-04', '09:40:00', 'wer', 'er', 'we'),
(58, 115, 49, '2025-09-06', '21:40:00', 'erwr', 'r', 'ewrewr'),
(59, 115, 49, '2025-09-03', '09:40:00', 'were', 'ewr', 'ewr'),
(60, 115, 49, '2025-09-05', '21:40:00', 'i78i', '78i', '8i');

-- --------------------------------------------------------

--
-- Table structure for table `r_order`
--

CREATE TABLE `r_order` (
  `id_r_order` int(11) NOT NULL,
  `id_repair` int(11) NOT NULL,
  `nama_r_order` varchar(50) NOT NULL
) ENGINE=InnoDB DEFAULT CHARSET=utf8mb4 COLLATE=utf8mb4_general_ci;

-- --------------------------------------------------------

--
-- Table structure for table `siswa`
--

CREATE TABLE `siswa` (
  `nis` varchar(11) NOT NULL,
  `nama` varchar(50) NOT NULL,
  `jenis_kelamin` varchar(10) NOT NULL,
  `telp` varchar(15) NOT NULL,
  `alamat` text NOT NULL
) ENGINE=InnoDB DEFAULT CHARSET=latin1 COLLATE=latin1_swedish_ci;

--
-- Dumping data for table `siswa`
--

INSERT INTO `siswa` (`nis`, `nama`, `jenis_kelamin`, `telp`, `alamat`) VALUES
('1', 'Randy Saluman', 'Pria', '85943803709', 'Manado'),
('2', 'Violyn Amei Manapode', 'Perempuan', '8134542534', 'Manado');

-- --------------------------------------------------------

--
-- Table structure for table `spa`
--

CREATE TABLE `spa` (
  `id_spa` int(11) NOT NULL,
  `urutan` int(11) NOT NULL,
  `id_user` int(11) DEFAULT NULL,
  `id_employee` int(11) DEFAULT NULL,
  `id_spp` int(11) NOT NULL,
  `id_app` int(11) NOT NULL,
  `status` enum('waiting','Approved','Rejected','Recheck','Recheck!') DEFAULT NULL,
  `tgl` timestamp NOT NULL DEFAULT current_timestamp() ON UPDATE current_timestamp(),
  `date` datetime DEFAULT NULL,
  `sta` varchar(11) NOT NULL,
  `kmt` varchar(500) NOT NULL,
  `deskripsi` varchar(50) NOT NULL,
  `fleg` enum('1','2','3','4','5','6','7','8','9','10') CHARACTER SET latin1 COLLATE latin1_swedish_ci NOT NULL
) ENGINE=InnoDB DEFAULT CHARSET=utf8mb4 COLLATE=utf8mb4_general_ci;

--
-- Dumping data for table `spa`
--

INSERT INTO `spa` (`id_spa`, `urutan`, `id_user`, `id_employee`, `id_spp`, `id_app`, `status`, `tgl`, `date`, `sta`, `kmt`, `deskripsi`, `fleg`) VALUES
(1671, 1, 58, 26, 315, 108, '', '2024-10-18 00:11:35', '0000-00-00 00:00:00', '', '', 'app1', '1'),
(1672, 2, 54, 22, 315, 108, '', '2024-10-18 00:11:53', '0000-00-00 00:00:00', '', '', 'app2', '1'),
(1673, 3, 53, 21, 315, 108, '', '2024-10-18 00:12:15', '0000-00-00 00:00:00', '', '', 'app3', '1'),
(1674, 4, 46, 20, 315, 108, '', '2024-10-18 00:12:28', '0000-00-00 00:00:00', '', '', 'app4', '1'),
(1675, 1, 71, 40, 316, 127, 'Approved', '2024-10-18 00:44:35', '0000-00-00 00:00:00', '', 'OK', 'ff1', '1'),
(1676, 2, 64, 32, 316, 127, 'Approved', '2024-10-18 00:44:48', '0000-00-00 00:00:00', '', 'Melengkapi tools Mechanic (belum pernah dibeli dan yang ada Standard Common Tools) untuk testing & a', 'ff2', '1'),
(1677, 3, 54, 22, 316, 127, 'Approved', '2024-10-18 00:45:11', '0000-00-00 00:00:00', '', 'PROSES PEMBELIAN', 'ff3', '1'),
(1678, 4, 53, 21, 316, 127, 'Approved', '2024-10-18 00:45:22', '0000-00-00 00:00:00', '', 'ok setuju', 'ff4', '1'),
(1679, 5, 46, 20, 316, 127, 'Approved', '2024-10-28 01:35:36', '0000-00-00 00:00:00', '', 'Penambahan tools dengan adanya tambahan mekanik', 'ff5', '1'),
(1680, 1, 59, 31, 317, 118, 'Rejected', '2024-10-18 00:28:53', '0000-00-00 00:00:00', '', 'Belum lengkap', '1', '1'),
(1681, 2, 53, 21, 317, 118, '', '2024-10-18 00:29:05', '0000-00-00 00:00:00', '', '', '2', '1'),
(1682, 3, 46, 20, 317, 118, '', '2024-10-18 00:29:18', '0000-00-00 00:00:00', '', '', '3', '1'),
(1683, 1, 54, 22, 318, 132, 'Approved', '2024-10-18 00:55:46', '0000-00-00 00:00:00', '', 'PROSES PEMBAYARAN PKS ', 'sss1', '1'),
(1684, 2, 53, 21, 318, 132, 'Approved', '2024-10-18 00:57:52', '0000-00-00 00:00:00', '', 'ok setuju', 'sss2', '1'),
(1685, 3, 46, 20, 318, 132, 'Approved', '2024-10-28 01:34:17', '0000-00-00 00:00:00', '', '1 Mekanik penempatan di Maluku (Sampoerna Kayoe) & 1 Mekanik untuk development menggantikan senior m', 'sss3', '1'),
(1686, 1, 58, 26, 319, 106, 'Approved', '2024-10-18 00:08:26', '0000-00-00 00:00:00', '', 'ok, kita coba testingnya', 'ap1', '1'),
(1687, 2, 49, 21, 319, 106, '', '2024-10-23 08:51:27', '0000-00-00 00:00:00', '', '', 'ap2', '1'),
(1688, 3, 58, 20, 319, 106, '', '2024-10-23 08:51:47', '0000-00-00 00:00:00', '', '', 'ap3', '1'),
(1689, 1, 58, 26, 320, 106, 'Rejected', '2024-10-23 09:22:28', '0000-00-00 00:00:00', '', 'test', 'ap1', '1'),
(1690, 2, 53, 21, 320, 106, '', '2024-10-23 08:59:20', '0000-00-00 00:00:00', '', '', 'ap2', '1'),
(1691, 3, 46, 20, 320, 106, '', '2024-10-23 08:59:38', '0000-00-00 00:00:00', '', '', 'ap3', '1'),
(1692, 1, 59, 31, 321, 118, 'Approved', '2024-10-30 03:49:26', '0000-00-00 00:00:00', '', 'SPP untuk pembelian genset yang akan dijual kembali saat penjualan unit sunward.\\r\\nPembelian dan delivery partial untuk gensetnya.\\r\\nUnit 1 sunward estimasi 2 Nov sandar di Jakarta, sehingga gensetnya akan dibutuhkan dalam minggu 1 Nov untuk dikirim ke customer', '1', '1'),
(1693, 2, 53, 21, 321, 118, 'Approved', '2024-10-30 03:56:40', '0000-00-00 00:00:00', '', 'Ok setuju', '2', '1'),
(1694, 3, 46, 20, 321, 118, 'Approved', '2024-11-01 04:58:10', '0000-00-00 00:00:00', '', 'OK sudah di perhitungkan dalam CBU. Pengiriman serta pembayaran ke vendor (BMG) disesuaikan dengan tahapan rencana kedatangan unit Sunward di Indonesia', '3', '1'),
(1695, 1, 59, 31, 322, 118, 'Approved', '2024-10-31 01:44:28', '0000-00-00 00:00:00', '', 'Untuk unit stock, dengan proyeksi penjualan di harga 1,2 - 1,250 excl PPn', '1', '1'),
(1696, 2, 53, 21, 322, 118, 'Approved', '2024-10-31 01:49:40', '0000-00-00 00:00:00', '', 'Ok setuju ', '2', '1'),
(1697, 3, 46, 20, 322, 118, 'Approved', '2024-11-01 04:55:42', '0000-00-00 00:00:00', '', 'Unit stock untuk display di yard sekaligus antisipasi rencana penjualan retail beberapa bulan ke depan', '3', '1'),
(1698, 1, 71, 40, 323, 127, 'Approved', '2024-11-08 09:55:35', '0000-00-00 00:00:00', '', 'Mohon dibantu percepatan pembelian nya.. mengingat toolbox set yang lengkap sudah dibawa ke lokasi..', 'ff1', '1'),
(1699, 2, 64, 32, 323, 127, 'Approved', '2024-11-08 10:12:04', '0000-00-00 00:00:00', '', 'Pembelian 1 unit Toolbox Set lengkap untuk Mechanic di Pegangsaan Workshop karena 1 Tolbox sudah digunakan untuk support di lokasi Mangoli (back up unit warranty HCMI)', 'ff2', '1'),
(1700, 4, 53, 21, 323, 127, 'Approved', '2024-11-08 10:40:58', '0000-00-00 00:00:00', '', 'Ok setuju', 'ff4', '1'),
(1701, 5, 46, 20, 323, 127, 'Approved', '2024-11-13 05:30:31', '0000-00-00 00:00:00', '', 'OK please proceed', 'ff5', '1'),
(1702, 1, 58, 26, 324, 108, 'Rejected', '2024-11-13 07:26:25', '0000-00-00 00:00:00', '', 'TESTING\\r\\nCOBA COBA', 'app1', '1'),
(1703, 3, 53, 21, 324, 108, '', '2024-10-18 00:12:15', '0000-00-00 00:00:00', '', '', 'app3', '1'),
(1704, 4, 46, 20, 324, 108, '', '2024-10-18 00:12:28', '0000-00-00 00:00:00', '', '', 'app4', '1'),
(1705, 1, 58, 26, 325, 106, 'Rejected', '2024-11-13 07:29:15', '0000-00-00 00:00:00', '', 'PUSING\\r\\nRUWET', 'ap1', '1'),
(1706, 2, 53, 21, 325, 106, '', '2024-10-23 08:59:20', '0000-00-00 00:00:00', '', '', 'ap2', '1'),
(1707, 3, 46, 20, 325, 106, '', '2024-10-23 08:59:38', '0000-00-00 00:00:00', '', '', 'ap3', '1'),
(1708, 1, 58, 26, 326, 106, 'Rejected', '2024-11-13 07:50:22', '0000-00-00 00:00:00', '', 'KITA TESTKEBENARANNYA', 'ap1', '1'),
(1709, 2, 53, 21, 326, 106, '', '2024-10-23 08:59:20', '0000-00-00 00:00:00', '', '', 'ap2', '1'),
(1710, 3, 46, 20, 326, 106, '', '2024-10-23 08:59:38', '0000-00-00 00:00:00', '', '', 'ap3', '1'),
(1711, 1, 58, 26, 327, 109, 'Approved', '2024-11-15 01:27:19', '0000-00-00 00:00:00', '', 'Untuk kebutuhan wifi di synergy office', 'apl1', '1'),
(1712, 3, 53, 21, 327, 109, 'Approved', '2024-11-15 06:19:26', '0000-00-00 00:00:00', '', 'Ok', 'apl3', '1'),
(1713, 4, 46, 20, 327, 109, 'Approved', '2024-12-04 03:01:01', '0000-00-00 00:00:00', '', 'OK, wifi connection di ruang meeting sering terputus pada saat conference call', 'apl4', '1'),
(1714, 1, 58, 26, 328, 108, 'Approved', '2024-12-02 07:05:27', '0000-00-00 00:00:00', '', 'Kebutuhan operasional sdr Randy sebagai IT Developer agar lebih maksimal dalam sisi fleksibilitas dan waktu kerja. Thanks ', 'app1', '1'),
(1715, 3, 53, 21, 328, 108, 'Approved', '2024-12-02 07:36:37', '0000-00-00 00:00:00', '', 'Ok spec sesuaikan', 'app3', '1'),
(1716, 4, 46, 20, 328, 108, 'Approved', '2024-12-04 04:37:01', '0000-00-00 00:00:00', '', 'OK, existing dekstop akan digunakan oleh general admin yang tugasnya tidak mobile', 'app4', '1'),
(1717, 1, 59, 31, 329, 118, 'Approved', '2024-12-10 04:45:14', '0000-00-00 00:00:00', '', 'Keberangkatan ke site bersamaan dengan mekanik Tripla yang akan melakukan pendampingan komisioning Sunward.', '1', '1'),
(1718, 2, 53, 21, 329, 118, 'Approved', '2024-12-11 05:46:42', '0000-00-00 00:00:00', '', 'ok setuju', '2', '1'),
(1719, 3, 46, 20, 329, 118, 'Approved', '2024-12-11 05:48:52', '0000-00-00 00:00:00', '', 'OK sesuai diskusi terakhir, diikutsertakan bersama moda transportasi maupun akomodasi mekanik TRIPLA', '3', '1'),
(1720, 1, 59, 31, 331, 118, 'Approved', '2024-12-23 07:19:58', '0000-00-00 00:00:00', '', 'Kita menggunakan MAS, harga 2,5 juta (sudah termasuk asuransi perjalanan)', '1', '1'),
(1721, 2, 53, 21, 331, 118, 'Approved', '2024-12-31 02:13:15', '0000-00-00 00:00:00', '', 'Setuju', '2', '1'),
(1722, 3, 46, 20, 331, 118, 'Approved', '2024-12-31 02:26:19', '0000-00-00 00:00:00', '', 'OK INCOTERM Pembelian dengan principal Loco Gudang Jakarta di Puninar Cakung Cilincing', '3', '1'),
(1723, 1, 59, 31, 332, 118, 'Approved', '2024-12-30 10:20:41', '0000-00-00 00:00:00', '', 'Pembelian 5 x HX210HD untuk stock Dengan TOP 10% DP dan 90% 180 hari. BAST dan Kontrak dibuat per tanggal 30 Deec 2024', '1', '1'),
(1724, 2, 53, 21, 332, 118, 'Approved', '2024-12-31 02:11:58', '0000-00-00 00:00:00', '', 'Setuju', '2', '1'),
(1725, 3, 46, 20, 332, 118, 'Approved', '2024-12-31 02:25:00', '0000-00-00 00:00:00', '', 'Stock tambahan unit Hyundai dengan harga pembelian yang lebih rendah dan penghematan PPN 12%, mempertimbangkan peningkatan status TRIPLA dari subdealer HCMI menjadi dealer di bawah principal HCEI langsung serta pembukaan cabang & sales network yang baru di Balikpapan', '3', '1'),
(1726, 1, 79, 49, 333, 281, 'Approved', '2025-01-10 05:26:19', '0000-00-00 00:00:00', '', 'OK', 'w', '1'),
(1727, 2, 53, 21, 333, 281, '', '2024-12-30 07:14:23', '0000-00-00 00:00:00', '', '', 'ww', '1'),
(1728, 3, 46, 20, 333, 281, '', '2024-12-30 07:14:33', '0000-00-00 00:00:00', '', '', 'www', '1'),
(1729, 1, 79, 49, 334, 283, 'Approved', '2025-01-10 05:25:43', '0000-00-00 00:00:00', '', 'OK', 'x', '1'),
(1730, 2, 53, 21, 334, 283, '', '2024-12-30 07:17:53', '0000-00-00 00:00:00', '', '', 'xx', '1'),
(1731, 3, 46, 20, 334, 283, '', '2024-12-30 07:18:02', '0000-00-00 00:00:00', '', '', 'xxx', '1'),
(1732, 1, 79, 49, 335, 281, 'Approved', '2025-01-10 05:25:23', '0000-00-00 00:00:00', '', 'OK', 'w', '1'),
(1733, 2, 53, 21, 335, 281, '', '2024-12-30 07:14:23', '0000-00-00 00:00:00', '', '', 'ww', '1'),
(1734, 3, 46, 20, 335, 281, '', '2024-12-30 07:14:33', '0000-00-00 00:00:00', '', '', 'www', '1'),
(1735, 1, 59, 31, 336, 118, 'Approved', '2025-01-10 03:46:45', '0000-00-00 00:00:00', '', 'Untuk unit ke-2 ZYJ160BS00117 mekanik TRIPLA berangkat bersamaan dengan mekanik sunward', '1', '1'),
(1736, 2, 53, 21, 336, 118, '', '2024-10-18 00:29:05', '0000-00-00 00:00:00', '', '', '2', '1'),
(1737, 3, 46, 20, 336, 118, '', '2024-10-18 00:29:18', '0000-00-00 00:00:00', '', '', '3', '1'),
(1738, 1, 58, 26, 337, 264, '', '2024-12-30 06:02:53', '0000-00-00 00:00:00', '', '', 'truryujWtw', '1'),
(1739, 2, 79, 49, 337, 264, '', '2024-12-30 06:03:24', '0000-00-00 00:00:00', '', '', 'ghftghdz', '1'),
(1740, 3, 53, 21, 337, 264, '', '2024-12-30 06:03:39', '0000-00-00 00:00:00', '', '', 'gdgfhfhhdt', '1'),
(1741, 4, 46, 20, 337, 264, '', '2024-12-30 06:04:54', '0000-00-00 00:00:00', '', '', 'htjhjhjj', '1'),
(1742, 1, 58, 26, 338, 264, 'Approved', '2025-04-25 11:04:26', '0000-00-00 00:00:00', '', 'ok', 'truryujWtw', '1'),
(1743, 2, 79, 49, 338, 264, '', '2024-12-29 23:03:24', '0000-00-00 00:00:00', '', '', 'ghftghdz', '1'),
(1744, 3, 53, 21, 338, 264, '', '2024-12-29 23:03:39', '0000-00-00 00:00:00', '', '', 'gdgfhfhhdt', '1'),
(1745, 4, 46, 20, 338, 264, '', '2024-12-29 23:04:54', '0000-00-00 00:00:00', '', '', 'htjhjhjj', '1'),
(1746, 1, 58, 26, 339, 264, '', '2024-12-29 23:02:53', '0000-00-00 00:00:00', '', '', 'truryujWtw', '1'),
(1747, 2, 79, 49, 339, 264, '', '2024-12-29 23:03:24', '0000-00-00 00:00:00', '', '', 'ghftghdz', '1'),
(1748, 3, 53, 21, 339, 264, '', '2024-12-29 23:03:39', '0000-00-00 00:00:00', '', '', 'gdgfhfhhdt', '1'),
(1749, 4, 46, 20, 339, 264, '', '2024-12-29 23:04:54', '0000-00-00 00:00:00', '', '', 'htjhjhjj', '1'),
(1750, 1, 58, 26, 340, 106, 'Approved', '2025-04-25 11:03:55', '0000-00-00 00:00:00', '', 'ok', 'ap1', '1'),
(1751, 2, 53, 21, 340, 106, '', '2024-10-23 01:59:20', '0000-00-00 00:00:00', '', '', 'ap2', '1'),
(1752, 3, 46, 20, 340, 106, '', '2024-10-23 01:59:38', '0000-00-00 00:00:00', '', '', 'ap3', '1'),
(1753, 1, 59, 31, 341, 118, '', '2024-10-17 17:28:53', '0000-00-00 00:00:00', '', '', '1', '1'),
(1754, 2, 53, 21, 341, 118, '', '2024-10-17 17:29:05', '0000-00-00 00:00:00', '', '', '2', '1'),
(1755, 3, 46, 20, 341, 118, '', '2024-10-17 17:29:18', '0000-00-00 00:00:00', '', '', '3', '1'),
(1756, 1, 58, 26, 342, 106, '', '2024-10-17 17:08:26', '0000-00-00 00:00:00', '', '', 'ap1', '1'),
(1757, 2, 53, 21, 342, 106, '', '2024-10-23 01:59:20', '0000-00-00 00:00:00', '', '', 'ap2', '1'),
(1758, 3, 46, 20, 342, 106, '', '2024-10-23 01:59:38', '0000-00-00 00:00:00', '', '', 'ap3', '1'),
(1759, 1, 58, 26, 343, 106, '', '2024-10-17 17:08:26', '0000-00-00 00:00:00', '', '', 'ap1', '1'),
(1760, 2, 53, 21, 343, 106, '', '2024-10-23 01:59:20', '0000-00-00 00:00:00', '', '', 'ap2', '1'),
(1761, 3, 46, 20, 343, 106, '', '2024-10-23 01:59:38', '0000-00-00 00:00:00', '', '', 'ap3', '1'),
(1762, 1, 58, 26, 344, 106, '', '2024-10-17 17:08:26', '0000-00-00 00:00:00', '', '', 'ap1', '1'),
(1763, 2, 53, 21, 344, 106, '', '2024-10-23 01:59:20', '0000-00-00 00:00:00', '', '', 'ap2', '1'),
(1764, 3, 46, 20, 344, 106, '', '2024-10-23 01:59:38', '0000-00-00 00:00:00', '', '', 'ap3', '1'),
(1765, 1, 58, 26, 345, 264, '', '2024-12-29 23:02:53', '0000-00-00 00:00:00', '', '', 'truryujWtw', '1'),
(1766, 2, 79, 49, 345, 264, '', '2024-12-29 23:03:24', '0000-00-00 00:00:00', '', '', 'ghftghdz', '1'),
(1767, 3, 53, 21, 345, 264, '', '2024-12-29 23:03:39', '0000-00-00 00:00:00', '', '', 'gdgfhfhhdt', '1'),
(1768, 4, 46, 20, 345, 264, '', '2024-12-29 23:04:54', '0000-00-00 00:00:00', '', '', 'htjhjhjj', '1'),
(1769, 1, 58, 26, 346, 264, '', '2024-12-30 06:02:53', '0000-00-00 00:00:00', '', '', 'truryujWtw', '1'),
(1770, 2, 79, 49, 346, 264, '', '2024-12-30 06:03:24', '0000-00-00 00:00:00', '', '', 'ghftghdz', '1'),
(1771, 3, 53, 21, 346, 264, '', '2024-12-30 06:03:39', '0000-00-00 00:00:00', '', '', 'gdgfhfhhdt', '1'),
(1772, 4, 46, 20, 346, 264, '', '2024-12-30 06:04:54', '0000-00-00 00:00:00', '', '', 'htjhjhjj', '1'),
(1773, 1, 58, 26, 347, 1, 'Recheck!', '2025-05-22 06:34:44', '0000-00-00 00:00:00', '', 'RECHECK 0001', 'ap1', '1'),
(1774, 3, 46, 20, 347, 1, '', '2025-05-22 06:34:44', '0000-00-00 00:00:00', '', '', 'ap3', '1'),
(1775, 1, 58, 26, 348, 1, 'Recheck!', '2025-05-22 06:26:13', '0000-00-00 00:00:00', '', 'TES RECHECK', 'truryujWtw', '1'),
(1776, 2, 79, 49, 348, 1, '', '2025-05-22 06:26:13', '0000-00-00 00:00:00', '', '', 'ghftghdz', '1'),
(1777, 3, 53, 21, 348, 1, '', '2025-05-22 06:26:13', '0000-00-00 00:00:00', '', '', 'gdgfhfhhdt', '1'),
(1778, 4, 46, 20, 348, 1, '', '2025-05-22 06:26:13', '0000-00-00 00:00:00', '', '', 'htjhjhjj', '1'),
(1779, 1, 58, 26, 349, 1, 'Recheck!', '2025-05-21 09:29:11', '0000-00-00 00:00:00', '', 'PERCOBAAN RECHECK SEBAGAI CONTOH PEMBUATAN SPPD', 'truryujWtw', '1'),
(1780, 2, 79, 49, 349, 1, '', '2025-05-21 09:29:11', '0000-00-00 00:00:00', '', '', 'ghftghdz', '1'),
(1781, 3, 53, 21, 349, 1, '', '2025-05-21 09:29:11', '0000-00-00 00:00:00', '', '', 'gdgfhfhhdt', '1'),
(1782, 4, 46, 20, 349, 1, '', '2025-05-21 09:29:11', '0000-00-00 00:00:00', '', '', 'htjhjhjj', '1'),
(1783, 1, 58, 26, 349, 264, 'Recheck', '2025-05-22 04:21:17', NULL, '', 'Torang recheck ulang', 'truryujWtw', '2'),
(1784, 2, 79, 49, 349, 264, NULL, '2025-05-21 06:08:29', NULL, '', '', 'ghftghdz', '2'),
(1785, 3, 53, 21, 349, 264, NULL, '2025-05-21 06:08:29', NULL, '', '', 'gdgfhfhhdt', '2'),
(1786, 4, 46, 20, 349, 264, NULL, '2025-05-21 06:08:29', NULL, '', '', 'htjhjhjj', '2'),
(1787, 1, 58, 26, 350, 1, 'Recheck!', '2025-05-22 04:49:59', '0000-00-00 00:00:00', '', 'RECHECK LAGI YA', 'truryujWtw', '1'),
(1788, 2, 79, 49, 350, 1, '', '2025-05-22 04:49:59', '0000-00-00 00:00:00', '', '', 'ghftghdz', '1'),
(1789, 3, 53, 21, 350, 1, '', '2025-05-22 04:49:59', '0000-00-00 00:00:00', '', '', 'gdgfhfhhdt', '1'),
(1790, 4, 46, 20, 350, 1, '', '2025-05-22 04:49:59', '0000-00-00 00:00:00', '', '', 'htjhjhjj', '1'),
(1791, 1, 58, 26, 350, 1, 'Recheck!', '2025-05-22 04:49:59', NULL, '', 'RECHECK LAGI YA2', 'truryujWtw', '2'),
(1792, 2, 79, 49, 350, 1, NULL, '2025-05-22 04:49:59', NULL, '', '', 'ghftghdz', '2'),
(1793, 3, 53, 21, 350, 1, NULL, '2025-05-22 04:49:59', NULL, '', '', 'gdgfhfhhdt', '2'),
(1794, 4, 46, 20, 350, 1, NULL, '2025-05-22 04:49:59', NULL, '', '', 'htjhjhjj', '2'),
(1798, 1, 58, 26, 349, 264, NULL, '2025-05-22 04:21:17', NULL, '', '', 'truryujWtw', '3'),
(1799, 2, 79, 49, 349, 264, NULL, '2025-05-22 04:21:17', NULL, '', '', 'ghftghdz', '3'),
(1800, 3, 53, 21, 349, 264, NULL, '2025-05-22 04:21:17', NULL, '', '', 'gdgfhfhhdt', '3'),
(1801, 4, 46, 20, 349, 264, NULL, '2025-05-22 04:21:17', NULL, '', '', 'htjhjhjj', '3'),
(1805, 1, 58, 26, 350, 264, 'Recheck', '2025-05-22 04:50:25', NULL, '', 'RECHECK LAGI YA 3', 'truryujWtw', '3'),
(1806, 2, 79, 49, 350, 264, NULL, '2025-05-22 04:23:34', NULL, '', '', 'ghftghdz', '3'),
(1807, 3, 53, 21, 350, 264, NULL, '2025-05-22 04:23:34', NULL, '', '', 'gdgfhfhhdt', '3'),
(1808, 4, 46, 20, 350, 264, NULL, '2025-05-22 04:23:34', NULL, '', '', 'htjhjhjj', '3'),
(1812, 1, 58, 26, 350, 264, NULL, '2025-05-22 04:50:25', NULL, '', '', 'truryujWtw', '4'),
(1813, 2, 79, 49, 350, 264, NULL, '2025-05-22 04:50:25', NULL, '', '', 'ghftghdz', '4'),
(1814, 3, 53, 21, 350, 264, NULL, '2025-05-22 04:50:25', NULL, '', '', 'gdgfhfhhdt', '4'),
(1815, 4, 46, 20, 350, 264, NULL, '2025-05-22 04:50:25', NULL, '', '', 'htjhjhjj', '4'),
(1819, 1, 58, 26, 348, 264, 'Recheck', '2025-05-22 06:26:33', NULL, '', 'TES RECHECK 2', 'truryujWtw', '2'),
(1820, 2, 79, 49, 348, 264, NULL, '2025-05-22 06:25:47', NULL, '', '', 'ghftghdz', '2'),
(1821, 3, 53, 21, 348, 264, NULL, '2025-05-22 06:25:47', NULL, '', '', 'gdgfhfhhdt', '2'),
(1822, 4, 46, 20, 348, 264, NULL, '2025-05-22 06:25:47', NULL, '', '', 'htjhjhjj', '2'),
(1826, 1, 58, 26, 348, 264, NULL, '2025-05-22 06:26:33', NULL, '', '', 'truryujWtw', '3'),
(1827, 2, 79, 49, 348, 264, NULL, '2025-05-22 06:26:33', NULL, '', '', 'ghftghdz', '3'),
(1828, 3, 53, 21, 348, 264, NULL, '2025-05-22 06:26:33', NULL, '', '', 'gdgfhfhhdt', '3'),
(1829, 4, 46, 20, 348, 264, NULL, '2025-05-22 06:26:33', NULL, '', '', 'htjhjhjj', '3'),
(1833, 1, 58, 26, 347, 106, 'Recheck', '2025-05-22 06:35:07', NULL, '', 'RECHECK 0002', 'ap1', '2'),
(1834, 3, 46, 20, 347, 106, NULL, '2025-05-22 06:34:28', NULL, '', '', 'ap3', '2'),
(1836, 1, 58, 26, 347, 106, NULL, '2025-05-22 06:35:07', NULL, '', '', 'ap1', '3'),
(1837, 3, 46, 20, 347, 106, NULL, '2025-05-22 06:35:07', NULL, '', '', 'ap3', '3'),
(1839, 1, 58, 26, 351, 1, 'Recheck!', '2025-05-22 06:38:55', '0000-00-00 00:00:00', '', 'OK', 'truryujWtw', '1'),
(1840, 2, 79, 49, 351, 1, '', '2025-05-22 06:38:55', '0000-00-00 00:00:00', '', '', 'ghftghdz', '1'),
(1841, 3, 53, 21, 351, 1, '', '2025-05-22 06:38:55', '0000-00-00 00:00:00', '', '', 'gdgfhfhhdt', '1'),
(1842, 4, 46, 20, 351, 1, '', '2025-05-22 06:38:55', '0000-00-00 00:00:00', '', '', 'htjhjhjj', '1'),
(1843, 1, 58, 26, 351, 264, NULL, '2025-05-22 06:38:41', NULL, '', '', 'truryujWtw', '2'),
(1844, 2, 79, 49, 351, 264, NULL, '2025-05-22 06:38:41', NULL, '', '', 'ghftghdz', '2'),
(1845, 3, 53, 21, 351, 264, NULL, '2025-05-22 06:38:41', NULL, '', '', 'gdgfhfhhdt', '2'),
(1846, 4, 46, 20, 351, 264, NULL, '2025-05-22 06:38:41', NULL, '', '', 'htjhjhjj', '2'),
(1850, 1, 58, 26, 352, 264, 'Recheck!', '2025-05-22 06:46:22', '0000-00-00 00:00:00', '', 'SAYA SALAH SANGKA', 'truryujWtw', '2'),
(1851, 2, 79, 49, 352, 264, '', '2025-05-22 06:46:22', '0000-00-00 00:00:00', '', '', 'ghftghdz', '2'),
(1852, 3, 53, 21, 352, 264, '', '2025-05-22 06:46:22', '0000-00-00 00:00:00', '', '', 'gdgfhfhhdt', '2'),
(1853, 4, 46, 20, 352, 264, '', '2025-05-22 06:46:22', '0000-00-00 00:00:00', '', '', 'htjhjhjj', '2'),
(1854, 1, 58, 26, 352, 264, 'Recheck!', '2025-05-22 06:50:07', NULL, '', 'SAYA SALAH SANGKA', 'truryujWtw', '2'),
(1855, 2, 79, 49, 352, 264, NULL, '2025-05-22 06:45:34', NULL, '', '', 'ghftghdz', '2'),
(1856, 3, 53, 21, 352, 264, NULL, '2025-05-22 06:45:34', NULL, '', '', 'gdgfhfhhdt', '2'),
(1857, 4, 46, 20, 352, 264, NULL, '2025-05-22 06:45:34', NULL, '', '', 'htjhjhjj', '2'),
(1861, 1, 58, 26, 352, 264, NULL, '2025-05-22 06:46:22', NULL, '', '', 'truryujWtw', '3'),
(1862, 2, 79, 49, 352, 264, NULL, '2025-05-22 06:46:22', NULL, '', '', 'ghftghdz', '3'),
(1863, 3, 53, 21, 352, 264, NULL, '2025-05-22 06:46:22', NULL, '', '', 'gdgfhfhhdt', '3'),
(1864, 4, 46, 20, 352, 264, NULL, '2025-05-22 06:46:22', NULL, '', '', 'htjhjhjj', '3'),
(1865, 1, 58, 26, 352, 264, NULL, '2025-05-22 06:46:22', NULL, '', '', 'truryujWtw', '3'),
(1866, 2, 79, 49, 352, 264, NULL, '2025-05-22 06:46:22', NULL, '', '', 'ghftghdz', '3'),
(1867, 3, 53, 21, 352, 264, NULL, '2025-05-22 06:46:22', NULL, '', '', 'gdgfhfhhdt', '3'),
(1868, 4, 46, 20, 352, 264, NULL, '2025-05-22 06:46:22', NULL, '', '', 'htjhjhjj', '3'),
(1876, 1, 58, 26, 353, 264, 'Recheck!', '2025-05-22 06:58:34', '0000-00-00 00:00:00', '', 'OK', 'truryujWtw', '1'),
(1877, 2, 79, 49, 353, 264, '', '2024-12-30 06:03:24', '0000-00-00 00:00:00', '', '', 'ghftghdz', '1'),
(1878, 3, 53, 21, 353, 264, '', '2024-12-30 06:03:39', '0000-00-00 00:00:00', '', '', 'gdgfhfhhdt', '1'),
(1879, 4, 46, 20, 353, 264, '', '2024-12-30 06:04:54', '0000-00-00 00:00:00', '', '', 'htjhjhjj', '1'),
(1880, 1, 58, 26, 353, 264, 'Approved', '2025-05-22 06:59:15', NULL, '', 'OK', 'truryujWtw', '2'),
(1881, 2, 79, 49, 353, 264, NULL, '2025-05-22 06:58:12', NULL, '', '', 'ghftghdz', '2'),
(1882, 3, 53, 21, 353, 264, NULL, '2025-05-22 06:58:12', NULL, '', '', 'gdgfhfhhdt', '2'),
(1883, 4, 46, 20, 353, 264, NULL, '2025-05-22 06:58:12', NULL, '', '', 'htjhjhjj', '2'),
(1887, 1, 58, 26, 354, 264, 'Recheck!', '2025-05-22 07:00:49', '0000-00-00 00:00:00', '', 'OK', 'truryujWtw', '2'),
(1888, 2, 79, 49, 354, 264, '', '2025-05-22 07:00:49', '0000-00-00 00:00:00', '', '', 'ghftghdz', '2'),
(1889, 3, 53, 21, 354, 264, '', '2025-05-22 07:00:49', '0000-00-00 00:00:00', '', '', 'gdgfhfhhdt', '2'),
(1890, 4, 46, 20, 354, 264, '', '2025-05-22 07:00:49', '0000-00-00 00:00:00', '', '', 'htjhjhjj', '2'),
(1891, 1, 58, 26, 354, 264, 'Recheck', '2025-05-22 07:00:49', NULL, '', 'OK', 'truryujWtw', '2'),
(1892, 2, 79, 49, 354, 264, NULL, '2025-05-22 07:00:28', NULL, '', '', 'ghftghdz', '2'),
(1893, 3, 53, 21, 354, 264, NULL, '2025-05-22 07:00:28', NULL, '', '', 'gdgfhfhhdt', '2'),
(1894, 4, 46, 20, 354, 264, NULL, '2025-05-22 07:00:28', NULL, '', '', 'htjhjhjj', '2'),
(1898, 1, 58, 26, 354, 264, NULL, '2025-05-22 07:00:49', NULL, '', '', 'truryujWtw', '3'),
(1899, 2, 79, 49, 354, 264, NULL, '2025-05-22 07:00:49', NULL, '', '', 'ghftghdz', '3'),
(1900, 3, 53, 21, 354, 264, NULL, '2025-05-22 07:00:49', NULL, '', '', 'gdgfhfhhdt', '3'),
(1901, 4, 46, 20, 354, 264, NULL, '2025-05-22 07:00:49', NULL, '', '', 'htjhjhjj', '3'),
(1902, 1, 58, 26, 354, 264, NULL, '2025-05-22 07:00:49', NULL, '', '', 'truryujWtw', '3'),
(1903, 2, 79, 49, 354, 264, NULL, '2025-05-22 07:00:49', NULL, '', '', 'ghftghdz', '3'),
(1904, 3, 53, 21, 354, 264, NULL, '2025-05-22 07:00:49', NULL, '', '', 'gdgfhfhhdt', '3'),
(1905, 4, 46, 20, 354, 264, NULL, '2025-05-22 07:00:49', NULL, '', '', 'htjhjhjj', '3'),
(1913, 1, 58, 26, 355, 264, 'Recheck!', '2025-05-22 07:09:59', '0000-00-00 00:00:00', '', 'OK 1', 'truryujWtw', '2'),
(1914, 2, 79, 49, 355, 264, '', '2025-05-22 07:09:59', '0000-00-00 00:00:00', '', '', 'ghftghdz', '2'),
(1915, 3, 53, 21, 355, 264, '', '2025-05-22 07:09:59', '0000-00-00 00:00:00', '', '', 'gdgfhfhhdt', '2'),
(1916, 4, 46, 20, 355, 264, '', '2025-05-22 07:09:59', '0000-00-00 00:00:00', '', '', 'htjhjhjj', '2'),
(1917, 1, 58, 26, 355, 264, 'Recheck', '2025-05-22 07:09:59', NULL, '', 'OK 2', 'truryujWtw', '2'),
(1918, 2, 79, 49, 355, 264, NULL, '2025-05-22 07:06:37', NULL, '', '', 'ghftghdz', '2'),
(1919, 3, 53, 21, 355, 264, NULL, '2025-05-22 07:06:37', NULL, '', '', 'gdgfhfhhdt', '2'),
(1920, 4, 46, 20, 355, 264, NULL, '2025-05-22 07:06:37', NULL, '', '', 'htjhjhjj', '2'),
(1924, 1, 58, 26, 355, 264, NULL, '2025-05-22 07:09:59', NULL, '', '', 'truryujWtw', '3'),
(1925, 2, 79, 49, 355, 264, NULL, '2025-05-22 07:09:59', NULL, '', '', 'ghftghdz', '3'),
(1926, 3, 53, 21, 355, 264, NULL, '2025-05-22 07:09:59', NULL, '', '', 'gdgfhfhhdt', '3'),
(1927, 4, 46, 20, 355, 264, NULL, '2025-05-22 07:09:59', NULL, '', '', 'htjhjhjj', '3'),
(1928, 1, 58, 26, 355, 264, NULL, '2025-05-22 07:09:59', NULL, '', '', 'truryujWtw', '3'),
(1929, 2, 79, 49, 355, 264, NULL, '2025-05-22 07:09:59', NULL, '', '', 'ghftghdz', '3'),
(1930, 3, 53, 21, 355, 264, NULL, '2025-05-22 07:09:59', NULL, '', '', 'gdgfhfhhdt', '3'),
(1931, 4, 46, 20, 355, 264, NULL, '2025-05-22 07:09:59', NULL, '', '', 'htjhjhjj', '3'),
(1939, 1, 58, 26, 356, 1, 'Recheck!', '2025-05-22 07:13:54', '0000-00-00 00:00:00', '', 'TES', 'truryujWtw', '1'),
(1940, 2, 79, 49, 356, 1, '', '2025-05-22 07:13:54', '0000-00-00 00:00:00', '', '', 'ghftghdz', '1'),
(1941, 3, 53, 21, 356, 1, '', '2025-05-22 07:13:54', '0000-00-00 00:00:00', '', '', 'gdgfhfhhdt', '1'),
(1942, 4, 46, 20, 356, 1, '', '2025-05-22 07:13:54', '0000-00-00 00:00:00', '', '', 'htjhjhjj', '1'),
(1943, 1, 58, 26, 356, 1, 'Recheck!', '2025-05-22 07:14:13', NULL, '', 'TES', 'truryujWtw', '2'),
(1944, 2, 79, 49, 356, 1, NULL, '2025-05-22 07:14:13', NULL, '', '', 'ghftghdz', '2'),
(1945, 3, 53, 21, 356, 1, NULL, '2025-05-22 07:14:13', NULL, '', '', 'gdgfhfhhdt', '2'),
(1946, 4, 46, 20, 356, 1, NULL, '2025-05-22 07:14:13', NULL, '', '', 'htjhjhjj', '2'),
(1950, 1, 58, 26, 356, 1, 'Recheck!', '2025-05-22 07:14:51', NULL, '', 'TES SATU', 'truryujWtw', '3'),
(1951, 2, 79, 49, 356, 1, NULL, '2025-05-22 07:14:51', NULL, '', '', 'ghftghdz', '3'),
(1952, 3, 53, 21, 356, 1, NULL, '2025-05-22 07:14:51', NULL, '', '', 'gdgfhfhhdt', '3'),
(1953, 4, 46, 20, 356, 1, NULL, '2025-05-22 07:14:51', NULL, '', '', 'htjhjhjj', '3'),
(1957, 1, 58, 26, 356, 1, 'Recheck!', '2025-05-22 07:15:56', NULL, '', 'TES 2', 'truryujWtw', '4'),
(1958, 2, 79, 49, 356, 1, NULL, '2025-05-22 07:15:56', NULL, '', '', 'ghftghdz', '4'),
(1959, 3, 53, 21, 356, 1, NULL, '2025-05-22 07:15:56', NULL, '', '', 'gdgfhfhhdt', '4'),
(1960, 4, 46, 20, 356, 1, NULL, '2025-05-22 07:15:56', NULL, '', '', 'htjhjhjj', '4'),
(1964, 1, 58, 26, 356, 1, 'Recheck!', '2025-05-22 07:19:06', NULL, '', 'OK', 'truryujWtw', '5'),
(1965, 2, 79, 49, 356, 1, NULL, '2025-05-22 07:19:06', NULL, '', '', 'ghftghdz', '5'),
(1966, 3, 53, 21, 356, 1, NULL, '2025-05-22 07:19:06', NULL, '', '', 'gdgfhfhhdt', '5'),
(1967, 4, 46, 20, 356, 1, NULL, '2025-05-22 07:19:06', NULL, '', '', 'htjhjhjj', '5'),
(1971, 1, 58, 26, 356, 1, 'Recheck!', '2025-05-22 07:32:35', NULL, '', 'ok', 'truryujWtw', '6'),
(1972, 2, 79, 49, 356, 1, NULL, '2025-05-22 07:32:35', NULL, '', '', 'ghftghdz', '6'),
(1973, 3, 53, 21, 356, 1, NULL, '2025-05-22 07:32:35', NULL, '', '', 'gdgfhfhhdt', '6'),
(1974, 4, 46, 20, 356, 1, NULL, '2025-05-22 07:32:35', NULL, '', '', 'htjhjhjj', '6'),
(1978, 1, 58, 26, 356, 264, NULL, '2025-05-22 07:28:44', NULL, '', '', 'truryujWtw', '7'),
(1979, 2, 79, 49, 356, 264, NULL, '2025-05-22 07:28:44', NULL, '', '', 'ghftghdz', '7'),
(1980, 3, 53, 21, 356, 264, NULL, '2025-05-22 07:28:44', NULL, '', '', 'gdgfhfhhdt', '7'),
(1981, 4, 46, 20, 356, 264, NULL, '2025-05-22 07:28:44', NULL, '', '', 'htjhjhjj', '7'),
(1982, 1, 58, 26, 357, 264, 'Recheck', '2025-05-24 06:51:13', '0000-00-00 00:00:00', '', 'ok recheck', 'truryujWtw', '1'),
(1983, 2, 79, 49, 357, 264, '', '2024-12-30 06:03:24', '0000-00-00 00:00:00', '', '', 'ghftghdz', '1'),
(1984, 3, 53, 21, 357, 264, '', '2024-12-30 06:03:39', '0000-00-00 00:00:00', '', '', 'gdgfhfhhdt', '1'),
(1985, 4, 46, 20, 357, 264, '', '2024-12-30 06:04:54', '0000-00-00 00:00:00', '', '', 'htjhjhjj', '1'),
(1986, 1, 58, 26, 357, 264, NULL, '2025-05-24 06:51:13', NULL, '', '', 'truryujWtw', '2'),
(1987, 2, 79, 49, 357, 264, NULL, '2025-05-24 06:51:13', NULL, '', '', 'ghftghdz', '2'),
(1988, 3, 53, 21, 357, 264, NULL, '2025-05-24 06:51:13', NULL, '', '', 'gdgfhfhhdt', '2'),
(1989, 4, 46, 20, 357, 264, NULL, '2025-05-24 06:51:13', NULL, '', '', 'htjhjhjj', '2'),
(1990, 1, 58, 26, 358, 264, 'Recheck', '2025-05-26 01:02:41', '0000-00-00 00:00:00', '', 'RECHCEK LAGI BOS', 'truryujWtw', '1'),
(1991, 2, 79, 49, 358, 264, '', '2024-12-30 06:03:24', '0000-00-00 00:00:00', '', '', 'ghftghdz', '1'),
(1992, 3, 53, 21, 358, 264, '', '2024-12-30 06:03:39', '0000-00-00 00:00:00', '', '', 'gdgfhfhhdt', '1'),
(1993, 4, 46, 20, 358, 264, '', '2024-12-30 06:04:54', '0000-00-00 00:00:00', '', '', 'htjhjhjj', '1'),
(1994, 1, 58, 26, 358, 264, NULL, '2025-05-26 01:02:41', NULL, '', '', 'truryujWtw', '2'),
(1995, 2, 79, 49, 358, 264, NULL, '2025-05-26 01:02:41', NULL, '', '', 'ghftghdz', '2'),
(1996, 3, 53, 21, 358, 264, NULL, '2025-05-26 01:02:41', NULL, '', '', 'gdgfhfhhdt', '2'),
(1997, 4, 46, 20, 358, 264, NULL, '2025-05-26 01:02:41', NULL, '', '', 'htjhjhjj', '2'),
(2001, 1, 58, 26, 359, 1, 'Recheck!', '2025-05-27 01:43:38', '0000-00-00 00:00:00', '', '1', 'truryujWtw', '1'),
(2002, 2, 79, 49, 359, 1, '', '2025-05-27 01:43:38', '0000-00-00 00:00:00', '', '', 'ghftghdz', '1'),
(2003, 3, 53, 21, 359, 1, '', '2025-05-27 01:43:38', '0000-00-00 00:00:00', '', '', 'gdgfhfhhdt', '1'),
(2004, 4, 46, 20, 359, 1, '', '2025-05-27 01:43:38', '0000-00-00 00:00:00', '', '', 'htjhjhjj', '1'),
(2005, 1, 58, 26, 359, 264, NULL, '2025-05-26 03:03:33', NULL, '', '', 'truryujWtw', '2'),
(2006, 2, 79, 49, 359, 264, NULL, '2025-05-26 03:03:33', NULL, '', '', 'ghftghdz', '2'),
(2007, 3, 53, 21, 359, 264, NULL, '2025-05-26 03:03:33', NULL, '', '', 'gdgfhfhhdt', '2'),
(2008, 4, 46, 20, 359, 264, NULL, '2025-05-26 03:03:33', NULL, '', '', 'htjhjhjj', '2'),
(2012, 1, 58, 26, 361, 264, '', '2024-12-30 06:02:53', '0000-00-00 00:00:00', '', '', 'truryujWtw', '1'),
(2013, 2, 79, 49, 361, 264, '', '2024-12-30 06:03:24', '0000-00-00 00:00:00', '', '', 'ghftghdz', '1'),
(2014, 3, 46, 20, 361, 264, '', '2025-06-16 02:29:17', '0000-00-00 00:00:00', '', '', 'fdgfgdgdfg', '1'),
(2015, 1, 58, 26, 362, 264, '', '2024-12-30 06:02:53', '0000-00-00 00:00:00', '', '', 'truryujWtw', '1'),
(2016, 2, 79, 49, 362, 264, '', '2024-12-30 06:03:24', '0000-00-00 00:00:00', '', '', 'ghftghdz', '1'),
(2017, 3, 46, 20, 362, 264, '', '2025-06-16 02:29:17', '0000-00-00 00:00:00', '', '', 'fdgfgdgdfg', '1'),
(2018, 1, 58, 26, 363, 106, '', '2024-10-18 00:08:26', '0000-00-00 00:00:00', '', '', 'ap1', '1'),
(2019, 3, 46, 20, 363, 106, '', '2024-10-23 08:59:38', '0000-00-00 00:00:00', '', '', 'ap3', '1');

-- --------------------------------------------------------

--
-- Table structure for table `spa_asset`
--

CREATE TABLE `spa_asset` (
  `id_spa_asset` int(11) NOT NULL,
  `urutan` int(11) NOT NULL,
  `id_user` int(11) DEFAULT NULL,
  `id_employee` int(11) DEFAULT NULL,
  `id_asset` int(11) NOT NULL,
  `id_app` int(11) NOT NULL,
  `status` enum('waiting','Approved','Rejected','Recheck','Recheck!') DEFAULT NULL,
  `tgl` timestamp NOT NULL DEFAULT current_timestamp() ON UPDATE current_timestamp(),
  `date` datetime DEFAULT NULL,
  `id_user_hr` int(11) NOT NULL,
  `sta` varchar(11) NOT NULL,
  `kmt` varchar(500) NOT NULL,
  `deskripsi` varchar(50) NOT NULL,
  `fleg` enum('1','2','3','4','5','6','7','8','9','10') CHARACTER SET latin1 COLLATE latin1_swedish_ci NOT NULL
) ENGINE=InnoDB DEFAULT CHARSET=utf8mb4 COLLATE=utf8mb4_general_ci;

--
-- Dumping data for table `spa_asset`
--

INSERT INTO `spa_asset` (`id_spa_asset`, `urutan`, `id_user`, `id_employee`, `id_asset`, `id_app`, `status`, `tgl`, `date`, `id_user_hr`, `sta`, `kmt`, `deskripsi`, `fleg`) VALUES
(1, 1, 49, 28, 2, 296, '', '2025-02-25 07:12:20', '0000-00-00 00:00:00', 0, '', '', 'SADADAD', '1'),
(2, 1, 49, 28, 33, 296, '', '2025-02-25 04:56:40', '0000-00-00 00:00:00', 0, '', '', 'SADADAD', '1'),
(3, 1, 49, 28, 34, 296, '', '2025-02-25 04:56:40', '0000-00-00 00:00:00', 0, '', '', 'SADADAD', '1'),
(4, 1, 49, 28, 35, 296, '', '2025-02-25 04:56:40', '0000-00-00 00:00:00', 0, '', '', 'SADADAD', '1'),
(5, 1, 49, 28, 36, 296, '', '2025-02-25 04:56:40', '0000-00-00 00:00:00', 0, '', '', 'SADADAD', '1'),
(6, 1, 49, 28, 37, 296, '', '2025-02-25 04:56:40', '0000-00-00 00:00:00', 0, '', '', 'SADADAD', '1'),
(7, 1, 49, 28, 38, 296, '', '2025-02-25 04:56:40', '0000-00-00 00:00:00', 0, '', '', 'SADADAD', '1'),
(8, 1, 49, 28, 39, 296, '', '2025-02-25 04:56:40', '0000-00-00 00:00:00', 0, '', '', 'SADADAD', '1'),
(9, 1, 49, 28, 40, 296, '', '2025-02-25 04:56:40', '0000-00-00 00:00:00', 0, '', '', 'SADADAD', '1'),
(10, 1, 49, 28, 41, 296, '', '2025-02-25 04:56:40', '0000-00-00 00:00:00', 0, '', '', 'SADADAD', '1'),
(11, 1, 49, 28, 42, 296, '', '2025-02-25 04:56:40', '0000-00-00 00:00:00', 0, '', '', 'SADADAD', '1'),
(12, 1, 49, 28, 43, 296, '', '2025-02-25 04:56:40', '0000-00-00 00:00:00', 0, '', '', 'SADADAD', '1'),
(13, 1, 49, 28, 44, 296, '', '2025-02-25 04:56:40', '0000-00-00 00:00:00', 0, '', '', 'SADADAD', '1'),
(14, 1, 49, 28, 45, 296, '', '2025-02-25 04:56:40', '0000-00-00 00:00:00', 0, '', '', 'SADADAD', '1'),
(15, 1, 49, 28, 48, 296, '', '2025-02-25 04:56:40', '0000-00-00 00:00:00', 0, '', '', 'SADADAD', '1'),
(16, 1, 49, 28, 50, 296, '', '2025-02-25 04:56:40', '0000-00-00 00:00:00', 0, '', '', 'SADADAD', '1'),
(17, 1, 49, 28, 52, 296, '', '2025-02-25 04:56:40', '0000-00-00 00:00:00', 0, '', '', 'SADADAD', '1'),
(18, 1, 49, 28, 55, 296, '', '2025-02-25 04:56:40', '0000-00-00 00:00:00', 0, '', '', 'SADADAD', '1'),
(19, 1, 49, 28, 57, 296, '', '2025-02-25 04:56:40', '0000-00-00 00:00:00', 0, '', '', 'SADADAD', '1'),
(20, 1, 49, 28, 59, 296, '', '2025-02-25 04:56:40', '0000-00-00 00:00:00', 0, '', '', 'SADADAD', '1'),
(21, 1, 49, 28, 60, 296, '', '2025-02-25 04:56:40', '0000-00-00 00:00:00', 0, '', '', 'SADADAD', '1'),
(22, 1, 49, 28, 61, 296, '', '2025-02-25 04:56:40', '0000-00-00 00:00:00', 0, '', '', 'SADADAD', '1'),
(23, 1, 49, 28, 62, 296, '', '2025-02-25 04:56:40', '0000-00-00 00:00:00', 0, '', '', 'SADADAD', '1'),
(24, 1, 49, 28, 63, 296, '', '2025-02-25 04:56:40', '0000-00-00 00:00:00', 0, '', '', 'SADADAD', '1'),
(25, 1, 49, 28, 64, 296, '', '2025-02-25 04:56:40', '0000-00-00 00:00:00', 0, '', '', 'SADADAD', '1'),
(26, 1, 49, 28, 65, 296, '', '2025-02-25 04:56:40', '0000-00-00 00:00:00', 0, '', '', 'SADADAD', '1'),
(27, 1, 79, 49, 66, 297, '', '2025-03-05 02:52:49', '0000-00-00 00:00:00', 0, '', '', 'fgnrfh', '1'),
(28, 1, 79, 49, 69, 297, '', '2025-03-05 02:52:49', '0000-00-00 00:00:00', 0, '', '', 'fgnrfh', '1'),
(29, 1, 79, 49, 70, 297, '', '2025-03-05 02:52:49', '0000-00-00 00:00:00', 0, '', '', 'fgnrfh', '1'),
(30, 1, 79, 49, 71, 297, '', '2025-03-05 02:52:49', '0000-00-00 00:00:00', 0, '', '', 'fgnrfh', '1'),
(31, 1, 79, 49, 72, 297, '', '2025-03-05 02:52:49', '0000-00-00 00:00:00', 0, '', '', 'fgnrfh', '1'),
(32, 1, 79, 49, 73, 297, '', '2025-03-05 02:52:49', '0000-00-00 00:00:00', 0, '', '', 'fgnrfh', '1'),
(33, 1, 79, 49, 74, 297, '', '2025-03-05 02:52:49', '0000-00-00 00:00:00', 0, '', '', 'fgnrfh', '1'),
(34, 1, 79, 49, 75, 297, '', '2025-03-05 02:52:49', '0000-00-00 00:00:00', 0, '', '', 'fgnrfh', '1'),
(35, 1, 79, 49, 76, 297, '', '2025-03-05 02:52:49', '0000-00-00 00:00:00', 0, '', '', 'fgnrfh', '1'),
(36, 1, 79, 49, 78, 297, '', '2025-03-05 02:52:49', '0000-00-00 00:00:00', 0, '', '', 'fgnrfh', '1'),
(37, 1, 79, 49, 79, 297, 'Approved', '2025-03-11 09:28:32', '0000-00-00 00:00:00', 0, '', 'ookk', 'fgnrfh', '1'),
(38, 1, 79, 49, 80, 297, 'Approved', '2025-03-11 09:54:35', '0000-00-00 00:00:00', 0, '', 'OK BRO', 'fgnrfh', '1'),
(39, 1, 79, 49, 81, 297, 'Approved', '2025-03-11 10:13:01', '0000-00-00 00:00:00', 0, '', 'ok', 'fgnrfh', '1'),
(40, 1, 79, 49, 82, 297, 'Approved', '2025-03-12 02:25:24', '0000-00-00 00:00:00', 0, '', 'ok', 'fgnrfh', '1'),
(41, 1, 79, 49, 83, 297, 'Approved', '2025-03-12 02:28:55', '0000-00-00 00:00:00', 0, '', 'ok', 'fgnrfh', '1'),
(42, 1, 79, 49, 84, 297, 'Approved', '2025-03-12 02:41:24', '0000-00-00 00:00:00', 0, '', 'ok', 'fgnrfh', '1'),
(43, 1, 79, 49, 85, 297, 'Approved', '2025-03-12 02:46:26', '0000-00-00 00:00:00', 0, '', 'ok', 'fgnrfh', '1'),
(44, 1, 79, 49, 86, 297, 'Approved', '2025-03-12 03:16:39', '0000-00-00 00:00:00', 0, '', 'ok', 'fgnrfh', '1'),
(45, 1, 79, 49, 87, 297, 'Approved', '2025-03-12 03:18:38', '0000-00-00 00:00:00', 0, '', 'ok', 'fgnrfh', '1'),
(46, 1, 79, 49, 88, 297, 'Approved', '2025-03-12 03:23:20', '0000-00-00 00:00:00', 0, '', 'ok', 'fgnrfh', '1'),
(47, 1, 79, 49, 90, 297, 'Approved', '2025-03-13 08:32:13', '0000-00-00 00:00:00', 0, '', 'ok', 'fgnrfh', '1'),
(48, 1, 79, 49, 91, 297, 'Approved', '2025-03-12 03:31:16', '0000-00-00 00:00:00', 0, '', 'ok', 'fgnrfh', '1'),
(49, 1, 79, 49, 92, 297, 'Approved', '2025-03-12 03:38:40', '0000-00-00 00:00:00', 0, '', 'ok', 'fgnrfh', '1'),
(50, 1, 79, 49, 94, 298, 'Approved', '2025-03-12 04:21:26', '0000-00-00 00:00:00', 0, '', 'OK', 'sffgdzdbh', '1'),
(51, 1, 79, 49, 95, 297, '', '2025-03-05 02:52:49', '0000-00-00 00:00:00', 0, '', '', 'fgnrfh', '1'),
(52, 1, 79, 49, 97, 297, 'Approved', '2025-03-13 08:30:37', '0000-00-00 00:00:00', 0, '', 'ok', 'fgnrfh', '1'),
(53, 1, 79, 49, 98, 297, 'Approved', '2025-03-13 08:31:53', '0000-00-00 00:00:00', 0, '', 'ok', 'fgnrfh', '1'),
(54, 1, 79, 49, 106, 321, '', '2025-03-13 09:25:16', '0000-00-00 00:00:00', 0, '', '', 'qdqedqd', '1'),
(55, 1, 79, 49, 108, 321, '', '2025-03-13 09:25:16', '0000-00-00 00:00:00', 0, '', '', 'qdqedqd', '1'),
(56, 1, 79, 49, 109, 321, '', '2025-03-13 09:25:16', '0000-00-00 00:00:00', 0, '', '', 'qdqedqd', '1'),
(57, 1, 79, 49, 110, 321, '', '2025-03-13 09:25:16', '0000-00-00 00:00:00', 0, '', '', 'qdqedqd', '1'),
(58, 1, 79, 49, 111, 321, '', '2025-03-13 09:25:16', '0000-00-00 00:00:00', 0, '', '', 'qdqedqd', '1'),
(59, 1, 79, 49, 112, 321, '', '2025-03-13 09:25:16', '0000-00-00 00:00:00', 0, '', '', 'qdqedqd', '1'),
(60, 1, 79, 49, 113, 321, '', '2025-03-13 09:25:16', '0000-00-00 00:00:00', 0, '', '', 'qdqedqd', '1'),
(61, 1, 79, 49, 114, 321, '', '2025-03-13 09:25:16', '0000-00-00 00:00:00', 0, '', '', 'qdqedqd', '1'),
(62, 1, 79, 49, 117, 321, '', '2025-03-13 09:25:16', '0000-00-00 00:00:00', 0, '', '', 'qdqedqd', '1'),
(63, 1, 79, 49, 118, 321, '', '2025-03-13 09:25:16', '0000-00-00 00:00:00', 0, '', '', 'qdqedqd', '1'),
(64, 1, 71, 40, 119, 323, '', '2025-03-14 01:38:34', '0000-00-00 00:00:00', 0, '', '', 'SGFG', '1'),
(65, 2, 79, 49, 119, 323, '', '2025-03-14 01:39:09', '0000-00-00 00:00:00', 0, '', '', 'SFGSGSFG', '1'),
(66, 1, 79, 49, 120, 321, '', '2025-03-13 09:25:16', '0000-00-00 00:00:00', 0, '', '', 'qdqedqd', '1'),
(67, 1, 71, 40, 121, 323, '', '2025-03-14 01:38:34', '0000-00-00 00:00:00', 0, '', '', 'SGFG', '1'),
(68, 2, 79, 49, 121, 323, '', '2025-03-14 01:39:09', '0000-00-00 00:00:00', 0, '', '', 'SFGSGSFG', '1'),
(69, 1, 79, 49, 122, 321, '', '2025-03-13 09:25:16', '0000-00-00 00:00:00', 0, '', '', 'qdqedqd', '1'),
(70, 1, 79, 49, 123, 321, '', '2025-03-13 09:25:16', '0000-00-00 00:00:00', 0, '', '', 'qdqedqd', '1'),
(71, 1, 79, 49, 125, 321, '', '2025-03-15 06:07:44', '0000-00-00 00:00:00', 0, '', '', 'qdqedqd', '1'),
(72, 1, 79, 49, 126, 321, '', '2025-03-15 06:07:44', '0000-00-00 00:00:00', 0, '', '', 'qdqedqd', '1'),
(73, 1, 79, 49, 127, 321, '', '2025-03-15 06:07:44', '0000-00-00 00:00:00', 0, '', '', 'qdqedqd', '1'),
(74, 1, 79, 49, 130, 321, '', '2025-03-15 06:07:44', '0000-00-00 00:00:00', 0, '', '', 'qdqedqd', '1'),
(75, 1, 71, 40, 131, 323, '', '2025-03-14 01:38:34', '0000-00-00 00:00:00', 0, '', '', 'SGFG', '1'),
(76, 2, 79, 49, 131, 323, '', '2025-03-14 01:39:09', '0000-00-00 00:00:00', 0, '', '', 'SFGSGSFG', '1'),
(77, 1, 79, 49, 136, 321, '', '2025-03-15 06:07:44', '0000-00-00 00:00:00', 0, '', '', 'qdqedqd', '1'),
(78, 1, 79, 49, 137, 321, '', '2025-03-15 06:07:44', '0000-00-00 00:00:00', 0, '', '', 'qdqedqd', '1'),
(79, 1, 79, 49, 138, 321, '', '2025-03-15 06:07:44', '0000-00-00 00:00:00', 0, '', '', 'qdqedqd', '1'),
(80, 1, 79, 49, 139, 321, '', '2025-03-15 06:07:44', '0000-00-00 00:00:00', 0, '', '', 'qdqedqd', '1'),
(81, 1, 79, 49, 140, 321, '', '2025-03-15 06:07:44', '0000-00-00 00:00:00', 0, '', '', 'qdqedqd', '1'),
(82, 1, 79, 49, 141, 321, '', '2025-03-15 06:07:44', '0000-00-00 00:00:00', 0, '', '', 'qdqedqd', '1'),
(83, 1, 79, 49, 142, 321, 'Approved', '2025-03-19 04:51:10', '0000-00-00 00:00:00', 0, '', 'ok', 'qdqedqd', '1'),
(84, 1, 79, 49, 143, 321, 'Approved', '2025-03-19 06:38:16', '0000-00-00 00:00:00', 0, '', 'ok', 'qdqedqd', '1'),
(85, 1, 79, 49, 144, 321, 'Approved', '2025-03-19 07:11:40', '0000-00-00 00:00:00', 0, '', 'OKKKKKK', 'qdqedqd', '1'),
(86, 1, 79, 49, 147, 321, '', '2025-03-15 06:07:44', '0000-00-00 00:00:00', 0, '', '', 'qdqedqd', '1'),
(87, 1, 79, 49, 148, 321, 'Approved', '2025-03-19 07:18:22', '0000-00-00 00:00:00', 0, '', 'ok', 'qdqedqd', '1'),
(88, 1, 79, 49, 149, 321, 'Approved', '2025-03-19 07:39:31', '0000-00-00 00:00:00', 0, '', 'OK', 'qdqedqd', '1'),
(89, 1, 79, 49, 150, 321, '', '2025-03-15 06:07:44', '0000-00-00 00:00:00', 0, '', '', 'qdqedqd', '1'),
(90, 1, 79, 49, 151, 321, 'Approved', '2025-03-19 09:02:30', '0000-00-00 00:00:00', 0, '', 'ok ', 'qdqedqd', '1'),
(91, 1, 79, 49, 152, 321, '', '2025-03-15 06:07:44', '0000-00-00 00:00:00', 0, '', '', 'qdqedqd', '1'),
(92, 1, 79, 49, 155, 321, '', '2025-03-15 06:07:44', '0000-00-00 00:00:00', 0, '', '', 'qdqedqd', '1'),
(93, 1, 79, 49, 156, 321, '', '2025-03-15 06:07:44', '0000-00-00 00:00:00', 0, '', '', 'qdqedqd', '1'),
(94, 1, 79, 49, 158, 321, 'Approved', '2025-03-20 02:57:08', '0000-00-00 00:00:00', 0, '', 'okkkkkk', 'qdqedqd', '1'),
(95, 1, 71, 40, 161, 338, '', '2025-03-20 02:48:53', '0000-00-00 00:00:00', 0, '', '', 'SGFG', '1'),
(96, 2, 79, 49, 161, 338, '', '2025-03-20 02:48:36', '0000-00-00 00:00:00', 0, '', '', 'SFGSGSFG', '1'),
(97, 1, 79, 49, 162, 321, 'Approved', '2025-03-20 06:57:19', '0000-00-00 00:00:00', 0, '', 'OK', 'qdqedqd', '1'),
(98, 1, 79, 49, 163, 321, 'Approved', '2025-03-25 02:51:15', '0000-00-00 00:00:00', 0, '', 'ok', 'qdqedqd', '1'),
(99, 1, 79, 49, 164, 337, '', '2025-03-15 09:52:15', '0000-00-00 00:00:00', 0, '', '', 'sdafa', '1'),
(100, 1, 79, 49, 165, 337, '', '2025-03-15 09:52:15', '0000-00-00 00:00:00', 0, '', '', 'sdafa', '1');

-- --------------------------------------------------------

--
-- Table structure for table `spa_asset_m`
--

CREATE TABLE `spa_asset_m` (
  `id_spa_asset_m` int(11) NOT NULL,
  `urutan` int(11) NOT NULL,
  `id_user` int(11) DEFAULT NULL,
  `id_employee` int(11) DEFAULT NULL,
  `id_asset_m` int(11) NOT NULL,
  `id_app` int(11) NOT NULL,
  `status` enum('waiting','Approved','Rejected','Recheck','Recheck!') DEFAULT NULL,
  `tgl` timestamp NOT NULL DEFAULT current_timestamp() ON UPDATE current_timestamp(),
  `date` datetime DEFAULT NULL,
  `id_user_hr` int(11) NOT NULL,
  `kmt` varchar(500) NOT NULL,
  `deskripsi` varchar(50) NOT NULL,
  `fleg` enum('1','2','3','4','5','6','7','8','9','10') CHARACTER SET latin1 COLLATE latin1_swedish_ci NOT NULL
) ENGINE=InnoDB DEFAULT CHARSET=utf8mb4 COLLATE=utf8mb4_general_ci;

--
-- Dumping data for table `spa_asset_m`
--

INSERT INTO `spa_asset_m` (`id_spa_asset_m`, `urutan`, `id_user`, `id_employee`, `id_asset_m`, `id_app`, `status`, `tgl`, `date`, `id_user_hr`, `kmt`, `deskripsi`, `fleg`) VALUES
(1, 1, 58, 26, 1, 372, '', '2026-02-11 04:01:42', '0000-00-00 00:00:00', 0, '', 'EWFWFWRFRWG', '1'),
(2, 2, 79, 49, 1, 372, '', '2026-02-11 04:02:47', '0000-00-00 00:00:00', 0, '', 'EWFEWFRWG', '1'),
(3, 1, 58, 26, 3, 372, 'Approved', '2026-02-13 01:33:58', '0000-00-00 00:00:00', 0, 'ok', 'EWFWFWRFRWG', '1'),
(4, 2, 79, 49, 3, 372, '', '2026-02-11 04:02:47', '0000-00-00 00:00:00', 0, '', 'EWFEWFRWG', '1'),
(5, 1, 58, 26, 4, 372, 'Approved', '2026-02-12 04:40:44', '0000-00-00 00:00:00', 0, 'okkk', 'EWFWFWRFRWG', '1'),
(6, 2, 79, 49, 4, 372, 'Approved', '2026-02-12 04:41:33', '0000-00-00 00:00:00', 0, 'ok', 'EWFEWFRWG', '1'),
(7, 1, 58, 26, 5, 372, 'Approved', '2026-02-12 04:25:41', '0000-00-00 00:00:00', 0, 'ok', 'EWFWFWRFRWG', '1'),
(8, 2, 79, 49, 5, 372, '', '2026-02-11 04:02:47', '0000-00-00 00:00:00', 0, '', 'EWFEWFRWG', '1'),
(9, 1, 58, 26, 6, 372, 'Approved', '2026-02-12 04:24:12', '0000-00-00 00:00:00', 0, 'ok', 'EWFWFWRFRWG', '1'),
(10, 2, 79, 49, 6, 372, 'Approved', '2026-02-13 01:34:36', '0000-00-00 00:00:00', 0, 'okk', 'EWFEWFRWG', '1'),
(11, 1, 58, 26, 7, 372, '', '2026-02-11 04:01:42', '0000-00-00 00:00:00', 0, '', 'EWFWFWRFRWG', '1'),
(12, 2, 79, 49, 7, 372, '', '2026-02-11 04:02:47', '0000-00-00 00:00:00', 0, '', 'EWFEWFRWG', '1'),
(13, 1, 58, 26, 8, 372, '', '2026-02-11 04:01:42', '0000-00-00 00:00:00', 0, '', 'EWFWFWRFRWG', '1'),
(14, 2, 79, 49, 8, 372, '', '2026-02-11 04:02:47', '0000-00-00 00:00:00', 0, '', 'EWFEWFRWG', '1');

-- --------------------------------------------------------

--
-- Table structure for table `spa_cuti`
--

CREATE TABLE `spa_cuti` (
  `id_spa_cuti` int(11) NOT NULL,
  `urutan` int(11) NOT NULL,
  `id_user` int(11) DEFAULT NULL,
  `id_employee` int(11) DEFAULT NULL,
  `id_cuti` int(11) NOT NULL,
  `id_app` int(11) NOT NULL,
  `status` enum('waiting','Approved','Rejected','Recheck','Recheck!') DEFAULT NULL,
  `tgl` timestamp NOT NULL DEFAULT current_timestamp() ON UPDATE current_timestamp(),
  `date` datetime DEFAULT NULL,
  `id_user_hr` int(11) NOT NULL,
  `kmt` varchar(100) NOT NULL,
  `deskripsi` varchar(50) NOT NULL,
  `fleg` enum('1','2','3','4','5','6','7','8','9','10') CHARACTER SET latin1 COLLATE latin1_swedish_ci NOT NULL
) ENGINE=InnoDB DEFAULT CHARSET=utf8mb4 COLLATE=utf8mb4_general_ci;

--
-- Dumping data for table `spa_cuti`
--

INSERT INTO `spa_cuti` (`id_spa_cuti`, `urutan`, `id_user`, `id_employee`, `id_cuti`, `id_app`, `status`, `tgl`, `date`, `id_user_hr`, `kmt`, `deskripsi`, `fleg`) VALUES
(1, 1, 58, 26, 1, 208, 'Rejected', '2024-12-04 04:02:33', '0000-00-00 00:00:00', 55, 'testing', 'RTGREWT', '1'),
(2, 1, 53, 21, 2, 217, '', '2024-12-04 04:28:16', '0000-00-00 00:00:00', 55, '', 'fghbfhnn', '1'),
(3, 1, 53, 21, 3, 241, 'Approved', '2024-12-31 02:19:36', '0000-00-00 00:00:00', 55, 'ok ', 'tyre', '1'),
(4, 2, 46, 20, 3, 241, 'Approved', '2024-12-31 02:28:29', '0000-00-00 00:00:00', 55, 'Cuti Natal', 'tertera', '1'),
(5, 1, 58, 26, 4, 208, '', '2024-12-04 02:57:57', '0000-00-00 00:00:00', 55, '', 'RTGREWT', '1'),
(6, 1, 53, 21, 6, 241, '', '2024-12-20 01:55:11', '0000-00-00 00:00:00', 55, '', 'tyre', '1'),
(7, 2, 46, 20, 6, 241, '', '2024-12-20 01:55:20', '0000-00-00 00:00:00', 55, '', 'tertera', '1'),
(8, 1, 53, 21, 7, 241, '', '2024-12-20 01:55:11', '0000-00-00 00:00:00', 55, '', 'tyre', '1'),
(9, 2, 46, 20, 7, 241, '', '2024-12-20 01:55:20', '0000-00-00 00:00:00', 55, '', 'tertera', '1'),
(10, 1, 59, 31, 8, 261, '', '2024-12-23 03:07:02', '0000-00-00 00:00:00', 55, '', 'SFGFDGHDHDGH', '1'),
(11, 2, 53, 21, 8, 261, '', '2024-12-23 03:07:12', '0000-00-00 00:00:00', 55, '', 'FDBGNGFNgGF', '1'),
(12, 1, 59, 31, 9, 261, 'Approved', '2024-12-23 07:56:20', '0000-00-00 00:00:00', 55, 'Karena YBS belum memiliki jatah cuti maka dilakukan pemotongan gaji', 'SFGFDGHDHDGH', '1'),
(13, 2, 53, 21, 9, 261, 'Approved', '2024-12-31 02:16:54', '0000-00-00 00:00:00', 55, 'setuju', 'FDBGNGFNgGF', '1'),
(14, 1, 71, 40, 10, 214, 'Approved', '2024-12-27 03:06:08', '0000-00-00 00:00:00', 79, 'Ijin dari hari selasa ybs mau pindahan Rumah', 'ghbjnhmjk', '1'),
(15, 2, 64, 32, 10, 214, 'Approved', '2024-12-27 03:19:56', '0000-00-00 00:00:00', 79, 'Ybs pindahan rumah', 'nhnhmh', '1'),
(16, 1, 71, 40, 11, 214, 'Approved', '2025-01-02 01:13:23', '0000-00-00 00:00:00', 79, 'Ijin mengurus BPJS dan KTP', 'ghbjnhmjk', '1'),
(17, 2, 64, 32, 11, 214, 'Approved', '2025-01-03 02:30:24', '0000-00-00 00:00:00', 79, 'unpaid leave', 'nhnhmh', '1'),
(18, 1, 71, 40, 12, 214, 'Rejected', '2025-01-06 09:05:41', '0000-00-00 00:00:00', 79, 'salah kolom', 'ghbjnhmjk', '1'),
(19, 2, 64, 32, 12, 214, '', '2024-12-04 04:23:13', '0000-00-00 00:00:00', 79, '', 'nhnhmh', '1'),
(20, 1, 71, 40, 13, 214, 'Approved', '2025-01-02 01:14:16', '0000-00-00 00:00:00', 79, 'Ijin mengurus BPJS dan KTP', 'ghbjnhmjk', '1'),
(21, 2, 64, 32, 13, 214, 'Approved', '2025-01-03 02:33:27', '0000-00-00 00:00:00', 79, 'libur pengganti SPPD ke Adhi Patama Lamongan hari Sabtu', 'nhnhmh', '1'),
(22, 1, 64, 32, 14, 215, 'Approved', '2025-01-03 02:36:15', '0000-00-00 00:00:00', 79, 'Cuti mendampingi istri operasi di RS Podomoro', 'gththyjhe', '1'),
(23, 2, 53, 21, 14, 215, 'Approved', '2025-01-06 01:34:05', '0000-00-00 00:00:00', 79, 'ok', 'rghthjh', '1'),
(24, 1, 53, 21, 15, 241, 'Rejected', '2025-01-06 01:32:54', '0000-00-00 00:00:00', 79, 'batal', 'tyre', '1'),
(25, 2, 46, 20, 15, 241, '', '2024-12-20 01:55:20', '0000-00-00 00:00:00', 79, '', 'tertera', '1'),
(26, 1, 55, 23, 17, 210, '', '2024-12-04 04:17:30', '0000-00-00 00:00:00', 79, '', 'thhjnjhg', '1'),
(27, 1, 58, 26, 18, 208, 'Approved', '2025-07-17 04:13:43', '0000-00-00 00:00:00', 79, 'ok', 'RTGREWT', '1'),
(28, 1, 58, 26, 19, 208, '', '2024-12-04 02:57:57', '0000-00-00 00:00:00', 79, '', 'RTGREWT', '1'),
(29, 1, 58, 26, 20, 208, '', '2024-12-04 02:57:57', '0000-00-00 00:00:00', 79, '', 'RTGREWT', '1'),
(30, 1, 58, 26, 21, 208, '', '2024-12-04 02:57:57', '0000-00-00 00:00:00', 79, '', 'RTGREWT', '1'),
(31, 1, 58, 26, 22, 208, '', '2024-12-04 02:57:57', '0000-00-00 00:00:00', 79, '', 'RTGREWT', '1'),
(32, 1, 58, 26, 23, 208, '', '2024-12-04 02:57:57', '0000-00-00 00:00:00', 79, '', 'RTGREWT', '1'),
(33, 1, 58, 26, 24, 208, '', '2024-12-04 02:57:57', '0000-00-00 00:00:00', 79, '', 'RTGREWT', '1'),
(34, 1, 58, 26, 25, 208, '', '2024-12-04 02:57:57', '0000-00-00 00:00:00', 79, '', 'RTGREWT', '1'),
(35, 1, 58, 26, 26, 208, '', '2024-12-04 02:57:57', '0000-00-00 00:00:00', 79, '', 'RTGREWT', '1'),
(36, 1, 58, 26, 27, 208, '', '2024-12-04 02:57:57', '0000-00-00 00:00:00', 79, '', 'RTGREWT', '1'),
(37, 1, 58, 26, 28, 208, '', '2024-12-04 02:57:57', '0000-00-00 00:00:00', 79, '', 'RTGREWT', '1'),
(38, 1, 58, 26, 29, 208, '', '2024-12-04 02:57:57', '0000-00-00 00:00:00', 79, '', 'RTGREWT', '1'),
(39, 1, 58, 26, 30, 208, '', '2024-12-04 02:57:57', '0000-00-00 00:00:00', 79, '', 'RTGREWT', '1'),
(40, 1, 58, 26, 31, 208, '', '2024-12-04 02:57:57', '0000-00-00 00:00:00', 79, '', 'RTGREWT', '1'),
(41, 1, 58, 26, 32, 208, '', '2024-12-04 02:57:57', '0000-00-00 00:00:00', 79, '', 'RTGREWT', '1'),
(42, 1, 58, 26, 33, 208, '', '2024-12-04 02:57:57', '0000-00-00 00:00:00', 79, '', 'RTGREWT', '1'),
(43, 1, 58, 26, 34, 208, 'Approved', '2025-08-05 09:15:37', '0000-00-00 00:00:00', 79, 'ok', 'RTGREWT', '1'),
(44, 1, 58, 26, 35, 208, '', '2024-12-04 02:57:57', '0000-00-00 00:00:00', 79, '', 'RTGREWT', '1'),
(45, 2, 46, 20, 36, 241, '', '2024-12-20 01:55:20', '0000-00-00 00:00:00', 79, '', 'tertera', '1'),
(46, 2, 46, 20, 37, 241, '', '2024-12-20 01:55:20', '0000-00-00 00:00:00', 79, '', 'tertera', '1'),
(47, 1, 58, 26, 38, 208, '', '2024-12-04 02:57:57', '0000-00-00 00:00:00', 79, '', 'RTGREWT', '1'),
(48, 1, 58, 26, 39, 208, '', '2024-12-04 02:57:57', '0000-00-00 00:00:00', 79, '', 'RTGREWT', '1'),
(49, 1, 58, 26, 40, 208, 'Approved', '2025-08-05 02:29:51', '0000-00-00 00:00:00', 79, 'ok', 'RTGREWT', '1'),
(50, 1, 58, 26, 41, 208, 'Approved', '2025-08-01 07:10:43', '0000-00-00 00:00:00', 79, 'ok', 'RTGREWT', '1'),
(51, 1, 58, 26, 42, 208, 'Approved', '2025-08-04 01:31:11', '0000-00-00 00:00:00', 79, 'OK', 'RTGREWT', '1'),
(52, 1, 58, 26, 43, 208, 'Approved', '2025-08-04 03:47:30', '0000-00-00 00:00:00', 79, 'yes', 'RTGREWT', '1'),
(53, 1, 58, 26, 44, 208, 'Approved', '2025-08-05 04:39:34', '0000-00-00 00:00:00', 79, 'ok', 'RTGREWT', '1'),
(54, 1, 58, 26, 45, 208, 'Approved', '2025-08-05 05:00:17', '0000-00-00 00:00:00', 79, 'ok', 'RTGREWT', '1'),
(55, 1, 58, 26, 46, 208, 'Approved', '2025-08-05 07:14:30', '0000-00-00 00:00:00', 79, 'ok', 'RTGREWT', '1'),
(56, 1, 58, 26, 47, 208, 'Approved', '2025-08-05 07:38:39', '0000-00-00 00:00:00', 79, 'okeeerr', 'RTGREWT', '1'),
(57, 1, 58, 26, 48, 208, 'Approved', '2025-08-05 07:50:40', '0000-00-00 00:00:00', 79, 'yesssss', 'RTGREWT', '1'),
(58, 1, 58, 26, 49, 208, 'Approved', '2025-08-05 08:23:35', '0000-00-00 00:00:00', 79, 'zxczxc', 'RTGREWT', '1'),
(59, 1, 58, 26, 50, 208, 'Approved', '2025-08-05 08:29:36', '0000-00-00 00:00:00', 79, 'yes', 'RTGREWT', '1'),
(60, 1, 58, 26, 51, 208, 'Approved', '2025-08-05 08:50:59', '0000-00-00 00:00:00', 79, 'rtrtr', 'RTGREWT', '1'),
(61, 1, 58, 26, 52, 208, 'Approved', '2025-08-05 09:16:01', '0000-00-00 00:00:00', 79, 'okkk', 'RTGREWT', '1'),
(62, 1, 58, 26, 53, 208, 'Approved', '2025-08-05 09:27:41', '0000-00-00 00:00:00', 79, 'okk', 'RTGREWT', '1'),
(63, 1, 58, 26, 54, 208, 'Approved', '2025-08-05 09:39:01', '0000-00-00 00:00:00', 79, '3t', 'RTGREWT', '1'),
(64, 1, 58, 26, 55, 208, 'Approved', '2025-08-05 09:48:03', '0000-00-00 00:00:00', 79, 'sad', 'RTGREWT', '1'),
(65, 1, 58, 26, 56, 208, 'Approved', '2025-08-05 09:57:10', '0000-00-00 00:00:00', 79, 'fgjfgjfgj', 'RTGREWT', '1'),
(66, 1, 58, 26, 57, 208, 'Approved', '2025-08-05 09:59:35', '0000-00-00 00:00:00', 79, 'rturturtu', 'RTGREWT', '1'),
(67, 1, 58, 26, 58, 208, 'Approved', '2025-08-05 10:01:15', '0000-00-00 00:00:00', 79, 'asdsads', 'RTGREWT', '1'),
(68, 1, 58, 26, 59, 208, 'Approved', '2025-08-05 10:07:15', '0000-00-00 00:00:00', 79, 'teythtrh', 'RTGREWT', '1'),
(69, 1, 58, 26, 60, 208, 'Approved', '2025-08-05 10:10:35', '0000-00-00 00:00:00', 79, 'eryery', 'RTGREWT', '1'),
(70, 1, 58, 26, 61, 208, 'Approved', '2025-08-06 01:23:48', '0000-00-00 00:00:00', 79, 'yees', 'RTGREWT', '1'),
(71, 1, 58, 26, 62, 208, 'Approved', '2025-08-06 02:29:36', '0000-00-00 00:00:00', 79, 'okuuu', 'RTGREWT', '1'),
(72, 1, 58, 26, 63, 208, 'Approved', '2025-08-06 02:42:11', '0000-00-00 00:00:00', 79, '2rrrrrr2', 'RTGREWT', '1'),
(73, 1, 58, 26, 64, 208, 'Approved', '2025-08-06 02:49:59', '0000-00-00 00:00:00', 79, 'sfsfs', 'RTGREWT', '1'),
(74, 1, 58, 26, 65, 208, 'Approved', '2025-08-06 03:04:01', '0000-00-00 00:00:00', 79, 'ok', 'RTGREWT', '1'),
(75, 1, 58, 26, 66, 208, 'Approved', '2025-08-06 03:14:24', '0000-00-00 00:00:00', 79, 'okk', 'RTGREWT', '1'),
(76, 1, 58, 26, 67, 208, 'Approved', '2025-08-06 03:15:47', '0000-00-00 00:00:00', 79, 'sfgs', 'RTGREWT', '1'),
(77, 1, 58, 26, 68, 208, 'Approved', '2025-08-06 03:21:59', '0000-00-00 00:00:00', 79, 'dssv', 'RTGREWT', '1'),
(78, 1, 58, 26, 69, 208, 'Approved', '2025-08-06 03:23:08', '0000-00-00 00:00:00', 79, 'dsg', 'RTGREWT', '1'),
(79, 1, 58, 26, 70, 208, 'Approved', '2025-08-06 03:28:41', '0000-00-00 00:00:00', 79, 'sdgs', 'RTGREWT', '1'),
(80, 1, 58, 26, 71, 208, 'Approved', '2025-08-06 03:32:10', '0000-00-00 00:00:00', 79, 'gdfgd', 'RTGREWT', '1'),
(81, 1, 58, 26, 72, 208, 'Approved', '2025-08-06 03:33:18', '0000-00-00 00:00:00', 79, 'sfg', 'RTGREWT', '1'),
(82, 1, 58, 26, 73, 208, 'Approved', '2025-08-07 01:32:54', '0000-00-00 00:00:00', 79, 'ok', 'RTGREWT', '1'),
(83, 1, 58, 26, 74, 208, 'Approved', '2025-08-07 02:54:05', '0000-00-00 00:00:00', 79, 'okkk', 'RTGREWT', '1'),
(84, 1, 58, 26, 75, 208, 'Approved', '2025-08-08 08:46:58', '0000-00-00 00:00:00', 79, 'OK', 'RTGREWT', '1'),
(85, 1, 58, 26, 76, 208, 'Approved', '2025-08-07 08:26:09', '0000-00-00 00:00:00', 79, 'ok', 'RTGREWT', '1'),
(86, 1, 58, 26, 77, 208, 'Approved', '2025-08-07 08:28:40', '0000-00-00 00:00:00', 79, 'wre', 'RTGREWT', '1'),
(87, 1, 58, 26, 78, 208, 'Approved', '2025-08-11 03:45:18', '0000-00-00 00:00:00', 79, 'sdf', 'RTGREWT', '1'),
(88, 1, 58, 26, 79, 208, 'Approved', '2025-08-11 03:59:31', '0000-00-00 00:00:00', 79, 'adfdfa', 'RTGREWT', '1'),
(89, 1, 58, 26, 80, 208, 'Approved', '2025-08-11 04:23:17', '0000-00-00 00:00:00', 79, 'ok', 'RTGREWT', '1'),
(90, 1, 58, 26, 81, 208, 'Approved', '2025-08-11 07:06:20', '0000-00-00 00:00:00', 79, 'fdhfdh', 'RTGREWT', '1'),
(91, 1, 58, 26, 82, 208, 'Approved', '2025-08-11 07:09:25', '0000-00-00 00:00:00', 79, 'zxczxc', 'RTGREWT', '1'),
(92, 1, 58, 26, 83, 208, 'Approved', '2025-08-11 07:14:40', '0000-00-00 00:00:00', 79, 'ok', 'RTGREWT', '1'),
(93, 1, 58, 26, 84, 208, 'Approved', '2025-08-11 07:19:01', '0000-00-00 00:00:00', 79, 'okk', 'RTGREWT', '1'),
(94, 1, 58, 26, 85, 208, 'Approved', '2025-08-11 08:25:09', '0000-00-00 00:00:00', 79, 'ok', 'RTGREWT', '1'),
(95, 1, 58, 26, 86, 208, 'Approved', '2025-08-11 08:37:43', '0000-00-00 00:00:00', 79, 'oo', 'RTGREWT', '1'),
(96, 1, 58, 26, 87, 208, 'Approved', '2025-08-11 08:41:46', '0000-00-00 00:00:00', 79, 'TESSS 0003333', 'RTGREWT', '1'),
(97, 1, 58, 26, 88, 208, 'Approved', '2025-08-11 09:00:56', '0000-00-00 00:00:00', 79, 'ok', 'RTGREWT', '1'),
(98, 1, 58, 26, 89, 208, 'Approved', '2025-08-12 02:21:27', '0000-00-00 00:00:00', 79, 'ok', 'RTGREWT', '1'),
(99, 1, 58, 26, 90, 208, 'Approved', '2025-08-12 04:08:26', '0000-00-00 00:00:00', 79, 'ok', 'RTGREWT', '1'),
(100, 1, 58, 26, 91, 208, 'Approved', '2025-08-12 06:28:48', '0000-00-00 00:00:00', 79, 'sdg', 'RTGREWT', '1'),
(101, 1, 58, 26, 92, 208, 'Approved', '2025-08-12 07:02:59', '0000-00-00 00:00:00', 79, 'afaf', 'RTGREWT', '1'),
(102, 1, 58, 26, 93, 208, 'Approved', '2025-08-12 07:05:51', '0000-00-00 00:00:00', 79, 'cvcv', 'RTGREWT', '1'),
(103, 1, 58, 26, 94, 208, 'Approved', '2025-08-12 07:13:59', '0000-00-00 00:00:00', 79, 'okkk', 'RTGREWT', '1'),
(104, 1, 58, 26, 95, 208, 'Approved', '2025-08-12 07:21:06', '0000-00-00 00:00:00', 79, 'hmh', 'RTGREWT', '1'),
(105, 1, 58, 26, 96, 208, 'Approved', '2025-08-12 07:29:02', '0000-00-00 00:00:00', 79, 'dfgdfg', 'RTGREWT', '1'),
(106, 1, 58, 26, 97, 208, 'Approved', '2025-08-12 07:35:52', '0000-00-00 00:00:00', 79, 'rgrg', 'RTGREWT', '1'),
(107, 1, 58, 26, 98, 208, 'Approved', '2025-08-12 07:42:18', '0000-00-00 00:00:00', 79, 'ok', 'RTGREWT', '1'),
(108, 1, 58, 26, 99, 208, 'Approved', '2025-08-12 07:44:30', '0000-00-00 00:00:00', 79, 'dvvdv', 'RTGREWT', '1'),
(109, 1, 58, 26, 100, 208, 'Approved', '2025-08-12 07:46:11', '0000-00-00 00:00:00', 79, 'ok', 'RTGREWT', '1'),
(110, 1, 58, 26, 101, 208, 'Approved', '2025-08-12 07:54:04', '0000-00-00 00:00:00', 79, 'okkkk', 'RTGREWT', '1'),
(111, 1, 58, 26, 102, 208, 'Approved', '2025-08-12 08:33:41', '0000-00-00 00:00:00', 79, 'fewwf', 'RTGREWT', '1'),
(112, 1, 58, 26, 103, 208, 'Approved', '2025-08-12 09:14:20', '0000-00-00 00:00:00', 79, 'okkk', 'RTGREWT', '1'),
(113, 1, 58, 26, 104, 208, 'Approved', '2025-08-12 09:32:33', '0000-00-00 00:00:00', 79, 'okokkkkkkk', 'RTGREWT', '1'),
(114, 1, 58, 26, 105, 208, 'Approved', '2025-08-12 09:38:24', '0000-00-00 00:00:00', 79, 'GDD', 'RTGREWT', '1'),
(115, 1, 58, 26, 106, 208, '', '2024-12-04 02:57:57', '0000-00-00 00:00:00', 79, '', 'RTGREWT', '1'),
(116, 1, 58, 26, 107, 208, 'Approved', '2025-08-12 09:52:51', '0000-00-00 00:00:00', 79, 'OKKKK', 'RTGREWT', '1'),
(117, 2, 46, 20, 108, 241, 'Approved', '2025-08-15 07:29:22', '0000-00-00 00:00:00', 79, 'ok', 'tertera', '1'),
(118, 1, 58, 26, 109, 208, 'Approved', '2026-02-18 06:47:51', '0000-00-00 00:00:00', 85, 'ok', 'RTGREWT', '1'),
(119, 1, 58, 26, 110, 208, 'Approved', '2026-02-18 06:51:43', '0000-00-00 00:00:00', 85, 'YES', 'RTGREWT', '1');

-- --------------------------------------------------------

--
-- Table structure for table `spa_cuti_c`
--

CREATE TABLE `spa_cuti_c` (
  `id_spa_cuti_c` int(11) NOT NULL,
  `urutan` int(11) NOT NULL,
  `id_user` int(11) DEFAULT NULL,
  `id_employee` int(11) DEFAULT NULL,
  `id_cuti_c` int(11) NOT NULL,
  `id_app` int(11) NOT NULL,
  `status` enum('waiting','Approved','Rejected','Recheck','Recheck!') DEFAULT NULL,
  `tgl` timestamp NOT NULL DEFAULT current_timestamp() ON UPDATE current_timestamp(),
  `date` datetime DEFAULT NULL,
  `id_user_hr` int(11) NOT NULL,
  `kmt` varchar(100) NOT NULL,
  `deskripsi` varchar(50) NOT NULL,
  `fleg` enum('1','2','3','4','5','6','7','8','9','10') CHARACTER SET latin1 COLLATE latin1_swedish_ci NOT NULL
) ENGINE=InnoDB DEFAULT CHARSET=utf8mb4 COLLATE=utf8mb4_general_ci;

--
-- Dumping data for table `spa_cuti_c`
--

INSERT INTO `spa_cuti_c` (`id_spa_cuti_c`, `urutan`, `id_user`, `id_employee`, `id_cuti_c`, `id_app`, `status`, `tgl`, `date`, `id_user_hr`, `kmt`, `deskripsi`, `fleg`) VALUES
(1, 1, 58, 26, 0, 364, '', '2025-08-05 03:00:47', '0000-00-00 00:00:00', 79, '', '5Y4747', '1'),
(2, 1, 58, 26, 26, 364, 'Approved', '2025-08-08 08:05:44', '0000-00-00 00:00:00', 79, 'YES', '5Y4747', '1'),
(3, 1, 58, 26, 28, 364, 'Approved', '2025-08-11 04:51:23', '0000-00-00 00:00:00', 79, 'yes', '5Y4747', '1'),
(4, 1, 58, 26, 32, 364, '', '2025-08-05 03:00:47', '0000-00-00 00:00:00', 79, '', '5Y4747', '1'),
(5, 1, 58, 26, 33, 364, 'Approved', '2025-08-11 07:20:21', '0000-00-00 00:00:00', 79, 'yes', '5Y4747', '1'),
(6, 1, 58, 26, 35, 364, '', '2025-08-05 03:00:47', '0000-00-00 00:00:00', 79, '', '5Y4747', '1'),
(7, 1, 58, 26, 37, 364, '', '2025-08-05 03:00:47', '0000-00-00 00:00:00', 79, '', '5Y4747', '1'),
(8, 1, 58, 26, 38, 364, 'Approved', '2025-08-11 09:01:58', '0000-00-00 00:00:00', 79, 'ok', '5Y4747', '1'),
(9, 1, 58, 26, 39, 364, 'Approved', '2025-08-12 02:43:11', '0000-00-00 00:00:00', 79, 'ok', '5Y4747', '1'),
(10, 1, 58, 26, 49, 364, 'Approved', '2025-08-12 09:05:09', '0000-00-00 00:00:00', 79, 'okk', '5Y4747', '1'),
(11, 1, 58, 26, 50, 364, 'Approved', '2025-08-12 09:02:54', '0000-00-00 00:00:00', 79, 'ok', '5Y4747', '1'),
(12, 1, 58, 26, 52, 364, 'Approved', '2025-08-12 08:43:29', '0000-00-00 00:00:00', 79, 'ok', '5Y4747', '1'),
(13, 1, 58, 26, 53, 364, 'Approved', '2025-08-12 09:16:35', '0000-00-00 00:00:00', 79, 'okkk', '5Y4747', '1'),
(14, 1, 58, 26, 54, 364, 'Approved', '2025-08-12 09:33:28', '0000-00-00 00:00:00', 79, 'okkk', '5Y4747', '1'),
(15, 1, 58, 26, 55, 364, 'Approved', '2025-08-12 09:39:55', '0000-00-00 00:00:00', 79, 'OK', '5Y4747', '1'),
(16, 1, 58, 26, 56, 364, 'Approved', '2025-08-12 09:54:15', '0000-00-00 00:00:00', 79, 'OKKK', '5Y4747', '1');

-- --------------------------------------------------------

--
-- Table structure for table `spa_dar`
--

CREATE TABLE `spa_dar` (
  `id_spa_dar` int(11) NOT NULL,
  `urutan` int(11) NOT NULL,
  `id_user` int(11) DEFAULT NULL,
  `id_employee` int(11) DEFAULT NULL,
  `id_dar` int(11) NOT NULL,
  `id_app` int(11) NOT NULL,
  `status` enum('waiting','Approved','Rejected','Recheck','Recheck!') DEFAULT NULL,
  `tgl` timestamp NOT NULL DEFAULT current_timestamp() ON UPDATE current_timestamp(),
  `date` datetime DEFAULT NULL,
  `id_user_hr` int(11) NOT NULL,
  `sta` varchar(11) NOT NULL,
  `kmt` varchar(500) NOT NULL,
  `deskripsi` varchar(50) NOT NULL,
  `fleg` enum('1','2','3','4','5','6','7','8','9','10') CHARACTER SET latin1 COLLATE latin1_swedish_ci NOT NULL
) ENGINE=InnoDB DEFAULT CHARSET=utf8mb4 COLLATE=utf8mb4_general_ci;

--
-- Dumping data for table `spa_dar`
--

INSERT INTO `spa_dar` (`id_spa_dar`, `urutan`, `id_user`, `id_employee`, `id_dar`, `id_app`, `status`, `tgl`, `date`, `id_user_hr`, `sta`, `kmt`, `deskripsi`, `fleg`) VALUES
(1, 1, 56, 24, 5, 332, '', '2025-03-17 07:49:23', '0000-00-00 00:00:00', 0, '', '', 'ddafsdf', '1'),
(2, 1, 56, 24, 6, 332, '', '2025-03-17 07:49:23', '0000-00-00 00:00:00', 0, '', '', 'ddafsdf', '1'),
(3, 1, 56, 24, 7, 332, '', '2025-03-17 07:49:23', '0000-00-00 00:00:00', 0, '', '', 'ddafsdf', '1'),
(4, 1, 56, 24, 8, 332, '', '2025-03-17 07:49:23', '0000-00-00 00:00:00', 0, '', '', 'ddafsdf', '1'),
(5, 1, 56, 24, 9, 332, '', '2025-03-17 07:49:23', '0000-00-00 00:00:00', 0, '', '', 'ddafsdf', '1'),
(6, 1, 56, 24, 10, 332, '', '2025-03-17 07:49:23', '0000-00-00 00:00:00', 0, '', '', 'ddafsdf', '1'),
(7, 1, 56, 24, 11, 332, 'Approved', '2025-03-18 08:30:55', '0000-00-00 00:00:00', 0, '', 'ok', 'ddafsdf', '1'),
(8, 1, 56, 24, 12, 332, 'Approved', '2025-03-18 08:21:54', '0000-00-00 00:00:00', 0, '', 'OK', 'ddafsdf', '1'),
(9, 1, 56, 24, 13, 332, '', '2025-03-17 07:49:23', '0000-00-00 00:00:00', 0, '', '', 'ddafsdf', '1'),
(10, 1, 56, 24, 14, 332, '', '2025-03-17 07:49:23', '0000-00-00 00:00:00', 0, '', '', 'ddafsdf', '1'),
(11, 1, 56, 24, 16, 332, '', '2025-03-17 07:49:23', '0000-00-00 00:00:00', 0, '', '', 'ddafsdf', '1'),
(12, 1, 56, 24, 17, 332, '', '2025-03-17 07:49:23', '0000-00-00 00:00:00', 0, '', '', 'ddafsdf', '1'),
(13, 1, 56, 24, 22, 332, '', '2025-03-17 07:49:23', '0000-00-00 00:00:00', 0, '', '', 'ddafsdf', '1'),
(14, 1, 56, 24, 23, 332, '', '2025-03-17 07:49:23', '0000-00-00 00:00:00', 0, '', '', 'ddafsdf', '1'),
(15, 1, 56, 24, 24, 332, '', '2025-03-17 07:49:23', '0000-00-00 00:00:00', 0, '', '', 'ddafsdf', '1'),
(16, 1, 56, 24, 25, 332, '', '2025-03-17 07:49:23', '0000-00-00 00:00:00', 0, '', '', 'ddafsdf', '1'),
(17, 1, 56, 24, 26, 332, '', '2025-03-17 07:49:23', '0000-00-00 00:00:00', 0, '', '', 'ddafsdf', '1'),
(18, 1, 56, 24, 27, 332, '', '2025-03-17 07:49:23', '0000-00-00 00:00:00', 0, '', '', 'ddafsdf', '1'),
(19, 1, 56, 24, 28, 332, '', '2025-03-17 07:49:23', '0000-00-00 00:00:00', 0, '', '', 'ddafsdf', '1'),
(20, 1, 56, 24, 29, 332, '', '2025-03-17 07:49:23', '0000-00-00 00:00:00', 0, '', '', 'ddafsdf', '1'),
(21, 1, 56, 24, 30, 332, '', '2025-03-17 07:49:23', '0000-00-00 00:00:00', 0, '', '', 'ddafsdf', '1'),
(22, 1, 56, 24, 31, 332, '', '2025-03-17 07:49:23', '0000-00-00 00:00:00', 0, '', '', 'ddafsdf', '1'),
(23, 1, 56, 24, 32, 332, '', '2025-03-17 07:49:23', '0000-00-00 00:00:00', 0, '', '', 'ddafsdf', '1'),
(24, 1, 56, 24, 33, 332, '', '2025-03-17 07:49:23', '0000-00-00 00:00:00', 0, '', '', 'ddafsdf', '1'),
(25, 1, 56, 24, 35, 332, '', '2025-03-17 07:49:23', '0000-00-00 00:00:00', 0, '', '', 'ddafsdf', '1'),
(26, 1, 56, 24, 37, 332, '', '2025-03-17 07:49:23', '0000-00-00 00:00:00', 0, '', '', 'ddafsdf', '1'),
(27, 1, 56, 24, 39, 332, '', '2025-03-17 07:49:23', '0000-00-00 00:00:00', 0, '', '', 'ddafsdf', '1'),
(28, 1, 56, 24, 40, 332, '', '2025-03-17 07:49:23', '0000-00-00 00:00:00', 0, '', '', 'ddafsdf', '1'),
(29, 1, 56, 24, 41, 332, '', '2025-03-17 07:49:23', '0000-00-00 00:00:00', 0, '', '', 'ddafsdf', '1'),
(30, 1, 56, 24, 42, 332, '', '2025-03-17 07:49:23', '0000-00-00 00:00:00', 0, '', '', 'ddafsdf', '1'),
(31, 1, 56, 24, 43, 332, '', '2025-03-17 07:49:23', '0000-00-00 00:00:00', 0, '', '', 'ddafsdf', '1'),
(32, 1, 56, 24, 44, 332, '', '2025-03-17 07:49:23', '0000-00-00 00:00:00', 0, '', '', 'ddafsdf', '1'),
(33, 1, 56, 24, 45, 332, '', '2025-03-17 07:49:23', '0000-00-00 00:00:00', 0, '', '', 'ddafsdf', '1'),
(34, 1, 56, 24, 46, 332, 'Approved', '2025-03-27 08:51:20', '0000-00-00 00:00:00', 0, '', 'ok', 'ddafsdf', '1'),
(35, 1, 56, 24, 47, 332, '', '2025-03-17 07:49:23', '0000-00-00 00:00:00', 0, '', '', 'ddafsdf', '1'),
(36, 1, 56, 24, 48, 332, 'Approved', '2025-03-27 08:28:34', '0000-00-00 00:00:00', 0, '', 'ok', 'ddafsdf', '1'),
(37, 1, 71, 40, 49, 342, '', '2025-04-08 03:09:13', '0000-00-00 00:00:00', 0, '', '', 'FDDFGDG', '1');

-- --------------------------------------------------------

--
-- Table structure for table `spa_h_asset`
--

CREATE TABLE `spa_h_asset` (
  `id_spa_h_asset` int(11) NOT NULL,
  `urutan` int(11) NOT NULL,
  `id_user` int(11) DEFAULT NULL,
  `id_employee` int(11) DEFAULT NULL,
  `id_h_asset` int(11) NOT NULL,
  `id_app` int(11) NOT NULL,
  `status` enum('waiting','Approved','Rejected','Recheck','Recheck!') DEFAULT NULL,
  `tgl` timestamp NOT NULL DEFAULT current_timestamp() ON UPDATE current_timestamp(),
  `date` datetime DEFAULT NULL,
  `id_user_hr` int(11) NOT NULL,
  `sta` varchar(11) NOT NULL,
  `kmt` varchar(500) NOT NULL,
  `deskripsi` varchar(50) NOT NULL,
  `fleg` enum('1','2','3','4','5','6','7','8','9','10') CHARACTER SET latin1 COLLATE latin1_swedish_ci NOT NULL
) ENGINE=InnoDB DEFAULT CHARSET=utf8mb4 COLLATE=utf8mb4_general_ci;

-- --------------------------------------------------------

--
-- Table structure for table `spa_izin`
--

CREATE TABLE `spa_izin` (
  `id_spa_izin` int(11) NOT NULL,
  `urutan` int(11) NOT NULL,
  `id_user` int(11) DEFAULT NULL,
  `id_employee` int(11) DEFAULT NULL,
  `id_izin` int(11) NOT NULL,
  `id_app` int(11) NOT NULL,
  `status` enum('waiting','Approved','Rejected','Recheck','Recheck!') DEFAULT NULL,
  `tgl` timestamp NOT NULL DEFAULT current_timestamp() ON UPDATE current_timestamp(),
  `date` datetime DEFAULT NULL,
  `id_user_hr` int(11) NOT NULL,
  `kmt` varchar(500) NOT NULL,
  `deskripsi` varchar(50) NOT NULL,
  `fleg` enum('1','2','3','4','5','6','7','8','9','10') CHARACTER SET latin1 COLLATE latin1_swedish_ci NOT NULL
) ENGINE=InnoDB DEFAULT CHARSET=utf8mb4 COLLATE=utf8mb4_general_ci;

--
-- Dumping data for table `spa_izin`
--

INSERT INTO `spa_izin` (`id_spa_izin`, `urutan`, `id_user`, `id_employee`, `id_izin`, `id_app`, `status`, `tgl`, `date`, `id_user_hr`, `kmt`, `deskripsi`, `fleg`) VALUES
(1, 1, 58, 26, 1, 161, 'Approved', '2024-11-22 07:16:28', '0000-00-00 00:00:00', 49, 'ok', 'ETTHHJHYRE', '1'),
(2, 1, 58, 26, 2, 161, 'Approved', '2024-11-22 07:19:10', '0000-00-00 00:00:00', 49, 'ok', 'ETTHHJHYRE', '1'),
(3, 1, 58, 26, 3, 161, 'Approved', '2024-11-22 07:27:29', '0000-00-00 00:00:00', 49, 'YESS', 'ETTHHJHYRE', '1'),
(4, 1, 58, 26, 4, 161, 'Approved', '2024-11-22 07:43:15', '0000-00-00 00:00:00', 49, 'ok', 'ETTHHJHYRE', '1'),
(5, 1, 71, 40, 5, 168, 'Approved', '2024-11-25 00:38:28', '0000-00-00 00:00:00', 55, 'Meeting koordinasi sampai sore', 'fggha', '1'),
(6, 2, 64, 32, 5, 168, 'Approved', '2024-11-25 01:39:48', '0000-00-00 00:00:00', 55, 'Koordinasi dengan Team Sunword di Cakung persiapan delivery ZYJ160B Hyd Pile Driver PT Adhi Patama L', 'hbgfdf', '1'),
(7, 1, 56, 24, 6, 192, 'Approved', '2024-12-03 09:28:51', '0000-00-00 00:00:00', 55, 'Ok sakit', 'ytjytujkyuk', '1'),
(8, 2, 64, 32, 6, 192, 'Approved', '2024-12-03 09:46:59', '0000-00-00 00:00:00', 55, 'sakit', 'rytryuyu', '1'),
(9, 1, 56, 24, 7, 192, 'Approved', '2024-12-03 09:27:56', '0000-00-00 00:00:00', 55, 'OK sakit', 'ytjytujkyuk', '1'),
(10, 2, 64, 32, 7, 192, 'Approved', '2024-12-03 09:44:37', '0000-00-00 00:00:00', 55, 'Sakit', 'rytryuyu', '1'),
(11, 1, 64, 32, 8, 198, 'Approved', '2024-12-03 09:45:52', '0000-00-00 00:00:00', 55, 'jemput anak', 'y56yu567u', '1'),
(12, 2, 53, 21, 8, 198, 'Approved', '2024-12-03 10:43:23', '0000-00-00 00:00:00', 55, 'Ok', 'yhrytuuyu', '1'),
(13, 1, 56, 24, 9, 192, 'Approved', '2024-12-03 09:28:34', '0000-00-00 00:00:00', 55, 'Ok sakit', 'ytjytujkyuk', '1'),
(14, 2, 64, 32, 9, 192, 'Approved', '2024-12-03 09:36:35', '0000-00-00 00:00:00', 55, 'surat dokter', 'rytryuyu', '1'),
(15, 1, 71, 40, 10, 196, 'Approved', '2024-12-04 08:34:08', '0000-00-00 00:00:00', 55, 'Training praktik unit hyundai hx75 di yard', 'tryhrtyhry', '1'),
(16, 2, 64, 32, 10, 196, 'Approved', '2024-12-04 09:01:32', '0000-00-00 00:00:00', 55, 'Training HX75/55 di Cakung HCMI yard', 'rtyrtyurtu', '1'),
(17, 1, 64, 32, 11, 198, 'Approved', '2024-12-04 08:58:56', '0000-00-00 00:00:00', 55, 'Ke HCMI Marunda dampingi training dan survey mobilisasi Sunward ke Lamongan (unit di Cakung)', 'y56yu567u', '1'),
(18, 2, 53, 21, 11, 198, 'Approved', '2024-12-31 02:18:53', '0000-00-00 00:00:00', 55, 'ok', 'yhrytuuyu', '1'),
(19, 1, 64, 32, 12, 198, 'Approved', '2024-12-05 05:59:25', '0000-00-00 00:00:00', 55, 'Meeting terkait Service dengan MHE Indonesia di Jakarta Selatan', 'y56yu567u', '1'),
(20, 2, 53, 21, 12, 198, 'Approved', '2024-12-20 03:55:38', '0000-00-00 00:00:00', 55, 'Ok', 'yhrytuuyu', '1'),
(21, 1, 64, 32, 13, 198, 'Approved', '2024-12-05 05:56:54', '0000-00-00 00:00:00', 55, 'Orang tua sakit masuk ICU', 'y56yu567u', '1'),
(22, 2, 53, 21, 13, 198, 'Approved', '2024-12-13 02:01:46', '0000-00-00 00:00:00', 55, 'disetujui', 'yhrytuuyu', '1'),
(23, 1, 58, 26, 14, 186, 'Rejected', '2024-12-05 06:45:05', '0000-00-00 00:00:00', 55, 'test', 'rwtgeryhtyherhy', '1'),
(24, 1, 64, 32, 15, 198, 'Approved', '2024-12-10 01:53:07', '0000-00-00 00:00:00', 55, 'Orangtua sakit di ICU', 'y56yu567u', '1'),
(25, 2, 53, 21, 15, 198, 'Approved', '2024-12-13 02:01:20', '0000-00-00 00:00:00', 55, 'disetujui', 'yhrytuuyu', '1'),
(26, 1, 71, 40, 16, 196, 'Approved', '2024-12-11 01:40:58', '0000-00-00 00:00:00', 55, 'ybs sakit flu', 'tryhrtyhry', '1'),
(27, 2, 64, 32, 16, 196, 'Approved', '2024-12-11 01:45:55', '0000-00-00 00:00:00', 55, 'Perlu bukti Surat Dokter', 'rtyrtyurtu', '1'),
(28, 1, 64, 32, 17, 198, 'Approved', '2024-12-12 05:17:30', '0000-00-00 00:00:00', 55, 'Koordinasi warranty parts di Sunward di Cakung', 'y56yu567u', '1'),
(29, 2, 53, 21, 17, 198, 'Approved', '2024-12-13 01:58:21', '0000-00-00 00:00:00', 55, 'Disetujui', 'yhrytuuyu', '1'),
(30, 1, 53, 21, 18, 247, 'Approved', '2024-12-31 02:18:25', '0000-00-00 00:00:00', 55, 'ok', 'etewtewt', '1'),
(31, 2, 46, 20, 18, 247, 'Approved', '2024-12-31 02:27:38', '0000-00-00 00:00:00', 55, 'IMP terkait tugas & pekerjaan', 'rtrtrt', '1'),
(32, 1, 59, 31, 19, 191, '', '2024-12-02 08:14:38', '0000-00-00 00:00:00', 55, '', 'rfgerghteh', '1'),
(33, 1, 71, 40, 20, 196, 'Rejected', '2024-12-27 03:03:47', '0000-00-00 00:00:00', 79, 'bukan permit, tp leave', 'tryhrtyhry', '1'),
(34, 2, 64, 32, 20, 196, '', '2024-12-02 08:25:24', '0000-00-00 00:00:00', 79, '', 'rtyrtyurtu', '1'),
(35, 1, 64, 32, 21, 198, 'Approved', '2024-12-24 02:23:55', '0000-00-00 00:00:00', 79, 'Pearayaan Natal di Gereja', 'y56yu567u', '1'),
(36, 2, 53, 21, 21, 198, 'Approved', '2024-12-31 02:17:50', '0000-00-00 00:00:00', 79, 'ok', 'yhrytuuyu', '1'),
(37, 1, 55, 23, 22, 188, 'Approved', '2024-12-27 10:06:09', '0000-00-00 00:00:00', 79, 'OKE', 'rtgyhwe', '1'),
(38, 1, 55, 23, 23, 188, 'Approved', '2024-12-27 10:03:50', '0000-00-00 00:00:00', 79, 'OKE', 'rtgyhwe', '1'),
(39, 1, 55, 23, 24, 188, 'Approved', '2025-01-02 09:13:57', '0000-00-00 00:00:00', 79, 'berangkat bersama dg saya ', 'rtgyhwe', '1'),
(40, 1, 71, 40, 25, 196, 'Approved', '2025-01-01 10:23:59', '0000-00-00 00:00:00', 79, 'Replacement Day pekerjaan di Lamongan hari Sabtu tanggal 14 Desember 2024', 'tryhrtyhry', '1'),
(41, 2, 64, 32, 25, 196, 'Approved', '2025-01-01 12:51:21', '0000-00-00 00:00:00', 79, 'Libur pengganti dinas luar hari Sabtu ke Adhi Patama Lamongan', 'rtyrtyurtu', '1'),
(42, 1, 71, 40, 26, 196, 'Approved', '2025-01-01 10:21:31', '0000-00-00 00:00:00', 79, 'Ijin untuk Mengurus BPJS', 'tryhrtyhry', '1'),
(43, 2, 64, 32, 26, 196, 'Approved', '2025-01-01 12:53:54', '0000-00-00 00:00:00', 79, 'unpaid leave', 'rtyrtyurtu', '1'),
(44, 1, 53, 21, 27, 247, 'Approved', '2025-01-06 01:31:49', '0000-00-00 00:00:00', 79, 'ok', 'etewtewt', '1'),
(45, 2, 46, 20, 27, 247, 'Approved', '2025-01-06 02:44:31', '0000-00-00 00:00:00', 79, 'OK, sudah menginformasikan via WA & call serta tetap masih koordinasi pekerjaan dari rumah', 'rtrtrt', '1'),
(46, 1, 53, 21, 28, 247, '', '2024-12-20 02:05:43', '0000-00-00 00:00:00', 79, '', 'etewtewt', '1'),
(47, 2, 46, 20, 28, 247, '', '2024-12-20 02:05:49', '0000-00-00 00:00:00', 79, '', 'rtrtrt', '1'),
(48, 1, 55, 23, 29, 188, '', '2024-12-02 08:11:35', '0000-00-00 00:00:00', 79, '', 'rtgyhwe', '1'),
(49, 1, 59, 31, 30, 289, '', '2025-01-16 06:24:08', '0000-00-00 00:00:00', 49, '', 'DGHFJHGJHGJ', '1'),
(50, 2, 53, 21, 30, 289, '', '2025-01-16 06:24:21', '0000-00-00 00:00:00', 49, '', 'EFRREGTGR', '1'),
(51, 1, 53, 21, 31, 247, '', '2024-12-20 02:05:43', '0000-00-00 00:00:00', 49, '', 'etewtewt', '1'),
(52, 2, 46, 20, 31, 247, '', '2024-12-20 02:05:49', '0000-00-00 00:00:00', 49, '', 'rtrtrt', '1'),
(53, 1, 58, 26, 33, 186, 'Approved', '2025-08-12 07:41:51', '0000-00-00 00:00:00', 79, 'ok', 'rwtgeryhtyherhy', '1'),
(54, 1, 58, 26, 34, 186, '', '2024-12-02 07:50:48', '0000-00-00 00:00:00', 79, '', 'rwtgeryhtyherhy', '1'),
(55, 1, 58, 26, 35, 186, 'Approved', '2025-05-19 08:27:49', '0000-00-00 00:00:00', 49, 'ok', 'rwtgeryhtyherhy', '1'),
(56, 1, 55, 23, 36, 188, '', '2024-12-02 08:11:35', '0000-00-00 00:00:00', 79, '', 'rtgyhwe', '1'),
(57, 1, 58, 26, 37, 186, 'Approved', '2025-09-08 01:18:19', '0000-00-00 00:00:00', 79, 'ok', 'rwtgeryhtyherhy', '1'),
(58, 1, 58, 26, 38, 186, 'Approved', '2025-09-08 01:25:42', '0000-00-00 00:00:00', 79, 'okkk', 'rwtgeryhtyherhy', '1'),
(59, 1, 58, 26, 39, 186, 'Approved', '2025-09-08 01:25:25', '0000-00-00 00:00:00', 79, 'okk', 'rwtgeryhtyherhy', '1'),
(60, 1, 58, 26, 40, 186, '', '2024-12-02 07:50:48', '0000-00-00 00:00:00', 85, '', 'rwtgeryhtyherhy', '1');

-- --------------------------------------------------------

--
-- Table structure for table `spa_jo`
--

CREATE TABLE `spa_jo` (
  `id_spa_jo` int(11) NOT NULL,
  `urutan` int(11) NOT NULL,
  `id_user` int(11) DEFAULT NULL,
  `id_employee` int(11) DEFAULT NULL,
  `id_jo` int(11) NOT NULL,
  `id_app` int(11) NOT NULL,
  `status` enum('waiting','Approved','Rejected','Recheck','Recheck!') DEFAULT NULL,
  `tgl` timestamp NOT NULL DEFAULT current_timestamp() ON UPDATE current_timestamp(),
  `date` datetime DEFAULT NULL,
  `id_user_hr` int(11) NOT NULL,
  `kmt` varchar(500) NOT NULL,
  `deskripsi` varchar(50) NOT NULL,
  `fleg` enum('1','2','3','4','5','6','7','8','9','10') CHARACTER SET latin1 COLLATE latin1_swedish_ci NOT NULL
) ENGINE=InnoDB DEFAULT CHARSET=utf8mb4 COLLATE=utf8mb4_general_ci;

--
-- Dumping data for table `spa_jo`
--

INSERT INTO `spa_jo` (`id_spa_jo`, `urutan`, `id_user`, `id_employee`, `id_jo`, `id_app`, `status`, `tgl`, `date`, `id_user_hr`, `kmt`, `deskripsi`, `fleg`) VALUES
(1, 1, 58, 26, 9, 369, '', '2025-12-09 08:42:39', NULL, 0, '', '', '1'),
(2, 1, 58, 26, 10, 368, '', '2025-12-09 08:42:39', NULL, 0, '', '', '1'),
(3, 1, 58, 26, 11, 368, '', '2025-12-09 08:58:22', NULL, 0, '', '', '1'),
(4, 1, 58, 26, 12, 369, '', '2025-12-09 09:08:44', NULL, 0, '', '', '1'),
(5, 1, 58, 26, 13, 368, '', '2025-12-09 09:11:26', NULL, 0, '', '', '1'),
(6, 1, 58, 26, 14, 369, '', '2025-12-10 02:44:15', NULL, 0, '', '', '1'),
(7, 1, 58, 26, 16, 368, '', '2025-12-10 02:44:15', NULL, 0, '', '', '1'),
(8, 1, 58, 26, 17, 369, '', '2025-12-10 03:00:43', NULL, 0, '', '', '1'),
(9, 1, 58, 26, 18, 370, '', '2025-12-10 03:00:43', NULL, 0, '', '', '1'),
(10, 1, 58, 26, 19, 368, '', '2025-12-10 03:00:43', NULL, 0, '', '', '1'),
(11, 1, 58, 26, 20, 369, '', '2025-12-10 03:05:43', NULL, 0, '', '', '1'),
(12, 1, 58, 26, 21, 369, '', '2025-12-10 03:38:24', NULL, 0, '', '', '1'),
(13, 1, 58, 26, 22, 370, '', '2025-12-10 03:38:24', NULL, 0, '', '', '1'),
(14, 1, 58, 26, 23, 369, '', '2025-12-10 06:52:55', NULL, 0, '', '', '1'),
(15, 1, 58, 26, 24, 370, '', '2025-12-10 06:52:55', NULL, 0, '', '', '1'),
(16, 1, 58, 26, 25, 369, '', '2025-12-10 07:00:00', NULL, 0, '', '', '1'),
(17, 1, 58, 26, 26, 369, '', '2025-12-10 09:05:13', NULL, 0, '', '', '1'),
(18, 1, 58, 26, 27, 369, '', '2025-12-10 09:12:04', NULL, 0, '', '', '1'),
(19, 1, 58, 26, 28, 369, '', '2025-12-10 09:21:48', NULL, 0, '', '', '1'),
(20, 1, 58, 26, 29, 369, '', '2025-12-10 09:40:58', NULL, 0, '', '', '1'),
(21, 1, 58, 26, 30, 369, '', '2025-12-10 09:46:32', NULL, 0, '', '', '1'),
(22, 1, 58, 26, 31, 369, '', '2025-12-10 09:48:41', NULL, 0, '', '', '1'),
(23, 1, 58, 26, 32, 369, '', '2025-12-10 09:51:10', NULL, 0, '', '', '1'),
(24, 1, 58, 26, 33, 369, '', '2025-12-10 09:52:43', NULL, 0, '', '', '1'),
(25, 1, 58, 26, 34, 369, '', '2025-12-10 09:53:38', NULL, 0, '', '', '1'),
(26, 1, 58, 26, 35, 369, '', '2025-12-10 09:55:33', NULL, 0, '', '', '1'),
(27, 1, 58, 26, 36, 369, '', '2025-12-11 02:40:25', NULL, 0, '', '', '1'),
(28, 1, 58, 26, 37, 369, '', '2025-12-11 03:03:23', NULL, 0, '', '', '1'),
(29, 1, 58, 26, 38, 369, '', '2025-12-11 03:18:59', NULL, 0, '', '', '1'),
(30, 1, 58, 26, 39, 368, '', '2025-12-11 03:18:59', NULL, 0, '', '', '1'),
(31, 1, 58, 26, 40, 369, '', '2025-12-11 03:20:16', NULL, 0, '', '', '1'),
(32, 1, 58, 26, 41, 368, '', '2025-12-11 03:20:16', NULL, 0, '', '', '1'),
(33, 1, 58, 26, 43, 369, '', '2025-12-11 03:30:27', NULL, 0, '', '', '1'),
(34, 1, 58, 26, 44, 368, '', '2025-12-11 03:30:27', NULL, 0, '', '', '1'),
(37, 1, 58, 26, 47, 369, '', '2025-12-11 03:44:55', NULL, 0, '', '', '1'),
(38, 1, 58, 26, 48, 368, '', '2025-12-11 03:44:55', NULL, 0, '', '', '1'),
(39, 1, 58, 26, 49, 369, '', '2025-12-11 03:52:50', NULL, 0, '', '', '1'),
(40, 1, 58, 26, 50, 368, '', '2025-12-11 03:52:50', NULL, 0, '', '', '1'),
(41, 1, 58, 26, 51, 369, '', '2025-12-11 04:01:53', NULL, 0, '', '', '1'),
(42, 1, 58, 26, 52, 368, '', '2025-12-11 04:01:53', NULL, 0, '', '', '1'),
(43, 1, 58, 26, 53, 370, '', '2025-12-11 04:01:53', NULL, 0, '', '', '1'),
(44, 1, 58, 26, 54, 369, 'Approved', '2025-12-15 07:26:23', NULL, 0, 'ok', '', '1'),
(45, 1, 58, 26, 55, 368, '', '2025-12-11 07:42:47', NULL, 0, '', '', '1'),
(46, 1, 58, 26, 56, 369, '', '2025-12-11 09:13:58', NULL, 0, '', '', '1'),
(47, 1, 58, 26, 57, 368, '', '2025-12-11 09:13:58', NULL, 0, '', '', '1'),
(48, 1, 58, 26, 58, 370, '', '2025-12-11 09:13:58', NULL, 0, '', '', '1'),
(49, 1, 58, 26, 59, 369, 'Approved', '2025-12-15 07:25:30', NULL, 0, 'ok', '', '1'),
(50, 1, 58, 26, 60, 369, '', '2025-12-18 02:22:44', NULL, 0, '', '', '1'),
(51, 1, 58, 26, 61, 369, '', '2025-12-18 02:31:05', NULL, 0, '', '', '1'),
(52, 1, 58, 26, 62, 369, '', '2025-12-18 02:35:17', NULL, 0, '', '', '1'),
(53, 1, 58, 26, 63, 370, 'Approved', '2026-01-14 07:48:31', NULL, 0, 'OK', '', '1'),
(54, 1, 58, 26, 64, 369, '', '2026-02-25 07:44:05', NULL, 0, '', '', '1'),
(55, 1, 58, 26, 65, 370, '', '2026-02-25 07:44:05', NULL, 0, '', '', '1');

-- --------------------------------------------------------

--
-- Table structure for table `spa_lbpd`
--

CREATE TABLE `spa_lbpd` (
  `id_spa_lbpd` int(11) NOT NULL,
  `urutan` int(11) NOT NULL,
  `id_user` int(11) DEFAULT NULL,
  `id_employee` int(11) DEFAULT NULL,
  `id_lbpd` int(11) NOT NULL,
  `id_app` int(11) NOT NULL,
  `status` enum('waiting','Approved','Rejected','Recheck','Recheck!') DEFAULT NULL,
  `tgl` timestamp NULL DEFAULT current_timestamp() ON UPDATE current_timestamp(),
  `date` datetime DEFAULT NULL,
  `id_user_hr` int(11) NOT NULL,
  `id_user_acc` int(11) NOT NULL,
  `kmt` varchar(100) NOT NULL,
  `deskripsi` varchar(50) NOT NULL,
  `fleg` enum('1','2','3','4','5','6','7','8','9','10') CHARACTER SET latin1 COLLATE latin1_swedish_ci NOT NULL
) ENGINE=InnoDB DEFAULT CHARSET=utf8mb4 COLLATE=utf8mb4_general_ci;

--
-- Dumping data for table `spa_lbpd`
--

INSERT INTO `spa_lbpd` (`id_spa_lbpd`, `urutan`, `id_user`, `id_employee`, `id_lbpd`, `id_app`, `status`, `tgl`, `date`, `id_user_hr`, `id_user_acc`, `kmt`, `deskripsi`, `fleg`) VALUES
(26, 1, 58, 26, 25, 361, '', '2025-06-10 01:39:34', '0000-00-00 00:00:00', 79, 0, '', 'adsafsfsdg', '1'),
(27, 1, 58, 26, 26, 361, 'Recheck', '2025-06-19 06:12:15', '0000-00-00 00:00:00', 79, 0, 'OK', 'adsafsfsdg', '1'),
(28, 1, 58, 26, 26, 361, NULL, '2025-06-19 06:12:15', NULL, 0, 0, '', 'adsafsfsdg', '2'),
(29, 1, 58, 26, 26, 361, '', '2025-06-10 01:39:34', '0000-00-00 00:00:00', 79, 0, '', 'adsafsfsdg', '1'),
(30, 1, 58, 26, 27, 361, 'Recheck', '2025-06-19 06:16:06', '0000-00-00 00:00:00', 79, 0, 'OK', 'adsafsfsdg', '1'),
(31, 1, 58, 26, 27, 361, NULL, '2025-06-19 06:16:06', NULL, 0, 0, '', 'adsafsfsdg', '2'),
(32, 1, 58, 26, 29, 361, 'Approved', '2025-06-19 07:53:25', '0000-00-00 00:00:00', 79, 0, 'ok', 'adsafsfsdg', '1'),
(33, 1, 58, 26, 30, 361, 'Approved', '2025-06-19 07:41:31', '0000-00-00 00:00:00', 79, 0, 'ok', 'adsafsfsdg', '2'),
(34, 1, 58, 26, 30, 361, 'Approved', '2025-06-19 07:41:31', NULL, 0, 0, 'ok', 'adsafsfsdg', '2'),
(35, 1, 58, 26, 30, 361, 'Approved', '2025-06-19 07:41:31', '0000-00-00 00:00:00', 79, 0, 'ok', 'adsafsfsdg', '2'),
(36, 1, 58, 26, 32, 361, 'Recheck', '2025-06-19 07:53:04', '0000-00-00 00:00:00', 79, 0, 'okkkk', 'adsafsfsdg', '2'),
(37, 1, 58, 26, 32, 361, 'Recheck', '2025-06-19 07:53:04', NULL, 0, 0, 'okkkk', 'adsafsfsdg', '2'),
(38, 1, 58, 26, 32, 361, 'Recheck', '2025-06-19 07:53:04', '0000-00-00 00:00:00', 79, 0, 'okkkk', 'adsafsfsdg', '2'),
(39, 1, 58, 26, 31, 361, 'Recheck', '2025-06-19 07:54:15', '0000-00-00 00:00:00', 79, 0, 'okkk', 'adsafsfsdg', '1'),
(40, 1, 58, 26, 32, 361, NULL, '2025-06-19 07:53:04', NULL, 0, 0, '', 'adsafsfsdg', '3'),
(41, 1, 58, 26, 32, 361, NULL, '2025-06-19 07:53:04', NULL, 0, 0, '', 'adsafsfsdg', '3'),
(42, 1, 58, 26, 32, 361, NULL, '2025-06-19 07:53:04', NULL, 0, 0, '', 'adsafsfsdg', '3'),
(43, 1, 58, 26, 31, 361, NULL, '2025-06-19 07:54:15', NULL, 0, 0, '', 'adsafsfsdg', '2'),
(44, 1, 58, 26, 31, 361, '', '2025-06-10 01:39:34', '0000-00-00 00:00:00', 79, 0, '', 'adsafsfsdg', '1'),
(45, 1, 58, 26, 33, 1, 'Recheck!', '2025-06-19 08:15:03', '0000-00-00 00:00:00', 79, 0, 'recheck dulu bos', 'adsafsfsdg', '1'),
(46, 1, 58, 26, 33, 361, 'Approved', '2025-06-25 04:48:22', NULL, 0, 0, 'ok', 'adsafsfsdg', '2'),
(47, 1, 58, 26, 33, 361, 'Approved', '2025-06-25 04:48:22', '0000-00-00 00:00:00', 79, 0, 'ok', 'adsafsfsdg', '2'),
(48, 1, 58, 26, 34, 1, 'Recheck!', '2025-06-19 08:32:18', '0000-00-00 00:00:00', 79, 0, 'OK', 'adsafsfsdg', '1'),
(49, 1, 58, 26, 34, 1, 'Recheck!', '2025-06-19 08:36:38', NULL, 0, 0, 'LAGI YA', 'adsafsfsdg', '2'),
(50, 1, 58, 26, 34, 361, 'Approved', '2025-06-19 08:37:03', NULL, 0, 0, 'OK', 'adsafsfsdg', '3'),
(51, 1, 58, 26, 34, 361, NULL, '2025-06-19 08:39:42', NULL, 0, 0, '', 'adsafsfsdg', '4'),
(52, 1, 58, 26, 35, 1, 'Recheck!', '2025-06-19 08:58:05', '0000-00-00 00:00:00', 79, 0, 'ok', 'adsafsfsdg', '1'),
(53, 1, 58, 26, 35, 1, 'Approved', '2025-06-19 09:00:04', NULL, 0, 0, 'yeah', 'adsafsfsdg', '2'),
(54, 1, 58, 26, 35, 361, 'Approved', '2025-06-19 09:00:45', NULL, 0, 0, 'iya ran', 'adsafsfsdg', '3'),
(55, 1, 58, 26, 35, 361, NULL, '2025-06-19 09:13:47', NULL, 0, 0, '', 'adsafsfsdg', '4'),
(56, 1, 58, 26, 36, 1, 'Approved', '2025-06-19 09:29:35', '0000-00-00 00:00:00', 79, 0, 'ok', 'adsafsfsdg', '1'),
(57, 1, 58, 26, 36, 361, 'Approved', '2025-06-20 01:48:06', NULL, 0, 0, 'Yeah', 'adsafsfsdg', '2'),
(58, 1, 58, 26, 37, 1, 'Approved', '2025-06-24 02:04:34', '0000-00-00 00:00:00', 79, 0, 'ok', 'adsafsfsdg', '1'),
(59, 1, 58, 26, 37, 361, 'Approved', '2025-06-24 02:05:13', NULL, 0, 0, 'ok', 'adsafsfsdg', '2'),
(60, 1, 58, 26, 38, 1, 'Approved', '2025-06-24 02:21:56', '0000-00-00 00:00:00', 79, 0, 'ok', 'adsafsfsdg', '1'),
(61, 1, 58, 26, 38, 361, 'Approved', '2025-06-24 02:22:18', NULL, 0, 0, 'OK', 'adsafsfsdg', '2'),
(62, 1, 58, 26, 39, 1, 'Approved', '2025-06-24 02:30:09', '0000-00-00 00:00:00', 79, 0, 'OK', 'adsafsfsdg', '1'),
(63, 1, 58, 26, 39, 361, 'Approved', '2025-06-24 02:30:35', NULL, 0, 0, 'YES', 'adsafsfsdg', '2'),
(64, 1, 58, 26, 40, 1, 'Approved', '2025-06-24 02:38:20', '0000-00-00 00:00:00', 79, 0, 'ok', 'adsafsfsdg', '1'),
(65, 1, 58, 26, 40, 361, 'Approved', '2025-06-24 02:38:56', NULL, 0, 0, 'ok', 'adsafsfsdg', '2'),
(66, 1, 58, 26, 41, 361, 'Approved', '2025-06-24 04:55:41', '0000-00-00 00:00:00', 79, 0, 'OK', 'adsafsfsdg', '1'),
(67, 1, 58, 26, 42, 361, 'Approved', '2025-06-24 05:00:36', '0000-00-00 00:00:00', 79, 0, 'OK', 'adsafsfsdg', '1'),
(68, 1, 58, 26, 43, 361, 'Approved', '2025-06-24 07:12:20', '0000-00-00 00:00:00', 79, 0, 'OKKK', 'adsafsfsdg', '1'),
(69, 1, 58, 26, 44, 361, 'Approved', '2025-06-24 07:20:12', '0000-00-00 00:00:00', 79, 0, 'OK', 'adsafsfsdg', '1'),
(70, 1, 58, 26, 45, 361, '', '2025-06-10 01:39:34', '0000-00-00 00:00:00', 79, 0, '', 'adsafsfsdg', '1'),
(71, 1, 58, 26, 46, 361, '', '2025-06-10 01:39:34', '0000-00-00 00:00:00', 79, 0, '', 'adsafsfsdg', '1'),
(72, 1, 58, 26, 47, 361, '', '2025-06-10 01:39:34', '0000-00-00 00:00:00', 79, 0, '', 'adsafsfsdg', '1'),
(73, 1, 58, 26, 48, 361, '', '2025-06-10 01:39:34', '0000-00-00 00:00:00', 79, 0, '', 'adsafsfsdg', '1'),
(74, 1, 58, 26, 49, 361, '', '2025-06-10 01:39:34', '0000-00-00 00:00:00', 79, 0, '', 'adsafsfsdg', '1'),
(75, 1, 58, 26, 50, 361, 'Approved', '2025-06-25 06:47:58', '0000-00-00 00:00:00', 79, 0, 'yes', 'adsafsfsdg', '1'),
(76, 1, 58, 26, 51, 361, 'Approved', '2025-06-25 06:46:50', '0000-00-00 00:00:00', 79, 0, 'ok', 'adsafsfsdg', '1'),
(77, 1, 58, 26, 52, 361, 'Approved', '2025-06-25 06:44:58', '0000-00-00 00:00:00', 79, 0, 'yesss', 'adsafsfsdg', '1'),
(78, 1, 58, 26, 53, 361, 'Approved', '2025-06-25 06:43:51', '0000-00-00 00:00:00', 79, 0, 'ok', 'adsafsfsdg', '1'),
(79, 1, 58, 26, 55, 1, 'Approved', '2025-06-26 06:37:53', '0000-00-00 00:00:00', 79, 0, 'ok', 'adsafsfsdg', '1'),
(80, 1, 58, 26, 55, 361, 'Approved', '2025-06-26 06:38:25', NULL, 0, 0, 'ok', 'adsafsfsdg', '2'),
(81, 1, 58, 26, 61, 1, 'Recheck!', '2025-07-09 07:20:01', '0000-00-00 00:00:00', 79, 0, 'ok', 'adsafsfsdg', '1'),
(82, 1, 58, 26, 61, 1, 'Recheck!', '2025-07-09 07:20:01', '0000-00-00 00:00:00', 79, 0, 'ok', 'adsafsfsdg', '1'),
(83, 1, 58, 26, 61, 1, 'Recheck!', '2025-07-09 07:20:01', '0000-00-00 00:00:00', 79, 0, 'ok', 'adsafsfsdg', '1'),
(84, 1, 58, 26, 60, 361, '', '2025-06-10 01:39:34', '0000-00-00 00:00:00', 79, 0, '', 'adsafsfsdg', '1'),
(85, 1, 58, 26, 60, 361, '', '2025-06-10 01:39:34', '0000-00-00 00:00:00', 79, 0, '', 'adsafsfsdg', '1'),
(86, 1, 58, 26, 61, 361, NULL, '2025-07-09 07:18:02', NULL, 0, 0, '', 'adsafsfsdg', '2'),
(87, 1, 58, 26, 61, 361, NULL, '2025-07-09 07:18:02', NULL, 0, 0, '', 'adsafsfsdg', '2'),
(88, 1, 58, 26, 61, 361, NULL, '2025-07-09 07:18:02', NULL, 0, 0, '', 'adsafsfsdg', '2'),
(89, 1, 58, 26, 61, 361, '', '2025-06-10 01:39:34', '0000-00-00 00:00:00', 79, 0, '', 'adsafsfsdg', '1'),
(90, 1, 58, 26, 59, 361, '', '2025-06-10 01:39:34', '0000-00-00 00:00:00', 79, 0, '', 'adsafsfsdg', '1'),
(91, 1, 58, 26, 58, 361, '', '2025-06-10 01:39:34', '0000-00-00 00:00:00', 79, 0, '', 'adsafsfsdg', '1'),
(92, 1, 58, 26, 58, 361, '', '2025-06-10 01:39:34', '0000-00-00 00:00:00', 79, 0, '', 'adsafsfsdg', '1'),
(93, 1, 58, 26, 57, 361, '', '2025-06-10 01:39:34', '0000-00-00 00:00:00', 79, 0, '', 'adsafsfsdg', '1'),
(94, 1, 58, 26, 56, 361, '', '2025-06-10 01:39:34', '0000-00-00 00:00:00', 79, 0, '', 'adsafsfsdg', '1'),
(95, 1, 58, 26, 54, 361, '', '2025-06-10 01:39:34', '0000-00-00 00:00:00', 79, 0, '', 'adsafsfsdg', '1'),
(96, 1, 58, 26, 28, 361, '', '2025-06-10 01:39:34', '0000-00-00 00:00:00', 79, 0, '', 'adsafsfsdg', '1'),
(97, 1, 58, 26, 62, 361, 'Approved', '2025-07-09 08:20:50', '0000-00-00 00:00:00', 79, 0, 'OK', 'adsafsfsdg', '1'),
(98, 1, 58, 26, 63, 361, 'Approved', '2025-07-09 08:10:32', '0000-00-00 00:00:00', 79, 0, 'YES', 'adsafsfsdg', '1'),
(99, 1, 58, 26, 65, 361, 'Approved', '2025-07-09 08:53:00', '0000-00-00 00:00:00', 79, 0, 'OK', 'adsafsfsdg', '1'),
(100, 1, 58, 26, 64, 361, 'Approved', '2025-07-09 09:03:13', '0000-00-00 00:00:00', 79, 0, 'ok', 'adsafsfsdg', '1'),
(101, 1, 58, 26, 66, 361, 'Approved', '2025-07-09 09:12:20', '0000-00-00 00:00:00', 79, 0, 'okk', 'adsafsfsdg', '1'),
(102, 1, 58, 26, 70, 361, 'Approved', '2025-07-11 03:50:53', '0000-00-00 00:00:00', 79, 0, 'ok', 'adsafsfsdg', '1'),
(103, 1, 58, 26, 71, 1, 'Recheck!', '2025-07-11 04:07:39', '0000-00-00 00:00:00', 79, 0, 'cek', 'adsafsfsdg', '1'),
(104, 1, 58, 26, 71, 1, 'Recheck!', '2025-07-11 04:10:46', NULL, 0, 0, 'cek lagi', 'adsafsfsdg', '2'),
(105, 1, 58, 26, 71, 361, 'Approved', '2025-07-11 04:11:08', NULL, 0, 0, 'YES', 'adsafsfsdg', '3'),
(106, 1, 58, 26, 72, 361, '', '2025-06-10 01:39:34', '0000-00-00 00:00:00', 79, 0, '', 'adsafsfsdg', '1'),
(107, 2, 79, 49, 72, 361, '', '2025-07-11 09:28:06', '0000-00-00 00:00:00', 79, 0, '', 'fdgdfg', '1'),
(108, 3, 55, 23, 72, 361, '', '2025-07-11 09:28:16', '0000-00-00 00:00:00', 79, 0, '', 'ergreger', '1'),
(109, 4, 46, 20, 72, 361, '', '2025-07-11 09:28:24', '0000-00-00 00:00:00', 79, 0, '', 'ghrht', '1'),
(110, 1, 58, 26, 73, 361, '', '2025-06-10 01:39:34', '0000-00-00 00:00:00', 79, 0, '', 'adsafsfsdg', '1'),
(111, 2, 79, 49, 73, 361, '', '2025-07-11 09:28:06', '0000-00-00 00:00:00', 79, 0, '', 'fdgdfg', '1'),
(112, 3, 55, 23, 73, 361, '', '2025-07-11 09:28:16', '0000-00-00 00:00:00', 79, 0, '', 'ergreger', '1'),
(113, 4, 46, 20, 73, 361, '', '2025-07-11 09:28:24', '0000-00-00 00:00:00', 79, 0, '', 'ghrht', '1'),
(114, 1, 58, 26, 74, 361, '', '2025-06-10 01:39:34', '0000-00-00 00:00:00', 79, 0, '', 'adsafsfsdg', '1'),
(115, 2, 79, 49, 74, 361, '', '2025-07-11 09:28:06', '0000-00-00 00:00:00', 79, 0, '', 'fdgdfg', '1'),
(116, 3, 55, 23, 74, 361, '', '2025-07-11 09:28:16', '0000-00-00 00:00:00', 79, 0, '', 'ergreger', '1'),
(117, 4, 46, 20, 74, 361, '', '2025-07-11 09:28:24', '0000-00-00 00:00:00', 79, 0, '', 'ghrht', '1'),
(118, 1, 58, 26, 75, 361, '', '2025-06-10 01:39:34', '0000-00-00 00:00:00', 79, 0, '', 'adsafsfsdg', '1'),
(119, 2, 79, 49, 75, 361, '', '2025-07-11 09:28:06', '0000-00-00 00:00:00', 79, 0, '', 'fdgdfg', '1'),
(120, 3, 55, 23, 75, 361, '', '2025-07-11 09:28:16', '0000-00-00 00:00:00', 79, 0, '', 'ergreger', '1'),
(121, 4, 46, 20, 75, 361, '', '2025-07-11 09:28:24', '0000-00-00 00:00:00', 79, 0, '', 'ghrht', '1'),
(122, 1, 58, 26, 76, 361, '', '2025-06-10 01:39:34', '0000-00-00 00:00:00', 79, 0, '', 'adsafsfsdg', '1'),
(123, 2, 79, 49, 76, 361, '', '2025-07-11 09:28:06', '0000-00-00 00:00:00', 79, 0, '', 'fdgdfg', '1'),
(124, 3, 55, 23, 76, 361, '', '2025-07-11 09:28:16', '0000-00-00 00:00:00', 79, 0, '', 'ergreger', '1'),
(125, 4, 46, 20, 76, 361, '', '2025-07-11 09:28:24', '0000-00-00 00:00:00', 79, 0, '', 'ghrht', '1'),
(126, 1, 58, 26, 77, 361, 'Approved', '2025-07-14 01:35:02', '0000-00-00 00:00:00', 79, 0, 'okk', 'adsafsfsdg', '1'),
(127, 2, 79, 49, 77, 361, 'Approved', '2025-07-14 01:40:52', '0000-00-00 00:00:00', 79, 0, 'yes', 'fdgdfg', '1'),
(128, 3, 55, 23, 77, 361, 'Approved', '2025-07-14 01:41:28', '0000-00-00 00:00:00', 79, 0, 'gg', 'ergreger', '1'),
(129, 4, 46, 20, 77, 361, 'Approved', '2025-07-14 01:42:37', '0000-00-00 00:00:00', 79, 0, 'okk', 'ghrht', '1'),
(130, 1, 58, 26, 78, 361, 'Approved', '2025-07-18 01:30:03', '0000-00-00 00:00:00', 79, 0, 'ok', 'adsafsfsdg', '1'),
(131, 2, 79, 49, 78, 361, 'Approved', '2025-07-18 01:31:31', '0000-00-00 00:00:00', 79, 0, 'ok', 'fdgdfg', '1'),
(132, 3, 55, 23, 78, 361, 'Approved', '2025-07-18 01:31:53', '0000-00-00 00:00:00', 79, 0, 'gg', 'ergreger', '1'),
(133, 4, 46, 20, 78, 361, 'Approved', '2025-07-18 01:32:21', '0000-00-00 00:00:00', 79, 0, 'kk', 'ghrht', '1'),
(134, 1, 79, 49, 81, 363, '', '2025-07-29 02:57:31', '0000-00-00 00:00:00', 79, 0, '', 'tes1111', '1'),
(135, 2, 55, 23, 81, 363, '', '2025-07-29 02:57:41', '0000-00-00 00:00:00', 79, 0, '', 'tes2222', '1'),
(136, 3, 46, 20, 81, 363, '', '2025-07-29 02:57:50', '0000-00-00 00:00:00', 79, 0, '', 'tessssss', '1'),
(137, 1, 58, 26, 80, 361, 'Approved', '2025-09-04 06:52:09', '0000-00-00 00:00:00', 79, 0, 'ok', 'adsafsfsdg', '1'),
(138, 2, 79, 49, 80, 361, 'Approved', '2025-09-04 06:52:40', '0000-00-00 00:00:00', 79, 0, 'ok', 'fdgdfg', '1'),
(139, 3, 55, 23, 80, 361, 'Approved', '2025-09-04 06:53:02', '0000-00-00 00:00:00', 79, 0, 'ok', 'ergreger', '1'),
(140, 4, 46, 20, 80, 361, 'Approved', '2025-09-04 06:53:18', '0000-00-00 00:00:00', 79, 0, 'ok', 'ghrht', '1'),
(141, 1, 58, 26, 79, 361, 'Approved', '2025-09-04 07:37:38', '0000-00-00 00:00:00', 79, 0, 'ok', 'adsafsfsdg', '1'),
(142, 2, 79, 49, 79, 361, '', '2025-07-11 09:28:06', '0000-00-00 00:00:00', 79, 0, '', 'fdgdfg', '1'),
(143, 3, 55, 23, 79, 361, '', '2025-07-11 09:28:16', '0000-00-00 00:00:00', 79, 0, '', 'ergreger', '1'),
(144, 4, 46, 20, 79, 361, '', '2025-07-11 09:28:24', '0000-00-00 00:00:00', 79, 0, '', 'ghrht', '1'),
(145, 1, 58, 26, 82, 361, '', '2025-06-10 01:39:34', '0000-00-00 00:00:00', 79, 0, '', 'adsafsfsdg', '1'),
(146, 2, 79, 49, 82, 361, '', '2025-07-11 09:28:06', '0000-00-00 00:00:00', 79, 0, '', 'fdgdfg', '1'),
(147, 3, 55, 23, 82, 361, '', '2025-07-11 09:28:16', '0000-00-00 00:00:00', 79, 0, '', 'ergreger', '1'),
(148, 4, 46, 20, 82, 361, '', '2025-07-11 09:28:24', '0000-00-00 00:00:00', 79, 0, '', 'ghrht', '1'),
(149, 1, 58, 26, 83, 361, '', '2025-06-10 01:39:34', '0000-00-00 00:00:00', 85, 0, '', 'adsafsfsdg', '1'),
(150, 2, 79, 49, 83, 361, '', '2025-07-11 09:28:06', '0000-00-00 00:00:00', 85, 0, '', 'fdgdfg', '1'),
(151, 3, 55, 23, 83, 361, '', '2025-07-11 09:28:16', '0000-00-00 00:00:00', 85, 0, '', 'ergreger', '1'),
(152, 4, 46, 20, 83, 361, '', '2025-07-11 09:28:24', '0000-00-00 00:00:00', 85, 0, '', 'ghrht', '1'),
(153, 1, 58, 26, 84, 1, 'Recheck!', '2025-09-15 04:21:26', '0000-00-00 00:00:00', 85, 0, 'okk', 'adsafsfsdg', '1'),
(154, 2, 79, 49, 84, 1, '', '2025-09-15 04:21:26', '0000-00-00 00:00:00', 85, 0, '', 'fdgdfg', '1'),
(155, 3, 55, 23, 84, 1, '', '2025-09-15 04:21:26', '0000-00-00 00:00:00', 85, 0, '', 'ergreger', '1'),
(156, 4, 46, 20, 84, 1, '', '2025-09-15 04:21:26', '0000-00-00 00:00:00', 85, 0, '', 'ghrht', '1'),
(157, 1, 58, 26, 85, 1, 'Recheck!', '2025-09-15 04:10:58', '0000-00-00 00:00:00', 85, 0, 'rec', 'adsafsfsdg', '1'),
(158, 2, 79, 49, 85, 1, '', '2025-09-15 04:10:58', '0000-00-00 00:00:00', 85, 0, '', 'fdgdfg', '1'),
(159, 3, 55, 23, 85, 1, '', '2025-09-15 04:10:58', '0000-00-00 00:00:00', 85, 0, '', 'ergreger', '1'),
(160, 4, 46, 20, 85, 1, '', '2025-09-15 04:10:58', '0000-00-00 00:00:00', 85, 0, '', 'ghrht', '1'),
(161, 1, 58, 26, 85, 1, 'Recheck!', '2025-09-15 04:19:07', NULL, 0, 0, 'ok', 'adsafsfsdg', '2'),
(162, 2, 79, 49, 85, 1, NULL, '2025-09-15 04:19:07', NULL, 0, 0, '', 'fdgdfg', '2'),
(163, 3, 55, 23, 85, 1, NULL, '2025-09-15 04:19:07', NULL, 0, 0, '', 'ergreger', '2'),
(164, 4, 46, 20, 85, 1, NULL, '2025-09-15 04:19:07', NULL, 0, 0, '', 'ghrht', '2'),
(168, 1, 58, 26, 85, 1, 'Recheck!', '2025-09-15 04:20:21', NULL, 0, 0, '80', 'adsafsfsdg', '3'),
(169, 2, 79, 49, 85, 1, NULL, '2025-09-15 04:20:21', NULL, 0, 0, '', 'fdgdfg', '3'),
(170, 3, 55, 23, 85, 1, NULL, '2025-09-15 04:20:21', NULL, 0, 0, '', 'ergreger', '3'),
(171, 4, 46, 20, 85, 1, NULL, '2025-09-15 04:20:21', NULL, 0, 0, '', 'ghrht', '3'),
(175, 1, 58, 26, 85, 361, NULL, '2025-09-15 04:20:01', NULL, 0, 0, '', 'adsafsfsdg', '4'),
(176, 2, 79, 49, 85, 361, NULL, '2025-09-15 04:20:01', NULL, 0, 0, '', 'fdgdfg', '4'),
(177, 3, 55, 23, 85, 361, NULL, '2025-09-15 04:20:01', NULL, 0, 0, '', 'ergreger', '4'),
(178, 4, 46, 20, 85, 361, NULL, '2025-09-15 04:20:01', NULL, 0, 0, '', 'ghrht', '4'),
(182, 1, 58, 26, 84, 361, NULL, '2025-09-15 04:20:56', NULL, 0, 0, '', 'adsafsfsdg', '2'),
(183, 2, 79, 49, 84, 361, NULL, '2025-09-15 04:20:56', NULL, 0, 0, '', 'fdgdfg', '2'),
(184, 3, 55, 23, 84, 361, NULL, '2025-09-15 04:20:56', NULL, 0, 0, '', 'ergreger', '2'),
(185, 4, 46, 20, 84, 361, NULL, '2025-09-15 04:20:56', NULL, 0, 0, '', 'ghrht', '2'),
(186, 1, 58, 26, 89, 361, 'Approved', '2025-11-14 06:57:25', '0000-00-00 00:00:00', 85, 0, 'ok', 'adsafsfsdg', '1'),
(187, 2, 79, 49, 89, 361, 'Approved', '2025-11-14 06:58:29', '0000-00-00 00:00:00', 85, 0, 'ok', 'fdgdfg', '1'),
(188, 3, 55, 23, 89, 361, 'Approved', '2025-11-14 07:04:20', '0000-00-00 00:00:00', 85, 0, 'yes', 'ergreger', '1'),
(189, 4, 46, 20, 89, 361, 'Approved', '2025-11-14 07:07:39', '0000-00-00 00:00:00', 85, 0, 'ok', 'ghrht', '1'),
(190, 1, 58, 26, 91, 361, 'Approved', '2026-02-05 06:49:32', '0000-00-00 00:00:00', 85, 0, 'ok', 'adsafsfsdg', '1'),
(191, 2, 79, 49, 91, 361, 'Approved', '2026-02-05 06:49:58', '0000-00-00 00:00:00', 85, 0, 'ok', 'fdgdfg', '1'),
(192, 3, 55, 23, 91, 361, 'Approved', '2026-02-05 06:50:23', '0000-00-00 00:00:00', 85, 0, 'ok', 'ergreger', '1'),
(193, 4, 46, 20, 91, 361, 'Approved', '2026-02-05 06:50:46', '0000-00-00 00:00:00', 85, 0, 'ok', 'ghrht', '1');

-- --------------------------------------------------------

--
-- Table structure for table `spa_ot`
--

CREATE TABLE `spa_ot` (
  `id_spa_ot` int(11) NOT NULL,
  `urutan` int(11) NOT NULL,
  `id_user` int(11) DEFAULT NULL,
  `id_employee` int(11) DEFAULT NULL,
  `id_overtime` int(11) NOT NULL,
  `id_app` int(11) NOT NULL,
  `status` enum('waiting','Approved','Rejected','Recheck','Recheck!') DEFAULT NULL,
  `tgl` timestamp NOT NULL DEFAULT current_timestamp() ON UPDATE current_timestamp(),
  `date` datetime DEFAULT NULL,
  `id_user_hr` int(11) NOT NULL,
  `sta` varchar(11) NOT NULL,
  `kmt` varchar(500) NOT NULL,
  `deskripsi` varchar(50) NOT NULL,
  `fleg` enum('1','2','3','4','5','6','7','8','9','10') CHARACTER SET latin1 COLLATE latin1_swedish_ci NOT NULL
) ENGINE=InnoDB DEFAULT CHARSET=utf8mb4 COLLATE=utf8mb4_general_ci;

--
-- Dumping data for table `spa_ot`
--

INSERT INTO `spa_ot` (`id_spa_ot`, `urutan`, `id_user`, `id_employee`, `id_overtime`, `id_app`, `status`, `tgl`, `date`, `id_user_hr`, `sta`, `kmt`, `deskripsi`, `fleg`) VALUES
(1, 1, 58, 26, 1, 150, 'Approved', '2024-11-14 06:52:05', '0000-00-00 00:00:00', 54, '', 'ok', 'fg', '1'),
(2, 1, 58, 26, 2, 156, 'Approved', '2024-11-14 07:06:33', '0000-00-00 00:00:00', 54, '', 'ok', 'gfgf', '1'),
(3, 2, 54, 22, 2, 156, 'Approved', '2024-11-14 07:28:07', '0000-00-00 00:00:00', 54, '', 'ok juga', 'fgrg', '1'),
(4, 1, 58, 26, 3, 156, 'Rejected', '2024-11-14 07:46:58', '0000-00-00 00:00:00', 54, '', 'NO', 'gfgf', '1'),
(5, 2, 54, 22, 3, 156, '', '2024-11-14 06:29:43', '0000-00-00 00:00:00', 54, '', '', 'fgrg', '1'),
(6, 1, 58, 26, 4, 156, 'Rejected', '2024-11-14 08:10:08', '0000-00-00 00:00:00', 54, '', 'NO', 'gfgf', '1'),
(7, 2, 54, 22, 4, 156, '', '2024-11-14 06:29:43', '0000-00-00 00:00:00', 54, '', '', 'fgrg', '1'),
(8, 1, 58, 26, 5, 156, 'Rejected', '2024-11-14 08:12:41', '0000-00-00 00:00:00', 54, '', 'NO', 'gfgf', '1'),
(9, 2, 54, 22, 5, 156, '', '2024-11-14 06:29:43', '0000-00-00 00:00:00', 54, '', '', 'fgrg', '1'),
(10, 1, 58, 26, 6, 156, 'Approved', '2024-11-14 08:18:10', '0000-00-00 00:00:00', 54, '', 'OK', 'gfgf', '1'),
(11, 2, 54, 22, 6, 156, 'Rejected', '2024-11-14 08:20:42', '0000-00-00 00:00:00', 54, '', 'NO', 'fgrg', '1'),
(12, 1, 58, 26, 7, 156, 'Approved', '2024-11-14 08:23:33', '0000-00-00 00:00:00', 54, '', 'OK', 'gfgf', '1'),
(13, 2, 54, 22, 7, 156, 'Approved', '2024-11-14 08:24:09', '0000-00-00 00:00:00', 54, '', 'OK', 'fgrg', '1'),
(14, 1, 58, 26, 8, 150, 'Approved', '2024-11-19 01:21:11', '0000-00-00 00:00:00', 55, '', 'ok', 'fg', '1'),
(15, 1, 58, 26, 9, 150, 'Approved', '2024-11-19 03:27:39', '0000-00-00 00:00:00', 55, '', 'ok', 'fg', '1'),
(16, 1, 58, 26, 10, 150, 'Approved', '2024-11-19 03:40:16', '0000-00-00 00:00:00', 55, '', 'ok', 'fg', '1'),
(17, 1, 58, 26, 11, 150, '', '2024-11-14 00:58:21', '0000-00-00 00:00:00', 55, '', '', 'fg', '1'),
(18, 1, 53, 21, 12, 183, 'Approved', '2024-12-13 02:00:13', '0000-00-00 00:00:00', 55, '', 'disetujui', 'tyhruyutyu', '1'),
(19, 1, 56, 24, 13, 179, '', '2024-12-02 07:16:09', '0000-00-00 00:00:00', 55, '', '', 'hgtjhnjghgjk', '1'),
(20, 2, 64, 32, 13, 179, '', '2024-12-02 07:16:21', '0000-00-00 00:00:00', 55, '', '', 'tyhtruy', '1'),
(21, 1, 53, 21, 14, 183, 'Approved', '2024-12-13 01:59:39', '0000-00-00 00:00:00', 55, '', 'diseujui', 'tyhruyutyu', '1'),
(22, 1, 71, 40, 15, 182, 'Approved', '2024-12-05 13:06:44', '0000-00-00 00:00:00', 55, '', 'Delivery unit sampai malam', 'yety', '1'),
(23, 2, 64, 32, 15, 182, 'Approved', '2024-12-08 11:38:48', '0000-00-00 00:00:00', 55, '', 'lembur pekerjaan persiapan mobilisasi 1x Sunward Jack Piling  ZYJ160B ke Ahdipatama Lamongan (unt di yard SWI Cakung) ', 'etyetyhu', '1'),
(24, 1, 71, 40, 16, 182, 'Approved', '2024-12-05 13:05:34', '0000-00-00 00:00:00', 55, '', 'Delivery unit sampai malam ', 'yety', '1'),
(25, 2, 64, 32, 16, 182, 'Approved', '2024-12-10 03:00:53', '0000-00-00 00:00:00', 55, '', 'persiapan kelengkapan attachment Sunward Jack Piling di Cakung akan mobilisasi ke Adhipatama Lamongan', 'etyetyhu', '1'),
(26, 1, 71, 40, 17, 182, 'Approved', '2024-12-13 09:54:57', '0000-00-00 00:00:00', 55, '', 'PS250HM unit HX75 dan unloading Jack Pailing+Genset', 'yety', '1'),
(27, 2, 64, 32, 17, 182, 'Approved', '2024-12-14 07:29:43', '0000-00-00 00:00:00', 55, '', 'Commissioning, delivery Sunward Jack Pile & service 2 HX75 di Adhipatama Lamongan', 'etyetyhu', '1'),
(28, 1, 71, 40, 18, 182, 'Approved', '2024-12-13 09:54:11', '0000-00-00 00:00:00', 55, '', 'PS250HM unit HX75 dan unloading Jack Pailing+Genset', 'yety', '1'),
(29, 2, 64, 32, 18, 182, 'Approved', '2024-12-14 07:27:59', '0000-00-00 00:00:00', 55, '', 'Commissioning,delivery Sunward Jack Pile & service 2 HX75 di Adhipatama Lamongan', 'etyetyhu', '1'),
(30, 1, 71, 40, 19, 182, 'Approved', '2024-12-16 01:01:52', '0000-00-00 00:00:00', 55, '', 'Assembly unit Jack Pailing PT. Adhipatama Lamongan', 'yety', '1'),
(31, 2, 64, 32, 19, 182, 'Rejected', '2024-12-16 01:15:11', '0000-00-00 00:00:00', 55, '', 'double pengajuan', 'etyetyhu', '1'),
(32, 1, 71, 40, 20, 182, 'Approved', '2024-12-16 01:09:42', '0000-00-00 00:00:00', 55, '', 'Assembly unit Jack Pailing PT. Adhipatama Lamongan sampai jam 20.00WIB', 'yety', '1'),
(33, 2, 64, 32, 20, 182, 'Approved', '2024-12-16 01:16:18', '0000-00-00 00:00:00', 55, '', 'OT assembling Jack Pile di Lamongan', 'etyetyhu', '1'),
(34, 1, 71, 40, 21, 182, 'Approved', '2024-12-16 01:11:13', '0000-00-00 00:00:00', 55, '', 'Assembly unit Jack Pailing PT. Adhipatama Lamongan sampai jam 20.00WIB', 'yety', '1'),
(35, 2, 64, 32, 21, 182, 'Approved', '2024-12-16 01:13:28', '0000-00-00 00:00:00', 55, '', 'OT di Lamongan', 'etyetyhu', '1'),
(36, 1, 71, 40, 22, 182, 'Rejected', '2025-01-06 09:04:34', '0000-00-00 00:00:00', 79, '', 'salah kolom', 'yety', '1'),
(37, 2, 64, 32, 22, 182, '', '2024-12-02 07:22:46', '0000-00-00 00:00:00', 79, '', '', 'etyetyhu', '1'),
(38, 1, 71, 40, 23, 182, 'Approved', '2025-01-06 09:03:10', '0000-00-00 00:00:00', 79, '', 'mengurus BPJS dan KTP', 'yety', '1'),
(39, 2, 64, 32, 23, 182, 'Approved', '2025-01-06 09:20:05', '0000-00-00 00:00:00', 79, '', 'libur sbg pengganti SPPD hari Sabtu ke Lamongan', 'etyetyhu', '1'),
(40, 1, 71, 40, 24, 182, 'Approved', '2025-01-09 01:38:25', '0000-00-00 00:00:00', 79, '', 'Assembly & Delivery Jack Pailing Sunwarld sampai jam 21.00 WIB', 'yety', '1'),
(41, 2, 64, 32, 24, 182, 'Approved', '2025-01-09 01:56:01', '0000-00-00 00:00:00', 79, '', 'OT dampingi/bantu assembling Jack Piling di Cakung, akan delivery ke Adhi Patama Lamongan', 'etyetyhu', '1'),
(42, 1, 71, 40, 25, 182, 'Approved', '2025-01-09 01:37:51', '0000-00-00 00:00:00', 79, '', 'Assembly & Delivery Jack Pailing Sunwarld + Genset sampai jam 22.00 WIB', 'yety', '1'),
(43, 2, 64, 32, 25, 182, 'Approved', '2025-01-09 01:59:11', '0000-00-00 00:00:00', 79, '', 'Test & commissioning Genset BMG di Cikupa & bantu assembling unit Jack piling di Warehouse Sunward Cakung', 'etyetyhu', '1'),
(44, 1, 71, 40, 26, 182, 'Approved', '2025-01-09 01:37:08', '0000-00-00 00:00:00', 79, '', 'Assembly & Delivery Jack Pailing Sunwarld + Genset sampai jam 22.00 WIB', 'yety', '1'),
(45, 2, 64, 32, 26, 182, 'Approved', '2025-01-09 02:49:17', '0000-00-00 00:00:00', 79, '', 'Test & commissioning Genset BMG di Cikupa & bantu assembling unit Jack piling di Warehouse Sunward Cakung', 'etyetyhu', '1'),
(46, 1, 71, 40, 27, 182, 'Approved', '2025-01-09 01:35:58', '0000-00-00 00:00:00', 79, '', 'Assembly & Delivery Jack Pailing Sunwarld sampai jam 21.00 WIB', 'yety', '1'),
(47, 2, 64, 32, 27, 182, 'Approved', '2025-01-09 02:54:13', '0000-00-00 00:00:00', 79, '', 'Dampingi/bantu assembling Jack Piling di Yard Sunward Cakung', 'etyetyhu', '1'),
(48, 1, 71, 40, 28, 182, 'Approved', '2025-01-09 01:41:46', '0000-00-00 00:00:00', 79, '', 'Replacement day perjalanan dinas dari lamongan ke jakarta pada hari Sabtu, ', 'yety', '1'),
(49, 2, 64, 32, 28, 182, 'Approved', '2025-01-09 02:51:58', '0000-00-00 00:00:00', 79, '', 'Pengganti hari libur SPPD ke Adhi Patama Lamongan', 'etyetyhu', '1'),
(50, 1, 71, 40, 29, 182, 'Approved', '2025-01-10 04:34:09', '0000-00-00 00:00:00', 79, '', 'Delivery attachment Jack Pailing Sunwarld ke lamongan, sampai jam 18.30', 'yety', '1'),
(51, 2, 64, 32, 29, 182, 'Approved', '2025-01-10 04:41:10', '0000-00-00 00:00:00', 79, '', 'Handling delivery attachment Jack Pile Sunward di Cakung', 'etyetyhu', '1'),
(52, 1, 71, 40, 30, 182, 'Approved', '2025-01-10 04:33:51', '0000-00-00 00:00:00', 79, '', 'Delivery attachment Jack Pailing Sunwarld ke lamongan, sampai jam 18.30', 'yety', '1'),
(53, 2, 64, 32, 30, 182, 'Approved', '2025-01-10 04:40:30', '0000-00-00 00:00:00', 79, '', 'Handling delivery attachment Jack Pile Sunward di Cakung', 'etyetyhu', '1'),
(54, 1, 56, 24, 33, 179, '', '2024-12-02 00:16:09', '0000-00-00 00:00:00', 49, '', '', 'hgtjhnjghgjk', '1'),
(55, 2, 64, 32, 33, 179, '', '2024-12-02 00:16:21', '0000-00-00 00:00:00', 49, '', '', 'tyhtruy', '1'),
(56, 1, 56, 24, 34, 179, '', '2024-12-02 00:16:09', '0000-00-00 00:00:00', 49, '', '', 'hgtjhnjghgjk', '1'),
(57, 2, 64, 32, 34, 179, '', '2024-12-02 00:16:21', '0000-00-00 00:00:00', 49, '', '', 'tyhtruy', '1'),
(58, 1, 56, 24, 35, 179, '', '2024-12-02 00:16:09', '0000-00-00 00:00:00', 49, '', '', 'hgtjhnjghgjk', '1'),
(59, 2, 64, 32, 35, 179, '', '2024-12-02 00:16:21', '0000-00-00 00:00:00', 49, '', '', 'tyhtruy', '1'),
(60, 1, 56, 24, 36, 179, '', '2024-12-02 00:16:09', '0000-00-00 00:00:00', 49, '', '', 'hgtjhnjghgjk', '1'),
(61, 2, 64, 32, 36, 179, '', '2024-12-02 00:16:21', '0000-00-00 00:00:00', 49, '', '', 'tyhtruy', '1'),
(62, 1, 58, 26, 37, 175, '', '2024-12-02 07:03:30', '0000-00-00 00:00:00', 79, '', '', 'aplfgh', '1'),
(63, 1, 55, 23, 38, 177, '', '2024-12-02 07:11:19', '0000-00-00 00:00:00', 79, '', '', 'tyhtr5u', '1'),
(64, 1, 58, 26, 39, 175, 'Approved', '2025-07-17 04:01:20', '0000-00-00 00:00:00', 79, '', 'ok', 'aplfgh', '1'),
(65, 1, 58, 26, 40, 175, '', '2024-12-02 07:03:30', '0000-00-00 00:00:00', 79, '', '', 'aplfgh', '1'),
(66, 1, 58, 26, 41, 175, 'Approved', '2025-09-08 03:34:52', '0000-00-00 00:00:00', 79, '', 'ok', 'aplfgh', '1');

-- --------------------------------------------------------

--
-- Table structure for table `spa_sppd`
--

CREATE TABLE `spa_sppd` (
  `id_spa_sppd` int(11) NOT NULL,
  `urutan` int(11) NOT NULL,
  `id_user` int(11) DEFAULT NULL,
  `id_employee` int(11) DEFAULT NULL,
  `id_sppd` int(11) NOT NULL,
  `id_app` int(11) NOT NULL,
  `status` enum('waiting','Approved','Rejected','Recheck','Recheck!') DEFAULT NULL,
  `tgl` timestamp NULL DEFAULT current_timestamp() ON UPDATE current_timestamp(),
  `date` datetime DEFAULT NULL,
  `id_user_hr` int(11) NOT NULL,
  `id_user_acc` int(11) NOT NULL,
  `kmt` varchar(100) NOT NULL,
  `deskripsi` varchar(50) NOT NULL,
  `fleg` enum('1','2','3','4','5','6','7','8','9','10') CHARACTER SET latin1 COLLATE latin1_swedish_ci NOT NULL
) ENGINE=InnoDB DEFAULT CHARSET=utf8mb4 COLLATE=utf8mb4_general_ci;

--
-- Dumping data for table `spa_sppd`
--

INSERT INTO `spa_sppd` (`id_spa_sppd`, `urutan`, `id_user`, `id_employee`, `id_sppd`, `id_app`, `status`, `tgl`, `date`, `id_user_hr`, `id_user_acc`, `kmt`, `deskripsi`, `fleg`) VALUES
(391, 1, 58, 26, 1, 359, '', '2025-05-05 04:17:26', '0000-00-00 00:00:00', 79, 0, '', 'WTTTWT', '1'),
(392, 1, 58, 26, 2, 359, 'Approved', '2025-06-13 01:55:25', '0000-00-00 00:00:00', 79, 0, 'ok', 'WTTTWT', '1'),
(393, 1, 58, 26, 3, 359, 'Approved', '2025-06-13 02:06:54', '0000-00-00 00:00:00', 79, 0, 'oke sekuler', 'WTTTWT', '1'),
(394, 1, 58, 26, 3, 359, '', '2025-05-05 04:17:26', '0000-00-00 00:00:00', 79, 0, '', 'WTTTWT', '1'),
(395, 1, 58, 26, 4, 359, '', '2025-05-05 04:17:26', '0000-00-00 00:00:00', 79, 0, '', 'WTTTWT', '1'),
(396, 1, 58, 26, 5, 359, 'Approved', '2025-06-25 06:38:25', '0000-00-00 00:00:00', 79, 0, 'ok', 'WTTTWT', '1'),
(397, 1, 58, 26, 6, 359, 'Approved', '2025-06-13 03:13:48', '0000-00-00 00:00:00', 79, 0, 'ok', 'WTTTWT', '1'),
(398, 1, 58, 26, 7, 359, 'Approved', '2025-06-13 02:30:22', '0000-00-00 00:00:00', 79, 0, 'ok', 'WTTTWT', '1'),
(399, 1, 58, 26, 8, 359, 'Approved', '2025-06-13 09:04:31', '0000-00-00 00:00:00', 79, 0, 'OK', 'WTTTWT', '1'),
(400, 1, 58, 26, 9, 359, 'Approved', '2025-06-18 01:05:46', '0000-00-00 00:00:00', 79, 0, 'OK', 'WTTTWT', '1'),
(401, 1, 58, 26, 10, 359, 'Approved', '2025-06-18 09:29:18', '0000-00-00 00:00:00', 79, 0, 'OK', 'WTTTWT', '1'),
(402, 1, 58, 26, 11, 359, 'Approved', '2025-06-18 09:46:01', '0000-00-00 00:00:00', 79, 0, 'OK', 'WTTTWT', '1'),
(403, 1, 58, 26, 12, 359, 'Approved', '2025-06-19 01:37:20', '0000-00-00 00:00:00', 79, 0, 'OK', 'WTTTWT', '1'),
(404, 1, 58, 26, 13, 359, 'Approved', '2025-06-19 02:31:10', '0000-00-00 00:00:00', 79, 0, 'OK', 'WTTTWT', '1'),
(405, 1, 58, 26, 14, 359, 'Approved', '2025-06-19 04:35:02', '0000-00-00 00:00:00', 79, 0, 'ok', 'WTTTWT', '1'),
(406, 1, 58, 26, 15, 359, 'Approved', '2025-06-19 04:58:07', '0000-00-00 00:00:00', 79, 0, 'OK', 'WTTTWT', '1'),
(407, 1, 58, 26, 16, 1, 'Recheck!', '2025-06-19 06:20:17', '0000-00-00 00:00:00', 79, 0, 'TES', 'WTTTWT', '1'),
(408, 1, 58, 26, 16, 359, 'Approved', '2025-06-19 06:27:20', NULL, 0, 0, 'ok', 'WTTTWT', '2'),
(409, 1, 58, 26, 17, 359, 'Approved', '2025-06-19 06:39:43', '0000-00-00 00:00:00', 79, 0, 'OK', 'WTTTWT', '1'),
(410, 1, 58, 26, 18, 1, 'Recheck!', '2025-06-19 06:44:23', '0000-00-00 00:00:00', 79, 0, 'OK', 'WTTTWT', '1'),
(411, 1, 58, 26, 18, 359, 'Approved', '2025-06-25 06:32:53', NULL, 0, 0, 'ok', 'WTTTWT', '2'),
(412, 1, 58, 26, 19, 359, 'Approved', '2025-06-25 06:32:29', '0000-00-00 00:00:00', 79, 0, 'ok', 'WTTTWT', '1'),
(413, 1, 58, 26, 20, 359, 'Recheck', '2025-06-19 07:52:30', '0000-00-00 00:00:00', 79, 0, 'okkkk', 'WTTTWT', '1'),
(414, 1, 58, 26, 21, 1, 'Recheck!', '2025-06-19 07:24:29', '0000-00-00 00:00:00', 79, 0, 'ok', 'WTTTWT', '1'),
(415, 1, 58, 26, 21, 359, 'Approved', '2025-06-19 07:24:42', NULL, 0, 0, 'ok', 'WTTTWT', '2'),
(416, 1, 58, 26, 22, 359, 'Approved', '2025-06-19 07:42:24', '0000-00-00 00:00:00', 79, 0, 'ok', 'WTTTWT', '1'),
(417, 1, 58, 26, 23, 359, 'Approved', '2025-06-19 07:41:59', '0000-00-00 00:00:00', 79, 0, 'ok', 'WTTTWT', '1'),
(418, 1, 58, 26, 24, 1, 'Recheck!', '2025-06-19 08:06:03', '0000-00-00 00:00:00', 79, 0, 'okkk', 'WTTTWT', '1'),
(419, 1, 58, 26, 24, 359, 'Approved', '2025-06-19 08:09:17', NULL, 0, 0, 'ok', 'WTTTWT', '2'),
(420, 1, 58, 26, 20, 359, NULL, '2025-06-19 07:52:30', NULL, 0, 0, '', 'WTTTWT', '2'),
(421, 1, 58, 26, 25, 359, 'Approved', '2025-06-19 08:30:34', '0000-00-00 00:00:00', 79, 0, 'OK', 'WTTTWT', '1'),
(422, 1, 58, 26, 26, 1, 'Recheck!', '2025-06-19 08:43:26', '0000-00-00 00:00:00', 79, 0, 'ok', 'WTTTWT', '1'),
(423, 1, 58, 26, 26, 1, 'Approved', '2025-06-19 08:49:45', NULL, 0, 0, 'ok', 'WTTTWT', '2'),
(424, 1, 58, 26, 26, 359, 'Approved', '2025-06-19 08:52:56', NULL, 0, 0, 'ok', 'WTTTWT', '3'),
(425, 1, 58, 26, 27, 359, 'Approved', '2025-06-19 09:26:26', '0000-00-00 00:00:00', 79, 0, 'ok', 'WTTTWT', '1'),
(426, 1, 58, 26, 28, 359, 'Approved', '2025-06-20 09:10:07', '0000-00-00 00:00:00', 79, 0, 'OK', 'WTTTWT', '1'),
(427, 1, 58, 26, 29, 359, 'Approved', '2025-06-24 02:19:34', '0000-00-00 00:00:00', 79, 0, 'ok', 'WTTTWT', '1'),
(428, 1, 58, 26, 30, 359, 'Approved', '2025-06-24 02:27:05', '0000-00-00 00:00:00', 79, 0, 'OK', 'WTTTWT', '1'),
(429, 1, 58, 26, 31, 359, 'Approved', '2025-06-24 02:34:46', '0000-00-00 00:00:00', 79, 0, 'ok', 'WTTTWT', '1'),
(430, 1, 58, 26, 32, 359, 'Approved', '2025-06-24 04:53:52', '0000-00-00 00:00:00', 79, 0, 'OK', 'WTTTWT', '1'),
(431, 1, 58, 26, 33, 359, 'Approved', '2025-06-24 04:57:45', '0000-00-00 00:00:00', 79, 0, 'OK', 'WTTTWT', '1'),
(432, 1, 58, 26, 34, 359, 'Approved', '2025-06-24 07:04:26', '0000-00-00 00:00:00', 79, 0, 'OK', 'WTTTWT', '1'),
(433, 1, 58, 26, 35, 359, 'Approved', '2025-06-24 07:15:57', '0000-00-00 00:00:00', 79, 0, 'YESS', 'WTTTWT', '1'),
(434, 1, 58, 26, 36, 359, 'Approved', '2025-06-25 06:24:07', '0000-00-00 00:00:00', 79, 0, 'ok', 'WTTTWT', '1'),
(435, 1, 58, 26, 37, 359, 'Approved', '2025-06-25 02:19:32', '0000-00-00 00:00:00', 79, 0, 'ok', 'WTTTWT', '1'),
(436, 1, 58, 26, 38, 359, 'Approved', '2025-06-25 02:18:09', '0000-00-00 00:00:00', 79, 0, 'ok', 'WTTTWT', '1'),
(437, 1, 58, 26, 39, 359, 'Rejected', '2025-06-25 02:16:20', '0000-00-00 00:00:00', 79, 0, 'ok', 'WTTTWT', '1'),
(438, 1, 58, 26, 40, 359, '', '2025-05-05 04:17:26', '0000-00-00 00:00:00', 79, 0, '', 'WTTTWT', '1'),
(439, 1, 58, 26, 41, 359, 'Approved', '2025-06-25 06:17:59', '0000-00-00 00:00:00', 79, 0, 'OK', 'WTTTWT', '1'),
(440, 1, 58, 26, 42, 359, 'Approved', '2025-06-25 06:17:40', '0000-00-00 00:00:00', 79, 0, 'OK', 'WTTTWT', '1'),
(441, 1, 58, 26, 43, 359, 'Approved', '2025-06-25 04:20:41', '0000-00-00 00:00:00', 79, 0, 'OK', 'WTTTWT', '1'),
(442, 1, 58, 26, 44, 1, 'Approved', '2025-06-26 04:35:47', '0000-00-00 00:00:00', 79, 0, 'OK', 'WTTTWT', '1'),
(443, 1, 58, 26, 44, 359, 'Approved', '2025-06-26 04:36:19', NULL, 0, 0, 'OK', 'WTTTWT', '2'),
(444, 1, 58, 26, 45, 359, 'Approved', '2025-06-26 04:42:50', '0000-00-00 00:00:00', 79, 0, 'ok', 'WTTTWT', '1'),
(445, 1, 58, 26, 46, 359, 'Approved', '2025-06-26 06:20:15', '0000-00-00 00:00:00', 79, 0, 'YES', 'WTTTWT', '1'),
(446, 1, 58, 26, 47, 1, 'Approved', '2025-06-26 06:35:41', '0000-00-00 00:00:00', 79, 0, 'YESSS', 'WTTTWT', '1'),
(447, 1, 58, 26, 47, 359, 'Approved', '2025-06-26 06:36:13', NULL, 0, 0, 'ok', 'WTTTWT', '2'),
(448, 1, 58, 26, 48, 1, 'Approved', '2025-06-30 02:39:44', '0000-00-00 00:00:00', 79, 0, 'OK', 'WTTTWT', '1'),
(449, 1, 58, 26, 48, 359, 'Approved', '2025-06-30 02:40:28', NULL, 0, 0, 'yes ya', 'WTTTWT', '2'),
(450, 1, 58, 26, 49, 359, 'Approved', '2025-06-30 03:09:24', '0000-00-00 00:00:00', 79, 0, 'ok', 'WTTTWT', '1'),
(451, 1, 58, 26, 50, 1, 'Approved', '2025-06-30 03:24:18', '0000-00-00 00:00:00', 79, 0, 'YEAH', 'WTTTWT', '1'),
(452, 1, 58, 26, 50, 359, 'Approved', '2025-06-30 03:24:43', NULL, 0, 0, 'ok', 'WTTTWT', '2'),
(453, 1, 58, 26, 51, 1, 'Approved', '2025-06-30 03:32:21', '0000-00-00 00:00:00', 79, 0, 'OK', 'WTTTWT', '1'),
(454, 1, 58, 26, 51, 359, 'Approved', '2025-06-30 03:32:42', NULL, 0, 0, 'OK', 'WTTTWT', '2'),
(455, 1, 58, 26, 52, 1, 'Approved', '2025-06-30 03:49:04', '0000-00-00 00:00:00', 79, 0, 'okk', 'WTTTWT', '1'),
(456, 1, 58, 26, 52, 359, 'Approved', '2025-06-30 03:49:35', NULL, 0, 0, 'ok', 'WTTTWT', '2'),
(457, 1, 58, 26, 53, 1, 'Approved', '2025-06-30 04:02:47', '0000-00-00 00:00:00', 79, 0, 'OK', 'WTTTWT', '1'),
(458, 1, 58, 26, 53, 359, 'Approved', '2025-06-30 04:03:03', NULL, 0, 0, 'OK', 'WTTTWT', '2'),
(459, 1, 58, 26, 54, 1, 'Approved', '2025-06-30 04:33:12', '0000-00-00 00:00:00', 79, 0, 'OK', 'WTTTWT', '1'),
(460, 1, 58, 26, 54, 359, 'Approved', '2025-06-30 04:33:33', NULL, 0, 0, 'I', 'WTTTWT', '2'),
(461, 1, 58, 26, 55, 1, 'Approved', '2025-06-30 04:58:23', '0000-00-00 00:00:00', 79, 0, 'OK', 'WTTTWT', '1'),
(462, 1, 58, 26, 56, 1, 'Approved', '2025-06-30 04:46:15', '0000-00-00 00:00:00', 79, 0, 'Y', 'WTTTWT', '1'),
(463, 1, 58, 26, 56, 359, 'Approved', '2025-06-30 04:47:23', NULL, 0, 0, 'O', 'WTTTWT', '2'),
(464, 1, 58, 26, 55, 359, 'Approved', '2025-06-30 04:58:44', NULL, 0, 0, 'A', 'WTTTWT', '2'),
(465, 1, 58, 26, 57, 1, 'Approved', '2025-06-30 05:02:55', '0000-00-00 00:00:00', 79, 0, 'zdg', 'WTTTWT', '1'),
(466, 1, 58, 26, 57, 359, 'Approved', '2025-06-30 05:03:26', NULL, 0, 0, 'ok', 'WTTTWT', '2'),
(467, 1, 58, 26, 58, 1, 'Approved', '2025-06-30 06:30:44', '0000-00-00 00:00:00', 79, 0, 'YES', 'WTTTWT', '1'),
(468, 1, 58, 26, 58, 359, 'Approved', '2025-06-30 06:31:05', NULL, 0, 0, 'OKKK', 'WTTTWT', '2'),
(469, 1, 58, 26, 59, 359, '', '2025-05-05 04:17:26', '0000-00-00 00:00:00', 79, 0, '', 'WTTTWT', '1'),
(470, 1, 58, 26, 60, 359, '', '2025-05-05 04:17:26', '0000-00-00 00:00:00', 79, 0, '', 'WTTTWT', '1'),
(471, 1, 58, 26, 62, 359, '', '2025-05-05 04:17:26', '0000-00-00 00:00:00', 79, 0, '', 'WTTTWT', '1'),
(472, 1, 58, 26, 63, 359, '', '2025-05-05 04:17:26', '0000-00-00 00:00:00', 79, 0, '', 'WTTTWT', '1'),
(473, 1, 58, 26, 64, 359, '', '2025-05-05 04:17:26', '0000-00-00 00:00:00', 79, 0, '', 'WTTTWT', '1'),
(474, 1, 58, 26, 65, 359, '', '2025-05-05 04:17:26', '0000-00-00 00:00:00', 79, 0, '', 'WTTTWT', '1'),
(475, 1, 58, 26, 66, 359, '', '2025-05-05 04:17:26', '0000-00-00 00:00:00', 79, 0, '', 'WTTTWT', '1'),
(476, 1, 58, 26, 67, 359, '', '2025-05-05 04:17:26', '0000-00-00 00:00:00', 79, 0, '', 'WTTTWT', '1'),
(477, 1, 58, 26, 68, 359, '', '2025-05-05 04:17:26', '0000-00-00 00:00:00', 79, 0, '', 'WTTTWT', '1'),
(478, 1, 58, 26, 69, 359, 'Approved', '2025-07-09 09:17:56', '0000-00-00 00:00:00', 79, 0, 'yes', 'WTTTWT', '1'),
(479, 1, 58, 26, 70, 359, 'Approved', '2025-07-09 09:17:40', '0000-00-00 00:00:00', 79, 0, 'ok', 'WTTTWT', '1'),
(480, 1, 58, 26, 71, 359, 'Approved', '2025-07-09 09:10:52', '0000-00-00 00:00:00', 79, 0, 'okk', 'WTTTWT', '1'),
(481, 1, 58, 26, 72, 359, 'Approved', '2025-07-09 08:49:43', '0000-00-00 00:00:00', 79, 0, 'OKK', 'WTTTWT', '1'),
(482, 1, 58, 26, 73, 359, 'Approved', '2025-07-09 08:49:27', '0000-00-00 00:00:00', 79, 0, 'OK', 'WTTTWT', '1'),
(483, 1, 58, 26, 74, 359, 'Approved', '2025-07-01 04:16:00', '0000-00-00 00:00:00', 79, 0, 'OK', 'WTTTWT', '1'),
(484, 1, 58, 26, 75, 359, 'Approved', '2025-07-01 07:26:11', '0000-00-00 00:00:00', 79, 0, 'ok', 'WTTTWT', '1'),
(485, 1, 58, 26, 76, 359, 'Approved', '2025-07-09 07:42:03', '0000-00-00 00:00:00', 79, 0, 'ok', 'WTTTWT', '1'),
(486, 1, 58, 26, 77, 359, '', '2025-05-05 04:17:26', '0000-00-00 00:00:00', 79, 0, '', 'WTTTWT', '1'),
(487, 1, 58, 26, 78, 359, '', '2025-05-05 04:17:26', '0000-00-00 00:00:00', 79, 0, '', 'WTTTWT', '1'),
(488, 1, 58, 26, 79, 359, '', '2025-05-05 04:17:26', '0000-00-00 00:00:00', 79, 0, '', 'WTTTWT', '1'),
(489, 1, 58, 26, 80, 359, '', '2025-05-05 04:17:26', '0000-00-00 00:00:00', 79, 0, '', 'WTTTWT', '1'),
(490, 1, 58, 26, 81, 359, '', '2025-05-05 04:17:26', '0000-00-00 00:00:00', 79, 0, '', 'WTTTWT', '1'),
(491, 1, 58, 26, 82, 359, '', '2025-05-05 04:17:26', '0000-00-00 00:00:00', 79, 0, '', 'WTTTWT', '1'),
(492, 1, 58, 26, 83, 359, '', '2025-05-05 04:17:26', '0000-00-00 00:00:00', 79, 0, '', 'WTTTWT', '1'),
(493, 1, 58, 26, 84, 359, '', '2025-05-05 04:17:26', '0000-00-00 00:00:00', 79, 0, '', 'WTTTWT', '1'),
(494, 1, 58, 26, 85, 359, 'Approved', '2025-07-02 04:11:41', '0000-00-00 00:00:00', 79, 0, 'ok', 'WTTTWT', '1'),
(495, 1, 58, 26, 86, 359, 'Approved', '2025-07-09 02:21:05', '0000-00-00 00:00:00', 79, 0, 'ok', 'WTTTWT', '1'),
(496, 1, 58, 26, 87, 359, 'Approved', '2025-07-09 09:35:12', '0000-00-00 00:00:00', 79, 0, 'ok', 'WTTTWT', '1'),
(497, 1, 58, 26, 88, 359, '', '2025-05-05 04:17:26', '0000-00-00 00:00:00', 79, 0, '', 'WTTTWT', '1'),
(498, 1, 58, 26, 89, 359, 'Approved', '2025-07-10 03:29:55', '0000-00-00 00:00:00', 79, 0, 'OK', 'WTTTWT', '1'),
(499, 1, 58, 26, 90, 359, '', '2025-05-05 04:17:26', '0000-00-00 00:00:00', 79, 0, '', 'WTTTWT', '1'),
(500, 1, 58, 26, 91, 359, 'Approved', '2025-07-11 03:36:05', '0000-00-00 00:00:00', 79, 0, 'ok', 'WTTTWT', '1'),
(501, 1, 58, 26, 92, 1, 'Recheck!', '2025-07-11 03:54:20', '0000-00-00 00:00:00', 79, 0, 'check lagi', 'WTTTWT', '1'),
(502, 1, 58, 26, 92, 1, 'Recheck!', '2025-07-11 03:54:56', NULL, 0, 0, 'ok', 'WTTTWT', '2'),
(503, 1, 58, 26, 92, 359, 'Approved', '2025-07-11 03:55:32', NULL, 0, 0, 'ok', 'WTTTWT', '3'),
(504, 1, 58, 26, 93, 359, '', '2025-05-05 04:17:26', '0000-00-00 00:00:00', 79, 0, '', 'WTTTWT', '1'),
(505, 1, 58, 26, 94, 359, 'Approved', '2025-07-11 09:32:34', '0000-00-00 00:00:00', 79, 0, 'OK', 'WTTTWT', '1'),
(506, 2, 53, 49, 94, 359, '', '2025-07-11 09:26:47', '0000-00-00 00:00:00', 79, 0, '', 'sdsdvf', '1'),
(507, 4, 46, 20, 94, 359, '', '2025-07-11 09:27:16', '0000-00-00 00:00:00', 79, 0, '', 'dsfsdf', '1'),
(508, 3, 55, 23, 94, 359, '', '2025-07-11 09:27:35', '0000-00-00 00:00:00', 79, 0, '', 'ddfdf', '1'),
(509, 1, 58, 26, 96, 359, 'Approved', '2025-07-11 09:43:49', '0000-00-00 00:00:00', 79, 0, 'ok', 'WTTTWT', '1'),
(510, 4, 46, 20, 96, 359, 'Approved', '2025-07-11 09:45:57', '0000-00-00 00:00:00', 79, 0, 'okkk', 'dsfsdf', '1'),
(511, 3, 55, 23, 96, 359, 'Approved', '2025-07-11 09:45:36', '0000-00-00 00:00:00', 79, 0, 'ya', 'ddfdf', '1'),
(512, 2, 79, 49, 96, 359, 'Approved', '2025-07-11 09:44:16', '0000-00-00 00:00:00', 79, 0, 'yes', 'sdasdasd', '1'),
(513, 1, 58, 26, 97, 359, 'Approved', '2025-07-11 09:54:06', '0000-00-00 00:00:00', 79, 0, 'ok', 'WTTTWT', '1'),
(514, 4, 46, 20, 97, 359, 'Approved', '2025-07-11 09:55:14', '0000-00-00 00:00:00', 79, 0, 'yes', 'dsfsdf', '1'),
(515, 3, 55, 23, 97, 359, 'Approved', '2025-07-11 09:54:51', '0000-00-00 00:00:00', 79, 0, 'gg', 'ddfdf', '1'),
(516, 2, 79, 49, 97, 359, 'Approved', '2025-07-11 09:54:28', '0000-00-00 00:00:00', 79, 0, 'yes', 'sdasdasd', '1'),
(517, 1, 58, 26, 98, 359, 'Approved', '2025-07-11 10:05:43', '0000-00-00 00:00:00', 79, 0, 'ok', 'WTTTWT', '1'),
(518, 4, 46, 20, 98, 359, 'Approved', '2025-07-11 10:06:49', '0000-00-00 00:00:00', 79, 0, 'iii', 'dsfsdf', '1'),
(519, 3, 55, 23, 98, 359, 'Approved', '2025-07-11 10:06:14', '0000-00-00 00:00:00', 79, 0, 'b', 'ddfdf', '1'),
(520, 2, 79, 49, 98, 359, 'Approved', '2025-07-11 10:06:01', '0000-00-00 00:00:00', 79, 0, 'r', 'sdasdasd', '1'),
(521, 1, 58, 26, 99, 359, 'Approved', '2025-07-11 10:10:55', '0000-00-00 00:00:00', 79, 0, 'ok', 'WTTTWT', '1'),
(522, 4, 46, 20, 99, 359, 'Approved', '2025-07-11 10:13:28', '0000-00-00 00:00:00', 79, 0, 'asdd', 'dsfsdf', '1'),
(523, 3, 55, 23, 99, 359, 'Approved', '2025-07-11 10:12:51', '0000-00-00 00:00:00', 79, 0, 'ok', 'ddfdf', '1'),
(524, 2, 79, 49, 99, 359, 'Approved', '2025-07-11 10:11:24', '0000-00-00 00:00:00', 79, 0, 'eg', 'sdasdasd', '1'),
(525, 1, 58, 26, 100, 359, 'Approved', '2025-07-11 10:16:37', '0000-00-00 00:00:00', 79, 0, 'f', 'WTTTWT', '1'),
(526, 4, 46, 20, 100, 359, 'Approved', '2025-07-11 10:17:25', '0000-00-00 00:00:00', 79, 0, 'ok', 'dsfsdf', '1'),
(527, 3, 55, 23, 100, 359, 'Approved', '2025-07-11 10:17:09', '0000-00-00 00:00:00', 79, 0, 'ffb', 'ddfdf', '1'),
(528, 2, 79, 49, 100, 359, 'Approved', '2025-07-11 10:16:52', '0000-00-00 00:00:00', 79, 0, 'ddd', 'sdasdasd', '1'),
(529, 1, 58, 26, 101, 359, 'Approved', '2025-07-14 01:12:54', '0000-00-00 00:00:00', 79, 0, 'OK', 'WTTTWT', '1'),
(530, 4, 46, 20, 101, 359, 'Approved', '2025-07-14 01:22:06', '0000-00-00 00:00:00', 79, 0, 'gg', 'dsfsdf', '1'),
(531, 3, 55, 23, 101, 359, 'Approved', '2025-07-14 01:21:04', '0000-00-00 00:00:00', 79, 0, 'yes', 'ddfdf', '1'),
(532, 2, 79, 49, 101, 359, 'Approved', '2025-07-14 01:18:16', '0000-00-00 00:00:00', 79, 0, 'yeah', 'sdasdasd', '1'),
(533, 1, 58, 26, 102, 359, 'Approved', '2025-07-18 01:09:35', '0000-00-00 00:00:00', 79, 0, 'OK', 'WTTTWT', '1'),
(534, 4, 46, 20, 102, 359, 'Approved', '2025-07-18 01:19:37', '0000-00-00 00:00:00', 79, 0, 'yes', 'dsfsdf', '1'),
(535, 3, 55, 23, 102, 359, 'Approved', '2025-07-18 01:13:39', '0000-00-00 00:00:00', 79, 0, 'ok', 'ddfdf', '1'),
(536, 2, 79, 49, 102, 359, 'Approved', '2025-07-18 01:10:32', '0000-00-00 00:00:00', 79, 0, 'yes', 'sdasdasd', '1'),
(537, 1, 58, 26, 103, 359, 'Approved', '2025-07-21 02:55:52', '0000-00-00 00:00:00', 79, 0, 'okk', 'WTTTWT', '1'),
(538, 4, 46, 20, 103, 359, 'Approved', '2025-07-21 02:57:30', '0000-00-00 00:00:00', 79, 0, 'gg', 'dsfsdf', '1'),
(539, 3, 55, 23, 103, 359, 'Approved', '2025-07-21 02:57:07', '0000-00-00 00:00:00', 79, 0, 'ok', 'ddfdf', '1'),
(540, 2, 79, 49, 103, 359, 'Approved', '2025-07-21 02:56:47', '0000-00-00 00:00:00', 79, 0, 'yes', 'sdasdasd', '1'),
(541, 1, 79, 49, 104, 362, 'Approved', '2025-09-15 04:02:03', '0000-00-00 00:00:00', 79, 0, 'ok', 'tes111', '1'),
(542, 2, 55, 23, 104, 362, '', '2025-07-29 02:56:31', '0000-00-00 00:00:00', 79, 0, '', 'tes555', '1'),
(543, 3, 46, 20, 104, 362, '', '2025-07-29 02:56:44', '0000-00-00 00:00:00', 79, 0, '', 'tess6666', '1'),
(544, 1, 58, 26, 105, 359, 'Approved', '2025-08-05 02:01:47', '0000-00-00 00:00:00', 79, 0, 'ok', 'WTTTWT', '1'),
(545, 4, 46, 20, 105, 359, 'Approved', '2025-08-05 02:06:08', '0000-00-00 00:00:00', 79, 0, 'yeah', 'dsfsdf', '1'),
(546, 3, 55, 23, 105, 359, 'Approved', '2025-08-05 02:02:50', '0000-00-00 00:00:00', 79, 0, 'ininn', 'ddfdf', '1'),
(547, 2, 79, 49, 105, 359, 'Approved', '2025-08-05 02:02:26', '0000-00-00 00:00:00', 79, 0, 'yes', 'sdasdasd', '1'),
(548, 1, 58, 26, 106, 359, 'Approved', '2025-08-14 02:23:52', '0000-00-00 00:00:00', 79, 0, 'OK', 'WTTTWT', '1'),
(549, 4, 46, 20, 106, 359, 'Approved', '2025-08-14 02:25:12', '0000-00-00 00:00:00', 79, 0, 'ok', 'dsfsdf', '1'),
(550, 3, 55, 23, 106, 359, 'Approved', '2025-08-14 02:24:31', '0000-00-00 00:00:00', 79, 0, 'OK', 'ddfdf', '1'),
(551, 2, 79, 49, 106, 359, 'Approved', '2025-08-14 02:24:07', '0000-00-00 00:00:00', 79, 0, 'OK', 'sdasdasd', '1'),
(552, 1, 79, 49, 107, 362, 'Approved', '2025-08-28 04:31:08', '0000-00-00 00:00:00', 79, 0, 'YES', 'tes111', '1'),
(553, 2, 55, 23, 107, 362, 'Approved', '2025-08-28 04:32:55', '0000-00-00 00:00:00', 79, 0, 'OK', 'tes555', '1'),
(554, 3, 46, 20, 107, 362, 'Approved', '2025-08-28 04:35:09', '0000-00-00 00:00:00', 79, 0, 'OK', 'tess6666', '1'),
(555, 1, 58, 26, 108, 359, 'Approved', '2025-08-28 07:00:07', '0000-00-00 00:00:00', 79, 0, 'ok', 'WTTTWT', '1'),
(556, 4, 46, 20, 108, 359, 'Approved', '2025-08-28 07:01:59', '0000-00-00 00:00:00', 79, 0, 'ok', 'dsfsdf', '1'),
(557, 3, 55, 23, 108, 359, 'Approved', '2025-08-28 07:01:24', '0000-00-00 00:00:00', 79, 0, 'yess', 'ddfdf', '1'),
(558, 2, 79, 49, 108, 359, 'Approved', '2025-08-28 07:00:48', '0000-00-00 00:00:00', 79, 0, 'yeah', 'sdasdasd', '1'),
(559, 1, 58, 26, 109, 359, '', '2025-05-05 04:17:26', '0000-00-00 00:00:00', 79, 0, '', 'WTTTWT', '1'),
(560, 4, 46, 20, 109, 359, '', '2025-07-11 09:27:16', '0000-00-00 00:00:00', 79, 0, '', 'dsfsdf', '1'),
(561, 3, 55, 23, 109, 359, '', '2025-07-11 09:27:35', '0000-00-00 00:00:00', 79, 0, '', 'ddfdf', '1'),
(562, 2, 79, 49, 109, 359, '', '2025-07-11 09:34:15', '0000-00-00 00:00:00', 79, 0, '', 'sdasdasd', '1'),
(563, 1, 58, 26, 110, 359, '', '2025-05-05 04:17:26', '0000-00-00 00:00:00', 79, 0, '', 'WTTTWT', '1'),
(564, 4, 46, 20, 110, 359, '', '2025-07-11 09:27:16', '0000-00-00 00:00:00', 79, 0, '', 'dsfsdf', '1'),
(565, 3, 55, 23, 110, 359, '', '2025-07-11 09:27:35', '0000-00-00 00:00:00', 79, 0, '', 'ddfdf', '1'),
(566, 2, 79, 49, 110, 359, '', '2025-07-11 09:34:15', '0000-00-00 00:00:00', 79, 0, '', 'sdasdasd', '1'),
(567, 1, 58, 26, 111, 359, '', '2025-05-05 04:17:26', '0000-00-00 00:00:00', 79, 0, '', 'WTTTWT', '1'),
(568, 4, 46, 20, 111, 359, '', '2025-07-11 09:27:16', '0000-00-00 00:00:00', 79, 0, '', 'dsfsdf', '1'),
(569, 3, 55, 23, 111, 359, '', '2025-07-11 09:27:35', '0000-00-00 00:00:00', 79, 0, '', 'ddfdf', '1'),
(570, 2, 79, 49, 111, 359, '', '2025-07-11 09:34:15', '0000-00-00 00:00:00', 79, 0, '', 'sdasdasd', '1'),
(571, 1, 58, 26, 111, 359, '', '2025-05-05 04:17:26', '0000-00-00 00:00:00', 79, 0, '', 'WTTTWT', '1'),
(572, 4, 46, 20, 111, 359, '', '2025-07-11 09:27:16', '0000-00-00 00:00:00', 79, 0, '', 'dsfsdf', '1'),
(573, 3, 55, 23, 111, 359, '', '2025-07-11 09:27:35', '0000-00-00 00:00:00', 79, 0, '', 'ddfdf', '1'),
(574, 2, 79, 49, 111, 359, '', '2025-07-11 09:34:15', '0000-00-00 00:00:00', 79, 0, '', 'sdasdasd', '1'),
(575, 1, 58, 26, 111, 359, '', '2025-05-05 04:17:26', '0000-00-00 00:00:00', 79, 0, '', 'WTTTWT', '1'),
(576, 4, 46, 20, 111, 359, '', '2025-07-11 09:27:16', '0000-00-00 00:00:00', 79, 0, '', 'dsfsdf', '1'),
(577, 3, 55, 23, 111, 359, '', '2025-07-11 09:27:35', '0000-00-00 00:00:00', 79, 0, '', 'ddfdf', '1'),
(578, 2, 79, 49, 111, 359, '', '2025-07-11 09:34:15', '0000-00-00 00:00:00', 79, 0, '', 'sdasdasd', '1'),
(579, 1, 58, 26, 111, 359, '', '2025-05-05 04:17:26', '0000-00-00 00:00:00', 79, 0, '', 'WTTTWT', '1'),
(580, 4, 46, 20, 111, 359, '', '2025-07-11 09:27:16', '0000-00-00 00:00:00', 79, 0, '', 'dsfsdf', '1'),
(581, 3, 55, 23, 111, 359, '', '2025-07-11 09:27:35', '0000-00-00 00:00:00', 79, 0, '', 'ddfdf', '1'),
(582, 2, 79, 49, 111, 359, '', '2025-07-11 09:34:15', '0000-00-00 00:00:00', 79, 0, '', 'sdasdasd', '1'),
(583, 1, 79, 49, 111, 362, '', '2025-07-29 02:56:18', '0000-00-00 00:00:00', 79, 0, '', 'tes111', '1'),
(584, 2, 55, 23, 111, 362, '', '2025-07-29 02:56:31', '0000-00-00 00:00:00', 79, 0, '', 'tes555', '1'),
(585, 3, 46, 20, 111, 362, '', '2025-07-29 02:56:44', '0000-00-00 00:00:00', 79, 0, '', 'tess6666', '1'),
(586, 1, 79, 49, 111, 362, '', '2025-07-29 02:56:18', '0000-00-00 00:00:00', 79, 0, '', 'tes111', '1'),
(587, 2, 55, 23, 111, 362, '', '2025-07-29 02:56:31', '0000-00-00 00:00:00', 79, 0, '', 'tes555', '1'),
(588, 3, 46, 20, 111, 362, '', '2025-07-29 02:56:44', '0000-00-00 00:00:00', 79, 0, '', 'tess6666', '1'),
(589, 1, 79, 49, 111, 362, '', '2025-07-29 02:56:18', '0000-00-00 00:00:00', 79, 0, '', 'tes111', '1'),
(590, 2, 55, 23, 111, 362, '', '2025-07-29 02:56:31', '0000-00-00 00:00:00', 79, 0, '', 'tes555', '1'),
(591, 3, 46, 20, 111, 362, '', '2025-07-29 02:56:44', '0000-00-00 00:00:00', 79, 0, '', 'tess6666', '1'),
(592, 1, 79, 49, 111, 362, '', '2025-07-29 02:56:18', '0000-00-00 00:00:00', 79, 0, '', 'tes111', '1'),
(593, 2, 55, 23, 111, 362, '', '2025-07-29 02:56:31', '0000-00-00 00:00:00', 79, 0, '', 'tes555', '1'),
(594, 3, 46, 20, 111, 362, '', '2025-07-29 02:56:44', '0000-00-00 00:00:00', 79, 0, '', 'tess6666', '1'),
(595, 1, 79, 49, 111, 362, '', '2025-07-29 02:56:18', '0000-00-00 00:00:00', 79, 0, '', 'tes111', '1'),
(596, 2, 55, 23, 111, 362, '', '2025-07-29 02:56:31', '0000-00-00 00:00:00', 79, 0, '', 'tes555', '1'),
(597, 3, 46, 20, 111, 362, '', '2025-07-29 02:56:44', '0000-00-00 00:00:00', 79, 0, '', 'tess6666', '1'),
(598, 1, 79, 49, 111, 362, '', '2025-07-29 02:56:18', '0000-00-00 00:00:00', 79, 0, '', 'tes111', '1'),
(599, 2, 55, 23, 111, 362, '', '2025-07-29 02:56:31', '0000-00-00 00:00:00', 79, 0, '', 'tes555', '1'),
(600, 3, 46, 20, 111, 362, '', '2025-07-29 02:56:44', '0000-00-00 00:00:00', 79, 0, '', 'tess6666', '1'),
(601, 1, 79, 49, 111, 362, '', '2025-07-29 02:56:18', '0000-00-00 00:00:00', 79, 0, '', 'tes111', '1'),
(602, 2, 55, 23, 111, 362, '', '2025-07-29 02:56:31', '0000-00-00 00:00:00', 79, 0, '', 'tes555', '1'),
(603, 3, 46, 20, 111, 362, '', '2025-07-29 02:56:44', '0000-00-00 00:00:00', 79, 0, '', 'tess6666', '1'),
(604, 1, 79, 49, 111, 362, '', '2025-07-29 02:56:18', '0000-00-00 00:00:00', 79, 0, '', 'tes111', '1'),
(605, 2, 55, 23, 111, 362, '', '2025-07-29 02:56:31', '0000-00-00 00:00:00', 79, 0, '', 'tes555', '1'),
(606, 3, 46, 20, 111, 362, '', '2025-07-29 02:56:44', '0000-00-00 00:00:00', 79, 0, '', 'tess6666', '1'),
(607, 1, 79, 49, 111, 362, '', '2025-07-29 02:56:18', '0000-00-00 00:00:00', 79, 0, '', 'tes111', '1'),
(608, 2, 55, 23, 111, 362, '', '2025-07-29 02:56:31', '0000-00-00 00:00:00', 79, 0, '', 'tes555', '1'),
(609, 3, 46, 20, 111, 362, '', '2025-07-29 02:56:44', '0000-00-00 00:00:00', 79, 0, '', 'tess6666', '1'),
(610, 1, 79, 49, 111, 362, '', '2025-07-29 02:56:18', '0000-00-00 00:00:00', 79, 0, '', 'tes111', '1'),
(611, 2, 55, 23, 111, 362, '', '2025-07-29 02:56:31', '0000-00-00 00:00:00', 79, 0, '', 'tes555', '1'),
(612, 3, 46, 20, 111, 362, '', '2025-07-29 02:56:44', '0000-00-00 00:00:00', 79, 0, '', 'tess6666', '1'),
(613, 1, 58, 26, 112, 359, '', '2025-05-05 04:17:26', '0000-00-00 00:00:00', 79, 0, '', 'WTTTWT', '1'),
(614, 4, 46, 20, 112, 359, '', '2025-07-11 09:27:16', '0000-00-00 00:00:00', 79, 0, '', 'dsfsdf', '1'),
(615, 3, 55, 23, 112, 359, '', '2025-07-11 09:27:35', '0000-00-00 00:00:00', 79, 0, '', 'ddfdf', '1'),
(616, 2, 79, 49, 112, 359, '', '2025-07-11 09:34:15', '0000-00-00 00:00:00', 79, 0, '', 'sdasdasd', '1'),
(617, 1, 58, 26, 113, 359, '', '2025-05-05 04:17:26', '0000-00-00 00:00:00', 79, 0, '', 'WTTTWT', '1'),
(618, 4, 46, 20, 113, 359, '', '2025-07-11 09:27:16', '0000-00-00 00:00:00', 79, 0, '', 'dsfsdf', '1'),
(619, 3, 55, 23, 113, 359, '', '2025-07-11 09:27:35', '0000-00-00 00:00:00', 79, 0, '', 'ddfdf', '1'),
(620, 2, 79, 49, 113, 359, '', '2025-07-11 09:34:15', '0000-00-00 00:00:00', 79, 0, '', 'sdasdasd', '1'),
(621, 1, 58, 26, 114, 359, '', '2025-05-05 04:17:26', '0000-00-00 00:00:00', 79, 0, '', 'WTTTWT', '1'),
(622, 4, 46, 20, 114, 359, '', '2025-07-11 09:27:16', '0000-00-00 00:00:00', 79, 0, '', 'dsfsdf', '1'),
(623, 3, 55, 23, 114, 359, '', '2025-07-11 09:27:35', '0000-00-00 00:00:00', 79, 0, '', 'ddfdf', '1'),
(624, 2, 79, 49, 114, 359, '', '2025-07-11 09:34:15', '0000-00-00 00:00:00', 79, 0, '', 'sdasdasd', '1'),
(625, 1, 58, 26, 115, 359, 'Approved', '2025-09-03 02:46:18', '0000-00-00 00:00:00', 79, 0, 'OK', 'WTTTWT', '1'),
(626, 4, 46, 20, 115, 359, 'Approved', '2025-09-03 02:47:33', '0000-00-00 00:00:00', 79, 0, 'ok', 'dsfsdf', '1'),
(627, 3, 55, 23, 115, 359, 'Approved', '2025-09-03 02:47:14', '0000-00-00 00:00:00', 79, 0, 'ok', 'ddfdf', '1'),
(628, 2, 79, 49, 115, 359, 'Approved', '2025-09-03 02:46:58', '0000-00-00 00:00:00', 79, 0, 'ok', 'sdasdasd', '1'),
(629, 1, 58, 26, 116, 359, 'Approved', '2025-09-15 04:00:24', '0000-00-00 00:00:00', 85, 0, 'OK', 'WTTTWT', '1'),
(630, 4, 46, 20, 116, 359, 'Approved', '2025-09-15 04:01:39', '0000-00-00 00:00:00', 85, 0, 'ok', 'dsfsdf', '1'),
(631, 3, 55, 23, 116, 359, 'Approved', '2025-09-15 04:01:20', '0000-00-00 00:00:00', 85, 0, 'ok', 'ddfdf', '1'),
(632, 2, 79, 49, 116, 359, 'Approved', '2025-09-15 04:01:02', '0000-00-00 00:00:00', 85, 0, 'ok', 'sdasdasd', '1'),
(633, 1, 79, 49, 117, 1, 'Recheck!', '2025-09-19 09:59:04', '0000-00-00 00:00:00', 85, 0, 'recheck', 'tes111', '1'),
(634, 2, 55, 23, 117, 1, '', '2025-09-19 09:59:04', '0000-00-00 00:00:00', 85, 0, '', 'tes555', '1'),
(635, 3, 46, 20, 117, 1, '', '2025-09-19 09:59:04', '0000-00-00 00:00:00', 85, 0, '', 'tess6666', '1'),
(636, 1, 79, 49, 117, 362, 'Approved', '2025-09-19 09:59:27', NULL, 0, 0, 'ok', 'tes111', '2'),
(637, 2, 55, 23, 117, 362, 'Approved', '2025-09-19 09:59:47', NULL, 0, 0, 'ok', 'tes555', '2'),
(638, 3, 46, 20, 117, 362, 'Approved', '2025-09-19 10:00:13', NULL, 0, 0, 'ok', 'tess6666', '2'),
(639, 1, 58, 26, 118, 359, '', '2025-05-05 04:17:26', '0000-00-00 00:00:00', 85, 0, '', 'WTTTWT', '1'),
(640, 4, 46, 20, 118, 359, '', '2025-07-11 09:27:16', '0000-00-00 00:00:00', 85, 0, '', 'dsfsdf', '1'),
(641, 3, 55, 23, 118, 359, '', '2025-07-11 09:27:35', '0000-00-00 00:00:00', 85, 0, '', 'ddfdf', '1'),
(642, 2, 79, 49, 118, 359, '', '2025-07-11 09:34:15', '0000-00-00 00:00:00', 85, 0, '', 'sdasdasd', '1'),
(643, 1, 58, 26, 119, 1, 'Approved', '2025-10-29 07:45:51', '0000-00-00 00:00:00', 85, 0, 'ok', 'WTTTWT', '1'),
(644, 4, 46, 20, 119, 1, 'Approved', '2025-10-29 07:45:51', '0000-00-00 00:00:00', 85, 0, 'ok', 'dsfsdf', '1'),
(645, 3, 55, 23, 119, 1, 'Approved', '2025-10-29 07:45:51', '0000-00-00 00:00:00', 85, 0, 'yes', 'ddfdf', '1'),
(646, 2, 79, 49, 119, 1, 'Approved', '2025-10-29 07:45:51', '0000-00-00 00:00:00', 85, 0, 'yes', 'sdasdasd', '1'),
(647, 1, 58, 26, 119, 359, NULL, '2025-10-29 07:42:29', NULL, 0, 0, '', 'WTTTWT', '2'),
(648, 4, 46, 20, 119, 359, NULL, '2025-10-29 07:42:29', NULL, 0, 0, '', 'dsfsdf', '2'),
(649, 3, 55, 23, 119, 359, NULL, '2025-10-29 07:42:29', NULL, 0, 0, '', 'ddfdf', '2'),
(650, 2, 79, 49, 119, 359, NULL, '2025-10-29 07:42:29', NULL, 0, 0, '', 'sdasdasd', '2'),
(654, 1, 58, 26, 120, 359, 'Approved', '2025-10-29 08:33:17', '0000-00-00 00:00:00', 85, 0, 'ok\\r\\n', 'WTTTWT', '1'),
(655, 4, 46, 20, 120, 359, 'Approved', '2025-10-29 08:37:56', '0000-00-00 00:00:00', 85, 0, 'yes', 'dsfsdf', '1'),
(656, 3, 55, 23, 120, 359, 'Approved', '2025-10-29 08:36:52', '0000-00-00 00:00:00', 85, 0, 'ok', 'ddfdf', '1'),
(657, 2, 79, 49, 120, 359, 'Approved', '2025-10-29 08:33:51', '0000-00-00 00:00:00', 85, 0, 'yes', 'sdasdasd', '1'),
(658, 1, 58, 26, 121, 1, 'Recheck!', '2025-10-30 02:01:04', '0000-00-00 00:00:00', 85, 0, 'Recheck', 'WTTTWT', '1'),
(659, 4, 46, 20, 121, 1, '', '2025-10-30 02:01:04', '0000-00-00 00:00:00', 85, 0, '', 'dsfsdf', '1'),
(660, 3, 55, 23, 121, 1, '', '2025-10-30 02:01:04', '0000-00-00 00:00:00', 85, 0, '', 'ddfdf', '1'),
(661, 2, 79, 49, 121, 1, '', '2025-10-30 02:01:04', '0000-00-00 00:00:00', 85, 0, '', 'sdasdasd', '1'),
(662, 1, 58, 26, 121, 359, 'Approved', '2025-10-30 02:52:29', NULL, 0, 0, 'ok', 'WTTTWT', '2'),
(663, 4, 46, 20, 121, 359, 'Approved', '2025-10-30 03:11:00', NULL, 0, 0, 'ok', 'dsfsdf', '2'),
(664, 3, 55, 23, 121, 359, 'Approved', '2025-10-30 03:10:26', NULL, 0, 0, 'ok', 'ddfdf', '2'),
(665, 2, 79, 49, 121, 359, 'Approved', '2025-10-30 03:00:41', NULL, 0, 0, 'ok', 'sdasdasd', '2'),
(669, 1, 58, 26, 122, 1, 'Approved', '2025-10-30 04:06:52', '0000-00-00 00:00:00', 85, 0, 'ok', 'WTTTWT', '1'),
(670, 4, 46, 20, 122, 1, '', '2025-10-30 04:06:52', '0000-00-00 00:00:00', 85, 0, '', 'dsfsdf', '1'),
(671, 3, 55, 23, 122, 1, '', '2025-10-30 04:06:52', '0000-00-00 00:00:00', 85, 0, '', 'ddfdf', '1'),
(672, 2, 79, 49, 122, 1, 'Recheck!', '2025-10-30 04:06:52', '0000-00-00 00:00:00', 85, 0, 'recheck', 'sdasdasd', '1'),
(673, 1, 58, 26, 122, 1, 'Approved', '2025-10-30 04:27:14', NULL, 0, 0, 'ok', 'WTTTWT', '2'),
(674, 4, 46, 20, 122, 1, 'Approved', '2025-10-30 04:27:14', NULL, 0, 0, 'ok', 'dsfsdf', '2'),
(675, 3, 55, 23, 122, 1, 'Approved', '2025-10-30 04:27:14', NULL, 0, 0, 'ok', 'ddfdf', '2'),
(676, 2, 79, 49, 122, 1, 'Approved', '2025-10-30 04:27:14', NULL, 0, 0, 'yes', 'sdasdasd', '2'),
(680, 1, 58, 26, 122, 359, 'Approved', '2025-11-14 07:15:02', NULL, 0, 0, 'ok', 'WTTTWT', '3'),
(681, 4, 46, 20, 122, 359, 'Approved', '2025-11-14 07:16:17', NULL, 0, 0, 'ok', 'dsfsdf', '3'),
(682, 3, 55, 23, 122, 359, 'Approved', '2025-11-14 07:15:57', NULL, 0, 0, 'ok', 'ddfdf', '3'),
(683, 2, 79, 49, 122, 359, 'Approved', '2025-11-14 07:15:20', NULL, 0, 0, 'ok', 'sdasdasd', '3'),
(684, 1, 58, 26, 123, 359, 'Approved', '2026-02-05 06:15:27', '0000-00-00 00:00:00', 85, 0, 'ok', 'WTTTWT', '1'),
(685, 4, 46, 20, 123, 359, 'Approved', '2026-02-05 06:24:54', '0000-00-00 00:00:00', 85, 0, 'okkk', 'dsfsdf', '1'),
(686, 3, 55, 23, 123, 359, 'Approved', '2026-02-05 06:24:24', '0000-00-00 00:00:00', 85, 0, 'yes', 'ddfdf', '1'),
(687, 2, 79, 49, 123, 359, 'Approved', '2026-02-05 06:19:06', '0000-00-00 00:00:00', 85, 0, 'ok', 'sdasdasd', '1'),
(688, 1, 58, 26, 124, 359, 'Approved', '2026-02-05 04:44:18', '0000-00-00 00:00:00', 85, 0, 'ok', 'WTTTWT', '1'),
(689, 4, 46, 20, 124, 359, 'Approved', '2026-02-05 04:46:34', '0000-00-00 00:00:00', 85, 0, 'ok', 'dsfsdf', '1'),
(690, 3, 55, 23, 124, 359, 'Approved', '2026-02-05 04:46:11', '0000-00-00 00:00:00', 85, 0, 'ok', 'ddfdf', '1'),
(691, 2, 79, 49, 124, 359, 'Approved', '2026-02-05 04:45:42', '0000-00-00 00:00:00', 85, 0, 'ok', 'sdasdasd', '1'),
(692, 1, 58, 26, 125, 359, '', '2025-05-05 04:17:26', '0000-00-00 00:00:00', 85, 0, '', 'WTTTWT', '1'),
(693, 4, 46, 20, 125, 359, '', '2025-07-11 09:27:16', '0000-00-00 00:00:00', 85, 0, '', 'dsfsdf', '1'),
(694, 3, 55, 23, 125, 359, '', '2025-07-11 09:27:35', '0000-00-00 00:00:00', 85, 0, '', 'ddfdf', '1'),
(695, 2, 79, 49, 125, 359, '', '2025-07-11 09:34:15', '0000-00-00 00:00:00', 85, 0, '', 'sdasdasd', '1'),
(696, 1, 58, 26, 126, 359, '', '2025-05-05 04:17:26', '0000-00-00 00:00:00', 85, 0, '', 'WTTTWT', '1'),
(697, 4, 46, 20, 126, 359, '', '2025-07-11 09:27:16', '0000-00-00 00:00:00', 85, 0, '', 'dsfsdf', '1'),
(698, 3, 55, 23, 126, 359, '', '2025-07-11 09:27:35', '0000-00-00 00:00:00', 85, 0, '', 'ddfdf', '1'),
(699, 2, 79, 49, 126, 359, '', '2025-07-11 09:34:15', '0000-00-00 00:00:00', 85, 0, '', 'sdasdasd', '1'),
(700, 1, 58, 26, 127, 359, '', '2025-05-05 04:17:26', '0000-00-00 00:00:00', 85, 0, '', 'WTTTWT', '1'),
(701, 4, 46, 20, 127, 359, '', '2025-07-11 09:27:16', '0000-00-00 00:00:00', 85, 0, '', 'dsfsdf', '1'),
(702, 3, 55, 23, 127, 359, '', '2025-07-11 09:27:35', '0000-00-00 00:00:00', 85, 0, '', 'ddfdf', '1'),
(703, 2, 79, 49, 127, 359, '', '2025-07-11 09:34:15', '0000-00-00 00:00:00', 85, 0, '', 'sdasdasd', '1'),
(704, 1, 58, 26, 128, 359, '', '2025-05-05 04:17:26', '0000-00-00 00:00:00', 85, 0, '', 'WTTTWT', '1'),
(705, 4, 46, 20, 128, 359, '', '2025-07-11 09:27:16', '0000-00-00 00:00:00', 85, 0, '', 'dsfsdf', '1'),
(706, 3, 55, 23, 128, 359, '', '2025-07-11 09:27:35', '0000-00-00 00:00:00', 85, 0, '', 'ddfdf', '1'),
(707, 2, 79, 49, 128, 359, '', '2025-07-11 09:34:15', '0000-00-00 00:00:00', 85, 0, '', 'sdasdasd', '1'),
(708, 1, 58, 26, 129, 359, '', '2025-05-05 04:17:26', '0000-00-00 00:00:00', 85, 0, '', 'WTTTWT', '1'),
(709, 4, 46, 20, 129, 359, '', '2025-07-11 09:27:16', '0000-00-00 00:00:00', 85, 0, '', 'dsfsdf', '1'),
(710, 3, 55, 23, 129, 359, '', '2025-07-11 09:27:35', '0000-00-00 00:00:00', 85, 0, '', 'ddfdf', '1'),
(711, 2, 79, 49, 129, 359, '', '2025-07-11 09:34:15', '0000-00-00 00:00:00', 85, 0, '', 'sdasdasd', '1'),
(712, 1, 58, 26, 130, 359, '', '2025-05-05 04:17:26', '0000-00-00 00:00:00', 85, 0, '', 'WTTTWT', '1'),
(713, 4, 46, 20, 130, 359, '', '2025-07-11 09:27:16', '0000-00-00 00:00:00', 85, 0, '', 'dsfsdf', '1'),
(714, 3, 55, 23, 130, 359, '', '2025-07-11 09:27:35', '0000-00-00 00:00:00', 85, 0, '', 'ddfdf', '1'),
(715, 2, 79, 49, 130, 359, '', '2025-07-11 09:34:15', '0000-00-00 00:00:00', 85, 0, '', 'sdasdasd', '1'),
(716, 1, 58, 26, 131, 359, '', '2025-05-05 04:17:26', '0000-00-00 00:00:00', 85, 0, '', 'WTTTWT', '1'),
(717, 4, 46, 20, 131, 359, '', '2025-07-11 09:27:16', '0000-00-00 00:00:00', 85, 0, '', 'dsfsdf', '1'),
(718, 3, 55, 23, 131, 359, '', '2025-07-11 09:27:35', '0000-00-00 00:00:00', 85, 0, '', 'ddfdf', '1'),
(719, 2, 79, 49, 131, 359, '', '2025-07-11 09:34:15', '0000-00-00 00:00:00', 85, 0, '', 'sdasdasd', '1'),
(720, 1, 58, 26, 132, 359, '', '2025-05-05 04:17:26', '0000-00-00 00:00:00', 85, 0, '', 'WTTTWT', '1'),
(721, 4, 46, 20, 132, 359, '', '2025-07-11 09:27:16', '0000-00-00 00:00:00', 85, 0, '', 'dsfsdf', '1'),
(722, 3, 55, 23, 132, 359, '', '2025-07-11 09:27:35', '0000-00-00 00:00:00', 85, 0, '', 'ddfdf', '1'),
(723, 2, 79, 49, 132, 359, '', '2025-07-11 09:34:15', '0000-00-00 00:00:00', 85, 0, '', 'sdasdasd', '1'),
(724, 1, 58, 26, 133, 359, '', '2025-05-05 04:17:26', '0000-00-00 00:00:00', 85, 0, '', 'WTTTWT', '1'),
(725, 4, 46, 20, 133, 359, '', '2025-07-11 09:27:16', '0000-00-00 00:00:00', 85, 0, '', 'dsfsdf', '1'),
(726, 3, 55, 23, 133, 359, '', '2025-07-11 09:27:35', '0000-00-00 00:00:00', 85, 0, '', 'ddfdf', '1'),
(727, 2, 79, 49, 133, 359, '', '2025-07-11 09:34:15', '0000-00-00 00:00:00', 85, 0, '', 'sdasdasd', '1'),
(728, 1, 58, 26, 134, 359, '', '2025-05-05 04:17:26', '0000-00-00 00:00:00', 85, 0, '', 'WTTTWT', '1'),
(729, 4, 46, 20, 134, 359, '', '2025-07-11 09:27:16', '0000-00-00 00:00:00', 85, 0, '', 'dsfsdf', '1'),
(730, 3, 55, 23, 134, 359, '', '2025-07-11 09:27:35', '0000-00-00 00:00:00', 85, 0, '', 'ddfdf', '1'),
(731, 2, 79, 49, 134, 359, '', '2025-07-11 09:34:15', '0000-00-00 00:00:00', 85, 0, '', 'sdasdasd', '1'),
(732, 1, 58, 26, 135, 359, '', '2025-05-05 04:17:26', '0000-00-00 00:00:00', 85, 0, '', 'WTTTWT', '1'),
(733, 4, 46, 20, 135, 359, '', '2025-07-11 09:27:16', '0000-00-00 00:00:00', 85, 0, '', 'dsfsdf', '1'),
(734, 3, 55, 23, 135, 359, '', '2025-07-11 09:27:35', '0000-00-00 00:00:00', 85, 0, '', 'ddfdf', '1'),
(735, 2, 79, 49, 135, 359, '', '2025-07-11 09:34:15', '0000-00-00 00:00:00', 85, 0, '', 'sdasdasd', '1'),
(736, 1, 58, 26, 136, 359, '', '2025-05-05 04:17:26', '0000-00-00 00:00:00', 85, 0, '', 'WTTTWT', '1'),
(737, 4, 46, 20, 136, 359, '', '2025-07-11 09:27:16', '0000-00-00 00:00:00', 85, 0, '', 'dsfsdf', '1'),
(738, 3, 55, 23, 136, 359, '', '2025-07-11 09:27:35', '0000-00-00 00:00:00', 85, 0, '', 'ddfdf', '1'),
(739, 2, 79, 49, 136, 359, '', '2025-07-11 09:34:15', '0000-00-00 00:00:00', 85, 0, '', 'sdasdasd', '1'),
(740, 1, 58, 26, 137, 359, '', '2025-05-05 04:17:26', '0000-00-00 00:00:00', 85, 0, '', 'WTTTWT', '1'),
(741, 4, 46, 20, 137, 359, '', '2025-07-11 09:27:16', '0000-00-00 00:00:00', 85, 0, '', 'dsfsdf', '1'),
(742, 3, 55, 23, 137, 359, '', '2025-07-11 09:27:35', '0000-00-00 00:00:00', 85, 0, '', 'ddfdf', '1'),
(743, 2, 79, 49, 137, 359, '', '2025-07-11 09:34:15', '0000-00-00 00:00:00', 85, 0, '', 'sdasdasd', '1'),
(744, 1, 58, 26, 138, 359, '', '2025-05-05 04:17:26', '0000-00-00 00:00:00', 85, 0, '', 'WTTTWT', '1'),
(745, 4, 46, 20, 138, 359, '', '2025-07-11 09:27:16', '0000-00-00 00:00:00', 85, 0, '', 'dsfsdf', '1'),
(746, 3, 55, 23, 138, 359, '', '2025-07-11 09:27:35', '0000-00-00 00:00:00', 85, 0, '', 'ddfdf', '1'),
(747, 2, 79, 49, 138, 359, '', '2025-07-11 09:34:15', '0000-00-00 00:00:00', 85, 0, '', 'sdasdasd', '1'),
(748, 1, 58, 26, 139, 359, '', '2025-05-05 04:17:26', '0000-00-00 00:00:00', 85, 0, '', 'WTTTWT', '1'),
(749, 4, 46, 20, 139, 359, '', '2025-07-11 09:27:16', '0000-00-00 00:00:00', 85, 0, '', 'dsfsdf', '1'),
(750, 3, 55, 23, 139, 359, '', '2025-07-11 09:27:35', '0000-00-00 00:00:00', 85, 0, '', 'ddfdf', '1'),
(751, 2, 79, 49, 139, 359, '', '2025-07-11 09:34:15', '0000-00-00 00:00:00', 85, 0, '', 'sdasdasd', '1'),
(752, 1, 58, 26, 140, 359, '', '2025-05-05 04:17:26', '0000-00-00 00:00:00', 85, 0, '', 'WTTTWT', '1'),
(753, 4, 46, 20, 140, 359, '', '2025-07-11 09:27:16', '0000-00-00 00:00:00', 85, 0, '', 'dsfsdf', '1'),
(754, 3, 55, 23, 140, 359, '', '2025-07-11 09:27:35', '0000-00-00 00:00:00', 85, 0, '', 'ddfdf', '1'),
(755, 2, 79, 49, 140, 359, '', '2025-07-11 09:34:15', '0000-00-00 00:00:00', 85, 0, '', 'sdasdasd', '1'),
(756, 1, 58, 26, 141, 359, '', '2025-05-05 04:17:26', '0000-00-00 00:00:00', 85, 0, '', 'WTTTWT', '1'),
(757, 4, 46, 20, 141, 359, '', '2025-07-11 09:27:16', '0000-00-00 00:00:00', 85, 0, '', 'dsfsdf', '1'),
(758, 3, 55, 23, 141, 359, '', '2025-07-11 09:27:35', '0000-00-00 00:00:00', 85, 0, '', 'ddfdf', '1'),
(759, 2, 79, 49, 141, 359, '', '2025-07-11 09:34:15', '0000-00-00 00:00:00', 85, 0, '', 'sdasdasd', '1'),
(760, 1, 58, 26, 142, 359, '', '2025-05-05 04:17:26', '0000-00-00 00:00:00', 85, 0, '', 'WTTTWT', '1'),
(761, 4, 46, 20, 142, 359, '', '2025-07-11 09:27:16', '0000-00-00 00:00:00', 85, 0, '', 'dsfsdf', '1'),
(762, 3, 55, 23, 142, 359, '', '2025-07-11 09:27:35', '0000-00-00 00:00:00', 85, 0, '', 'ddfdf', '1'),
(763, 2, 79, 49, 142, 359, '', '2025-07-11 09:34:15', '0000-00-00 00:00:00', 85, 0, '', 'sdasdasd', '1'),
(764, 1, 58, 26, 143, 359, '', '2025-05-05 04:17:26', '0000-00-00 00:00:00', 85, 0, '', 'WTTTWT', '1'),
(765, 4, 46, 20, 143, 359, '', '2025-07-11 09:27:16', '0000-00-00 00:00:00', 85, 0, '', 'dsfsdf', '1'),
(766, 3, 55, 23, 143, 359, '', '2025-07-11 09:27:35', '0000-00-00 00:00:00', 85, 0, '', 'ddfdf', '1'),
(767, 2, 79, 49, 143, 359, '', '2025-07-11 09:34:15', '0000-00-00 00:00:00', 85, 0, '', 'sdasdasd', '1'),
(768, 1, 58, 26, 144, 359, '', '2025-05-05 04:17:26', '0000-00-00 00:00:00', 85, 0, '', 'WTTTWT', '1'),
(769, 4, 46, 20, 144, 359, '', '2025-07-11 09:27:16', '0000-00-00 00:00:00', 85, 0, '', 'dsfsdf', '1'),
(770, 3, 55, 23, 144, 359, '', '2025-07-11 09:27:35', '0000-00-00 00:00:00', 85, 0, '', 'ddfdf', '1'),
(771, 2, 79, 49, 144, 359, '', '2025-07-11 09:34:15', '0000-00-00 00:00:00', 85, 0, '', 'sdasdasd', '1'),
(772, 1, 58, 26, 145, 359, '', '2025-05-05 04:17:26', '0000-00-00 00:00:00', 85, 0, '', 'WTTTWT', '1'),
(773, 4, 46, 20, 145, 359, '', '2025-07-11 09:27:16', '0000-00-00 00:00:00', 85, 0, '', 'dsfsdf', '1'),
(774, 3, 55, 23, 145, 359, '', '2025-07-11 09:27:35', '0000-00-00 00:00:00', 85, 0, '', 'ddfdf', '1'),
(775, 2, 79, 49, 145, 359, '', '2025-07-11 09:34:15', '0000-00-00 00:00:00', 85, 0, '', 'sdasdasd', '1'),
(776, 1, 58, 26, 146, 359, '', '2025-05-05 04:17:26', '0000-00-00 00:00:00', 85, 0, '', 'WTTTWT', '1'),
(777, 4, 46, 20, 146, 359, '', '2025-07-11 09:27:16', '0000-00-00 00:00:00', 85, 0, '', 'dsfsdf', '1'),
(778, 3, 55, 23, 146, 359, '', '2025-07-11 09:27:35', '0000-00-00 00:00:00', 85, 0, '', 'ddfdf', '1'),
(779, 2, 79, 49, 146, 359, '', '2025-07-11 09:34:15', '0000-00-00 00:00:00', 85, 0, '', 'sdasdasd', '1'),
(780, 1, 58, 26, 147, 359, '', '2025-05-05 04:17:26', '0000-00-00 00:00:00', 85, 0, '', 'WTTTWT', '1'),
(781, 4, 46, 20, 147, 359, '', '2025-07-11 09:27:16', '0000-00-00 00:00:00', 85, 0, '', 'dsfsdf', '1'),
(782, 3, 55, 23, 147, 359, '', '2025-07-11 09:27:35', '0000-00-00 00:00:00', 85, 0, '', 'ddfdf', '1'),
(783, 2, 79, 49, 147, 359, '', '2025-07-11 09:34:15', '0000-00-00 00:00:00', 85, 0, '', 'sdasdasd', '1'),
(784, 1, 58, 26, 148, 359, '', '2025-05-05 04:17:26', '0000-00-00 00:00:00', 85, 0, '', 'WTTTWT', '1'),
(785, 4, 46, 20, 148, 359, '', '2025-07-11 09:27:16', '0000-00-00 00:00:00', 85, 0, '', 'dsfsdf', '1'),
(786, 3, 55, 23, 148, 359, '', '2025-07-11 09:27:35', '0000-00-00 00:00:00', 85, 0, '', 'ddfdf', '1'),
(787, 2, 79, 49, 148, 359, '', '2025-07-11 09:34:15', '0000-00-00 00:00:00', 85, 0, '', 'sdasdasd', '1'),
(788, 1, 58, 26, 149, 359, '', '2025-05-05 04:17:26', '0000-00-00 00:00:00', 85, 0, '', 'WTTTWT', '1'),
(789, 4, 46, 20, 149, 359, '', '2025-07-11 09:27:16', '0000-00-00 00:00:00', 85, 0, '', 'dsfsdf', '1'),
(790, 3, 55, 23, 149, 359, '', '2025-07-11 09:27:35', '0000-00-00 00:00:00', 85, 0, '', 'ddfdf', '1'),
(791, 2, 79, 49, 149, 359, '', '2025-07-11 09:34:15', '0000-00-00 00:00:00', 85, 0, '', 'sdasdasd', '1'),
(792, 1, 58, 26, 150, 359, '', '2025-05-05 04:17:26', '0000-00-00 00:00:00', 85, 0, '', 'WTTTWT', '1'),
(793, 4, 46, 20, 150, 359, '', '2025-07-11 09:27:16', '0000-00-00 00:00:00', 85, 0, '', 'dsfsdf', '1'),
(794, 3, 55, 23, 150, 359, '', '2025-07-11 09:27:35', '0000-00-00 00:00:00', 85, 0, '', 'ddfdf', '1'),
(795, 2, 79, 49, 150, 359, '', '2025-07-11 09:34:15', '0000-00-00 00:00:00', 85, 0, '', 'sdasdasd', '1'),
(796, 1, 58, 26, 151, 359, '', '2025-05-05 04:17:26', '0000-00-00 00:00:00', 85, 0, '', 'WTTTWT', '1'),
(797, 4, 46, 20, 151, 359, '', '2025-07-11 09:27:16', '0000-00-00 00:00:00', 85, 0, '', 'dsfsdf', '1'),
(798, 3, 55, 23, 151, 359, '', '2025-07-11 09:27:35', '0000-00-00 00:00:00', 85, 0, '', 'ddfdf', '1'),
(799, 2, 79, 49, 151, 359, '', '2025-07-11 09:34:15', '0000-00-00 00:00:00', 85, 0, '', 'sdasdasd', '1'),
(800, 1, 58, 26, 152, 359, '', '2025-05-05 04:17:26', '0000-00-00 00:00:00', 85, 0, '', 'WTTTWT', '1'),
(801, 4, 46, 20, 152, 359, '', '2025-07-11 09:27:16', '0000-00-00 00:00:00', 85, 0, '', 'dsfsdf', '1'),
(802, 3, 55, 23, 152, 359, '', '2025-07-11 09:27:35', '0000-00-00 00:00:00', 85, 0, '', 'ddfdf', '1'),
(803, 2, 79, 49, 152, 359, '', '2025-07-11 09:34:15', '0000-00-00 00:00:00', 85, 0, '', 'sdasdasd', '1'),
(804, 1, 58, 26, 153, 359, '', '2025-05-05 04:17:26', '0000-00-00 00:00:00', 85, 0, '', 'WTTTWT', '1'),
(805, 4, 46, 20, 153, 359, '', '2025-07-11 09:27:16', '0000-00-00 00:00:00', 85, 0, '', 'dsfsdf', '1'),
(806, 3, 55, 23, 153, 359, '', '2025-07-11 09:27:35', '0000-00-00 00:00:00', 85, 0, '', 'ddfdf', '1'),
(807, 2, 79, 49, 153, 359, '', '2025-07-11 09:34:15', '0000-00-00 00:00:00', 85, 0, '', 'sdasdasd', '1'),
(808, 1, 58, 26, 154, 359, 'Approved', '2026-02-24 07:44:09', '0000-00-00 00:00:00', 85, 0, 'ok', 'WTTTWT', '1'),
(809, 4, 46, 20, 154, 359, 'Approved', '2026-02-24 07:56:06', '0000-00-00 00:00:00', 85, 0, 'Yes', 'dsfsdf', '1'),
(810, 3, 55, 23, 154, 359, 'Approved', '2026-02-24 07:55:25', '0000-00-00 00:00:00', 85, 0, 'ok', 'ddfdf', '1'),
(811, 2, 79, 49, 154, 359, 'Approved', '2026-02-24 07:47:27', '0000-00-00 00:00:00', 85, 0, 'okk', 'sdasdasd', '1');

-- --------------------------------------------------------

--
-- Table structure for table `spa_wo`
--

CREATE TABLE `spa_wo` (
  `id_spa_wo` int(11) NOT NULL,
  `urutan` int(11) NOT NULL,
  `id_user` int(11) DEFAULT NULL,
  `id_employee` int(11) DEFAULT NULL,
  `id_wo` int(11) NOT NULL,
  `id_app` int(11) NOT NULL,
  `status` enum('waiting','Approved','Rejected','Recheck','Recheck!') DEFAULT NULL,
  `tgl` timestamp NOT NULL DEFAULT current_timestamp() ON UPDATE current_timestamp(),
  `date` datetime DEFAULT NULL,
  `id_user_hr` int(11) NOT NULL,
  `kmt` varchar(500) NOT NULL,
  `deskripsi` varchar(50) NOT NULL,
  `fleg` enum('1','2','3','4','5','6','7','8','9','10') CHARACTER SET latin1 COLLATE latin1_swedish_ci NOT NULL
) ENGINE=InnoDB DEFAULT CHARSET=utf8mb4 COLLATE=utf8mb4_general_ci;

--
-- Dumping data for table `spa_wo`
--

INSERT INTO `spa_wo` (`id_spa_wo`, `urutan`, `id_user`, `id_employee`, `id_wo`, `id_app`, `status`, `tgl`, `date`, `id_user_hr`, `kmt`, `deskripsi`, `fleg`) VALUES
(70, 1, 58, 26, 144, 367, '', '2025-11-28 03:21:49', '0000-00-00 00:00:00', 85, '', 'ERYEYYR4', '1'),
(71, 1, 58, 26, 145, 367, '', '2025-11-28 03:21:49', '0000-00-00 00:00:00', 85, '', 'ERYEYYR4', '1'),
(72, 1, 58, 26, 146, 367, '', '2025-11-28 03:21:49', '0000-00-00 00:00:00', 85, '', 'ERYEYYR4', '1'),
(73, 1, 58, 26, 147, 367, '', '2025-11-28 03:21:49', '0000-00-00 00:00:00', 85, '', 'ERYEYYR4', '1'),
(74, 1, 58, 26, 148, 367, '', '2025-11-28 03:21:49', '0000-00-00 00:00:00', 85, '', 'ERYEYYR4', '1'),
(75, 1, 58, 26, 149, 367, '', '2025-11-28 03:21:49', '0000-00-00 00:00:00', 85, '', 'ERYEYYR4', '1'),
(76, 1, 58, 26, 150, 367, '', '2025-11-28 03:21:49', '0000-00-00 00:00:00', 85, '', 'ERYEYYR4', '1'),
(77, 1, 58, 26, 0, 367, '', '2025-11-28 03:21:49', '0000-00-00 00:00:00', 85, '', 'ERYEYYR4', '1'),
(78, 1, 58, 26, 152, 367, '', '2025-11-28 03:21:49', '0000-00-00 00:00:00', 85, '', 'ERYEYYR4', '1'),
(79, 1, 58, 26, 153, 367, '', '2025-11-28 03:21:49', '0000-00-00 00:00:00', 85, '', 'ERYEYYR4', '1'),
(80, 1, 58, 26, 154, 367, 'Approved', '2025-12-04 09:40:16', '0000-00-00 00:00:00', 85, 'ok', 'ERYEYYR4', '1'),
(81, 1, 58, 26, 155, 367, 'Approved', '2025-12-08 07:44:37', '0000-00-00 00:00:00', 85, 'YES RANDY', 'ERYEYYR4', '1'),
(82, 1, 58, 26, 156, 367, '', '2025-11-28 03:21:49', '0000-00-00 00:00:00', 85, '', 'ERYEYYR4', '1'),
(83, 1, 58, 26, 157, 367, '', '2025-11-28 03:21:49', '0000-00-00 00:00:00', 85, '', 'ERYEYYR4', '1'),
(84, 1, 58, 26, 158, 367, 'Approved', '2025-12-09 07:16:09', '0000-00-00 00:00:00', 85, 'ok', 'ERYEYYR4', '1'),
(85, 1, 58, 26, 159, 367, '', '2025-11-28 03:21:49', '0000-00-00 00:00:00', 85, '', 'ERYEYYR4', '1'),
(86, 1, 58, 26, 160, 367, 'Approved', '2025-12-09 08:07:04', '0000-00-00 00:00:00', 85, 'OK', 'ERYEYYR4', '1'),
(87, 1, 58, 26, 161, 367, 'Approved', '2025-12-09 08:10:19', '0000-00-00 00:00:00', 85, 'OK', 'ERYEYYR4', '1'),
(88, 1, 58, 26, 162, 367, 'Approved', '2025-12-09 08:20:29', '0000-00-00 00:00:00', 85, 'ok', 'ERYEYYR4', '1'),
(89, 1, 58, 26, 163, 367, 'Approved', '2025-12-09 08:42:39', '0000-00-00 00:00:00', 85, 'okkk', 'ERYEYYR4', '1'),
(90, 1, 58, 26, 164, 367, 'Approved', '2025-12-09 08:56:40', '0000-00-00 00:00:00', 85, 'ok', 'ERYEYYR4', '1'),
(91, 1, 58, 26, 165, 367, 'Approved', '2025-12-09 09:08:44', '0000-00-00 00:00:00', 85, 'ok', 'ERYEYYR4', '1'),
(92, 1, 58, 26, 166, 367, 'Approved', '2025-12-09 09:11:26', '0000-00-00 00:00:00', 85, 'ok', 'ERYEYYR4', '1'),
(93, 1, 58, 26, 167, 367, 'Approved', '2025-12-10 02:44:15', '0000-00-00 00:00:00', 85, 'Yes', 'ERYEYYR4', '1'),
(94, 1, 58, 26, 168, 367, 'Approved', '2025-12-10 03:00:43', '0000-00-00 00:00:00', 85, 'ok', 'ERYEYYR4', '1'),
(95, 1, 58, 26, 169, 367, 'Approved', '2025-12-10 03:05:43', '0000-00-00 00:00:00', 85, 'ok', 'ERYEYYR4', '1'),
(96, 1, 58, 26, 170, 367, 'Approved', '2025-12-10 03:38:24', '0000-00-00 00:00:00', 85, 'ok', 'ERYEYYR4', '1'),
(97, 1, 58, 26, 171, 367, 'Approved', '2025-12-10 06:52:54', '0000-00-00 00:00:00', 85, 'ok', 'ERYEYYR4', '1'),
(98, 1, 58, 26, 172, 367, 'Approved', '2025-12-10 07:00:00', '0000-00-00 00:00:00', 85, 'ok', 'ERYEYYR4', '1'),
(99, 1, 58, 26, 173, 367, 'Approved', '2025-12-10 09:05:13', '0000-00-00 00:00:00', 85, 'ok', 'ERYEYYR4', '1'),
(100, 1, 58, 26, 174, 367, 'Approved', '2025-12-10 09:12:03', '0000-00-00 00:00:00', 85, 'ok', 'ERYEYYR4', '1'),
(101, 1, 58, 26, 175, 367, 'Approved', '2025-12-10 09:21:48', '0000-00-00 00:00:00', 85, 'ok', 'ERYEYYR4', '1'),
(102, 1, 58, 26, 176, 367, 'Approved', '2025-12-10 09:40:58', '0000-00-00 00:00:00', 85, 'ok', 'ERYEYYR4', '1'),
(103, 1, 58, 26, 177, 367, 'Approved', '2025-12-10 09:46:32', '0000-00-00 00:00:00', 85, 'ok', 'ERYEYYR4', '1'),
(104, 1, 58, 26, 178, 367, 'Approved', '2025-12-10 09:48:41', '0000-00-00 00:00:00', 85, 'ok', 'ERYEYYR4', '1'),
(105, 1, 58, 26, 179, 367, 'Approved', '2025-12-10 09:51:10', '0000-00-00 00:00:00', 85, 'ok', 'ERYEYYR4', '1'),
(106, 1, 58, 26, 180, 367, 'Approved', '2025-12-10 09:52:43', '0000-00-00 00:00:00', 85, 'fv', 'ERYEYYR4', '1'),
(107, 1, 58, 26, 181, 367, 'Approved', '2025-12-10 09:53:38', '0000-00-00 00:00:00', 85, 'xc', 'ERYEYYR4', '1'),
(108, 1, 58, 26, 182, 367, 'Approved', '2025-12-10 09:55:33', '0000-00-00 00:00:00', 85, 'ok', 'ERYEYYR4', '1'),
(109, 1, 58, 26, 183, 367, 'Approved', '2025-12-11 02:40:25', '0000-00-00 00:00:00', 85, 'yes', 'ERYEYYR4', '1'),
(110, 1, 58, 26, 184, 367, 'Approved', '2025-12-11 03:03:23', '0000-00-00 00:00:00', 85, 'okk', 'ERYEYYR4', '1'),
(111, 1, 58, 26, 185, 367, 'Approved', '2025-12-11 03:18:59', '0000-00-00 00:00:00', 85, 'yeah', 'ERYEYYR4', '1'),
(112, 1, 58, 26, 186, 367, 'Approved', '2025-12-11 03:20:16', '0000-00-00 00:00:00', 85, 'ok', 'ERYEYYR4', '1'),
(113, 1, 58, 26, 187, 367, 'Approved', '2025-12-11 03:30:08', '0000-00-00 00:00:00', 85, 'ok', 'ERYEYYR4', '1'),
(114, 1, 58, 26, 188, 367, 'Approved', '2025-12-11 03:37:53', '0000-00-00 00:00:00', 85, 'ok', 'ERYEYYR4', '1'),
(115, 1, 58, 26, 189, 367, 'Approved', '2025-12-11 03:44:55', '0000-00-00 00:00:00', 85, 'ok', 'ERYEYYR4', '1'),
(116, 1, 58, 26, 190, 367, 'Approved', '2025-12-11 03:52:50', '0000-00-00 00:00:00', 85, 'ok', 'ERYEYYR4', '1'),
(117, 1, 58, 26, 191, 367, 'Approved', '2025-12-11 04:01:53', '0000-00-00 00:00:00', 85, 'ok', 'ERYEYYR4', '1'),
(118, 1, 58, 26, 192, 367, 'Approved', '2025-12-11 07:42:47', '0000-00-00 00:00:00', 85, 'ok', 'ERYEYYR4', '1'),
(119, 1, 58, 26, 193, 367, 'Approved', '2025-12-11 09:13:58', '0000-00-00 00:00:00', 85, 'ok', 'ERYEYYR4', '1'),
(120, 1, 58, 26, 194, 367, 'Approved', '2025-12-12 09:21:04', '0000-00-00 00:00:00', 85, 'yes', 'ERYEYYR4', '1'),
(121, 1, 58, 26, 195, 367, '', '2025-11-28 03:21:49', '0000-00-00 00:00:00', 85, '', 'ERYEYYR4', '1'),
(122, 1, 58, 26, 196, 367, '', '2025-11-28 03:21:49', '0000-00-00 00:00:00', 85, '', 'ERYEYYR4', '1'),
(123, 1, 58, 26, 197, 367, '', '2025-11-28 03:21:49', '0000-00-00 00:00:00', 85, '', 'ERYEYYR4', '1'),
(124, 1, 58, 26, 198, 367, '', '2025-11-28 03:21:49', '0000-00-00 00:00:00', 85, '', 'ERYEYYR4', '1'),
(125, 1, 58, 26, 199, 367, '', '2025-11-28 03:21:49', '0000-00-00 00:00:00', 85, '', 'ERYEYYR4', '1'),
(126, 1, 58, 26, 200, 367, '', '2025-11-28 03:21:49', '0000-00-00 00:00:00', 85, '', 'ERYEYYR4', '1'),
(127, 1, 58, 26, 201, 367, '', '2025-11-28 03:21:49', '0000-00-00 00:00:00', 85, '', 'ERYEYYR4', '1'),
(128, 1, 58, 26, 202, 367, '', '2025-11-28 03:21:49', '0000-00-00 00:00:00', 85, '', 'ERYEYYR4', '1'),
(129, 1, 58, 26, 203, 367, '', '2025-11-28 03:21:49', '0000-00-00 00:00:00', 85, '', 'ERYEYYR4', '1'),
(130, 1, 58, 26, 204, 367, '', '2025-11-28 03:21:49', '0000-00-00 00:00:00', 85, '', 'ERYEYYR4', '1'),
(131, 1, 58, 26, 205, 367, '', '2025-11-28 03:21:49', '0000-00-00 00:00:00', 85, '', 'ERYEYYR4', '1'),
(132, 1, 58, 26, 206, 367, '', '2025-11-28 03:21:49', '0000-00-00 00:00:00', 85, '', 'ERYEYYR4', '1'),
(133, 1, 58, 26, 207, 367, '', '2025-11-28 03:21:49', '0000-00-00 00:00:00', 85, '', 'ERYEYYR4', '1'),
(134, 1, 58, 26, 208, 367, '', '2025-11-28 03:21:49', '0000-00-00 00:00:00', 85, '', 'ERYEYYR4', '1'),
(135, 1, 58, 26, 209, 367, '', '2025-11-28 03:21:49', '0000-00-00 00:00:00', 85, '', 'ERYEYYR4', '1'),
(136, 1, 58, 26, 210, 367, '', '2025-11-28 03:21:49', '0000-00-00 00:00:00', 85, '', 'ERYEYYR4', '1'),
(137, 1, 58, 26, 211, 367, '', '2025-11-28 03:21:49', '0000-00-00 00:00:00', 85, '', 'ERYEYYR4', '1'),
(138, 1, 58, 26, 212, 367, '', '2025-11-28 03:21:49', '0000-00-00 00:00:00', 85, '', 'ERYEYYR4', '1'),
(139, 1, 58, 26, 213, 367, '', '2025-11-28 03:21:49', '0000-00-00 00:00:00', 85, '', 'ERYEYYR4', '1'),
(140, 1, 58, 26, 214, 367, '', '2025-11-28 03:21:49', '0000-00-00 00:00:00', 85, '', 'ERYEYYR4', '1'),
(141, 1, 58, 26, 215, 367, '', '2025-11-28 03:21:49', '0000-00-00 00:00:00', 85, '', 'ERYEYYR4', '1'),
(142, 1, 58, 26, 216, 367, '', '2025-11-28 03:21:49', '0000-00-00 00:00:00', 85, '', 'ERYEYYR4', '1'),
(143, 1, 58, 26, 221, 367, '', '2025-11-28 03:21:49', '0000-00-00 00:00:00', 85, '', 'ERYEYYR4', '1'),
(144, 1, 58, 26, 223, 367, '', '2025-11-28 03:21:49', '0000-00-00 00:00:00', 85, '', 'ERYEYYR4', '1'),
(145, 1, 58, 26, 225, 367, '', '2025-11-28 03:21:49', '0000-00-00 00:00:00', 85, '', 'ERYEYYR4', '1'),
(146, 1, 58, 26, 237, 367, '', '2025-11-28 03:21:49', '0000-00-00 00:00:00', 85, '', 'ERYEYYR4', '1'),
(147, 1, 58, 26, 239, 367, '', '2025-11-28 03:21:49', '0000-00-00 00:00:00', 85, '', 'ERYEYYR4', '1'),
(148, 1, 58, 26, 241, 367, '', '2025-11-28 03:21:49', '0000-00-00 00:00:00', 85, '', 'ERYEYYR4', '1'),
(149, 1, 58, 26, 243, 367, '', '2025-11-28 03:21:49', '0000-00-00 00:00:00', 85, '', 'ERYEYYR4', '1'),
(150, 1, 58, 26, 244, 367, '', '2025-11-28 03:21:49', '0000-00-00 00:00:00', 85, '', 'ERYEYYR4', '1'),
(151, 1, 58, 26, 245, 367, '', '2025-11-28 03:21:49', '0000-00-00 00:00:00', 85, '', 'ERYEYYR4', '1'),
(152, 1, 58, 26, 246, 367, '', '2025-11-28 03:21:49', '0000-00-00 00:00:00', 85, '', 'ERYEYYR4', '1'),
(153, 1, 58, 26, 247, 367, '', '2025-11-28 03:21:49', '0000-00-00 00:00:00', 85, '', 'ERYEYYR4', '1'),
(154, 1, 58, 26, 248, 367, '', '2025-11-28 03:21:49', '0000-00-00 00:00:00', 85, '', 'ERYEYYR4', '1'),
(155, 1, 58, 26, 249, 367, '', '2025-11-28 03:21:49', '0000-00-00 00:00:00', 85, '', 'ERYEYYR4', '1'),
(156, 1, 58, 26, 250, 367, '', '2025-11-28 03:21:49', '0000-00-00 00:00:00', 85, '', 'ERYEYYR4', '1'),
(157, 1, 58, 26, 251, 367, '', '2025-11-28 03:21:49', '0000-00-00 00:00:00', 85, '', 'ERYEYYR4', '1'),
(158, 1, 58, 26, 252, 367, '', '2025-11-28 03:21:49', '0000-00-00 00:00:00', 85, '', 'ERYEYYR4', '1'),
(159, 1, 58, 26, 253, 367, '', '2025-11-28 03:21:49', '0000-00-00 00:00:00', 85, '', 'ERYEYYR4', '1'),
(160, 1, 58, 26, 254, 367, '', '2025-11-28 03:21:49', '0000-00-00 00:00:00', 85, '', 'ERYEYYR4', '1'),
(161, 1, 58, 26, 255, 367, '', '2025-11-28 03:21:49', '0000-00-00 00:00:00', 85, '', 'ERYEYYR4', '1'),
(162, 1, 58, 26, 256, 367, '', '2025-11-28 03:21:49', '0000-00-00 00:00:00', 85, '', 'ERYEYYR4', '1'),
(163, 1, 58, 26, 257, 367, '', '2025-11-28 03:21:49', '0000-00-00 00:00:00', 85, '', 'ERYEYYR4', '1'),
(164, 1, 58, 26, 258, 367, '', '2025-11-28 03:21:49', '0000-00-00 00:00:00', 85, '', 'ERYEYYR4', '1'),
(165, 1, 58, 26, 259, 367, '', '2025-11-28 03:21:49', '0000-00-00 00:00:00', 85, '', 'ERYEYYR4', '1'),
(166, 1, 58, 26, 260, 367, '', '2025-11-28 03:21:49', '0000-00-00 00:00:00', 85, '', 'ERYEYYR4', '1'),
(167, 1, 58, 26, 261, 367, '', '2025-11-28 03:21:49', '0000-00-00 00:00:00', 85, '', 'ERYEYYR4', '1'),
(168, 1, 58, 26, 262, 367, '', '2025-11-28 03:21:49', '0000-00-00 00:00:00', 85, '', 'ERYEYYR4', '1'),
(169, 1, 58, 26, 263, 367, '', '2025-11-28 03:21:49', '0000-00-00 00:00:00', 85, '', 'ERYEYYR4', '1'),
(170, 1, 58, 26, 264, 367, '', '2025-11-28 03:21:49', '0000-00-00 00:00:00', 85, '', 'ERYEYYR4', '1'),
(171, 1, 58, 26, 265, 367, '', '2025-11-28 03:21:49', '0000-00-00 00:00:00', 85, '', 'ERYEYYR4', '1'),
(172, 1, 58, 26, 266, 367, '', '2025-11-28 03:21:49', '0000-00-00 00:00:00', 85, '', 'ERYEYYR4', '1'),
(173, 1, 58, 26, 267, 367, '', '2025-11-28 03:21:49', '0000-00-00 00:00:00', 85, '', 'ERYEYYR4', '1'),
(174, 1, 58, 26, 268, 367, '', '2025-11-28 03:21:49', '0000-00-00 00:00:00', 85, '', 'ERYEYYR4', '1'),
(175, 1, 58, 26, 269, 367, '', '2025-11-28 03:21:49', '0000-00-00 00:00:00', 85, '', 'ERYEYYR4', '1'),
(176, 1, 58, 26, 270, 367, '', '2025-11-28 03:21:49', '0000-00-00 00:00:00', 85, '', 'ERYEYYR4', '1'),
(177, 1, 58, 26, 271, 367, '', '2025-11-28 03:21:49', '0000-00-00 00:00:00', 85, '', 'ERYEYYR4', '1'),
(178, 1, 58, 26, 272, 367, '', '2025-11-28 03:21:49', '0000-00-00 00:00:00', 85, '', 'ERYEYYR4', '1'),
(179, 1, 58, 26, 273, 367, 'Approved', '2025-12-18 02:34:24', '0000-00-00 00:00:00', 85, 'ok', 'ERYEYYR4', '1'),
(180, 1, 58, 26, 274, 367, 'Approved', '2025-12-18 02:31:05', '0000-00-00 00:00:00', 85, 'ok', 'ERYEYYR4', '1'),
(181, 1, 58, 26, 275, 367, 'Approved', '2025-12-18 02:22:44', '0000-00-00 00:00:00', 85, 'ok', 'ERYEYYR4', '1'),
(182, 1, 58, 26, 276, 367, 'Approved', '2025-12-18 02:35:17', '0000-00-00 00:00:00', 85, 'ok', 'ERYEYYR4', '1'),
(183, 1, 58, 26, 277, 367, '', '2025-11-28 03:21:49', '0000-00-00 00:00:00', 85, '', 'ERYEYYR4', '1'),
(184, 1, 58, 26, 278, 367, '', '2025-11-28 03:21:49', '0000-00-00 00:00:00', 85, '', 'ERYEYYR4', '1'),
(185, 1, 58, 26, 279, 367, '', '2025-11-28 03:21:49', '0000-00-00 00:00:00', 85, '', 'ERYEYYR4', '1'),
(186, 1, 58, 26, 280, 367, '', '2025-11-28 03:21:49', '0000-00-00 00:00:00', 85, '', 'ERYEYYR4', '1'),
(187, 1, 58, 26, 281, 367, '', '2025-11-28 03:21:49', '0000-00-00 00:00:00', 85, '', 'ERYEYYR4', '1'),
(188, 1, 58, 26, 282, 367, '', '2025-11-28 03:21:49', '0000-00-00 00:00:00', 85, '', 'ERYEYYR4', '1'),
(189, 1, 58, 26, 283, 367, '', '2025-11-28 03:21:49', '0000-00-00 00:00:00', 85, '', 'ERYEYYR4', '1'),
(190, 1, 58, 26, 284, 367, '', '2025-11-28 03:21:49', '0000-00-00 00:00:00', 85, '', 'ERYEYYR4', '1'),
(191, 1, 58, 26, 285, 367, 'Approved', '2026-01-14 07:45:56', '0000-00-00 00:00:00', 85, 'OK', 'ERYEYYR4', '1'),
(192, 1, 58, 26, 293, 367, '', '2025-11-28 03:21:49', '0000-00-00 00:00:00', 85, '', 'ERYEYYR4', '1'),
(193, 1, 58, 26, 294, 367, '', '2025-11-28 03:21:49', '0000-00-00 00:00:00', 85, '', 'ERYEYYR4', '1'),
(194, 1, 58, 26, 297, 367, '', '2025-11-28 03:21:49', '0000-00-00 00:00:00', 85, '', 'ERYEYYR4', '1'),
(195, 1, 58, 26, 299, 367, '', '2025-11-28 03:21:49', '0000-00-00 00:00:00', 85, '', 'ERYEYYR4', '1'),
(196, 1, 58, 26, 301, 367, '', '2025-11-28 03:21:49', '0000-00-00 00:00:00', 85, '', 'ERYEYYR4', '1'),
(197, 1, 58, 26, 303, 367, '', '2025-11-28 03:21:49', '0000-00-00 00:00:00', 85, '', 'ERYEYYR4', '1'),
(198, 1, 58, 26, 305, 367, '', '2025-11-28 03:21:49', '0000-00-00 00:00:00', 85, '', 'ERYEYYR4', '1'),
(199, 1, 58, 26, 306, 367, '', '2025-11-28 03:21:49', '0000-00-00 00:00:00', 85, '', 'ERYEYYR4', '1'),
(200, 1, 58, 26, 307, 367, '', '2025-11-28 03:21:49', '0000-00-00 00:00:00', 85, '', 'ERYEYYR4', '1'),
(201, 1, 58, 26, 308, 367, '', '2025-11-28 03:21:49', '0000-00-00 00:00:00', 85, '', 'ERYEYYR4', '1'),
(202, 1, 58, 26, 309, 367, '', '2025-11-28 03:21:49', '0000-00-00 00:00:00', 85, '', 'ERYEYYR4', '1'),
(203, 1, 58, 26, 311, 367, '', '2025-11-28 03:21:49', '0000-00-00 00:00:00', 85, '', 'ERYEYYR4', '1'),
(204, 1, 58, 26, 312, 367, '', '2025-11-28 03:21:49', '0000-00-00 00:00:00', 85, '', 'ERYEYYR4', '1'),
(205, 1, 58, 26, 313, 367, '', '2025-11-28 03:21:49', '0000-00-00 00:00:00', 85, '', 'ERYEYYR4', '1'),
(206, 1, 58, 26, 314, 367, '', '2025-11-28 03:21:49', '0000-00-00 00:00:00', 85, '', 'ERYEYYR4', '1'),
(207, 1, 58, 26, 315, 367, 'Approved', '2026-02-25 07:44:05', '0000-00-00 00:00:00', 85, 'YES', 'ERYEYYR4', '1');

-- --------------------------------------------------------

--
-- Table structure for table `spa_wr`
--

CREATE TABLE `spa_wr` (
  `id_spa_wr` int(11) NOT NULL,
  `urutan` int(11) NOT NULL,
  `id_user` int(11) DEFAULT NULL,
  `id_employee` int(11) DEFAULT NULL,
  `id_wr` int(11) NOT NULL,
  `id_app` int(11) NOT NULL,
  `status` enum('waiting','Approved','Rejected','Recheck','Recheck!') DEFAULT NULL,
  `tgl` timestamp NOT NULL DEFAULT current_timestamp() ON UPDATE current_timestamp(),
  `date` datetime DEFAULT NULL,
  `id_user_hr` int(11) NOT NULL,
  `kmt` varchar(500) NOT NULL,
  `deskripsi` varchar(50) NOT NULL,
  `fleg` enum('1','2','3','4','5','6','7','8','9','10') CHARACTER SET latin1 COLLATE latin1_swedish_ci NOT NULL
) ENGINE=InnoDB DEFAULT CHARSET=utf8mb4 COLLATE=utf8mb4_general_ci;

--
-- Dumping data for table `spa_wr`
--

INSERT INTO `spa_wr` (`id_spa_wr`, `urutan`, `id_user`, `id_employee`, `id_wr`, `id_app`, `status`, `tgl`, `date`, `id_user_hr`, `kmt`, `deskripsi`, `fleg`) VALUES
(1, 1, 56, 24, 6, 371, '', '2026-01-15 02:40:26', '0000-00-00 00:00:00', 49, '', 'rgehett', '1'),
(2, 1, 56, 24, 7, 371, '', '2026-01-15 02:40:26', '0000-00-00 00:00:00', 49, '', 'rgehett', '1'),
(3, 1, 56, 24, 8, 371, 'Approved', '2026-01-19 01:58:08', '0000-00-00 00:00:00', 49, 'ok', 'rgehett', '1'),
(4, 1, 56, 24, 9, 371, 'Approved', '2026-01-15 09:53:06', '0000-00-00 00:00:00', 49, 'ok', 'rgehett', '1'),
(5, 1, 56, 24, 10, 371, 'Approved', '2026-01-15 09:52:40', '0000-00-00 00:00:00', 49, 'ok', 'rgehett', '2'),
(6, 1, 56, 24, 11, 371, 'Approved', '2026-01-15 09:50:46', '0000-00-00 00:00:00', 49, 'ok', 'rgehett', '2'),
(7, 1, 56, 24, 12, 371, 'Approved', '2026-01-19 02:24:53', '0000-00-00 00:00:00', 49, 'ok', 'rgehett', '1'),
(8, 1, 56, 24, 13, 371, 'Approved', '2026-01-19 09:48:22', '0000-00-00 00:00:00', 49, 'ok', 'rgehett', '1');

-- --------------------------------------------------------

--
-- Table structure for table `special_cuti`
--

CREATE TABLE `special_cuti` (
  `id_special_cuti` int(11) NOT NULL,
  `id_type_leave` int(11) NOT NULL,
  `nama_special_cuti` varchar(100) NOT NULL,
  `saldo_cuti` varchar(20) NOT NULL,
  `description` varchar(50) NOT NULL
) ENGINE=InnoDB DEFAULT CHARSET=utf8mb4 COLLATE=utf8mb4_general_ci;

--
-- Dumping data for table `special_cuti`
--

INSERT INTO `special_cuti` (`id_special_cuti`, `id_type_leave`, `nama_special_cuti`, `saldo_cuti`, `description`) VALUES
(3, 3, 'MEMBAPTISKAN ANAK', '2', '005'),
(6, 3, 'MENIKAH', '3', '002'),
(7, 3, 'MENIKAHKAN ANAK', '2', '003'),
(8, 3, 'MENGHITANKAN ANAK', '2', '004'),
(10, 3, ' ISTRI MELAHIRKAN ', '2', '006'),
(11, 3, 'SUAMI / ISTRI MENINGGAL', '2', '007'),
(12, 3, 'ANGGOTA KELUARGA SERUMAH MENINGGAL DUNIA', '1', '008'),
(15, 3, 'AKIBAT KEGUGURAN', '45', '011'),
(16, 3, 'MELAHIRKAN', '90', '012'),
(17, 3, 'ORANG TUA / MERTUA MENINGGAL', '2', '013'),
(18, 3, 'ANAK / MENANTU MENINGGAL', '2', '014'),
(19, 3, 'KEGUGURAN KANDUNGAN', '2', '015');

-- --------------------------------------------------------

--
-- Table structure for table `spp`
--

CREATE TABLE `spp` (
  `id_spp` int(11) NOT NULL,
  `id_tg` int(11) NOT NULL,
  `tgl` timestamp NOT NULL DEFAULT current_timestamp(),
  `id_user` int(11) NOT NULL,
  `id_tt` int(11) NOT NULL,
  `id_jenis_pengajuan` int(11) NOT NULL,
  `id_devisi` int(11) NOT NULL,
  `id_departement` int(11) NOT NULL,
  `id_app` int(11) NOT NULL,
  `id_currency` int(11) NOT NULL,
  `sub` varchar(1000) NOT NULL,
  `deskripsi` text NOT NULL,
  `status` enum('Draft','waiting','approved','rejected','recheck') NOT NULL,
  `date` datetime DEFAULT NULL,
  `fleg` varchar(100) NOT NULL,
  `id_uniq` varchar(10) NOT NULL
) ENGINE=InnoDB DEFAULT CHARSET=utf8mb4 COLLATE=utf8mb4_general_ci;

--
-- Dumping data for table `spp`
--

INSERT INTO `spp` (`id_spp`, `id_tg`, `tgl`, `id_user`, `id_tt`, `id_jenis_pengajuan`, `id_devisi`, `id_departement`, `id_app`, `id_currency`, `sub`, `deskripsi`, `status`, `date`, `fleg`, `id_uniq`) VALUES
(316, 5, '2024-10-28 01:35:36', 60, 7, 3, 35, 14, 127, 1, 'PEMBELIAN TOOLS SERVICE', 'PEMBELIAN TOOLS SERVICE UNTUK KEBUTUHAN MEKANIK, TOOLS AKAN DIBAWA OLEH MEKANIK KE PROJECT SITE MANGOLI, PEMBELIAN MELALUI TOKOPEDIA, HARGA BELUM TERMASUK ONGKIR DAN TIDAK ADA PPN', 'approved', '2024-10-21 10:04:00', '', '0001'),
(317, 5, '2024-10-22 01:54:15', 59, 8, 3, 33, 1, 118, 1, 'Pembelian 1 x Wheel Loader Hyundai HL635', 'Customer : Damwoo\\r\\nuntuk penjulan kembali ke PT Damwoo\\r\\npayment customer CBD\\r\\nSales by : Nitha', 'rejected', '2024-10-22 08:45:00', '', '0002'),
(318, 5, '2024-10-28 01:34:17', 54, 6, 3, 36, 6, 132, 1, 'BIAYA PEMBAYARAN MANAGEMENT FEE PERJANJIAN KERJASAMA PENYEDIAAN HELPER MECHANIC @2 ORANG', 'PERJANJIAN KERJASAMA PENYEDIAAN HELPER MECHANIC PT.APTI ADHI ANANTA DENGAN PT. TRANS PUTRA PRATAMA TERHITUNG MULAI TANGGAL 21 OKTOBER BERLAKU SELAMA 6 BULAN  DENGAN PERGANTIAN MECHANIC SELAMA 14 HR AN. PERRI SETIYAWAN DAN CHELSEA ADITYA PRANANDA \\r\\nTRANSFER KE REKENING : PT. TRANS PUTRA PRATAMA\\r\\nBANK : BCA\\r\\nACCOUNT NO : 8980724191', 'approved', '2024-10-23 14:02:00', '', '0003'),
(321, 5, '2024-11-01 04:58:11', 59, 8, 3, 33, 1, 118, 1, 'Pembelian 4 x Genset 180KVA - Adhipatama (Sunward)', 'Pembelian 4 x Genset 180 KVA untuk unit Sunward Adhipatama\\\\r\\\\nPenjualan unit Sunward 160ZYJ ke Adhipatama membutuhan genset sebagai powernya.\\\\r\\\\nHarga sudah dinegosiasikan dari sebelumnya 230 juta menjadi 225 juta.\\\\r\\\\nTOP 45 Hari sejak BAST\\\\r\\\\n\\\\r\\\\nGenset ini akan dipaketkan kedalam penjualan unit sunward', 'approved', '2024-10-30 10:30:00', '', '0006'),
(322, 5, '2024-11-01 04:55:42', 59, 8, 3, 33, 1, 118, 1, '[STOCK] WSO 3 x HX210HD ', 'Pembelian 3 x HX210HD ke HCMI untuk stock Tripla.\\r\\nTOP dari HCMI DP 10% - Balance Payment 90% 6 bulan setelah delivery', 'approved', '2024-10-31 08:24:00', '', '0007'),
(323, 5, '2024-11-13 05:30:32', 60, 7, 3, 35, 14, 127, 1, 'PEMBELIAN TOOLS SERVICE ', 'PEMBELIAN TOOLS SERVICE UNTUK KEBUTUHAN MEKANIK, PENGGANTI KELENGKAPAN TOOLS YANG TELAH DIBAWA OLEH MEKANIK KE PROJECT SITE MANGOLI, PEMBELIAN MELALUI TOKOPEDIA, HARGA DAPAT BERUBAH SEWAKTU-WAKTU, BELUM TERMASUK ONGKIR DAN TIDAK ADA PPN\\r\\n\\r\\n', 'approved', '2024-11-08 10:25:00', '', '0008'),
(325, 5, '2024-11-13 07:29:15', 58, 8, 3, 37, 5, 106, 1, 'TESTING', 'SAYA MAU COBA TESTING\r\nSEMOGA SESUAI', 'rejected', '2024-11-13 14:27:00', '', '0010'),
(326, 5, '2024-11-13 07:50:23', 58, 8, 3, 37, 5, 106, 1, 'TESTING APPROVAL', 'TESTING APPROVAL\r\nTESTING APPROVAL\r\nTESTING APPROVAL', 'rejected', '2024-11-13 14:49:00', '', '0011'),
(327, 5, '2024-11-15 01:26:32', 58, 7, 3, 37, 10, 109, 1, 'Wifi Router untuk cover rumang meeting Synergy office', 'Wifi Router untuk extender di kantor Synergy, karenakan menggunakan router aslinya kurang stabil apabila digunakan di ruang meeting', 'approved', '2024-11-15 08:20:00', '', '0012'),
(328, 5, '2024-12-02 06:55:40', 58, 7, 3, 37, 5, 108, 1, 'Notebook untuk IT Developer - Randy Saluman', 'Notebook untuk Sdr. Randy IT Staff Developer agar lebih maksimal dalam fungsi developer. Untuk komputer yg saat ini digunakan akan dikembalikan ke Yard untuk kebutuhan admin Service dan HRGA.\\r\\nNotebook ini diajukan untuk membantu kebutuhan operasional dan dateline yg lebih maksimal.\\r\\n', 'approved', '2024-12-02 13:44:00', '', '0013'),
(329, 5, '2024-12-10 04:44:03', 59, 8, 3, 33, 1, 118, 1, 'Biaya Transportasi dan Akomodasi Komisioning Sunward', 'Biaya transport dan akomodasi mekanik sunward untuk komisioning di site Lamongan. Penjualan ke Adipatama. Pembelian ke Sunward tidak termasuk dengan transport dan akomodasi ke site untuk komisioning.', 'approved', '2024-12-10 11:40:00', '', '0014'),
(330, 5, '2024-12-23 02:26:28', 66, 7, 3, 40, 18, 0, 1, 'dgdgd', 'ggdgdgg', 'Draft', '2024-12-23 09:26:00', '', '0015'),
(331, 5, '2024-12-23 07:18:10', 59, 8, 3, 33, 1, 118, 1, 'Biaya Mobilisasi 3 x HX210HD (stock)', 'Biaya mobilisasi 3 unit HX210 dari yard Hyundai _Nagrak ke kantor Tripla Kelapa Gading', 'approved', '2024-12-23 14:15:00', '', '0016'),
(332, 5, '2024-12-30 10:18:13', 59, 8, 3, 33, 1, 118, 1, '[STOCK] WSO 5 x HX210HD ', 'Pembelian (stock) excavator Hyundai HX210HD sebanyak 5 unit', 'approved', '2024-12-30 16:54:00', '', '0017'),
(333, 5, '2025-01-08 02:56:12', 57, 7, 3, 36, 9, 281, 1, 'PEMBELIAN TV UNTUK RUANG MEETING YARD PEGANGSAAN ', 'Pembelian TV LG 50 Inch untuk ruang meeting Yard Pegangsaan. Harga yang tertera adalah harga estimasi pembelian di Tokopedia (tanpa diskon dan ongkir).', 'waiting', '2025-01-08 09:41:00', '', '0018'),
(334, 5, '2025-01-09 04:11:24', 57, 6, 3, 36, 9, 283, 1, 'PEMBELIAN SARUNG JOK B 1808 VOS - USER BUDI PERMANA', 'Pembelian sarung jok mobil B 1808 VOS - User Budi Permana. Harga yang tertera merupakan harga estimasi pembelian di Tokopedia, termasuk pemasangan Rp 100.000,- (tanpa diskon dan ongkir). ', 'waiting', '2025-01-09 10:59:00', '', '0019'),
(335, 5, '2025-01-09 08:14:07', 57, 7, 3, 36, 9, 281, 1, 'PEMBELIAN LAPTOP USER ADMIN BALIKPAPAN & MECHANIC SUPPORT/SPV ', 'Pembelian laptop Lenovo V15 i3-1215U 8GB 512GB untuk user Admin Balikpapan & Lenovo V14 i5-13420H 8GB 512GB upgrade to 16GB untuk user Mechanic/ Mechanic SPV Balikpapan (support kebutuhan komputerisasi Magni). Harga yang tertera adalah estimasi pembelian di Tokopedia (exclude diskon dan ongkir). ', 'waiting', '2025-01-09 14:45:00', '', '0020'),
(336, 5, '2025-01-10 03:27:13', 59, 8, 3, 33, 1, 118, 1, 'Biaya Transportasi dan Akomodasi Komisioning Sunward unit ke-2 (ZYJ160BS00117)', 'Biaya transport dan akomodasi mekanik sunward untuk komisioning di site Lamongan. Penjualan ke Adipatama. Pembelian ke Sunward tidak termasuk dengan transport dan akomodasi ke site untuk komisioning.\\\\r\\\\nUntuk unit ke -2 (ZYJ160BS00117)\\\\r\\\\nKeberangkatan bersamaan dengan mekanik TRIPLA', 'waiting', '2025-01-10 10:22:00', '', '0021'),
(337, 5, '2025-02-25 04:36:58', 49, 7, 3, 37, 5, 264, 1, 'sadsdasd', 'asdasdasd', 'waiting', '2025-02-25 04:36:00', '', '0022'),
(338, 5, '2025-03-18 03:10:39', 70, 7, 3, 37, 5, 264, 1, 'ok', 'ok', 'waiting', '2025-03-18 03:10:00', '', '0023'),
(339, 5, '2025-04-25 10:55:34', 49, 8, 3, 37, 5, 106, 1, 'ghfghfghfg', 'hgfhgfhgfhfgh', 'waiting', '2025-04-25 10:55:00', '', '0024'),
(340, 5, '2025-04-25 11:00:14', 49, 8, 3, 37, 5, 106, 1, 'bcvbcvbvhj', 'cbnvbnvbnvbcbhj', 'waiting', '2025-04-25 10:59:00', '', '0025'),
(341, 5, '2025-04-25 11:03:09', 49, 8, 3, 33, 1, 118, 1, 'fgfgfgfggfhgfh', 'fhgfhgfhghfgh', 'waiting', '2025-04-25 11:02:00', '', '0026'),
(342, 5, '2025-04-25 11:13:41', 49, 8, 3, 37, 5, 106, 1, 'gfhfhfgh', 'fghfghgfh', 'waiting', '2025-04-25 11:06:00', '', '0027'),
(343, 5, '2025-04-26 09:40:39', 49, 8, 3, 37, 5, 106, 1, 'Mungkin bila nanti', 'Mungkin bila nantiMungkin bila nantiMungkin bila nantiMungkin bila nantiMungkin bila nantiMungkin bila nanti\r\n\r\n\r\nMungkin bila nantiMungkin bila nantiMungkin bila nantiMungkin bila nantiMungkin bila nanti\r\n\r\n\r\nMungkin bila nantiMungkin bila nantiMungkin bila nanti', 'waiting', '2025-04-26 09:40:00', '', '0028'),
(344, 5, '2025-04-26 09:41:42', 49, 8, 3, 37, 5, 106, 1, 'Mungkin bila nanti', 'Mungkin bila nantiMungkin bila nantiMungkin bila nantiMungkin bila nantiMungkin bila nantiMungkin bila nantiMungkin bila nantiMungkin bila nantiMungkin bila nantiMungkin bila nantiMungkin bila nantiMungkin bila nantiMungkin bila nantiMungkin bila nantiMungkin bila nantiMungkin bila nantiMungkin bila nantiMungkin bila nantiMungkin bila nantiMungkin bila nantiMungkin bila nantiMungkin bila nantiMungkin bila nantiMungkin bila nanti\r\n\r\n\r\nMungkin bila nantiMungkin bila nantiMungkin bila nantiMungkin bila nantiMungkin bila nantiMungkin bila nantiMungkin bila nantiMungkin bila nantiMungkin bila nantiMungkin bila nantiMungkin bila nantiMungkin bila nanti\r\n\r\n', 'waiting', '2025-04-26 09:41:00', '', '0029'),
(345, 5, '2025-04-26 09:44:29', 49, 7, 3, 37, 5, 264, 1, 'dfdsfsdfsdf', 'Mungkin bila \r\nnanti\r\n\r\nMungkin bila \r\nnanti', 'waiting', '2025-04-26 09:43:00', '', '0030'),
(346, 5, '2025-05-03 01:12:12', 49, 7, 3, 37, 5, 264, 1, 'TESS AJA DONG', 'TESS AJA DONG', 'waiting', '2025-05-03 01:11:00', '', '0031'),
(347, 5, '2025-05-03 01:25:16', 49, 8, 3, 37, 5, 106, 1, 'tessssss010101010', 'tessssss010101010', 'recheck', '2025-05-03 01:24:00', '3', '0032'),
(348, 5, '2025-05-07 06:41:17', 49, 7, 3, 37, 5, 264, 1, 'TESSSSS', 'TESSSSS', 'recheck', '2025-05-07 06:41:00', '3', '0033'),
(349, 5, '2025-05-21 06:06:31', 49, 7, 3, 37, 5, 264, 1, 'PERCOBAAN RECHECK SEBAGAI CONTOH PEMBUATAN SPPD', 'PERCOBAAN RECHECK SEBAGAI CONTOH PEMBUATAN SPPD', 'recheck', '2025-05-21 06:04:00', '3', '0034'),
(350, 5, '2025-05-22 02:51:44', 49, 7, 3, 37, 5, 264, 1, 't=TES SEMUANYA', 't=TES SEMUANYA', 'recheck', '2025-05-22 02:51:00', '4', '0035'),
(351, 5, '2025-05-22 06:38:25', 49, 7, 3, 37, 5, 264, 1, 'TESS 0987', 'TESS 0987', 'waiting', '2025-05-22 06:38:00', '2', '0036'),
(352, 5, '2025-05-22 06:45:21', 49, 7, 3, 37, 5, 264, 1, 'SAYA SALAH SANGKA', 'SAYA SALAH SANGKA', 'waiting', '2025-05-22 06:45:00', '3', '0037'),
(353, 5, '2025-05-22 06:57:28', 49, 7, 3, 37, 5, 264, 1, 'PATIS BERHASIL', 'PATIS BERHASIL', 'waiting', '2025-05-22 06:53:00', '2', '0038'),
(354, 5, '2025-05-22 07:00:17', 49, 7, 3, 37, 5, 264, 1, 'VDDF', 'FDD', 'recheck', '2025-05-22 07:00:00', '3', '0039'),
(355, 5, '2025-05-22 07:06:16', 49, 7, 3, 37, 5, 264, 1, 'TETAP ADA RECHECK JUGA DISITU', 'TETAP ADA RECHECK JUGA DISITU', 'recheck', '2025-05-22 07:05:00', '3', '0040'),
(356, 5, '2025-05-22 07:13:33', 49, 7, 3, 37, 5, 264, 1, 'TES', 'TES', 'waiting', '2025-05-22 07:13:00', '7', '0041'),
(357, 5, '2025-05-24 06:47:54', 49, 7, 3, 37, 5, 264, 1, 'dfgdfg', 'dfgdfg', 'recheck', '2025-05-24 06:47:00', '2', '0042'),
(358, 5, '2025-05-26 01:01:48', 49, 7, 3, 37, 5, 264, 1, 'OKE AJA YA', 'OKE AJA YA', 'recheck', '2025-05-26 01:01:00', '2', '0043'),
(359, 5, '2025-05-26 03:03:05', 49, 7, 3, 37, 5, 264, 1, '1', '1', 'waiting', '2025-05-26 03:02:00', '2', '0044'),
(360, 5, '2025-06-02 09:58:49', 49, 6, 3, 33, 1, 0, 1, 'TESSS', 'TESSS', 'waiting', '2025-06-02 09:58:00', '', '0045'),
(361, 5, '2025-06-16 02:38:28', 49, 7, 3, 37, 5, 264, 1, 'ok', 'okkki', 'waiting', '2025-06-16 09:38:00', '', '0046'),
(362, 5, '2025-06-25 02:28:46', 61, 7, 3, 37, 5, 264, 1, 'TES', 'TES095T454', 'Draft', '2025-06-25 09:25:00', '', '0047'),
(363, 5, '2026-02-13 02:18:37', 49, 8, 3, 37, 5, 106, 1, 'TES SAJA', 'TES SAJA', 'Draft', '2026-02-13 09:17:00', '', '0048');

-- --------------------------------------------------------

--
-- Table structure for table `sppd`
--

CREATE TABLE `sppd` (
  `id_sppd` int(11) NOT NULL,
  `id_department_budget` int(11) NOT NULL,
  `id_tg` varchar(11) DEFAULT NULL,
  `tgl` timestamp NOT NULL DEFAULT current_timestamp() ON UPDATE current_timestamp(),
  `id_user` varchar(11) NOT NULL,
  `id_employee` varchar(11) NOT NULL,
  `id_tt` varchar(11) NOT NULL,
  `id_jenis_pengajuan` varchar(11) NOT NULL,
  `id_devisi` varchar(11) NOT NULL,
  `id_departement` varchar(11) NOT NULL,
  `id_app` varchar(11) NOT NULL,
  `id_region` varchar(11) NOT NULL,
  `id_city` varchar(11) NOT NULL,
  `id_cost` varchar(11) NOT NULL,
  `id_grade` varchar(11) NOT NULL,
  `id_plafon` varchar(11) NOT NULL,
  `id_currency` varchar(11) NOT NULL,
  `sub` varchar(500) NOT NULL,
  `status` enum('Draft','waiting','approved','rejected','recheck','confirmed','closed') NOT NULL,
  `date` datetime NOT NULL,
  `time_in` time NOT NULL,
  `time_out` time NOT NULL,
  `fleg` varchar(100) NOT NULL,
  `id_uniq` varchar(100) NOT NULL,
  `date_in` date NOT NULL,
  `date_out` date NOT NULL,
  `id_user_hr` varchar(11) NOT NULL,
  `id_hrga_sppd` varchar(11) NOT NULL,
  `id_hrga_lbpd` varchar(11) NOT NULL,
  `id_user_acc` varchar(11) NOT NULL,
  `id_acc_sppd` varchar(11) NOT NULL,
  `id_acc_lbpd` varchar(11) NOT NULL,
  `cal_date` varchar(11) NOT NULL,
  `cal_time` varchar(11) NOT NULL,
  `follower` varchar(100) NOT NULL,
  `kurs` varchar(50) NOT NULL,
  `datetime` datetime NOT NULL,
  `total_transfer` varchar(20) NOT NULL,
  `total_saku` varchar(20) DEFAULT NULL,
  `total_amount` varchar(20) DEFAULT NULL,
  `document` varchar(100) DEFAULT NULL
) ENGINE=InnoDB DEFAULT CHARSET=utf8mb4 COLLATE=utf8mb4_general_ci;

--
-- Dumping data for table `sppd`
--

INSERT INTO `sppd` (`id_sppd`, `id_department_budget`, `id_tg`, `tgl`, `id_user`, `id_employee`, `id_tt`, `id_jenis_pengajuan`, `id_devisi`, `id_departement`, `id_app`, `id_region`, `id_city`, `id_cost`, `id_grade`, `id_plafon`, `id_currency`, `sub`, `status`, `date`, `time_in`, `time_out`, `fleg`, `id_uniq`, `date_in`, `date_out`, `id_user_hr`, `id_hrga_sppd`, `id_hrga_lbpd`, `id_user_acc`, `id_acc_sppd`, `id_acc_lbpd`, `cal_date`, `cal_time`, `follower`, `kurs`, `datetime`, `total_transfer`, `total_saku`, `total_amount`, `document`) VALUES
(1, 0, '13', '2025-06-13 01:43:27', '49', '28', '17', '3', '37', '5', '359', '2', '40', '3', '7', '200', '1', 'TES LAGI SEMUANYA DENGAN BAIK', 'waiting', '0000-00-00 00:00:00', '08:43:00', '20:43:00', '', '0001', '2025-06-13', '2025-06-17', '49', '323', '', '49', '279', '', '5', '14', 'OK', '1', '2025-06-13 01:42:00', '852000', 'Rp 180.000', 'Rp 672.000', ''),
(2, 0, '13', '2025-06-13 01:56:50', '49', '28', '17', '3', '37', '5', '359', '2', '13', '3', '7', '200', '1', 'TESS', 'closed', '0000-00-00 00:00:00', '08:53:00', '20:54:00', '', '0002', '2025-06-13', '2025-06-15', '49', '324', '', '49', '280', '', '3', '8', '', '1', '2025-06-13 01:43:00', '474000', 'Rp 90.000', 'Rp 384.000', ''),
(3, 0, '13', '2025-06-13 02:18:15', '49', '28', '17', '3', '37', '5', '359', '1', '5', '3', '7', '182', '1', 'tesss', 'waiting', '0000-00-00 00:00:00', '09:17:00', '21:17:00', '', '0003', '2025-06-13', '2025-06-16', '49', '326', '', '49', '282', '', '4', '11', 'ok', '1', '2025-06-13 02:17:00', '5030555', 'Rp 135.000', 'Rp 440.000', ''),
(4, 0, '13', '2025-06-13 02:20:27', '49', '28', '17', '3', '37', '5', '359', '1', '22', '3', '7', '182', '1', 'Tess', 'waiting', '0000-00-00 00:00:00', '09:20:00', '21:20:00', '', '0004', '2025-06-13', '2025-06-16', '49', '327', '', '49', '283', '', '4', '11', 'tes', '1', '2025-06-13 02:19:00', '575000', 'Rp 135.000', 'Rp 440.000', ''),
(5, 0, '13', '2025-06-25 06:38:57', '49', '28', '17', '3', '37', '5', '359', '2', '28', '3', '7', '200', '1', 'te', 'closed', '0000-00-00 00:00:00', '09:21:00', '21:21:00', '', '0005', '2025-06-13', '2025-06-25', '49', '328', '', '49', '284', '', '13', '38', 'tess', '1', '2025-06-13 02:20:00', '2409555', 'Rp 540.000', 'Rp 1.824.000', ''),
(6, 0, '13', '2025-06-13 03:23:12', '49', '28', '17', '3', '37', '5', '359', '2', '28', '3', '7', '200', '1', 'oke', 'closed', '0000-00-00 00:00:00', '09:22:00', '21:22:00', '', '0006', '2025-06-13', '2025-06-17', '49', '329', '', '49', '285', '', '5', '14', 'ok', '1', '2025-06-13 02:22:00', '912000', 'Rp 180.000', 'Rp 672.000', ''),
(7, 0, '13', '2025-06-13 02:37:26', '49', '28', '17', '3', '37', '5', '359', '2', '25', '3', '7', '200', '1', 'Awal dari semuanya ini', 'closed', '0000-00-00 00:00:00', '09:29:00', '21:29:00', '', '0007', '2025-06-13', '2025-06-16', '49', '330', '', '49', '286', '', '4', '11', 'ok', '1', '2025-06-13 02:24:00', '711000', 'Rp 135.000', 'Rp 528.000', ''),
(8, 0, '13', '2025-06-13 09:09:00', '49', '28', '17', '3', '37', '5', '359', '2', '26', '3', '7', '200', '1', 'TESS SEMUA NYA BOSSSSS', 'closed', '0000-00-00 00:00:00', '16:03:00', '04:03:00', '', '0008', '2025-06-13', '2025-06-16', '49', '331', '', '49', '287', '', '4', '7', 'TESS SEMUA NYA BOSSSSS', '1', '2025-06-13 09:02:00', '471000', 'Rp 135.000', 'Rp 336.000', ''),
(9, 0, '13', '2025-06-18 01:10:16', '49', '28', '17', '3', '37', '5', '359', '2', '25', '3', '7', '200', '1', 'KU MAU CINTA YESUS SELAMA NYA', 'closed', '0000-00-00 00:00:00', '08:01:00', '20:01:00', '', '0009', '2025-06-18', '2025-06-21', '49', '332', '', '49', '288', '', '4', '11', 'KU MAU CINTA YESUS SELAMA NYA', '1', '2025-06-18 01:00:00', '1473000', 'Rp 135.000', 'Rp 528.000', ''),
(10, 0, '13', '2025-06-18 09:29:47', '49', '28', '17', '3', '37', '5', '359', '2', '28', '3', '7', '200', '1', 'TESSS', 'closed', '0000-00-00 00:00:00', '16:28:00', '04:28:00', '', '0010', '2025-06-18', '2025-06-21', '49', '333', '', '49', '289', '', '4', '7', 'TESSS', '1', '2025-06-18 09:28:00', '471000', 'Rp 135.000', 'Rp 336.000', ''),
(11, 0, '13', '2025-06-18 09:46:37', '49', '28', '17', '3', '37', '5', '359', '2', '23', '3', '7', '200', '1', 'TES TERAKHIR SEBELUM PULANG', 'closed', '0000-00-00 00:00:00', '16:45:00', '04:45:00', '', '0011', '2025-06-18', '2025-06-21', '49', '334', '', '49', '290', '', '4', '7', 'TES TERAKHIR SEBELUM PULANG', '1', '2025-06-18 09:45:00', '471000', 'Rp 135.000', 'Rp 336.000', ''),
(12, 0, '13', '2025-06-19 01:43:26', '49', '28', '17', '3', '37', '5', '359', '7', '36', '3', '7', '236', '3', 'AYOK KITA COBA SAMPE DI CLOSED', 'closed', '0000-00-00 00:00:00', '08:35:00', '20:35:00', '', '0012', '2025-06-19', '2025-06-21', '49', '335', '', '49', '291', '', '3', '8', 'AYOK KITA COBA SAMPE DI CLOSED', '16000', '2025-06-19 01:33:00', '4610000', 'Rp 1.600.000', 'Rp 2.560.000', ''),
(13, 0, '13', '2025-06-19 02:32:45', '49', '28', '17', '3', '37', '5', '359', '1', '7', '3', '7', '182', '1', 'UJI COBA RECHECK DI LBPD', 'closed', '0000-00-00 00:00:00', '09:22:00', '21:22:00', '', '0013', '2025-06-19', '2025-06-22', '49', '336', '', '49', '292', '', '4', '11', 'UJI COBA RECHECK DI LBPD', '1', '2025-06-19 02:05:00', '930000', 'Rp 135.000', 'Rp 440.000', ''),
(14, 0, '13', '2025-06-19 06:15:19', '49', '28', '17', '3', '37', '5', '359', '1', '16', '3', '7', '182', '1', 'tesss', 'closed', '0000-00-00 00:00:00', '10:59:00', '22:59:00', '', '0014', '2025-06-19', '2025-06-21', '49', '337', '', '49', '293', '', '3', '8', 'okk', '1', '2025-06-19 03:58:00', '410000', 'Rp 90.000', 'Rp 320.000', ''),
(15, 0, '13', '2025-06-19 06:09:36', '49', '28', '17', '3', '37', '5', '359', '2', '28', '3', '7', '200', '1', 'ULANGI LAGI', 'closed', '0000-00-00 00:00:00', '11:51:00', '23:51:00', '', '0015', '2025-06-19', '2025-06-21', '49', '338', '', '49', '294', '', '3', '8', 'ULANGI LAGI', '1', '2025-06-19 04:50:00', '474000', 'Rp 90.000', 'Rp 384.000', ''),
(16, 0, '13', '2025-06-19 06:28:07', '49', '28', '17', '3', '37', '5', '359', '2', '26', '3', '7', '113', '1', 'OK', 'closed', '0000-00-00 00:00:00', '13:18:00', '01:18:00', '2', '0016', '2025-06-19', '2025-06-21', '49', '339', '', '49', '295', '', '3', '4', 'OK', '1', '2025-06-19 06:17:00', '', 'Rp 90.000', 'Rp 192.000', ''),
(17, 0, '13', '2025-06-19 06:40:15', '49', '28', '17', '3', '37', '5', '359', '2', '27', '3', '7', '200', '1', 'TESSS', 'closed', '0000-00-00 00:00:00', '13:39:00', '01:39:00', '', '0017', '2025-06-19', '2025-06-27', '49', '340', '', '49', '296', '', '9', '22', '', '1', '2025-06-19 06:39:00', '1416000', 'Rp 360.000', 'Rp 1.056.000', ''),
(18, 0, '13', '2025-06-25 06:34:46', '49', '28', '17', '3', '37', '5', '359', '2', '26', '3', '7', '113', '1', 'OK', 'closed', '0000-00-00 00:00:00', '13:42:00', '01:42:00', '2', '0018', '2025-06-19', '2025-06-21', '49', '341', '', '49', '297', '', '3', '4', 'OK', '1', '2025-06-19 06:42:00', '', 'Rp 90.000', 'Rp 192.000', ''),
(19, 0, '13', '2025-06-25 06:33:33', '49', '28', '17', '3', '37', '5', '359', '2', '26', '3', '7', '113', '1', 'TESSS', 'closed', '0000-00-00 00:00:00', '13:45:00', '01:45:00', '', '0019', '2025-06-19', '2025-06-23', '49', '342', '', '49', '298', '', '5', '10', 'OK', '1', '2025-06-19 06:44:00', '', 'Rp 180.000', 'Rp 480.000', ''),
(20, 0, '13', '2025-06-19 07:52:30', '49', '28', '17', '3', '37', '5', '359', '1', '16', '3', '7', '95', '1', 'OK', 'recheck', '0000-00-00 00:00:00', '13:46:00', '01:46:00', '2', '0020', '2025-06-19', '2025-06-24', '49', '343', '', '49', '299', '', '6', '13', 'OK', '1', '2025-06-19 06:45:00', '', 'Rp 225.000', 'Rp 520.000', ''),
(21, 0, '13', '2025-06-19 07:25:17', '49', '28', '17', '3', '37', '5', '359', '2', '26', '3', '7', '113', '1', 'OKK', 'closed', '0000-00-00 00:00:00', '13:47:00', '01:47:00', '2', '0021', '2025-06-19', '2025-06-23', '49', '344', '', '49', '300', '', '5', '10', 'OKK', '1', '2025-06-19 06:46:00', '660000', 'Rp 180.000', 'Rp 480.000', ''),
(22, 0, '13', '2025-06-19 07:43:06', '49', '28', '17', '3', '37', '5', '359', '1', '19', '3', '7', '182', '1', 'fgfgh', 'closed', '0000-00-00 00:00:00', '14:38:00', '02:38:00', '', '0022', '2025-06-19', '2025-06-23', '49', '345', '', '49', '301', '', '5', '10', 'tyty', '1', '2025-06-19 07:38:00', '580000', 'Rp 180.000', 'Rp 400.000', ''),
(23, 0, '13', '2025-06-19 07:42:54', '49', '28', '17', '3', '37', '5', '359', '1', '7', '3', '7', '182', '1', 'ok', 'closed', '0000-00-00 00:00:00', '14:39:00', '02:39:00', '', '0023', '2025-06-19', '2025-06-25', '49', '346', '', '49', '302', '', '7', '16', 'okkk', '1', '2025-06-19 07:38:00', '910000', 'Rp 270.000', 'Rp 640.000', ''),
(24, 0, '13', '2025-06-19 08:13:16', '49', '28', '17', '3', '37', '5', '359', '1', '19', '3', '7', '95', '1', 'tess lagi ini', 'closed', '0000-00-00 00:00:00', '14:45:00', '02:45:00', '2', '0024', '2025-06-19', '2025-06-21', '49', '347', '', '49', '303', '', '3', '4', 'tess lagi ini', '1', '2025-06-19 07:45:00', '250000', 'Rp 90.000', 'Rp 160.000', ''),
(25, 0, '13', '2025-06-19 08:31:06', '49', '28', '17', '3', '37', '5', '359', '2', '28', '3', '7', '200', '1', 'OKE YA', 'closed', '0000-00-00 00:00:00', '15:30:00', '03:30:00', '', '0025', '2025-06-19', '2025-06-21', '49', '348', '', '49', '304', '', '3', '4', 'OKE YA', '1', '2025-06-19 08:29:00', '282000', 'Rp 90.000', 'Rp 192.000', ''),
(26, 0, '13', '2025-06-19 08:54:27', '49', '28', '17', '3', '37', '5', '359', '3', '30', '3', '7', '131', '1', 'Tess', 'closed', '0000-00-00 00:00:00', '15:42:00', '03:42:00', '3', '0026', '2025-06-19', '2025-06-24', '49', '349', '', '49', '305', '', '6', '13', 'Tess', '1', '2025-06-19 08:42:00', '953000', 'Rp 225.000', 'Rp 728.000', ''),
(27, 0, '13', '2025-06-19 09:27:01', '49', '28', '17', '3', '37', '5', '359', '2', '25', '3', '7', '200', '1', 'okk', 'closed', '0000-00-00 00:00:00', '16:25:00', '04:25:00', '', '0027', '2025-06-19', '2025-06-21', '49', '350', '', '49', '306', '', '3', '4', 'ok', '1', '2025-06-19 09:24:00', '282000', 'Rp 90.000', 'Rp 192.000', ''),
(28, 0, '13', '2025-06-20 09:15:12', '49', '28', '17', '3', '37', '5', '359', '2', '28', '3', '7', '113', '1', 'CEK LAGI YA', 'closed', '0000-00-00 00:00:00', '16:07:00', '04:07:00', '', '0028', '2025-06-20', '2025-06-25', '49', '351', '', '49', '307', '', '6', '13', 'OK', '1', '2025-06-20 09:07:00', '849000', 'Rp 225.000', 'Rp 624.000', ''),
(29, 0, '13', '2025-06-24 02:20:14', '49', '28', '17', '3', '37', '5', '359', '2', '26', '3', '7', '200', '1', 'Kita tes lagi ya', 'closed', '0000-00-00 00:00:00', '09:17:00', '21:17:00', '', '0029', '2025-06-24', '2025-06-27', '49', '352', '', '49', '308', '', '4', '11', 'Kita tes lagi ya', '1', '2025-06-24 02:16:00', '2063000', 'Rp 135.000', 'Rp 528.000', ''),
(30, 0, '13', '2025-06-24 02:27:38', '49', '28', '17', '3', '37', '5', '359', '1', '7', '3', '7', '182', '1', 'TESSS', 'closed', '0000-00-00 00:00:00', '09:24:00', '21:24:00', '', '0030', '2025-06-24', '2025-06-27', '49', '353', '', '49', '309', '', '4', '11', 'TESSS', '1', '2025-06-24 02:23:00', '1025000', 'Rp 135.000', 'Rp 440.000', ''),
(31, 0, '13', '2025-06-24 02:36:41', '49', '28', '17', '3', '37', '5', '359', '2', '40', '3', '7', '200', '1', 'lagii tesss', 'closed', '0000-00-00 00:00:00', '09:34:00', '21:34:00', '', '0031', '2025-06-24', '2025-06-27', '49', '354', '', '49', '310', '', '4', '11', 'lagii tesss', '1', '2025-06-24 02:34:00', '663000', 'Rp 135.000', 'Rp 528.000', ''),
(32, 0, '13', '2025-06-24 04:54:30', '49', '28', '17', '3', '37', '5', '359', '2', '40', '3', '7', '200', '1', 'TESS 000001', 'closed', '0000-00-00 00:00:00', '11:53:00', '23:53:00', '', '0032', '2025-06-24', '2025-06-26', '49', '355', '', '49', '311', '', '3', '8', 'TESS 000001', '1', '2025-06-24 04:49:00', '474000', 'Rp 90.000', 'Rp 384.000', ''),
(33, 0, '13', '2025-06-24 04:58:16', '49', '28', '17', '3', '37', '5', '359', '2', '25', '3', '7', '200', '1', 'TESS', 'closed', '0000-00-00 00:00:00', '11:57:00', '23:57:00', '', '0033', '2025-06-24', '2025-06-26', '49', '356', '', '49', '312', '', '3', '8', 'OK', '1', '2025-06-24 04:57:00', '474000', 'Rp 90.000', 'Rp 384.000', ''),
(34, 0, '13', '2025-06-24 07:07:21', '49', '28', '17', '3', '37', '5', '359', '2', '28', '3', '7', '200', '1', 'TORANG MO TES DULU NEH', 'closed', '0000-00-00 00:00:00', '14:02:00', '02:02:00', '', '0034', '2025-06-24', '2025-06-26', '49', '357', '', '49', '313', '', '3', '4', 'YES', '1', '2025-06-24 07:00:00', '1032000', 'Rp 90.000', 'Rp 192.000', ''),
(35, 0, '13', '2025-06-24 07:16:49', '49', '28', '17', '3', '37', '5', '359', '2', '23', '3', '7', '200', '1', 'TORANG MO TES DULU NEH1', 'closed', '0000-00-00 00:00:00', '14:14:00', '02:14:00', '', '0035', '2025-06-24', '2025-07-12', '49', '358', '', '49', '314', '', '19', '52', 'TORANG MO TES DULU NEH1', '1', '2025-06-24 07:14:00', '4706000', 'Rp 810.000', 'Rp 2.496.000', ''),
(36, 0, '13', '2025-06-25 06:25:46', '49', '28', '17', '3', '37', '5', '359', '1', '16', '3', '7', '182', '1', 'TESS', 'closed', '0000-00-00 00:00:00', '09:03:00', '21:03:00', '', '0036', '2025-06-25', '2025-06-27', '49', '359', '', '49', '315', '', '3', '8', 'ok', '1', '2025-06-25 01:57:00', '410000', 'Rp 90.000', 'Rp 320.000', ''),
(37, 0, '13', '2025-06-25 06:14:37', '49', '28', '17', '3', '37', '5', '359', '2', '28', '3', '7', '113', '1', 'TESS YA', 'closed', '0000-00-00 00:00:00', '09:04:00', '21:04:00', '', '0037', '2025-06-25', '2025-06-28', '49', '360', '', '49', '316', '', '4', '11', 'TESS YA', '1', '2025-06-25 02:03:00', '1268000', 'Rp 135.000', 'Rp 528.000', ''),
(38, 0, '13', '2025-06-25 02:25:16', '49', '28', '17', '3', '37', '5', '359', '3', '30', '3', '7', '131', '1', 'OKKKK', 'closed', '0000-00-00 00:00:00', '09:05:00', '21:05:00', '', '0038', '2025-06-25', '2025-06-28', '49', '361', '', '49', '317', '', '4', '11', 'OK', '1', '2025-06-25 02:05:00', '751000', 'Rp 135.000', 'Rp 616.000', ''),
(39, 0, '13', '2025-06-25 02:16:20', '49', '28', '17', '3', '37', '5', '359', '2', '28', '3', '7', '113', '1', 'TESSS', 'rejected', '0000-00-00 00:00:00', '09:06:00', '21:06:00', '', '0039', '2025-06-25', '2025-06-28', '49', '362', '', '49', '318', '', '4', '11', 'OK', '1', '2025-06-25 02:06:00', '1113000', 'Rp 135.000', 'Rp 528.000', ''),
(40, 0, '13', '2025-06-25 02:12:33', '49', '28', '17', '3', '37', '5', '359', '2', '23', '3', '7', '200', '1', 'OK', 'Draft', '0000-00-00 00:00:00', '09:12:00', '21:12:00', '', '0040', '2025-06-25', '2025-06-28', '49', '363', '', '49', '319', '', '4', '11', '', '1', '2025-06-25 02:12:00', '663000', 'Rp 135.000', 'Rp 528.000', ''),
(41, 0, '13', '2025-06-25 06:24:43', '49', '28', '17', '3', '37', '5', '359', '2', '28', '3', '7', '200', '1', 'tes', 'closed', '0000-00-00 00:00:00', '10:53:00', '22:53:00', '', '0041', '2025-06-25', '2025-06-28', '49', '364', '', '49', '320', '', '4', '11', 'tes', '1', '2025-06-25 03:39:00', '663000', 'Rp 135.000', 'Rp 528.000', ''),
(42, 0, '13', '2025-06-25 06:22:36', '49', '28', '17', '3', '37', '5', '359', '2', '26', '3', '7', '200', '1', 'tesss', 'closed', '0000-00-00 00:00:00', '10:58:00', '22:58:00', '', '0042', '2025-06-25', '2025-06-28', '49', '365', '', '49', '321', '', '4', '11', 'ok', '1', '2025-06-25 03:57:00', '663000', 'Rp 135.000', 'Rp 528.000', ''),
(43, 0, '13', '2025-06-25 05:00:59', '49', '28', '17', '3', '37', '5', '359', '2', '26', '3', '7', '113', '1', 'TESS', 'closed', '0000-00-00 00:00:00', '11:06:00', '23:06:00', '', '0043', '2025-06-25', '2025-06-28', '49', '366', '', '49', '322', '', '4', '11', 'OK', '1', '2025-06-25 04:06:00', '663000', 'Rp 135.000', 'Rp 528.000', ''),
(44, 0, '13', '2025-06-26 04:37:04', '49', '28', '17', '3', '37', '5', '359', '1', '21', '3', '7', '95', '1', 'TES SPPD 00001', 'closed', '0000-00-00 00:00:00', '11:12:00', '23:12:00', '2', '0044', '2025-06-26', '2025-06-30', '49', '367', '', '49', '323', '', '5', '14', 'TES', '1', '2025-06-26 04:09:00', '2990000', 'Rp 180.000', 'Rp 560.000', ''),
(45, 0, '13', '2025-06-26 04:43:19', '49', '28', '17', '3', '37', '5', '359', '2', '25', '3', '7', '200', '1', 'TESS', 'closed', '0000-00-00 00:00:00', '11:42:00', '23:42:00', '', '0045', '2025-06-26', '2025-06-28', '49', '368', '', '49', '324', '', '3', '8', 'TESS', '1', '2025-06-26 04:42:00', '474000', 'Rp 90.000', 'Rp 384.000', ''),
(46, 0, '13', '2025-06-26 06:25:44', '49', '28', '17', '3', '37', '5', '359', '1', '3', '3', '7', '182', '1', 'TES LAGI LANJUTAN 0001', 'closed', '0000-00-00 00:00:00', '13:18:00', '01:18:00', '', '0046', '2025-06-26', '2025-06-28', '49', '369', '', '49', '325', '', '3', '4', 'TES LAGI LANJUTAN 0001', '1', '2025-06-26 06:11:00', '250000', 'Rp 90.000', 'Rp 160.000', ''),
(47, 0, '13', '2025-06-30 03:37:07', '49', '28', '17', '3', '37', '5', '359', '2', '25', '3', '7', '113', '1', 'TES LAGI LANJUTAN 0002', 'closed', '0000-00-00 00:00:00', '13:26:00', '01:26:00', '', '0047', '2025-06-26', '2025-06-28', '49', '370', '', '49', '326', '', '3', '4', 'YES', '1', '2025-06-26 06:26:00', '282000', 'Rp 90.000', 'Rp 192.000', ''),
(48, 0, '13', '2025-06-30 02:41:47', '49', '28', '17', '3', '37', '5', '359', '1', '4', '3', '7', '95', '1', 'TES', 'closed', '0000-00-00 00:00:00', '09:31:00', '21:31:00', '2', '0048', '2025-06-30', '2025-07-03', '49', '371', '', '49', '327', '', '4', '11', 'TES', '1', '2025-06-30 02:27:00', '575000', 'Rp 135.000', 'Rp 440.000', ''),
(49, 0, '13', '2025-06-30 03:09:57', '49', '28', '17', '3', '37', '5', '359', '2', '28', '3', '7', '200', '1', 'tes lagi ya', 'closed', '0000-00-00 00:00:00', '10:08:00', '22:09:00', '', '0049', '2025-06-30', '2025-07-03', '49', '372', '', '49', '328', '', '4', '11', 'tes lagi ya', '1', '2025-06-30 03:01:00', '663000', 'Rp 135.000', 'Rp 528.000', ''),
(50, 0, '13', '2025-06-30 03:25:28', '49', '28', '17', '3', '37', '5', '359', '2', '14', '3', '7', '113', '1', 'LAGI YA', 'closed', '0000-00-00 00:00:00', '10:18:00', '22:18:00', '2', '0050', '2025-06-30', '2025-07-04', '49', '373', '', '49', '329', '', '5', '14', 'LAGI YA', '1', '2025-06-30 03:17:00', '852000', 'Rp 180.000', 'Rp 672.000', ''),
(51, 0, '13', '2025-06-30 03:34:02', '49', '28', '17', '3', '37', '5', '359', '3', '33', '3', '7', '131', '1', 'CEK', 'closed', '0000-00-00 00:00:00', '10:26:00', '22:26:00', '', '0051', '2025-06-30', '2025-07-05', '49', '374', '', '49', '330', '', '6', '17', 'CEK', '1', '2025-06-30 03:26:00', '1177000', 'Rp 225.000', 'Rp 952.000', ''),
(52, 0, '13', '2025-06-30 03:51:19', '49', '28', '17', '3', '37', '5', '359', '2', '28', '3', '7', '113', '1', 'OKE OCE1', 'closed', '0000-00-00 00:00:00', '10:46:00', '22:46:00', '2', '0052', '2025-06-30', '2025-07-03', '49', '375', '', '49', '331', '', '4', '11', 'OKE OCE1', '1', '2025-06-30 03:46:00', '663000', 'Rp 135.000', 'Rp 528.000', ''),
(53, 0, '13', '2025-06-30 04:03:41', '49', '28', '17', '3', '37', '5', '359', '2', '25', '3', '7', '113', '1', 'TESSS0002', 'closed', '0000-00-00 00:00:00', '11:01:00', '23:01:00', '2', '0053', '2025-06-30', '2025-07-03', '49', '376', '', '49', '332', '', '4', '11', 'TESSS0002', '1', '2025-06-30 04:00:00', '663000', 'Rp 135.000', 'Rp 528.000', ''),
(54, 0, '13', '2025-06-30 04:34:05', '49', '28', '17', '3', '37', '5', '359', '2', '40', '3', '7', '113', '1', 'OKKKK', 'closed', '0000-00-00 00:00:00', '11:09:00', '23:09:00', '2', '0054', '2025-06-30', '2025-07-04', '49', '377', '', '49', '333', '', '5', '14', 'OK', '1', '2025-06-30 04:09:00', '852000', 'Rp 180.000', 'Rp 672.000', ''),
(55, 0, '13', '2025-06-30 04:59:16', '49', '28', '17', '3', '37', '5', '359', '2', '40', '3', '7', '113', '1', 'AERAR', 'closed', '0000-00-00 00:00:00', '11:40:00', '23:40:00', '2', '0055', '2025-06-30', '2025-07-05', '49', '378', '', '49', '334', '', '6', '17', 'ARAERER', '1', '2025-06-30 04:39:00', '1041000', 'Rp 225.000', 'Rp 816.000', ''),
(56, 0, '13', '2025-06-30 04:49:07', '49', '28', '17', '3', '37', '5', '359', '2', '25', '3', '7', '113', '1', 'AEREAR', 'closed', '0000-00-00 00:00:00', '11:40:00', '23:40:00', '2', '0056', '2025-07-02', '2025-07-04', '49', '379', '', '49', '335', '', '3', '8', 'ARESGRT', '1', '2025-06-30 04:40:00', '474000', 'Rp 90.000', 'Rp 384.000', ''),
(57, 0, '13', '2025-06-30 05:03:51', '49', '28', '17', '3', '37', '5', '359', '2', '40', '3', '7', '113', '1', 'gdgdg', 'closed', '0000-00-00 00:00:00', '12:01:00', '12:01:00', '2', '0057', '2025-06-30', '2025-07-02', '49', '380', '', '49', '336', '', '3', '6', 'sg', '1', '2025-06-30 05:01:00', '378000', 'Rp 90.000', 'Rp 288.000', ''),
(58, 0, '13', '2025-06-30 06:31:47', '49', '28', '17', '3', '37', '5', '359', '2', '25', '3', '7', '113', '1', 'TES YA SEMUA 0001', 'closed', '0000-00-00 00:00:00', '13:22:00', '01:22:00', '2', '0058', '2025-06-30', '2025-07-03', '49', '381', '', '49', '337', '', '4', '7', 'TES YA SEMUA 0001', '1', '2025-06-30 06:22:00', '1994000', 'Rp 135.000', 'Rp 336.000', ''),
(59, 0, '13', '2025-06-30 07:17:07', '49', '28', '17', '3', '37', '5', '359', '2', '26', '3', '7', '200', '1', 'KITA TESS', 'waiting', '0000-00-00 00:00:00', '14:16:00', '02:16:00', '', '0059', '2025-06-30', '2025-07-02', '49', '382', '', '49', '338', '', '3', '4', 'OKK', '1', '2025-06-30 07:04:00', '282000', 'Rp 90.000', 'Rp 192.000', ''),
(60, 0, '13', '2025-06-30 07:27:26', '49', '28', '17', '3', '37', '5', '359', '2', '13', '3', '7', '200', '1', 'lagi lagi', 'waiting', '0000-00-00 00:00:00', '14:20:00', '02:20:00', '', '0060', '2025-06-30', '2025-07-03', '49', '383', '', '49', '339', '', '4', '7', 'ok', '1', '2025-06-30 07:19:00', '471000', 'Rp 135.000', 'Rp 336.000', ''),
(61, 0, '13', '2025-06-30 07:51:06', '49', '28', '17', '3', '37', '5', '359', '2', '40', '3', '7', '200', '1', 'tesss', 'waiting', '0000-00-00 00:00:00', '14:50:00', '02:50:00', '', '0061', '2025-06-30', '2025-07-04', '', '', '', '', '', '', '5', '10', 'ok', '1', '2025-06-30 07:50:00', '660000', 'Rp 180.000', 'Rp 480.000', ''),
(62, 0, '13', '2025-06-30 07:51:53', '49', '28', '17', '3', '37', '5', '359', '2', '40', '3', '7', '200', '1', 'tesssdfggf', 'waiting', '0000-00-00 00:00:00', '14:50:00', '02:50:00', '', '0062', '2025-06-30', '2025-07-04', '49', '384', '', '49', '340', '', '5', '10', 'okdgfdg', '1', '2025-06-30 07:50:00', '660000', 'Rp 180.000', 'Rp 480.000', ''),
(63, 0, '13', '2025-06-30 07:52:37', '49', '28', '17', '3', '37', '5', '359', '2', '25', '3', '7', '200', '1', 'wewewerew', 'waiting', '0000-00-00 00:00:00', '14:52:00', '02:52:00', '', '0063', '2025-06-30', '2025-07-03', '49', '385', '', '49', '341', '', '4', '7', 'werwer', '1', '2025-06-30 07:52:00', '471000', 'Rp 135.000', 'Rp 336.000', ''),
(64, 0, '13', '2025-06-30 08:22:51', '49', '28', '17', '3', '37', '5', '359', '2', '28', '3', '7', '200', '1', 'dfgfdg', '', '0000-00-00 00:00:00', '15:22:00', '03:22:00', '', '', '2025-06-30', '2025-07-03', '49', '386', '', '49', '342', '', '4', '7', 'dfgdfg', '1', '2025-06-30 08:22:00', '471000', 'Rp 135.000', 'Rp 336.000', ''),
(65, 0, '13', '2025-06-30 08:27:48', '49', '28', '17', '3', '37', '5', '359', '2', '40', '3', '7', '200', '1', 'fdsfg', '', '0000-00-00 00:00:00', '15:27:00', '03:27:00', '', '', '2025-06-30', '2025-07-03', '49', '387', '', '49', '343', '', '4', '7', 'dfgdfg', '1', '2025-06-30 08:27:00', '471000', 'Rp 135.000', 'Rp 336.000', NULL),
(66, 0, '13', '2025-06-30 08:30:43', '49', '28', '17', '3', '37', '5', '359', '2', '28', '3', '7', '200', '1', 'rewrwr', 'waiting', '0000-00-00 00:00:00', '15:30:00', '03:30:00', '', '0064', '2025-06-30', '2025-07-03', '49', '388', '', '49', '344', '', '4', '7', 'qerewrwr', '1', '2025-06-30 08:30:00', '471000', 'Rp 135.000', 'Rp 336.000', NULL),
(67, 0, '13', '2025-06-30 08:46:35', '49', '28', '17', '3', '37', '5', '359', '1', '19', '3', '7', '182', '1', 'rrte', 'waiting', '0000-00-00 00:00:00', '15:40:00', '03:40:00', '', '0065', '2025-06-30', '2025-07-03', '49', '389', '', '49', '345', '', '4', '7', 'wrtrw', '1', '2025-06-30 08:40:00', '415000', 'Rp 135.000', 'Rp 280.000', ''),
(68, 0, '13', '2025-06-30 08:47:21', '49', '28', '17', '3', '37', '5', '359', '2', '28', '3', '7', '200', '1', 'retreytry', 'waiting', '0000-00-00 00:00:00', '15:47:00', '03:47:00', '', '0066', '2025-06-30', '2025-07-03', '49', '390', '', '49', '346', '', '4', '7', 'ryry', '1', '2025-06-30 08:46:00', '471000', 'Rp 135.000', 'Rp 336.000', ''),
(69, 0, '13', '2025-07-09 09:22:30', '49', '28', '17', '3', '37', '5', '359', '2', '40', '3', '7', '200', '1', 'affasf', 'closed', '0000-00-00 00:00:00', '15:51:00', '03:51:00', '', '0067', '2025-06-30', '2025-07-04', '49', '391', '', '49', '347', '', '5', '10', 'asfaf', '1', '2025-06-30 08:49:00', '660000', 'Rp 180.000', 'Rp 480.000', ''),
(70, 0, '13', '2025-07-09 09:22:16', '49', '28', '17', '3', '37', '5', '359', '1', '10', '3', '7', '182', '1', 'sdf', 'closed', '0000-00-00 00:00:00', '15:59:00', '03:59:00', '', '0068', '2025-06-30', '2025-07-03', '49', '392', '', '49', '348', '', '4', '7', 'dfdf', '1', '2025-06-30 08:59:00', '415000', 'Rp 135.000', 'Rp 280.000', NULL),
(71, 0, '13', '2025-07-09 09:11:29', '49', '28', '17', '3', '37', '5', '359', '1', '16', '3', '7', '182', '1', 'sasad', 'closed', '0000-00-00 00:00:00', '16:03:00', '04:03:00', '', '0069', '2025-06-30', '2025-07-02', '49', '393', '', '49', '349', '', '3', '4', 'dads', '1', '2025-06-30 09:03:00', '250000', 'Rp 90.000', 'Rp 160.000', NULL),
(72, 0, '13', '2025-07-09 08:51:15', '49', '28', '17', '3', '37', '5', '359', '2', '26', '3', '7', '200', '1', 'dfdfdf', 'closed', '0000-00-00 00:00:00', '16:05:00', '04:05:00', '', '0070', '2025-06-30', '2025-07-03', '49', '394', '', '49', '350', '', '4', '7', 'dfdf', '1', '2025-06-30 09:05:00', '471000', 'Rp 135.000', 'Rp 336.000', 'doc_6862534f9811c.png'),
(73, 0, '13', '2025-07-09 08:51:03', '49', '28', '17', '3', '37', '5', '359', '2', '28', '3', '7', '113', '1', 'Tess ', 'closed', '0000-00-00 00:00:00', '08:50:00', '20:50:00', '', '0071', '2025-07-01', '2025-07-04', '49', '395', '', '49', '351', '', '4', '11', 'Yess', '1', '2025-07-01 01:49:00', '663000', 'Rp 135.000', 'Rp 528.000', NULL),
(74, 0, '13', '2025-07-09 07:49:59', '49', '28', '17', '3', '37', '5', '359', '2', '26', '3', '7', '113', '1', 'dsfdsf', 'closed', '0000-00-00 00:00:00', '09:42:00', '21:42:00', '', '0072', '2025-07-01', '2025-07-04', '49', '396', '', '49', '352', '', '4', '11', 'dfdf', '1', '2025-07-01 02:42:00', '663000', 'Rp 135.000', 'Rp 528.000', 'doc_68634b42a4a93.png'),
(75, 0, '13', '2025-07-01 07:28:35', '49', '28', '17', '3', '37', '5', '359', '1', '16', '3', '7', '95', '1', 'Tes', 'closed', '0000-00-00 00:00:00', '13:58:00', '01:58:00', '', '0073', '2025-07-01', '2025-07-05', '49', '397', '', '49', '353', '', '5', '10', 'Tes', '1', '2025-07-01 06:40:00', '1480000', 'Rp 180.000', 'Rp 400.000', 'doc_68638718a1408.jpeg'),
(76, 0, '13', '2025-07-09 07:47:15', '49', '28', '17', '3', '37', '5', '359', '1', '7', '3', '7', '95', '1', 'KITA UJI COBA LAGI YA', 'closed', '0000-00-00 00:00:00', '08:18:00', '20:18:00', '', '0074', '2025-07-02', '2025-07-05', '49', '398', '', '49', '354', '', '4', '11', 'TES', '1', '2025-07-02 01:17:00', '1025000', 'Rp 135.000', 'Rp 440.000', 'doc_68648981c0486.png'),
(77, 0, '13', '2025-07-02 01:21:57', '49', '28', '17', '3', '37', '5', '359', '2', '28', '3', '7', '200', '1', 'TESSS', 'Draft', '0000-00-00 00:00:00', '08:21:00', '20:21:00', '', '0075', '2025-07-02', '2025-07-05', '49', '399', '', '49', '355', '', '4', '11', 'OK', '1', '2025-07-02 01:21:00', '663000', 'Rp 135.000', 'Rp 528.000', 'doc_686489b5b2fea.jpeg'),
(78, 0, '13', '2025-07-02 01:23:18', '49', '28', '17', '3', '37', '5', '359', '3', '33', '3', '7', '218', '1', 'TESSS', 'Draft', '0000-00-00 00:00:00', '08:22:00', '20:22:00', '', '0076', '2025-07-02', '2025-07-05', '49', '400', '', '49', '356', '', '4', '11', 'TESSS', '1', '2025-07-02 01:22:00', '1201000', 'Rp 135.000', 'Rp 616.000', NULL),
(79, 0, '13', '2025-07-02 01:29:36', '49', '28', '17', '3', '37', '5', '359', '2', '40', '3', '7', '200', '1', '74747', 'Draft', '0000-00-00 00:00:00', '08:29:00', '20:29:00', '', '0077', '2025-07-02', '2025-07-05', '49', '401', '', '49', '357', '', '4', '11', '5474774', '1', '2025-07-02 01:28:00', '663000', 'Rp 135.000', 'Rp 528.000', NULL),
(80, 0, '13', '2025-07-02 01:30:30', '49', '28', '17', '3', '37', '5', '359', '1', '6', '3', '7', '182', '1', '7I6I', 'Draft', '0000-00-00 00:00:00', '08:30:00', '20:30:00', '', '0078', '2025-07-02', '2025-07-05', '49', '402', '', '49', '358', '', '4', '11', 'OKKK', '1', '2025-07-02 01:29:00', '1253678', 'Rp 135.000', 'Rp 440.000', NULL),
(81, 0, '13', '2025-07-02 01:31:09', '49', '28', '17', '3', '37', '5', '359', '2', '26', '3', '7', '200', '1', 'YTITITYI', 'Draft', '0000-00-00 00:00:00', '08:31:00', '20:31:00', '', '0079', '2025-07-02', '2025-07-05', '49', '403', '', '49', '359', '', '4', '11', 'TYIYTIYTI', '1', '2025-07-02 01:30:00', '663000', 'Rp 135.000', 'Rp 528.000', 'doc_68648bdd66068.png'),
(82, 0, '13', '2025-07-02 01:31:40', '49', '28', '17', '3', '37', '5', '359', '2', '26', '3', '7', '200', '1', 'TYITYITYI', 'Draft', '0000-00-00 00:00:00', '08:31:00', '20:31:00', '', '0080', '2025-07-02', '2025-07-05', '49', '404', '', '49', '360', '', '4', '11', 'YTITIY', '1', '2025-07-02 01:31:00', '663000', 'Rp 135.000', 'Rp 528.000', NULL),
(83, 0, '13', '2025-07-02 01:39:29', '49', '28', '17', '3', '37', '5', '359', '1', '19', '3', '7', '182', '1', 'okkk', 'Draft', '0000-00-00 00:00:00', '08:39:00', '20:39:00', '', '0081', '2025-07-02', '2025-07-05', '49', '405', '', '49', '361', '', '4', '11', 'ok', '1', '2025-07-02 01:31:00', '575000', 'Rp 135.000', 'Rp 440.000', NULL),
(84, 0, '13', '2025-07-10 02:38:39', '49', '28', '17', '3', '37', '5', '359', '1', '16', '3', '7', '95', '1', 'dsvsdf', 'waiting', '0000-00-00 00:00:00', '06:13:00', '19:00:00', '', '0082', '2025-07-02', '2025-07-03', '49', '406', '', '49', '362', '', '2', '5', 'ok', '1', '2025-07-02 01:39:00', '245000', 'Rp 45.000', 'Rp 200.000', NULL),
(85, 0, '13', '2025-07-02 04:44:51', '49', '28', '17', '3', '37', '5', '359', '1', '16', '3', '7', '95', '1', 'Tes', 'closed', '0000-00-00 00:00:00', '10:18:00', '22:18:00', '', '0083', '2025-07-02', '2025-07-05', '49', '407', '', '49', '363', '', '4', '11', 'ok', '1', '2025-07-02 02:54:00', '575000', 'Rp 135.000', 'Rp 440.000', NULL),
(86, 0, '13', '2025-07-09 02:50:58', '49', '28', '17', '3', '37', '5', '359', '1', '5', '3', '7', '95', '1', 'Tes ya', 'closed', '0000-00-00 00:00:00', '06:00:00', '20:01:00', '', '0084', '2025-07-09', '2025-07-09', '49', '408', '', '49', '364', '', '1', '3', 'ok', '1', '2025-07-09 01:35:00', '2342500', 'Rp 22.500', 'Rp 120.000', NULL),
(87, 0, '13', '2025-07-09 09:37:17', '49', '28', '17', '3', '37', '5', '359', '1', '5', '3', '7', '182', '1', 'TES 003', 'closed', '0000-00-00 00:00:00', '06:26:00', '19:01:00', '', '0085', '2025-07-09', '2025-07-10', '49', '409', '', '49', '365', '', '2', '6', '', '1', '2025-07-09 09:26:00', '2385000', 'Rp 45.000', 'Rp 240.000', NULL),
(88, 0, '13', '2025-07-10 02:49:31', '49', '28', '17', '3', '37', '5', '359', '2', '40', '3', '7', '200', '1', 'Tes lagi ya', 'waiting', '0000-00-00 00:00:00', '09:41:00', '21:41:00', '', '0086', '2025-07-10', '2025-07-12', '49', '410', '', '49', '366', '', '3', '8', 'Tes lagi ya', '1', '2025-07-10 02:41:00', '924000', 'Rp 90.000', 'Rp 384.000', NULL),
(89, 0, '13', '2025-09-15 04:09:07', '49', '28', '17', '3', '37', '5', '359', '1', '21', '3', '7', '182', '1', 'YA COBA LAGI DEH', 'closed', '0000-00-00 00:00:00', '06:02:00', '07:00:00', '', '0087', '2025-07-10', '2025-07-11', '49', '411', '', '49', '367', '', '2', '4', 'UP TO YOU LORD', '1', '2025-07-10 02:56:00', '2005000', 'Rp 45.000', 'Rp 160.000', NULL),
(90, 0, '13', '2025-07-11 02:00:48', '49', '28', '17', '3', '37', '5', '359', '1', '22', '3', '7', '182', '1', 'Tes', 'Draft', '0000-00-00 00:00:00', '09:00:00', '21:00:00', '', '0088', '2025-07-11', '2025-07-14', '49', '412', '', '49', '368', '', '4', '11', 'ok', '1', '2025-07-11 01:53:00', '575000', 'Rp 135.000', 'Rp 440.000', NULL),
(91, 0, '13', '2025-07-11 03:38:14', '49', '28', '17', '3', '37', '5', '359', '2', '40', '3', '7', '113', '1', 'TES', 'closed', '0000-00-00 00:00:00', '09:06:00', '21:06:00', '', '0089', '2025-07-11', '2025-07-14', '49', '413', '', '49', '369', '', '4', '11', 'TES', '1', '2025-07-11 02:06:00', '663000', 'Rp 135.000', 'Rp 528.000', NULL),
(92, 0, '13', '2025-07-11 03:56:54', '49', '28', '17', '3', '37', '5', '359', '2', '40', '3', '7', '113', '1', 'Tes', 'closed', '0000-00-00 00:00:00', '10:53:00', '22:53:00', '3', '0090', '2025-07-11', '2025-07-12', '49', '414', '', '49', '370', '', '2', '5', '-', '1', '2025-07-11 03:52:00', '285000', 'Rp 45.000', 'Rp 240.000', NULL),
(93, 0, '13', '2025-07-11 08:57:41', '49', '28', '17', '3', '37', '5', '359', '1', '21', '3', '7', '182', '1', 'DSFDSFSDF', 'Draft', '0000-00-00 00:00:00', '15:57:00', '03:57:00', '', '0091', '2025-07-11', '2025-07-12', '49', '415', '', '49', '371', '', '2', '2', 'SFDSFSF', '1', '2025-07-11 08:57:00', '125000', 'Rp 45.000', 'Rp 80.000', NULL),
(94, 0, '13', '2025-07-11 09:31:36', '49', '28', '17', '3', '37', '5', '359', '1', '5', '3', '7', '182', '1', 'TESS', 'waiting', '0000-00-00 00:00:00', '16:31:00', '04:31:00', '', '0092', '2025-07-11', '2025-07-12', '49', '416', '', '49', '372', '', '2', '2', '', '1', '2025-07-11 09:31:00', '125000', 'Rp 45.000', 'Rp 80.000', NULL),
(95, 0, '13', '2025-07-11 09:35:29', '79', '49', '17', '3', '40', '18', '', '1', '20', '3', '15', '190', '1', 'adsasdsad', 'waiting', '0000-00-00 00:00:00', '16:35:00', '04:35:00', '', '0093', '2025-07-11', '2025-07-12', '79', '417', '', '79', '373', '', '2', '2', 'ertretert', '1', '2025-07-11 09:34:00', '175000', 'Rp 75.000', 'Rp 100.000', NULL),
(96, 0, '13', '2025-07-11 09:47:15', '49', '28', '17', '3', '37', '5', '359', '2', '28', '3', '7', '113', '1', 'wqdqdqwd', 'closed', '0000-00-00 00:00:00', '16:41:00', '04:41:00', '', '0094', '2025-07-11', '2025-07-12', '49', '418', '', '49', '374', '', '2', '1', 'qwdqwdq', '1', '2025-07-11 09:40:00', '93000', 'Rp 45.000', 'Rp 48.000', NULL),
(97, 0, '13', '2025-07-11 09:56:15', '49', '28', '17', '3', '37', '5', '359', '2', '28', '3', '7', '200', '1', 'retertert', 'closed', '0000-00-00 00:00:00', '16:53:00', '04:53:00', '', '0095', '2025-07-11', '2025-07-12', '49', '419', '', '49', '375', '', '2', '2', 'ertretrt', '1', '2025-07-11 09:53:00', '141000', 'Rp 45.000', 'Rp 96.000', NULL),
(98, 0, '13', '2025-07-11 10:07:18', '49', '28', '17', '3', '37', '5', '359', '1', '21', '3', '7', '182', '1', 'e', 'closed', '0000-00-00 00:00:00', '17:05:00', '05:05:00', '', '0096', '2025-07-11', '2025-07-12', '49', '420', '', '49', '376', '', '2', '2', 'e', '1', '2025-07-11 10:05:00', '125000', 'Rp 45.000', 'Rp 80.000', NULL),
(99, 0, '13', '2025-07-11 10:14:11', '49', '28', '17', '3', '37', '5', '359', '1', '22', '3', '7', '182', '1', 'wewew', 'closed', '0000-00-00 00:00:00', '17:10:00', '05:10:00', '', '0097', '2025-07-11', '2025-07-12', '49', '421', '', '49', '377', '', '2', '2', 'werwer', '1', '2025-07-11 10:10:00', '125000', 'Rp 45.000', 'Rp 80.000', NULL),
(100, 0, '13', '2025-07-11 10:17:48', '49', '28', '17', '3', '37', '5', '359', '1', '5', '3', '7', '182', '1', 'ff', 'closed', '0000-00-00 00:00:00', '17:16:00', '05:16:00', '', '0098', '2025-07-11', '2025-07-12', '49', '422', '', '49', '378', '', '2', '2', 'dfd', '1', '2025-07-11 10:16:00', '125000', 'Rp 45.000', 'Rp 80.000', NULL),
(101, 0, '13', '2025-07-14 01:26:50', '49', '28', '17', '3', '37', '5', '359', '1', '19', '3', '7', '182', '1', 'TES KALI KEDUA', 'closed', '0000-00-00 00:00:00', '06:56:00', '19:00:00', '', '0099', '2025-07-14', '2025-07-15', '49', '423', '', '49', '379', '', '2', '5', 'TES KALI KEDUA', '1', '2025-07-14 00:52:00', '595000', 'Rp 45.000', 'Rp 200.000', NULL),
(102, 0, '13', '2025-07-18 01:27:47', '49', '28', '17', '3', '37', '5', '359', '1', '22', '3', '7', '182', '1', 'MARI KITA COBA TES LAGI YA', 'closed', '0000-00-00 00:00:00', '08:07:00', '20:07:00', '', '0100', '2025-07-18', '2025-07-19', '49', '424', '', '49', '380', '', '2', '5', 'MARI KITA COBA TES LAGI YA', '1', '2025-07-18 01:05:00', '245000', 'Rp 45.000', 'Rp 200.000', NULL),
(103, 0, '13', '2025-07-21 03:02:28', '49', '28', '17', '3', '37', '5', '359', '2', '13', '3', '7', '200', '1', 'PERGI MENCARI IKAN DI LAUT', 'closed', '0000-00-00 00:00:00', '09:51:00', '21:51:00', '', '0101', '2025-07-21', '2025-07-23', '49', '425', '', '49', '382', '', '3', '8', 'PERGI MENCARI IKAN DI LAUT', '1', '2025-07-21 02:51:00', '474000', 'Rp 90.000', 'Rp 384.000', NULL),
(104, 0, '13', '2025-07-29 03:01:36', '58', '26', '17', '3', '40', '18', '362', '1', '4', '3', '16', '191', '1', 'TES SPPD', 'waiting', '0000-00-00 00:00:00', '10:00:00', '22:00:00', '', '0102', '2025-07-29', '2025-07-31', '58', '426', '', '58', '383', '', '3', '8', 'RANDY', '1', '2025-07-29 02:58:00', '1390000', 'Rp 200.000', 'Rp 440.000', NULL),
(105, 0, '13', '2025-09-15 04:05:39', '49', '28', '17', '3', '37', '5', '359', '1', '20', '3', '7', '182', '1', 'TES', 'closed', '0000-00-00 00:00:00', '09:01:00', '21:01:00', '', '0103', '2025-08-05', '2025-08-07', '49', '427', '', '49', '384', '', '3', '8', 'TES', '1', '2025-08-05 02:00:00', '410000', 'Rp 90.000', 'Rp 320.000', NULL),
(106, 0, '13', '2025-08-14 02:25:55', '49', '28', '17', '3', '37', '5', '359', '1', '4', '3', '7', '182', '1', 'MEETING DENGAN VENDOR DI PEKANBARU', 'closed', '0000-00-00 00:00:00', '06:20:00', '18:20:00', '', '0104', '2025-08-14', '2025-08-16', '49', '428', '', '49', '385', '', '3', '8', '-', '1', '2025-08-14 02:19:00', '1210000', 'Rp 90.000', 'Rp 320.000', NULL),
(107, 0, '13', '2025-08-28 04:37:56', '58', '26', '17', '3', '40', '18', '362', '1', '4', '3', '16', '191', '1', 'SPPD KE PEKANBARU', 'closed', '0000-00-00 00:00:00', '06:30:00', '20:30:00', '', '0105', '2025-08-28', '2025-08-30', '58', '429', '', '58', '386', '', '3', '9', 'RANDY', '1', '2025-08-28 04:23:00', '1795000', 'Rp 200.000', 'Rp 495.000', NULL),
(108, 0, '13', '2025-09-15 04:04:27', '49', '28', '17', '3', '37', '5', '359', '1', '5', '3', '7', '182', '1', '5675757', 'closed', '0000-00-00 00:00:00', '13:55:00', '01:55:00', '', '0106', '2025-08-28', '2025-08-30', '49', '430', '', '49', '387', '', '3', '5', '7567657', '1', '2025-08-28 06:55:00', '290000', 'Rp 90.000', 'Rp 200.000', NULL),
(109, 0, '13', '2025-09-02 12:30:00', '49', '28', '17', '3', '37', '5', '359', '1', '20', '3', '7', '182', '1', 'OK', 'Draft', '0000-00-00 00:00:00', '19:29:00', '07:29:00', '', '0107', '2025-09-02', '2025-09-03', '49', '431', '', '49', '388', '', '2', '2', 'CSc', '1', '2025-09-02 12:29:00', '125000', 'Rp 45.000', 'Rp 80.000', NULL),
(110, 0, '13', '2025-09-03 01:11:23', '49', '28', '17', '3', '37', '5', '359', '1', '19', '3', '7', '182', '1', 'yyyyyyyyyyyyy', 'Draft', '0000-00-00 00:00:00', '08:10:00', '20:10:00', '', '0108', '2025-09-03', '2025-09-05', '49', '432', '', '49', '389', '', '3', '8', 'yyyy', '1', '2025-09-03 01:05:00', '563534', 'Rp 90.000', 'Rp 320.000', NULL),
(111, 0, '13', '2025-09-03 02:13:21', '58', '26', '17', '3', '40', '18', '362', '1', '7', '3', '16', '191', '1', 'fgdfg', 'Draft', '0000-00-00 00:00:00', '09:13:00', '21:13:00', '', '0109', '2025-09-03', '2025-09-03', '58', '446', '', '58', '403', '', '1', '2', 'fdgdgfdg', '1', '2025-09-03 02:13:00', '160000', 'Rp 50.000', 'Rp 110.000', NULL),
(112, 0, '13', '2025-09-03 02:28:45', '49', '28', '17', '3', '37', '5', '359', '1', '5', '3', '7', '182', '1', 'oliolio', 'Draft', '0000-00-00 00:00:00', '09:28:00', '21:28:00', '', '0110', '2025-09-03', '2025-09-05', '49', '447', '', '49', '404', '', '3', '8', 'iolol', '1', '2025-09-03 02:28:00', '563534', 'Rp 90.000', 'Rp 320.000', NULL),
(113, 0, '13', '2025-09-04 02:20:40', '49', '28', '17', '3', '37', '5', '359', '1', '22', '3', '7', '95', '1', 'SDFDF', 'waiting', '0000-00-00 00:00:00', '09:32:00', '21:32:00', '', '0111', '2025-09-03', '2025-09-04', '49', '448', '', '49', '405', '', '2', '5', 'DFDF', '1', '2025-09-03 02:29:00', '398534', 'Rp 45.000', 'Rp 200.000', NULL),
(114, 0, '13', '2025-09-03 02:36:48', '49', '28', '17', '3', '37', '5', '359', '1', '5', '3', '7', '182', '1', 'dfsdfdf', 'Draft', '0000-00-00 00:00:00', '09:36:00', '21:36:00', '', '0112', '2025-09-03', '2025-09-05', '49', '449', '', '49', '406', '', '3', '8', 'dsfsdf', '1', '2025-09-03 02:36:00', '410000', 'Rp 90.000', 'Rp 320.000', NULL),
(115, 0, '13', '2025-09-04 07:55:46', '49', '28', '17', '3', '37', '5', '359', '2', '13', '3', '7', '113', '1', 'dsd', 'closed', '0000-00-00 00:00:00', '09:39:00', '21:39:00', '', '0113', '2025-09-03', '2025-09-06', '49', '450', '', '49', '407', '', '4', '11', 'ewrwrwrrew', '1', '2025-09-03 02:39:00', '663000', 'Rp 135.000', 'Rp 528.000', NULL),
(116, 0, '13', '2025-09-15 04:02:49', '49', '28', '17', '3', '37', '5', '359', '1', '1', '3', '7', '182', '1', 'TESSS LAGI YA 0001', 'confirmed', '0000-00-00 00:00:00', '10:59:00', '22:59:00', '', '0114', '2025-09-15', '2025-09-18', '49', '451', '', '49', '408', '', '4', '11', 'TESSS LAGI YA 0001', '1', '2025-09-15 03:59:00', '575000', 'Rp 135.000', 'Rp 440.000', NULL),
(117, 0, '13', '2025-09-19 10:01:04', '58', '26', '17', '3', '40', '18', '362', '1', '10', '3', '16', '104', '1', 'ssadad', 'closed', '0000-00-00 00:00:00', '04:57:00', '16:58:00', '2', '0115', '2025-09-19', '2025-09-22', '58', '452', '', '58', '409', '', '4', '11', '1', '1', '2025-09-19 09:57:00', '905000', 'Rp 300.000', 'Rp 605.000', NULL),
(118, 0, '13', '2025-10-29 04:36:34', '49', '28', '17', '3', '37', '5', '359', '2', '13', '3', '7', '113', '1', 'TESS', 'waiting', '0000-00-00 00:00:00', '11:35:00', '23:35:00', '', '0116', '2025-10-29', '2025-10-31', '49', '453', '', '49', '410', '', '3', '8', '-', '1', '2025-10-29 04:34:00', '474000', 'Rp 90.000', 'Rp 384.000', NULL),
(119, 0, '13', '2025-10-29 07:45:51', '49', '28', '17', '3', '37', '5', '359', '2', '40', '3', '7', '113', '1', 'TESSS', 'waiting', '0000-00-00 00:00:00', '11:38:00', '23:38:00', '2', '0117', '2025-10-29', '2025-10-31', '49', '454', '', '49', '411', '', '3', '8', '', '1', '2025-10-29 04:37:00', '1074000', 'Rp 90.000', 'Rp 384.000', NULL),
(120, 0, '13', '2025-10-29 09:37:58', '49', '28', '17', '3', '37', '5', '359', '2', '28', '3', '7', '113', '1', 'ok', 'closed', '0000-00-00 00:00:00', '02:55:00', '14:56:00', '', '0118', '2025-10-29', '2025-11-06', '49', '455', '', '49', '412', '', '9', '26', '-', '1', '2025-10-29 07:55:00', '67267145', 'Rp 360.000', 'Rp 1.248.000', NULL),
(121, 0, '13', '2025-10-30 03:23:11', '49', '28', '17', '3', '37', '5', '359', '3', '30', '3', '7', '131', '1', 'TES SAJA', 'closed', '0000-00-00 00:00:00', '03:28:00', '15:28:00', '2', '0119', '2025-10-29', '2025-11-01', '49', '456', '', '49', '413', '', '4', '11', 'TES SAJA', '1', '2025-10-29 08:27:00', '8651000', 'Rp 135.000', 'Rp 616.000', NULL),
(122, 0, '13', '2025-12-09 03:02:33', '49', '28', '17', '3', '37', '5', '359', '1', '16', '3', '7', '95', '1', 'tessssss', 'closed', '0000-00-00 00:00:00', '11:01:00', '23:01:00', '3', '0120', '2025-10-30', '2025-11-02', '49', '457', '', '49', '414', '', '4', '11', '', '1', '2025-10-30 04:00:00', '1975000', 'Rp 135.000', 'Rp 440.000', NULL),
(123, 11, '13', '2026-02-05 06:29:13', '49', '28', '17', '3', '37', '5', '359', '1', '22', '3', '7', '95', '1', 'Tes', 'closed', '0000-00-00 00:00:00', '11:16:00', '23:16:00', '', '0121', '2026-02-05', '2026-02-07', '49', '458', '', '49', '415', '', '3', '8', 'Tes', '1', '2026-02-05 04:16:00', '410000', 'Rp 90.000', 'Rp 320.000', NULL),
(124, 12, '13', '2026-02-05 04:54:31', '49', '28', '17', '3', '37', '5', '359', '2', '25', '3', '7', '113', '1', 'ok', 'closed', '0000-00-00 00:00:00', '11:19:00', '23:19:00', '', '0122', '2026-02-06', '2026-02-07', '49', '459', '', '49', '416', '', '2', '5', 'ok', '1', '2026-02-05 04:18:00', '285000', 'Rp 45.000', 'Rp 240.000', NULL),
(125, 11, '13', '2026-02-23 02:29:44', '49', '28', '17', '3', '37', '5', '359', '1', '4', '3', '7', '182', '1', 'Tes', 'Draft', '0000-00-00 00:00:00', '09:29:00', '21:29:00', '', '0123', '2026-02-23', '2026-02-25', '49', '460', '', '49', '417', '', '3', '7', '', '1', '2026-02-23 01:58:00', '370000', 'Rp 90.000', 'Rp 280.000', NULL),
(126, 11, '13', '2026-02-23 04:56:58', '49', '28', '17', '3', '37', '5', '359', '1', '5', '3', '7', '182', '1', 'Tes', 'Draft', '0000-00-00 00:00:00', '11:56:00', '23:56:00', '', '0124', '2026-02-23', '2026-02-25', '49', '461', '', '49', '418', '', '3', '2', '', '1', '2026-02-23 04:47:00', '170000', 'Rp 90.000', 'Rp 80.000', NULL),
(127, 12, '13', '2026-02-23 06:20:16', '49', '28', '17', '3', '37', '5', '359', '2', '26', '3', '7', '200', '1', 'ghfhjhgj', 'Draft', '0000-00-00 00:00:00', '13:19:00', '01:19:00', '', '0125', '2026-02-26', '2026-02-28', '49', '462', '', '49', '419', '', '3', '3', 'ok', '1', '2026-02-23 06:19:00', '234000', 'Rp 90.000', 'Rp 144.000', NULL),
(128, 13, '13', '2026-02-23 06:21:34', '49', '28', '17', '3', '37', '5', '359', '2', '25', '3', '7', '200', '1', 'dvsdvs', 'Draft', '0000-00-00 00:00:00', '13:21:00', '01:21:00', '', '0126', '2026-03-01', '2026-03-03', '49', '463', '', '49', '420', '', '3', '2', 'dsdvd', '1', '2026-02-23 06:20:00', '186000', 'Rp 90.000', 'Rp 96.000', NULL),
(129, 12, '13', '2026-02-23 08:19:45', '49', '28', '17', '3', '37', '5', '359', '2', '28', '3', '7', '200', '1', 'fdbdfb', 'Draft', '0000-00-00 00:00:00', '15:19:00', '03:19:00', '', '0127', '2026-02-23', '2026-02-27', '49', '464', '', '49', '421', '', '5', '2', 'fbdb', '1', '2026-02-23 08:19:00', '276000', 'Rp 180.000', 'Rp 96.000', NULL),
(130, 12, '13', '2026-02-23 08:21:22', '49', '28', '17', '3', '37', '5', '359', '2', '25', '3', '7', '200', '1', 'fvfv', 'Draft', '0000-00-00 00:00:00', '15:21:00', '03:21:00', '', '0128', '2026-02-23', '2026-02-28', '49', '465', '', '49', '422', '', '6', '10', '', '1', '2026-02-23 08:20:00', '705000', 'Rp 225.000', 'Rp 480.000', NULL),
(131, 12, '13', '2026-02-23 08:33:39', '49', '28', '17', '3', '37', '5', '359', '2', '28', '3', '7', '200', '1', '678786', 'Draft', '0000-00-00 00:00:00', '15:33:00', '03:33:00', '', '0129', '2026-02-23', '2026-02-26', '49', '466', '', '49', '423', '', '4', '5', '76878', '1', '2026-02-23 08:33:00', '375000', 'Rp 135.000', 'Rp 240.000', NULL),
(132, 11, '13', '2026-02-23 08:34:07', '49', '28', '17', '3', '37', '5', '359', '2', '28', '3', '7', '200', '1', '78688', 'Draft', '0000-00-00 00:00:00', '15:34:00', '03:34:00', '', '0130', '2026-02-23', '2026-02-27', '49', '467', '', '49', '424', '', '5', '11', '67878', '1', '2026-02-23 08:33:00', '708000', 'Rp 180.000', 'Rp 528.000', NULL),
(133, 11, '13', '2026-02-23 08:43:24', '49', '28', '17', '3', '37', '5', '359', '2', '28', '3', '7', '200', '1', 'Tes', 'Draft', '0000-00-00 00:00:00', '15:43:00', '03:43:00', '', '0131', '2026-02-23', '2026-02-27', '49', '468', '', '49', '425', '', '5', '5', 'tes', '1', '2026-02-23 08:42:00', '420000', 'Rp 180.000', 'Rp 240.000', NULL),
(134, 12, '13', '2026-02-23 08:49:55', '49', '28', '17', '3', '37', '5', '359', '2', '26', '3', '7', '113', '1', 'uiyuiluil', 'Draft', '0000-00-00 00:00:00', '15:48:00', '03:48:00', '', '0132', '2026-02-23', '2026-02-27', '49', '469', '', '49', '426', '', '5', '6', 'iuluiluil', '1', '2026-02-23 08:47:00', '468000', 'Rp 180.000', 'Rp 288.000', NULL),
(135, 11, '13', '2026-02-23 08:51:47', '49', '28', '17', '3', '37', '5', '359', '2', '27', '3', '7', '113', '1', 'k', 'Draft', '0000-00-00 00:00:00', '15:50:00', '03:50:00', '', '0133', '2026-02-23', '2026-03-12', '49', '470', '', '49', '427', '', '18', '49', 'TES', '1', '2026-02-23 08:50:00', '3117000', 'Rp 765.000', 'Rp 2.352.000', NULL),
(136, 11, '13', '2026-02-23 09:02:31', '49', '28', '17', '3', '37', '5', '359', '2', '28', '3', '7', '200', '1', 'h', 'Draft', '0000-00-00 00:00:00', '16:02:00', '04:02:00', '', '0134', '2026-02-23', '2026-02-26', '49', '471', '', '49', '428', '', '4', '8', 'g', '1', '2026-02-23 09:02:00', '519000', 'Rp 135.000', 'Rp 384.000', NULL),
(137, 11, '13', '2026-02-23 09:11:12', '49', '28', '17', '3', '37', '5', '359', '2', '27', '3', '7', '200', '1', 'dsvdsv', 'Draft', '0000-00-00 00:00:00', '16:11:00', '04:11:00', '', '0135', '2026-02-23', '2026-02-27', '49', '472', '', '49', '429', '', '5', '7', 'dvdv', '1', '2026-02-23 09:10:00', '516000', 'Rp 180.000', 'Rp 336.000', NULL),
(138, 11, '13', '2026-02-24 01:20:07', '49', '28', '17', '3', '37', '5', '359', '2', '40', '3', '7', '200', '1', 'wdwd', 'Draft', '0000-00-00 00:00:00', '08:20:00', '20:20:00', '', '0136', '2026-02-24', '2026-02-27', '49', '473', '', '49', '430', '', '4', '11', 'ssaf', '1', '2026-02-24 01:19:00', '663000', 'Rp 135.000', 'Rp 528.000', NULL),
(139, 12, '13', '2026-02-24 01:20:42', '49', '28', '17', '3', '37', '5', '359', '1', '21', '3', '7', '182', '1', 'rtertret', 'Draft', '0000-00-00 00:00:00', '08:20:00', '20:20:00', '', '0137', '2026-02-24', '2026-02-28', '49', '474', '', '49', '431', '', '5', '10', 'ok', '1', '2026-02-24 01:20:00', '580000', 'Rp 180.000', 'Rp 400.000', NULL),
(140, 11, '13', '2026-02-24 01:38:21', '49', '28', '17', '3', '37', '5', '359', '3', '30', '3', '7', '131', '1', 'Tes developer nya ya', 'waiting', '0000-00-00 00:00:00', '08:37:00', '20:37:00', '', '0138', '2026-02-24', '2026-02-27', '49', '475', '', '49', '432', '', '4', '5', '', '1', '2026-02-24 01:37:00', '415000', 'Rp 135.000', 'Rp 280.000', NULL),
(141, 11, '13', '2026-02-24 01:46:10', '49', '28', '17', '3', '37', '5', '359', '2', '27', '3', '7', '200', '1', 'tes', 'Draft', '0000-00-00 00:00:00', '08:45:00', '20:45:00', '', '0139', '2026-02-24', '2026-02-26', '49', '476', '', '49', '433', '', '3', '2', '', '1', '2026-02-24 01:38:00', '186000', 'Rp 90.000', 'Rp 96.000', NULL),
(142, 11, '13', '2026-02-24 01:56:55', '49', '28', '17', '3', '37', '5', '359', '2', '28', '3', '7', '200', '1', 'th', 'Draft', '0000-00-00 00:00:00', '08:56:00', '20:56:00', '', '0140', '2026-02-24', '2026-02-27', '49', '477', '', '49', '434', '', '4', '8', 'ththth', '1', '2026-02-24 01:56:00', '519000', 'Rp 135.000', 'Rp 384.000', NULL),
(143, 12, '13', '2026-02-24 02:06:14', '49', '28', '17', '3', '37', '5', '359', '1', '21', '3', '7', '182', '1', 'df', 'Draft', '0000-00-00 00:00:00', '09:06:00', '21:06:00', '', '0141', '2026-02-24', '2026-02-27', '49', '478', '', '49', '435', '', '4', '5', 'dfdfdf', '1', '2026-02-24 02:05:00', '335000', 'Rp 135.000', 'Rp 200.000', NULL);
INSERT INTO `sppd` (`id_sppd`, `id_department_budget`, `id_tg`, `tgl`, `id_user`, `id_employee`, `id_tt`, `id_jenis_pengajuan`, `id_devisi`, `id_departement`, `id_app`, `id_region`, `id_city`, `id_cost`, `id_grade`, `id_plafon`, `id_currency`, `sub`, `status`, `date`, `time_in`, `time_out`, `fleg`, `id_uniq`, `date_in`, `date_out`, `id_user_hr`, `id_hrga_sppd`, `id_hrga_lbpd`, `id_user_acc`, `id_acc_sppd`, `id_acc_lbpd`, `cal_date`, `cal_time`, `follower`, `kurs`, `datetime`, `total_transfer`, `total_saku`, `total_amount`, `document`) VALUES
(144, 11, '13', '2026-02-24 02:08:13', '49', '28', '17', '3', '37', '5', '359', '2', '25', '3', '7', '200', '1', 'dfdsf', 'Draft', '0000-00-00 00:00:00', '09:08:00', '21:08:00', '', '0142', '2026-02-24', '2026-02-28', '49', '479', '', '49', '436', '', '5', '6', 'fdf', '1', '2026-02-24 02:07:00', '468000', 'Rp 180.000', 'Rp 288.000', NULL),
(145, 11, '13', '2026-02-24 02:38:10', '49', '28', '17', '3', '37', '5', '359', '1', '22', '3', '7', '182', '1', 'Tes terakhir', 'Draft', '0000-00-00 00:00:00', '09:37:00', '21:37:00', '', '0143', '2026-02-24', '2026-02-28', '49', '480', '', '49', '437', '', '5', '10', 'tess', '1', '2026-02-24 02:34:00', '580000', 'Rp 180.000', 'Rp 400.000', NULL),
(146, 11, '13', '2026-02-24 02:42:36', '49', '28', '17', '3', '37', '5', '359', '1', '5', '3', '7', '182', '1', 'dfdff', 'Draft', '0000-00-00 00:00:00', '09:42:00', '21:42:00', '', '0144', '2026-02-24', '2026-02-27', '49', '481', '', '49', '438', '', '4', '11', 'dfdfd', '1', '2026-02-24 02:42:00', '575000', 'Rp 135.000', 'Rp 440.000', NULL),
(147, 11, '13', '2026-02-24 02:54:06', '49', '28', '17', '3', '37', '5', '359', '2', '26', '3', '7', '200', '1', 'sdfdsf', 'Draft', '0000-00-00 00:00:00', '09:53:00', '21:53:00', '', '0145', '2026-02-24', '2026-02-27', '49', '482', '', '49', '439', '', '4', '5', 'dsgdsgdsg', '1', '2026-02-24 02:53:00', '375000', 'Rp 135.000', 'Rp 240.000', NULL),
(148, 11, '13', '2026-02-24 03:00:15', '49', '28', '17', '3', '37', '5', '359', '1', '22', '3', '7', '182', '1', 'dsfsdfs', 'Draft', '0000-00-00 00:00:00', '09:59:00', '21:59:00', '', '0146', '2026-02-24', '2026-02-27', '49', '483', '', '49', '440', '', '4', '5', 'dfd', '1', '2026-02-24 02:55:00', '335000', 'Rp 135.000', 'Rp 200.000', NULL),
(149, 12, '13', '2026-02-24 03:00:53', '49', '28', '17', '3', '37', '5', '359', '1', '21', '3', '7', '182', '1', 'dfsf', 'Draft', '0000-00-00 00:00:00', '10:00:00', '22:00:00', '', '0147', '2026-02-24', '2026-02-27', '49', '484', '', '49', '441', '', '4', '5', 'sdfdsfsf', '1', '2026-02-24 03:00:00', '335000', 'Rp 135.000', 'Rp 200.000', NULL),
(150, 12, '13', '2026-02-24 03:10:33', '49', '28', '17', '3', '37', '5', '359', '1', '5', '3', '7', '182', '1', 'dvsv', 'Draft', '0000-00-00 00:00:00', '10:10:00', '22:10:00', '', '0148', '2026-02-24', '2026-02-27', '49', '485', '', '49', '442', '', '4', '11', 'svdsv', '1', '2026-02-24 03:10:00', '575000', 'Rp 135.000', 'Rp 440.000', NULL),
(151, 11, '13', '2026-02-24 03:11:55', '49', '28', '17', '3', '37', '5', '359', '2', '26', '3', '7', '200', '1', 'dvsdv', 'Draft', '0000-00-00 00:00:00', '10:11:00', '22:11:00', '', '0149', '2026-02-24', '2026-02-28', '49', '486', '', '49', '443', '', '5', '14', 'dvsdvsdv', '1', '2026-02-24 03:11:00', '852000', 'Rp 180.000', 'Rp 672.000', NULL),
(152, 11, '13', '2026-02-24 03:28:18', '49', '28', '17', '3', '37', '5', '359', '1', '5', '3', '7', '182', '1', 'tesss', 'Draft', '0000-00-00 00:00:00', '10:27:00', '22:28:00', '', '0150', '2026-02-24', '2026-02-28', '49', '487', '', '49', '444', '', '5', '10', 'xcxc', '1', '2026-02-24 03:27:00', '580000', 'Rp 180.000', 'Rp 400.000', NULL),
(153, 11, '13', '2026-02-24 03:32:01', '49', '28', '17', '3', '37', '5', '359', '2', '28', '3', '7', '200', '1', 'sscsc', 'Draft', '0000-00-00 00:00:00', '10:31:00', '22:31:00', '', '0151', '2026-02-24', '2026-02-27', '49', '488', '', '49', '445', '', '4', '5', '', '1', '2026-02-24 03:31:00', '375000', 'Rp 135.000', 'Rp 240.000', NULL),
(154, 11, '13', '2026-02-24 08:16:10', '49', '28', '17', '3', '37', '5', '359', '2', '26', '3', '7', '113', '1', 'saafasf', 'closed', '0000-00-00 00:00:00', '10:41:00', '22:41:00', '', '0152', '2026-02-24', '2026-02-28', '49', '489', '', '49', '446', '', '5', '12', 'sdasdsd', '1', '2026-02-24 03:41:00', '660000', 'Rp 180.000', 'Rp 576.000', NULL);

-- --------------------------------------------------------

--
-- Table structure for table `tax`
--

CREATE TABLE `tax` (
  `id_tax` int(11) NOT NULL,
  `tax_code` varchar(35) NOT NULL,
  `deskripsi` text NOT NULL
) ENGINE=InnoDB DEFAULT CHARSET=latin1 COLLATE=latin1_swedish_ci;

--
-- Dumping data for table `tax`
--

INSERT INTO `tax` (`id_tax`, `tax_code`, `deskripsi`) VALUES
(1, 'TK', 'Duda / Janda'),
(2, 'K0', 'MENIKAH BELUM PUNYA ANAK'),
(3, 'K1', 'ANAK 1'),
(4, 'K2', 'ANAK 2'),
(5, 'K3', 'ANAK 3');

-- --------------------------------------------------------

--
-- Table structure for table `tg`
--

CREATE TABLE `tg` (
  `id_tg` int(11) NOT NULL,
  `jenis_pengajuan` varchar(25) NOT NULL,
  `id_jenis_pengajuan` int(11) NOT NULL,
  `nama_tg` varchar(50) DEFAULT NULL,
  `id_user` int(11) NOT NULL
) ENGINE=InnoDB DEFAULT CHARSET=utf8mb4 COLLATE=utf8mb4_general_ci;

--
-- Dumping data for table `tg`
--

INSERT INTO `tg` (`id_tg`, `jenis_pengajuan`, `id_jenis_pengajuan`, `nama_tg`, `id_user`) VALUES
(5, '', 3, 'SPP', 0),
(6, '', 3, 'HR', 0),
(7, '', 3, 'HR-IZ', 0),
(8, '', 3, 'HR-L', 0),
(11, '', 3, 'ASSET', 0),
(12, '', 3, 'DAR', 0),
(13, '', 3, 'SPPD', 0),
(14, '', 3, 'LBPD', 0),
(15, '', 3, 'HR-LC', 0),
(16, '', 3, 'WO', 0),
(17, '', 3, 'JO', 0),
(18, '', 3, 'WR', 0),
(19, '', 3, 'ARM', 0);

-- --------------------------------------------------------

--
-- Table structure for table `tmp_asset`
--

CREATE TABLE `tmp_asset` (
  `id_tmp_asset` int(11) NOT NULL,
  `id_asset` varchar(11) DEFAULT NULL,
  `kode_asset` varchar(50) DEFAULT NULL,
  `nama_asset` varchar(50) NOT NULL,
  `description` varchar(50) NOT NULL,
  `nilai_perolehan` varchar(50) NOT NULL,
  `tanggal_perolehan` varchar(50) NOT NULL,
  `qty` varchar(11) NOT NULL,
  `reff_invoice` varchar(20) NOT NULL,
  `id_tg` varchar(11) DEFAULT NULL,
  `id_tt` varchar(11) DEFAULT NULL,
  `id_jenis_pengajuan` varchar(50) DEFAULT NULL,
  `id_branch` varchar(50) DEFAULT NULL,
  `id_devisi` varchar(50) DEFAULT NULL,
  `id_departement` varchar(50) DEFAULT NULL,
  `id_asset_location` varchar(50) DEFAULT NULL,
  `id_group_asset` varchar(50) DEFAULT NULL,
  `id_category_type` varchar(50) DEFAULT NULL,
  `id_category_asset` varchar(50) DEFAULT NULL,
  `id_vendor` varchar(50) DEFAULT NULL,
  `id_user` varchar(50) DEFAULT NULL,
  `id_app` varchar(11) DEFAULT NULL,
  `id_employee` varchar(11) DEFAULT NULL,
  `id_uniq` varchar(20) DEFAULT NULL,
  `status` enum('draft','waiting','approved','rejected','recheck','confirmed') DEFAULT NULL,
  `fleg` varchar(11) NOT NULL
) ENGINE=InnoDB DEFAULT CHARSET=utf8mb4 COLLATE=utf8mb4_general_ci;

--
-- Dumping data for table `tmp_asset`
--

INSERT INTO `tmp_asset` (`id_tmp_asset`, `id_asset`, `kode_asset`, `nama_asset`, `description`, `nilai_perolehan`, `tanggal_perolehan`, `qty`, `reff_invoice`, `id_tg`, `id_tt`, `id_jenis_pengajuan`, `id_branch`, `id_devisi`, `id_departement`, `id_asset_location`, `id_group_asset`, `id_category_type`, `id_category_asset`, `id_vendor`, `id_user`, `id_app`, `id_employee`, `id_uniq`, `status`, `fleg`) VALUES
(1, '64', 'TES TMP ASSET', 'TES TMP ASSET', 'TES TMP ASSET', '33333', '2025-03-05', 'TES TMP ASS', 'TES TMP ASSET', '11', '14', '3', '2', '35', '14', '6', '3', '13', '', '3', '49', '296', '28', '0024', 'draft', '1'),
(2, '65', 'TES TEEEE', 'TES TEEEE', '', '', '', '', '', '11', '14', '3', '', '35', '14', '', '', '', '', '', '49', '296', '', '0025', 'waiting', '1'),
(3, '66', '', 'GGG', '', '', '', '', '', '11', '15', '3', '', '36', '6', '', '', '', '', '', '49', '297', '', '0026', 'waiting', '1'),
(4, '67', '', 'TES LAGIIII', '', '', '', '', '', '11', '15', '3', '', '36', '6', '', '', '', '', '', '49', '', '', '0027', 'waiting', '1'),
(5, '68', '', 'KOKKK', '', '', '', '', '', '11', '15', '3', '', '36', '6', '', '', '', '', '', '49', '', '', '0028', 'waiting', '1'),
(6, '69', '', 'FDGDFGBD', '', '', '', '', '', '11', '15', '3', '', '36', '6', '', '', '', '', '', '49', '297', '', '0029', 'waiting', '1'),
(7, '70', '', 'dsdfsfs', '', '', '', '', '', '11', '15', '3', '', '36', '6', '', '', '', '', '', '49', '297', '', '0030', 'waiting', '1'),
(8, '71', '', '', '', '', '', '', '', '11', '15', '3', '', '36', '6', '', '', '', '', '', '49', '297', '', '0031', 'waiting', '1'),
(9, '72', '', '', '', '', '2025-03-11', '', 'Ini ya', '11', '7', '3', '', '36', '6', '', '1', '', '', '3', '49', '297', '', '0032', 'draft', '1'),
(10, '73', '', 'Tes dulu ya', 'Tes dulu ya', 'Rp 254,678', '2025-03-11', '1', 'Tes', '11', '15', '3', '2', '36', '6', '6', '1', '4', '', '3', '49', '297', '', '0033', 'waiting', '1'),
(11, '74', '', '', '', '', '2025-03-11', '', 'rsgddg', '11', '7', '3', '', '36', '6', '', '1', '', '', '3', '49', '297', '', '0034', 'draft', '1'),
(13, '76', '', '', '', '', '2025-03-11', '', 'Cobaa dulu bos ku', '11', '7', '3', '', '36', '6', '', '1', '', '', '3', '49', '297', '', '0011', 'waiting', '1');

-- --------------------------------------------------------

--
-- Table structure for table `tools`
--

CREATE TABLE `tools` (
  `id_tools` int(11) NOT NULL,
  `id_user` int(11) NOT NULL,
  `id_asset_location` int(11) NOT NULL,
  `id_branch` int(11) DEFAULT NULL,
  `a_date` date NOT NULL,
  `n_date` date NOT NULL,
  `status` varchar(20) NOT NULL
) ENGINE=InnoDB DEFAULT CHARSET=utf8mb4 COLLATE=utf8mb4_general_ci;

--
-- Dumping data for table `tools`
--

INSERT INTO `tools` (`id_tools`, `id_user`, `id_asset_location`, `id_branch`, `a_date`, `n_date`, `status`) VALUES
(3, 75, 9, 2, '2025-03-25', '0000-00-00', 'Aktif'),
(4, 49, 9, 1, '2025-03-28', '0000-00-00', 'Aktif'),
(5, 46, 9, 1, '2025-09-24', '2025-10-11', 'Aktif');

-- --------------------------------------------------------

--
-- Table structure for table `tt`
--

CREATE TABLE `tt` (
  `id_tt` int(11) NOT NULL,
  `id_jenis_pengajuan` int(11) NOT NULL,
  `id_tg` int(11) NOT NULL,
  `nama_tt` varchar(25) NOT NULL,
  `id_user` int(11) NOT NULL
) ENGINE=InnoDB DEFAULT CHARSET=utf8mb4 COLLATE=utf8mb4_general_ci;

--
-- Dumping data for table `tt`
--

INSERT INTO `tt` (`id_tt`, `id_jenis_pengajuan`, `id_tg`, `nama_tt`, `id_user`) VALUES
(6, 3, 5, 'NON ASSET', 0),
(7, 3, 5, 'ASSET', 0),
(8, 3, 5, 'COMMERCIAL', 0),
(9, 3, 6, 'OVERTIME', 0),
(11, 3, 7, 'PERMIT', 0),
(12, 3, 8, 'LEAVE', 0),
(14, 3, 11, 'TOOLS', 0),
(15, 3, 11, 'ASET', 0),
(16, 3, 12, 'DAR', 0),
(17, 3, 13, 'SPPD', 0),
(18, 3, 14, 'LBPD', 0),
(19, 3, 15, 'HR-LC', 0),
(20, 3, 16, 'WO', 0),
(21, 3, 17, 'JO', 0),
(22, 3, 18, 'WR', 0),
(23, 3, 19, 'ARM', 0);

-- --------------------------------------------------------

--
-- Table structure for table `type_leave`
--

CREATE TABLE `type_leave` (
  `id_type_leave` int(11) NOT NULL,
  `nama_type_leave` varchar(50) NOT NULL,
  `description` varchar(50) NOT NULL
) ENGINE=InnoDB DEFAULT CHARSET=utf8mb4 COLLATE=utf8mb4_general_ci;

--
-- Dumping data for table `type_leave`
--

INSERT INTO `type_leave` (`id_type_leave`, `nama_type_leave`, `description`) VALUES
(1, 'ANNUAL LEAVE ', '001'),
(2, 'UNPAID LEAVE', '002'),
(3, 'SPECIAL LEAVE', '003'),
(5, 'BEGINNING', '004'),
(6, 'JOINT LEAVE', '005'),
(7, 'CORRECTION', '006'),
(8, 'CANCEL ANNUAL LEAVE', '007'),
(9, 'CANCEL UNPAID LEAVE', '008'),
(10, 'CANCEL SPECIAL LEAVE', '009');

-- --------------------------------------------------------

--
-- Table structure for table `unit`
--

CREATE TABLE `unit` (
  `id_unit` int(11) NOT NULL,
  `id_brand` int(11) NOT NULL,
  `id_p_group` int(11) NOT NULL,
  `id_item_group` int(11) NOT NULL,
  `sn_e` varchar(50) NOT NULL,
  `sn_c` varchar(50) NOT NULL,
  `year` varchar(50) NOT NULL,
  `location` varchar(50) NOT NULL,
  `id_customer` int(11) NOT NULL,
  `id_location` int(11) NOT NULL
) ENGINE=InnoDB DEFAULT CHARSET=utf8mb4 COLLATE=utf8mb4_general_ci;

--
-- Dumping data for table `unit`
--

INSERT INTO `unit` (`id_unit`, `id_brand`, `id_p_group`, `id_item_group`, `sn_e`, `sn_c`, `year`, `location`, `id_customer`, `id_location`) VALUES
(14, 1, 5, 29, '00001707', '12114403', '2018', '', 8, 16),
(15, 1, 17, 33, '00002257', '12219192', '2018', '', 9, 17),
(16, 1, 17, 33, '00002543', '12219186', '2018', '', 9, 17),
(17, 1, 17, 33, '00002870', '12406039', '2018', '', 9, 17),
(18, 1, 17, 33, '00002870', '12406039', '2018', '', 9, 17),
(19, 1, 5, 29, '00002991', '12415789', '2018', '', 9, 17),
(20, 1, 17, 34, '00002625', '904.971-C-1148105', '2019', '', 9, 17),
(21, 1, 17, 33, '00002543', '12219186', '2019', '', 9, 17),
(22, 1, 17, 33, '00001963', '12123701', '2019', '', 9, 18),
(23, 1, 17, 33, '00002955', '12415796', '2019', '', 9, 18),
(24, 1, 5, 29, '00002628', '12353547', '2019', '', 9, 18),
(25, 1, 5, 29, '00002764', '12233812', '2019', '', 9, 18),
(26, 1, 5, 29, '00002989', '12415795', '2019', '', 9, 18),
(27, 1, 5, 29, '00002990', '12415794', '2019', '', 9, 18),
(28, 1, 5, 29, '00002376', '', '2019', '', 10, 19),
(29, 1, 5, 29, '00002629', '12369513', '2019', '', 10, 19),
(30, 1, 5, 29, '00002763', '', '2019', '', 10, 19),
(31, 1, 5, 29, '00002697', '12091854', '2019', '', 10, 20),
(32, 1, 5, 29, '00002696', '12092907', '2019', '', 10, 21),
(33, 1, 17, 34, '00003103', '904 971-C-1148 183', '2020', '', 10, 22),
(34, 1, 5, 29, '00001948', '12121888', '2018', '', 10, 23),
(35, 1, 5, 29, '00001949', '12123703', '2018', '', 10, 23),
(36, 1, 5, 29, '00002259', '12219191', '2019', '', 10, 21),
(37, 1, 5, 29, '00006578', '12770085', '2023', '', 10, 21),
(38, 1, 5, 29, '00003296', '12490995', '2020', '', 11, 24),
(39, 1, 17, 33, '00003303', '12491039', '2021', '', 12, 25),
(40, 1, 5, 29, '00002630', '12233815', '2019', '', 13, 26),
(41, 1, 5, 29, '00002841', '12233806', '2020', '', 13, 27),
(42, 1, 5, 29, '00003321', '12507996', '2021', '', 13, 28),
(43, 1, 5, 29, '00003767', '', '2022', '', 13, 29),
(44, 1, 5, 29, '00003768', '', '2022', '', 13, 30),
(45, 1, 5, 29, '00005600', '12737588', '2022', '', 13, 28),
(46, 1, 5, 29, '00006862', '12830413', '2023', '', 13, 31),
(47, 1, 5, 29, '00007923', '', '2023', '', 13, 32),
(48, 1, 5, 29, '00007794', '', '2023', '', 13, 32),
(49, 1, 5, 29, '00008658', '', '2023', '', 13, 32),
(50, 1, 5, 32, '00006863', '12823170', '2023', '', 13, 32),
(51, 1, 5, 29, '', '', '', '', 13, 32),
(52, 1, 5, 29, '00003435', '', '2021', '', 14, 33),
(53, 1, 17, 34, '00003267', '', '2021', '', 15, 34),
(54, 1, 5, 29, '00003362', '', '2021', '', 15, 34),
(55, 1, 5, 29, '00003436', '', '2021', '', 15, 34),
(56, 1, 5, 59, '00006236', '', '2022', '', 15, 34),
(57, 1, 5, 59, '00004142', '', '', '', 15, 34),
(58, 1, 17, 34, '00010605', '7005383209', '', '', 15, 35),
(59, 1, 17, 33, '00010462', '12992983', '', '', 15, 35),
(60, 1, 16, 32, '00002553', '12222100', '2022', '', 16, 36),
(61, 1, 5, 29, '00003398', '12525905', '2022', '', 16, 36),
(62, 1, 5, 29, '00005374', '', '2023', '', 16, 37),
(63, 1, 5, 29, '00003622', '', '2022', '', 17, 0),
(64, 1, 5, 29, '00003623', '', '2022', '', 17, 0),
(65, 1, 17, 33, '00005374', '', '2022', '', 18, 0),
(66, 1, 5, 29, '00005446', '', '2022', '', 19, 0),
(67, 1, 5, 34, '00002077', '904.971-C-1142867', '2019', '', 20, 38),
(68, 1, 5, 29, '00002052', '12189157', '2019', '', 20, 38),
(69, 1, 5, 29, '00002099', '12189162', '2019', '', 20, 38),
(70, 1, 5, 29, '00002377', '12219187', '2019', '', 21, 39),
(71, 1, 5, 29, '00006579', '12737593', '2022', '', 22, 40),
(72, 1, 5, 30, '00007028', '12808494', '2023', '', 22, 41),
(73, 1, 5, 30, '00007027', '12808495', '2023', '', 22, 42),
(74, 1, 5, 30, '00008193', '12987852', '2023', '', 22, 40),
(75, 1, 5, 29, '00008658', '12972484', '2023', '', 23, 45),
(76, 1, 5, 60, '00009358', '13037741', '2025', '', 24, 0),
(77, 1, 5, 61, '00008888', '', '', '', 22, 40),
(78, 4, 7, 4, 'HJSCE6G9PE0033521', '', '2024', '', 25, 46),
(79, 4, 7, 4, 'HJSCE6G9CE0033452', '', '2024', '', 25, 46),
(80, 4, 7, 4, 'HJSCE6G9TE0033453', '', '2024', '', 25, 46),
(81, 4, 7, 4, 'HJSCE6G9VE0033556', '', '2024', '', 25, 46),
(82, 4, 7, 4, 'HJSCE6G9AE0033557', '', '2024', '', 25, 46),
(83, 4, 7, 4, 'HJSCE6G9LE0003296', '', '2024', '', 25, 46),
(84, 4, 7, 4, 'HJSCE6G9EE0003298', '', '2024', '', 25, 46),
(85, 4, 7, 4, 'HJSCE6G9EE0003303', '', '2024', '', 25, 46),
(86, 4, 7, 4, 'HJSCE6G9CE0003312', '', '2024', '', 25, 46),
(87, 4, 7, 4, 'HJSCE6G9CE0003304', '', '2024', '', 25, 46),
(88, 4, 7, 4, 'HJSCE6G9CE0003318', '', '2024', '', 25, 46),
(89, 4, 12, 23, 'LCL717H0PP1200846', '', '2024', '', 25, 46),
(90, 4, 7, 1, 'HJSCE6G9CE0033838', '', '2025', '', 26, 47),
(91, 4, 7, 1, 'HJSCEN18JS0036588', '', '2025', '', 27, 48),
(92, 4, 7, 1, 'HJSCEN18JS0040009', '', '2025', '', 28, 49),
(93, 5, 7, 62, 'RAJ8CBAJL2693399', '954043E', '2024', '', 29, 50),
(94, 5, 21, 63, 'PUNJC116CP3264885', 'H00379503', '2024', '', 29, 50),
(95, 5, 7, 64, 'PUNJE81AVP3337608', '4H.2188/2320301', '2024', '', 29, 51),
(96, 5, 7, 64, 'PUNJE81AAP3337609', '4H.2188/2320320', '2024', '', 29, 50),
(97, 5, 7, 64, 'PUNJE81ATR3337619', '4H.2188/2420081', '2024', '', 29, 50),
(98, 5, 7, 64, 'PUNJE81ACP3337610', '4H.2188/2320374', '2024', '', 30, 52),
(99, 5, 7, 64, 'PUNJE81AVP3337611', '4H.2188/2320376', '2024', '', 30, 52),
(100, 4, 7, 65, 'HJSCM7A5CE0031674', '', '2024', '', 31, 53),
(101, 4, 7, 65, 'HJSCM7A5VE0031675', '', '2024', '', 31, 53),
(102, 4, 11, 17, 'CJG0737W2R1102237', '', '2024', '', 31, 53),
(103, 4, 7, 66, 'HJSCE167AE0030970', '', '2024', '', 31, 53),
(104, 4, 7, 66, 'HJSCE167AE0030971', '', '2024', '', 31, 53),
(105, 5, 22, 67, 'ZYJ160B S00116', '', '2024', '', 31, 53),
(106, 5, 23, 68, '2024070907', 'Cummins 6CTA83-G2, 93287705', '2024', '', 31, 53),
(107, 5, 22, 67, 'ZYJ160B S00117', '', '2024', '', 31, 53),
(108, 5, 23, 68, '2024070908', 'Cummins 6CTA83-G2, 93287705', '2024', '', 31, 53),
(109, 4, 7, 4, 'HJSCE6G9CE0033838', '', '2025', '', 32, 54),
(110, 4, 5, 1, 'HJSCEN18JS0036588', '', '2025', '', 33, 55),
(111, 1, 5, 1, '12345', '54321', 'sadsd', '', 8, 16);

-- --------------------------------------------------------

--
-- Table structure for table `vendor`
--

CREATE TABLE `vendor` (
  `id_vendor` int(11) NOT NULL,
  `vendor_code` varchar(100) NOT NULL,
  `description` varchar(100) NOT NULL
) ENGINE=InnoDB DEFAULT CHARSET=utf8mb4 COLLATE=utf8mb4_general_ci;

--
-- Dumping data for table `vendor`
--

INSERT INTO `vendor` (`id_vendor`, `vendor_code`, `description`) VALUES
(4, 'TOKOPEDIA', 'V.00001'),
(5, 'HASTUTI NAINGGOLAN SH, M.KN. (NOTARIS)', 'V.00002');

-- --------------------------------------------------------

--
-- Table structure for table `wo`
--

CREATE TABLE `wo` (
  `id_wo` int(11) NOT NULL,
  `id_wr` int(11) DEFAULT NULL,
  `id_tg` int(11) DEFAULT NULL,
  `tgl` timestamp NOT NULL DEFAULT current_timestamp() ON UPDATE current_timestamp(),
  `id_user` int(11) NOT NULL,
  `id_tt` int(11) NOT NULL,
  `id_jenis_pengajuan` int(11) NOT NULL,
  `id_devisi` int(11) NOT NULL,
  `id_departement` int(11) NOT NULL,
  `id_app` int(11) NOT NULL,
  `id_customer` int(11) NOT NULL,
  `id_location` int(11) NOT NULL,
  `id_repair` int(11) NOT NULL,
  `id_job` int(11) NOT NULL,
  `id_unit` int(11) NOT NULL,
  `id_brand` int(11) NOT NULL,
  `id_p_group` int(11) NOT NULL,
  `id_item_group` int(11) NOT NULL,
  `eqp_status` varchar(100) NOT NULL,
  `hm` varchar(50) NOT NULL,
  `status` enum('Draft','waiting','approved','rejected','recheck','confirmed') NOT NULL,
  `detail1` varchar(500) NOT NULL,
  `detail2` varchar(500) NOT NULL,
  `part` varchar(11) NOT NULL,
  `datetime` datetime NOT NULL,
  `fleg` varchar(100) NOT NULL,
  `id_uniq` varchar(100) NOT NULL,
  `sn_e` varchar(50) NOT NULL,
  `sn_c` varchar(50) NOT NULL,
  `job_status` varchar(50) NOT NULL,
  `id_tg1` int(11) DEFAULT NULL,
  `id_tt1` int(11) DEFAULT NULL,
  `id_devisi1` int(11) NOT NULL,
  `id_departement1` int(11) NOT NULL,
  `id_uniq1` text DEFAULT NULL
) ENGINE=InnoDB DEFAULT CHARSET=utf8mb4 COLLATE=utf8mb4_general_ci;

--
-- Dumping data for table `wo`
--

INSERT INTO `wo` (`id_wo`, `id_wr`, `id_tg`, `tgl`, `id_user`, `id_tt`, `id_jenis_pengajuan`, `id_devisi`, `id_departement`, `id_app`, `id_customer`, `id_location`, `id_repair`, `id_job`, `id_unit`, `id_brand`, `id_p_group`, `id_item_group`, `eqp_status`, `hm`, `status`, `detail1`, `detail2`, `part`, `datetime`, `fleg`, `id_uniq`, `sn_e`, `sn_c`, `job_status`, `id_tg1`, `id_tt1`, `id_devisi1`, `id_departement1`, `id_uniq1`) VALUES
(190, 0, 16, '2026-01-20 08:21:35', 49, 20, 3, 37, 5, 367, 5, 13, 4, 0, 0, 1, 5, 29, 'S/B', 'fbdf', 'approved', 'dfgd', 'fgfdg', 'YES', '2025-12-11 03:51:00', '', '0001', '80808088', '808080808', 'WARRANTY', NULL, NULL, 0, 0, NULL),
(191, 0, 16, '2026-01-20 08:21:35', 49, 20, 3, 37, 5, 367, 5, 13, 21, 0, 0, 1, 5, 29, 'S/B', 'gergeg', 'approved', 'gdfgfdg', 'dfgfdg', 'YES', '2025-12-11 03:53:00', '', '0002', '80808088', '808080808', 'WARRANTY', NULL, NULL, 0, 0, NULL),
(192, 0, 16, '2026-01-20 08:21:35', 49, 20, 3, 37, 5, 367, 5, 13, 5, 0, 0, 1, 5, 29, 'S/B', ' v cv ', 'approved', 'c cv vc', 'vc cv vc ', 'YES', '2025-12-11 07:39:00', '', '0003', '80808088', '808080808', 'WARRANTY', NULL, NULL, 0, 0, NULL),
(193, 0, 16, '2026-01-20 08:21:35', 49, 20, 3, 37, 5, 367, 5, 13, 21, 0, 0, 1, 5, 1, 'B/D', '0112234', 'approved', 'eXAMPLE', 'eXAMPLE', 'NO', '2025-12-11 09:09:00', '', '0004', '83333', '83333', 'SERVICE', NULL, NULL, 0, 0, NULL),
(194, 0, 16, '2026-01-20 08:21:35', 49, 20, 3, 37, 5, 367, 5, 13, 21, 0, 0, 1, 5, 29, 'S/B', 'okkkk', 'approved', 'okkk', 'okk', 'YES', '2025-12-12 09:20:00', '', '0005', '80808088', '808080808', 'SERVICE', NULL, NULL, 0, 0, NULL),
(195, 0, 16, '2026-01-20 08:21:35', 49, 20, 3, 37, 5, 367, 5, 13, 11, 0, 0, 1, 5, 29, 'B/D', 'ok', 'Draft', 'okcbcb', 'okbbb', 'YES', '2025-12-16 04:02:00', '', '0006', '80808088', '808080808', 'WARRANTY', NULL, NULL, 0, 0, NULL),
(196, 0, 16, '2026-01-20 08:21:35', 49, 20, 3, 37, 5, 367, 5, 13, 3, 0, 0, 1, 5, 29, 'S/B', 'fdd', 'Draft', 'dffd', 'dfdfdf', 'YES', '2025-12-16 04:51:00', '', '0007', '80808088', '808080808', 'WARRANTY', NULL, NULL, 0, 0, NULL),
(197, 0, 16, '2026-01-20 08:21:35', 49, 20, 3, 37, 5, 367, 5, 13, 3, 0, 0, 1, 5, 29, 'B/D', 'ghghgh', 'Draft', 'ghgsdsdsddda', 'ghghdsddasd', 'YES', '2025-12-16 05:05:00', '', '0008', '80808088', '808080808', 'WARRANTY', NULL, NULL, 0, 0, NULL),
(198, 0, 16, '2026-01-20 08:21:35', 49, 20, 3, 37, 5, 367, 5, 13, 4, 0, 0, 1, 5, 29, 'S/B', 'ewfwefe', 'Draft', 'fwefe', 'fwef', 'YES', '2025-12-16 05:08:00', '', '0009', '10', '808080808', 'WARRANTY', NULL, NULL, 0, 0, NULL),
(199, 0, 16, '2026-01-20 08:21:35', 49, 20, 3, 37, 5, 367, 5, 13, 3, 0, 0, 1, 5, 29, 'S/B', 'fwefwef', 'Draft', 'efewfefwefewf', 'ewfewfefefwef', 'YES', '2025-12-16 05:08:00', '', '0010', '13', '808080808', 'WARRANTY', NULL, NULL, 0, 0, NULL),
(200, 0, 16, '2026-01-20 08:21:35', 49, 20, 3, 37, 5, 367, 5, 13, 21, 0, 0, 1, 5, 29, 'S/B', 'fgdfgdfg', 'Draft', 'fgfdgd', 'fgfdgdfg', 'YES', '2025-12-16 06:23:00', '', '0011', '13', '2147483647', 'WARRANTY', NULL, NULL, 0, 0, NULL),
(201, 0, 16, '2026-01-20 08:21:35', 49, 20, 3, 37, 5, 367, 5, 13, 23, 0, 0, 1, 5, 29, 'OPR', 'rfgdrger', 'Draft', 'ehreherh', 'erherherh', 'NO', '2025-12-16 06:24:00', '', '0012', '13', '2147483647', 'SERVICE', NULL, NULL, 0, 0, NULL),
(202, 0, 16, '2026-01-20 08:21:35', 49, 20, 3, 37, 5, 367, 5, 13, 23, 0, 0, 1, 5, 29, 'OPR', 'rfgdrger', 'Draft', 'ehreherh', 'erherherh', 'NO', '2025-12-16 06:24:00', '', '0013', '13', '2147483647', 'SERVICE', NULL, NULL, 0, 0, NULL),
(203, 0, 16, '2026-01-20 08:21:35', 49, 20, 3, 37, 5, 367, 5, 13, 21, 0, 2147483647, 1, 5, 29, 'S/B', 'dsfsdf', 'Draft', 'dfsdf', 'sdfsdf', 'YES', '2025-12-16 06:36:00', '', '0014', '0', '0', 'WARRANTY', NULL, NULL, 0, 0, NULL),
(204, 0, 16, '2026-01-20 08:21:35', 49, 20, 3, 37, 5, 367, 5, 13, 4, 0, 808080808, 1, 5, 29, 'S/B', 'dvsdgg', 'Draft', 'dgdsgs', 'dgdsgs', 'NO', '2025-12-16 06:57:00', '', '0015', '13', '0', 'SERVICE', NULL, NULL, 0, 0, NULL),
(205, 0, 16, '2026-01-20 08:21:35', 49, 20, 3, 37, 5, 367, 5, 13, 5, 0, 2147483647, 1, 5, 29, 'S/B', 'cxvxvcxv', 'Draft', 'vxcvxccxv', 'cvxcvcx', 'YES', '2025-12-16 06:59:00', '', '0016', '13', '0', 'WARRANTY', NULL, NULL, 0, 0, NULL),
(206, 0, 16, '2026-01-20 08:21:35', 49, 20, 3, 37, 5, 367, 5, 13, 22, 0, 2147483647, 1, 5, 29, '', 'dvsdvsd', 'Draft', 'dvdsvds', 'vdsvdsv', 'YES', '2025-12-16 07:03:00', '', '0017', '13', '0', 'WARRANTY', NULL, NULL, 0, 0, NULL),
(207, 0, 16, '2026-01-20 08:21:35', 49, 20, 3, 37, 5, 367, 5, 13, 18, 0, 2147483647, 1, 5, 29, 'S/B', 'wqwqwf', 'Draft', 'refwef', 'ewfwef', 'YES', '2025-12-16 07:09:00', '', '0018', '2147483647', '0', 'WARRANTY', NULL, NULL, 0, 0, NULL),
(208, 0, 16, '2026-01-20 08:21:35', 49, 20, 3, 37, 5, 367, 5, 13, 6, 0, 808080808, 1, 5, 29, 'B/D', 'czxczxc', 'waiting', 'zxczxc', 'xzczxczxc', 'YES', '2025-12-16 07:16:00', '', '0019', '10', '0', 'WARRANTY', NULL, NULL, 0, 0, NULL),
(209, 0, 16, '2026-01-20 08:21:35', 49, 20, 3, 37, 5, 367, 5, 13, 6, 0, 2147483647, 1, 5, 29, 'B/D', 'dvsvv', 'Draft', 'sdvdsv', 'vdsdvdsv', 'YES', '2025-12-16 07:18:00', '', '0020', '2147483647', '0', 'WARRANTY', NULL, NULL, 0, 0, NULL),
(210, 0, 16, '2026-01-20 08:21:35', 49, 20, 3, 37, 5, 367, 5, 13, 4, 0, 808080808, 1, 5, 29, 'S/B', 'ytjtyjty', 'Draft', 'ytjtyj', 'tyjtyj', 'YES', '2025-12-16 07:20:00', '', '0021', '10', '0', 'WARRANTY', NULL, NULL, 0, 0, NULL),
(211, 0, 16, '2026-01-20 08:21:35', 49, 20, 3, 37, 5, 367, 5, 13, 7, 0, 808080808, 1, 5, 29, 'B/D', 'rtjtrjrt', 'Draft', 'jtrjrtj', 'trjrtjtr', '', '2025-12-16 07:21:00', '', '0022', '80808088', '0', 'WARRANTY', NULL, NULL, 0, 0, NULL),
(212, 0, 16, '2026-01-20 08:21:35', 49, 20, 3, 37, 5, 367, 5, 13, 5, 0, 0, 1, 5, 29, 'S/B', 'd', 'Draft', 'dfdfd', 'fdfdf', 'YES', '2025-12-16 07:25:00', '', '0023', '80808088', '0', 'WARRANTY', NULL, NULL, 0, 0, NULL),
(213, 0, 16, '2026-01-20 08:21:35', 49, 20, 3, 37, 5, 367, 5, 13, 7, 0, 0, 1, 5, 29, 'B/D', 'ththth', 'Draft', 'htht', 'ththt', 'YES', '2025-12-16 07:26:00', '', '0024', '2147483647', '0', 'WARRANTY', NULL, NULL, 0, 0, NULL),
(214, 0, 16, '2026-01-20 08:21:35', 49, 20, 3, 37, 5, 367, 5, 13, 5, 0, 0, 1, 5, 29, 'B/D', 'fgfg', 'Draft', 'gfg', 'fgfg', 'YES', '2025-12-16 07:31:00', '', '0025', '2147483647', '0', 'SERVICE', NULL, NULL, 0, 0, NULL),
(215, 0, 16, '2026-01-20 08:21:35', 49, 20, 3, 37, 5, 367, 5, 13, 4, 0, 808080808, 1, 5, 29, 'B/D', 'fgdg', 'Draft', 'dfgfdgdfg', 'fdgdfg', 'YES', '2025-12-16 07:32:00', '', '0026', '80808088', '0', 'WARRANTY', NULL, NULL, 0, 0, NULL),
(216, 0, 16, '2026-01-20 08:21:35', 49, 20, 3, 37, 5, 367, 5, 13, 7, 0, 808080808, 1, 5, 29, 'B/D', '', 'Draft', 'ulkhgjhgk', 'hkhk', 'YES', '2025-12-16 07:33:00', '', '0027', '13', '0', 'WARRANTY', NULL, NULL, 0, 0, NULL),
(217, 0, 16, '2026-01-20 08:21:35', 49, 20, 3, 37, 5, 367, 5, 13, 5, 0, 808080808, 1, 5, 29, 'S/B', 'oyukyukuk', 'Draft', 'uyk', 'kuykyukyk', 'YES', '2025-12-16 07:58:00', '', '0028', '10', '0', 'WARRANTY', NULL, NULL, 0, 0, NULL),
(218, 0, 16, '2026-01-20 08:21:35', 49, 20, 3, 37, 5, 367, 5, 13, 5, 0, 0, 1, 5, 29, 'S/B', 'oyukyukuk', 'Draft', 'uyk', 'kuykyukyk', 'YES', '2025-12-16 07:58:00', '', '0029', '10', '0', 'WARRANTY', NULL, NULL, 0, 0, NULL),
(219, 0, 16, '2026-01-20 08:21:35', 49, 20, 3, 37, 5, 367, 5, 13, 5, 0, 808080808, 1, 5, 29, 'S/B', 'oyukyukuk', 'Draft', 'uyk', 'kuykyukyk', 'YES', '2025-12-16 07:58:00', '', '0030', '10', '0', 'WARRANTY', NULL, NULL, 0, 0, NULL),
(220, 0, 16, '2026-01-20 08:21:35', 49, 20, 3, 37, 5, 367, 5, 13, 5, 0, 808080808, 1, 5, 29, 'S/B', 'oyukyukuk', 'Draft', 'uyk', 'kuykyukyk', 'YES', '2025-12-16 07:58:00', '', '0031', '10', '0', 'WARRANTY', NULL, NULL, 0, 0, NULL),
(221, 0, 16, '2026-01-20 08:21:35', 49, 20, 3, 37, 5, 367, 5, 13, 5, 0, 808080808, 1, 5, 29, 'S/B', 'oyukyukuk', 'Draft', 'uyk', 'kuykyukyk', 'YES', '2025-12-16 07:58:00', '', '0032', '10', '0', 'WARRANTY', NULL, NULL, 0, 0, NULL),
(222, 0, 16, '2026-01-20 08:21:35', 49, 20, 3, 37, 5, 367, 5, 13, 3, 0, 0, 1, 5, 29, 'B/D', 'sdsad', 'Draft', 'sdad', 'sdd', 'YES', '2025-12-16 08:03:00', '', '0033', '10', '0', 'WARRANTY', NULL, NULL, 0, 0, NULL),
(223, 0, 16, '2026-01-20 08:21:35', 49, 20, 3, 37, 5, 367, 5, 13, 3, 0, 0, 1, 5, 29, 'B/D', 'sdsad', 'Draft', 'sdad', 'sdd', 'YES', '2025-12-16 08:03:00', '', '0033', '10', '0', 'WARRANTY', NULL, NULL, 0, 0, NULL),
(224, 0, 16, '2026-01-20 08:21:35', 49, 20, 3, 37, 5, 367, 5, 13, 9, 0, 0, 1, 5, 29, 'S/B', 'dssdgsd', 'Draft', 'dgdsgds', 'gsgsdg', 'YES', '2025-12-16 08:11:00', '', '0034', '10', '0', 'WARRANTY', NULL, NULL, 0, 0, NULL),
(225, 0, 16, '2026-01-20 08:21:35', 49, 20, 3, 37, 5, 367, 5, 13, 9, 0, 10, 1, 5, 29, 'S/B', 'dssdgsd', 'Draft', 'dgdsgds', 'gsgsdg', 'YES', '2025-12-16 08:11:00', '', '0034', '10', '0', 'WARRANTY', NULL, NULL, 0, 0, NULL),
(226, 0, 16, '2026-01-20 08:21:35', 49, 20, 3, 37, 5, 367, 5, 13, 5, 0, 0, 1, 5, 29, 'S/B', 'fgdfgdfg', 'Draft', 'dfgdg', 'fdgdfg', 'YES', '2025-12-16 08:18:00', '', '0035', '13', '0', 'WARRANTY', NULL, NULL, 0, 0, NULL),
(227, 0, 16, '2026-01-20 08:21:35', 49, 20, 3, 37, 5, 367, 5, 13, 5, 0, 13, 1, 5, 29, 'S/B', 'fgdfgdfg', 'Draft', 'dfgdg', 'fdgdfg', 'YES', '2025-12-16 08:18:00', '', '0035', '13', '0', 'WARRANTY', NULL, NULL, 0, 0, NULL),
(228, 0, 16, '2026-01-20 08:21:35', 49, 20, 3, 37, 5, 367, 5, 13, 7, 0, 0, 1, 5, 29, 'S/B', 'eewwf', 'Draft', 'wefewf', 'ewfwefewf', 'YES', '2025-12-16 08:24:00', '', '0036', '0', '0', 'WARRANTY', NULL, NULL, 0, 0, NULL),
(229, 0, 16, '2026-01-20 08:21:35', 49, 20, 3, 37, 5, 367, 5, 13, 7, 0, 0, 1, 5, 29, 'S/B', 'eewwf', 'Draft', 'wefewf', 'ewfwefewf', 'YES', '2025-12-16 08:24:00', '', '0036', '0', '0', 'WARRANTY', NULL, NULL, 0, 0, NULL),
(230, 0, 16, '2026-01-20 08:21:35', 49, 20, 3, 37, 5, 367, 5, 13, 4, 0, 0, 1, 5, 29, 'B/D', 'qwww', 'Draft', 'wqewqe', 'wewqe', 'YES', '2025-12-16 08:26:00', '', '0037', '10', '0', 'WARRANTY', NULL, NULL, 0, 0, NULL),
(231, 0, 16, '2026-01-20 08:21:35', 49, 20, 3, 37, 5, 367, 5, 13, 4, 0, 0, 1, 5, 29, 'B/D', 'fwfw', 'Draft', 'efewfwe', 'fewfwef', 'YES', '2025-12-16 08:35:00', '', '0038', '13', '0', 'SERVICE', NULL, NULL, 0, 0, NULL),
(232, 0, 16, '2026-01-20 08:21:35', 49, 20, 3, 37, 5, 367, 5, 13, 4, 0, 0, 1, 5, 29, 'B/D', 'fwfw', 'Draft', 'efewfwe', 'fewfwef', 'YES', '2025-12-16 08:35:00', '', '0039', '13', '0', 'SERVICE', NULL, NULL, 0, 0, NULL),
(233, 0, 16, '2026-01-20 08:21:35', 49, 20, 3, 37, 5, 367, 5, 13, 4, 0, 0, 1, 5, 29, 'B/D', 'fwfw', 'Draft', 'efewfwe', 'fewfwef', 'YES', '2025-12-16 08:35:00', '', '0040', '13', '0', 'SERVICE', NULL, NULL, 0, 0, NULL),
(234, 0, 16, '2026-01-20 08:21:35', 49, 20, 3, 37, 5, 367, 5, 13, 4, 0, 0, 1, 5, 29, 'B/D', 'fwfw', 'Draft', 'efewfwe', 'fewfwef', 'YES', '2025-12-16 08:35:00', '', '0041', '10', '0', 'SERVICE', NULL, NULL, 0, 0, NULL),
(235, 0, 16, '2026-01-20 08:21:35', 49, 20, 3, 37, 5, 367, 5, 13, 4, 0, 10, 1, 5, 29, 'B/D', 'fwfw', 'Draft', 'efewfwe', 'fewfwef', 'YES', '2025-12-16 08:35:00', '', '0041', '10', '0', 'SERVICE', NULL, NULL, 0, 0, NULL),
(236, 0, 16, '2026-01-20 08:21:35', 49, 20, 3, 37, 5, 367, 5, 13, 4, 0, 0, 1, 5, 29, 'B/D', 'fwfw', 'Draft', 'efewfwe', 'fewfwef', 'YES', '2025-12-16 08:35:00', '', '0042', '10', '0', 'SERVICE', NULL, NULL, 0, 0, NULL),
(237, 0, 16, '2026-01-20 08:21:35', 49, 20, 3, 37, 5, 367, 5, 13, 4, 0, 10, 1, 5, 29, 'B/D', 'fwfw', 'Draft', 'efewfwe', 'fewfwef', 'YES', '2025-12-16 08:35:00', '', '0042', '10', '0', 'SERVICE', NULL, NULL, 0, 0, NULL),
(238, 0, 16, '2026-01-20 08:21:35', 49, 20, 3, 37, 5, 367, 5, 13, 8, 0, 0, 1, 5, 29, 'B/D', 'sadadad', 'Draft', 'sadsd', 'asdsda', 'YES', '2025-12-16 08:40:00', '', '0043', '10', '0', 'WARRANTY', NULL, NULL, 0, 0, NULL),
(239, 0, 16, '2026-01-20 08:21:35', 49, 20, 3, 37, 5, 367, 5, 13, 8, 0, 0, 1, 5, 29, 'B/D', 'sadadad', 'Draft', 'sadsd', 'asdsda', 'YES', '2025-12-16 08:40:00', '', '0043', '10', '0', 'WARRANTY', NULL, NULL, 0, 0, NULL),
(240, 0, 16, '2026-01-20 08:21:35', 49, 20, 3, 37, 5, 367, 5, 13, 8, 0, 0, 1, 5, 29, 'B/D', 'fgfd', 'Draft', 'dfgdfg', 'fdgfdg', 'YES', '2025-12-16 08:41:00', '', '0044', '10', '0', 'WARRANTY', NULL, NULL, 0, 0, NULL),
(241, 0, 16, '2026-01-20 08:21:35', 49, 20, 3, 37, 5, 367, 5, 13, 8, 0, 0, 1, 5, 29, 'B/D', 'fgfd', 'Draft', 'dfgdfg', 'fdgfdg', 'YES', '2025-12-16 08:41:00', '', '0044', '10', '0', 'WARRANTY', NULL, NULL, 0, 0, NULL),
(242, 0, 16, '2026-01-20 08:21:35', 49, 20, 3, 37, 5, 367, 5, 13, 5, 0, 0, 1, 5, 29, 'B/D', 'rgreg', 'Draft', 'ergrege', 'ergg', 'YES', '2025-12-16 08:43:00', '', '0045', '10', '0', 'WARRANTY', NULL, NULL, 0, 0, NULL),
(243, 0, 16, '2026-01-20 08:21:35', 49, 20, 3, 37, 5, 367, 5, 13, 5, 0, 0, 1, 5, 29, 'B/D', 'rgreg', 'Draft', 'ergrege', 'ergg', 'YES', '2025-12-16 08:43:00', '', '0045', '10', '0', 'WARRANTY', NULL, NULL, 0, 0, NULL),
(244, 0, 16, '2026-01-20 08:21:35', 49, 20, 3, 37, 5, 367, 5, 13, 5, 0, 0, 1, 5, 29, 'B/D', 'dfsdfsdf', 'Draft', 'dfdsfdsf', 'dfdsfs', 'YES', '2025-12-16 08:44:00', '', '0046', '10', '0', 'WARRANTY', NULL, NULL, 0, 0, NULL),
(245, 0, 16, '2026-01-20 08:21:35', 49, 20, 3, 37, 5, 367, 5, 13, 5, 0, 0, 1, 5, 29, 'B/D', 'vzxv', 'Draft', 'zxzvz', 'xvzxv', 'YES', '2025-12-16 08:47:00', '', '0047', '10', '0', 'SERVICE', NULL, NULL, 0, 0, NULL),
(246, 0, 16, '2026-01-20 08:21:35', 49, 20, 3, 37, 5, 367, 5, 13, 5, 0, 10, 1, 5, 29, 'B/D', 'scac', 'Draft', 'cascas', 'sa', 'YES', '2025-12-16 08:47:00', '', '0048', '80808088', '808080808', 'WARRANTY', NULL, NULL, 0, 0, NULL),
(247, 0, 16, '2026-01-20 08:21:35', 49, 20, 3, 37, 5, 367, 5, 13, 5, 0, 13, 1, 5, 29, 'B/D', 'gerr', 'Draft', 'gergtret', 'ertret', 'YES', '2025-12-16 09:02:00', '', '0049', '2147483647', '2147483647', 'WARRANTY', NULL, NULL, 0, 0, NULL),
(248, 0, 16, '2026-01-20 08:21:35', 49, 20, 3, 37, 5, 367, 5, 13, 5, 0, 0, 1, 5, 29, 'S/B', 'dsadsda', 'Draft', 'sadsad', 'sadad', 'YES', '2025-12-16 09:03:00', '', '0050', '0', '0', 'WARRANTY', NULL, NULL, 0, 0, NULL),
(249, 0, 16, '2026-01-20 08:21:35', 49, 20, 3, 37, 5, 367, 5, 13, 5, 0, 2147483647, 1, 5, 29, 'S/B', 'sdasdsad', 'Draft', 'sadsad', 'sadasdasd', 'YES', '2025-12-16 09:16:00', '', '0051', '0', '2147483647', 'WARRANTY', NULL, NULL, 0, 0, NULL),
(250, 0, 16, '2026-01-20 08:21:35', 49, 20, 3, 37, 5, 367, 5, 13, 6, 0, 808080808, 1, 5, 29, 'S/B', 'scsacs', 'Draft', 'csacsac', 'cacsac', 'YES', '2025-12-16 09:21:00', '', '0052', '0', '808080808', 'WARRANTY', NULL, NULL, 0, 0, NULL),
(251, 0, 16, '2026-01-20 08:21:35', 49, 20, 3, 37, 5, 367, 5, 13, 6, 0, 2147483647, 1, 5, 29, 'B/D', 'fdgdfg', 'Draft', 'dfgdfg', 'fdgfdg', 'YES', '2025-12-16 09:26:00', '', '0053', '0', '2147483647', 'SERVICE', NULL, NULL, 0, 0, NULL),
(252, 0, 16, '2026-01-20 08:21:35', 49, 20, 3, 37, 5, 367, 5, 13, 5, 0, 808080808, 1, 5, 29, 'B/D', 'efewf', 'Draft', 'ewfew', 'efwef', 'NO', '2025-12-16 09:40:00', '', '0054', '0', '808080808', 'WARRANTY', NULL, NULL, 0, 0, NULL),
(253, 0, 16, '2026-01-20 08:21:35', 49, 20, 3, 37, 5, 367, 5, 13, 6, 0, 10, 1, 5, 29, 'B/D', 'dsgsdg', 'Draft', 'dsgsdg', 'dsgsdg', 'YES', '2025-12-16 09:46:00', '', '0055', '80808088', '808080808', 'WARRANTY', NULL, NULL, 0, 0, NULL),
(254, 0, 16, '2026-01-20 08:21:35', 49, 20, 3, 37, 5, 367, 5, 13, 4, 0, 13, 1, 5, 29, 'B/D', 'dfsdf', 'Draft', 'sdfd', 'sfsdff', 'YES', '2025-12-16 09:47:00', '', '0056', '2147483647', '2147483647', 'WARRANTY', NULL, NULL, 0, 0, NULL),
(255, 0, 16, '2026-01-20 08:21:35', 49, 20, 3, 37, 5, 367, 5, 13, 4, 0, 10, 1, 5, 29, '', 'ewrewr', 'Draft', 'ewrewr', 'werwer', 'YES', '2025-12-16 09:47:00', '', '0057', '80808088', '808080808', 'WARRANTY', NULL, NULL, 0, 0, NULL),
(256, 0, 16, '2026-01-20 08:21:35', 49, 20, 3, 37, 5, 367, 5, 13, 23, 0, 10, 1, 5, 29, 'S/B', 'dssfsf', 'Draft', 'fsdfsdf', 'sdfdsf', 'YES', '2025-12-17 02:02:00', '', '0058', '80808088', '808080808', 'WARRANTY', NULL, NULL, 0, 0, NULL),
(257, 0, 16, '2026-01-20 08:21:35', 49, 20, 3, 37, 5, 367, 5, 13, 8, 0, 13, 1, 5, 29, 'S/B', 'fgdfg', 'Draft', 'gdfgdf', 'gdfgdfg', 'YES', '2025-12-17 02:05:00', '', '0059', '2147483647', '2147483647', 'WARRANTY', NULL, NULL, 0, 0, NULL),
(258, 0, 16, '2026-01-20 08:21:35', 49, 20, 3, 37, 5, 367, 5, 13, 7, 0, 10, 1, 5, 29, 'S/B', 'sacscas', 'Draft', 'ascsac', 'sacsac', 'YES', '2025-12-17 02:35:00', '', '0060', '13', '808080808', 'WARRANTY', NULL, NULL, 0, 0, NULL),
(259, 0, 16, '2026-01-20 08:21:35', 49, 20, 3, 37, 5, 367, 5, 13, 8, 0, 10, 1, 5, 29, 'S/B', 'sdgsdg', 'Draft', 'sdgdsgsg', 'dsgsg', 'YES', '2025-12-17 03:46:00', '', '0061', '80808088', '808080808', 'WARRANTY', NULL, NULL, 0, 0, NULL),
(260, 0, 16, '2026-01-20 08:21:35', 49, 20, 3, 37, 5, 367, 5, 13, 6, 0, 13, 1, 5, 29, 'S/B', 'xczxczx', 'waiting', 'czczc', 'czcz', 'YES', '2025-12-17 04:17:00', '', '0062', '2147483647', '2147483647', 'WARRANTY', NULL, NULL, 0, 0, NULL),
(261, 0, 16, '2026-01-20 08:21:35', 49, 20, 3, 37, 5, 367, 5, 13, 8, 0, 13, 1, 5, 29, 'S/B', 'fdsfsf', 'Draft', 'dsfsdf', 'dsfsdf', 'NO', '2025-12-17 07:10:00', '', '0063', '2147483647', '2147483647', 'WARRANTY', NULL, NULL, 0, 0, NULL),
(262, 0, 16, '2026-01-20 08:21:35', 49, 20, 3, 37, 5, 367, 5, 13, 19, 0, 80808088, 1, 5, 29, 'S/B', 'dsvdsvsdv', 'waiting', 'dsvdsv', 'dsvsdv', 'NO', '2025-12-17 07:26:00', '', '0064', '80808088', '808080808', 'SERVICE', NULL, NULL, 0, 0, NULL),
(263, 0, 16, '2026-01-20 08:21:35', 49, 20, 3, 37, 5, 367, 5, 13, 5, 0, 80808088, 1, 5, 29, 'B/D', 'dsfds', 'waiting', 'fsdf', 'fdsf', 'YES', '2025-12-17 08:24:00', '', '0065', '80808088', '808080808', 'WARRANTY', NULL, NULL, 0, 0, NULL),
(264, 0, 16, '2026-01-20 08:21:35', 49, 20, 3, 37, 5, 367, 5, 13, 6, 0, 10, 1, 5, 29, 'B/D', 'ytjtjytj', 'waiting', 'jtyjytj', 'yty', 'NO', '2025-12-17 08:26:00', '', '0066', '80808088', '808080808', 'WARRANTY', NULL, NULL, 0, 0, NULL),
(265, 0, 16, '2026-01-20 08:21:35', 49, 20, 3, 37, 5, 367, 5, 13, 21, 0, 2147483647, 1, 5, 29, 'S/B', 'safasfsf', 'Draft', 'dgsdg', 'sdgdsg', 'YES', '2025-12-17 08:34:00', '', '0067', '2147483647', '2147483647', 'WARRANTY', NULL, NULL, 0, 0, NULL),
(266, 0, 16, '2026-01-20 08:21:35', 49, 20, 3, 37, 5, 367, 5, 13, 8, 0, 80808088, 1, 5, 29, 'OPR', 'fdgdfg', 'Draft', 'fdg', 'dfgfdgd', 'NO', '2025-12-17 08:59:00', '', '0068', '80808088', '808080808', 'WARRANTY', NULL, NULL, 0, 0, NULL),
(267, 0, 16, '2026-01-20 08:21:35', 49, 20, 3, 37, 5, 367, 5, 13, 7, 0, 0, 1, 5, 29, 'S/B', 'dgs', 'Draft', 'gsdg', 'sdgdsg', 'NO', '2025-12-17 09:15:00', '', '0069', '0', '0', 'WARRANTY', NULL, NULL, 0, 0, NULL),
(268, 0, 16, '2026-01-20 08:21:35', 49, 20, 3, 37, 5, 367, 5, 13, 6, 0, 1111, 1, 5, 29, 'B/D', 'cxvxcv', 'Draft', 'xcvxc', 'vxcvcxv', 'YES', '2025-12-17 09:15:00', '', '0070', '1111', '2222', 'WARRANTY', NULL, NULL, 0, 0, NULL),
(269, 0, 16, '2026-01-20 08:21:35', 49, 20, 3, 37, 5, 367, 5, 13, 24, 0, 80808088, 1, 5, 29, 'B/D', 'xzczxczx', 'waiting', 'xczxc', 'czcz', 'YES', '2025-12-17 09:17:00', '', '0071', '80808088', '808080808', 'WARRANTY', NULL, NULL, 0, 0, NULL),
(270, 0, 16, '2026-01-20 08:21:35', 49, 20, 3, 37, 5, 367, 5, 13, 5, 0, 10, 1, 5, 29, 'B/D', 'cvcxvxcv', 'waiting', 'cvcxv', 'cvxv', 'YES', '2025-12-17 09:19:00', '', '0072', '80808088', '808080808', 'WARRANTY', NULL, NULL, 0, 0, NULL),
(271, 0, 16, '2026-01-20 08:21:35', 49, 20, 3, 37, 5, 367, 5, 13, 6, 0, 1111, 1, 5, 29, 'B/D', 'gfhfhfgh', 'Draft', 'fhfghf', 'hfghfh', 'YES', '2025-12-17 09:20:00', '', '0073', '1111', '2222', 'WARRANTY', NULL, NULL, 0, 0, NULL),
(272, 0, 16, '2026-01-20 08:21:35', 49, 20, 3, 37, 5, 367, 5, 13, 18, 0, 10, 1, 5, 29, 'S/B', 'sdvsdvdv', 'waiting', 'dvdsvdsv', 'dvdsvdsv', 'YES', '2025-12-17 09:21:00', '', '0074', '80808088', '808080808', 'WARRANTY', NULL, NULL, 0, 0, NULL),
(273, 0, 16, '2026-01-20 08:21:35', 49, 20, 3, 37, 5, 367, 5, 13, 5, 0, 13, 1, 5, 29, 'B/D', 'trhtrh', 'approved', 'trhtrh', 'trhr', 'YES', '2025-12-17 09:23:00', '', '0075', '1111', '2222', 'WARRANTY', NULL, NULL, 0, 0, NULL),
(274, 0, 16, '2026-01-20 08:21:35', 49, 20, 3, 37, 5, 367, 5, 13, 5, 0, 10, 1, 5, 29, 'B/D', 'hfhfg', 'approved', 'fghfgh', 'fghfgh', 'YES', '2025-12-17 09:24:00', '', '0076', '1111', '2222', 'WARRANTY', NULL, NULL, 0, 0, NULL),
(275, 0, 16, '2026-01-20 08:21:35', 49, 20, 3, 37, 5, 367, 5, 13, 5, 0, 10, 1, 5, 29, 'S/B', 'ok', 'approved', 'ok', 'ok', 'NO', '2025-12-18 01:31:00', '', '0077', '80808088', '808080808', 'SERVICE', NULL, NULL, 0, 0, NULL),
(276, 0, 16, '2026-01-20 08:21:35', 49, 20, 3, 37, 5, 367, 5, 13, 5, 0, 13, 1, 5, 29, 'B/D', 'scsac', 'approved', 'scsacsac', 'sc', 'YES', '2025-12-18 02:34:00', '', '0078', '1111', '2222', 'WARRANTY', NULL, NULL, 0, 0, NULL),
(277, 0, 16, '2026-01-20 08:21:35', 49, 20, 3, 37, 5, 367, 5, 13, 8, 0, 10, 1, 5, 29, 'B/D', 'dfsdfd', 'Draft', 'dsfsdf', 'dfdfdsf', 'YES', '2025-12-18 03:53:00', '', '0079', '80808088', '808080808', 'WARRANTY', NULL, NULL, 0, 0, NULL),
(278, 0, 16, '2026-01-20 08:21:35', 49, 20, 3, 37, 5, 367, 5, 13, 7, 0, 13, 1, 5, 29, 'S/B', 'sdfsfsf', 'waiting', 'dsfsf', 'dsfsf', 'YES', '2025-12-18 03:55:00', '', '0080', '1111', '2222', 'WARRANTY', NULL, NULL, 0, 0, NULL),
(279, 0, 16, '2026-01-20 08:21:35', 49, 20, 3, 37, 5, 367, 5, 13, 5, 0, 13, 1, 5, 29, 'S/B', 'dfsfsf', 'waiting', 'fdsfsdf', 'sdfsd', 'YES', '2025-12-18 03:58:00', '', '0081', '1111', '2222', 'WARRANTY', NULL, NULL, 0, 0, NULL),
(280, 0, 16, '2026-01-20 08:21:35', 49, 20, 3, 37, 5, 367, 8, 16, 7, 0, 14, 1, 5, 1, 'B/D', 'xcxc', 'waiting', 'xvxcv', 'xcvxv', 'YES', '2025-12-19 07:13:00', '', '0082', '12114403', '1707', 'WARRANTY', NULL, NULL, 0, 0, NULL),
(281, 0, 16, '2026-01-20 08:21:35', 49, 20, 3, 37, 5, 367, 8, 16, 6, 0, 14, 1, 5, 1, '', 'xz xz ', 'Draft', 'xz zx ', 'zx xz zx ', '', '2025-12-19 07:32:00', '', '0083', '1707', '12114403', 'WARRANTY', NULL, NULL, 0, 0, NULL),
(282, 0, 16, '2026-01-20 08:21:35', 49, 20, 3, 37, 5, 367, 8, 16, 7, 0, 14, 1, 5, 1, 'B/D', 'xc cx x', 'Draft', ' xc cx cx ', 'c xc ', 'YES', '2025-12-19 07:59:00', '', '0084', '1707', '12114403', 'WARRANTY', NULL, NULL, 0, 0, NULL),
(283, 0, 16, '2026-01-20 08:21:35', 49, 20, 3, 37, 5, 367, 8, 16, 3, 0, 14, 1, 5, 1, 'S/B', 'xcvxvx', 'Draft', 'xcvcxv', 'xcvxcv', 'YES', '2025-12-19 08:00:00', '', '0085', '1707', '12114403', 'WARRANTY', NULL, NULL, 0, 0, NULL),
(284, 0, 16, '2026-01-20 08:21:35', 49, 20, 3, 37, 5, 367, 8, 16, 4, 0, 14, 1, 5, 1, 'B/D', 'scsac', 'Draft', 'ascascac', 'sac', 'YES', '2025-12-19 08:02:00', '', '0086', '00001707', '12114403', 'WARRANTY', NULL, NULL, 0, 0, NULL),
(285, 0, 16, '2026-01-20 08:21:35', 49, 20, 3, 37, 5, 367, 9, 17, 21, 0, 15, 1, 17, 33, 'WARRANTY', '0112234', 'approved', 'TES', 'TES', 'NO', '2026-01-14 07:42:00', '', '0087', '00002257', '12219192', 'WARRANTY', NULL, NULL, 0, 0, NULL),
(286, 0, 16, '2026-01-20 08:21:35', 60, 20, 3, 35, 13, 0, 8, 16, 4, 0, 14, 1, 5, 29, 'NON WARRANTY', 'scaasc', 'waiting', 'acasc', 'ascacs', 'YES', '2026-01-15 06:50:00', '', '0088', '00001707', '12114403', 'EKSTERNAL', NULL, NULL, 0, 0, NULL),
(287, 1, 16, '2026-01-20 03:56:29', 49, 20, 3, 37, 5, 367, 10, 19, 3, 0, 0, 1, 5, 29, '0', 'dav', 'waiting', 'dvsdv', 'sdvdsv', 'YES', '2026-01-20 02:42:00', '', '0089', '28', '', 'WARRANTY', 0, 22, 37, 5, '1'),
(288, 1, 16, '2026-01-20 03:56:29', 49, 20, 3, 37, 5, 367, 10, 19, 3, 0, 0, 1, 5, 29, '0', 'dav', 'waiting', 'dvsdv', 'sdvdsv', 'YES', '2026-01-20 02:42:00', '', '0090', '28', '', 'WARRANTY', 0, 22, 37, 5, '1'),
(289, 1, 16, '2026-01-20 03:56:29', 49, 20, 3, 37, 5, 367, 10, 19, 3, 0, 0, 1, 5, 29, '0', 'dav', 'waiting', 'dvsdv', 'sdvdsv', 'YES', '2026-01-20 02:42:00', '', '0091', '28', '', 'WARRANTY', 0, 22, 37, 5, '1'),
(290, 1, 16, '2026-01-20 04:01:57', 49, 20, 3, 37, 5, 367, 10, 19, 3, 0, 0, 1, 5, 29, '0', 'dav', 'waiting', 'dvsdv', 'sdvdsv', 'YES', '2026-01-20 02:42:00', '', '0092', '28', '', 'WARRANTY', 0, 22, 37, 5, '1'),
(291, 2, 16, '2026-01-20 04:02:57', 49, 20, 3, 37, 5, 367, 8, 16, 2, 0, 0, 1, 5, 29, '0', 'dsvsvv', 'waiting', 'dvsdv', 'sdvsv', 'YES', '2026-01-20 04:02:00', '', '0093', '14', '', 'WARRANTY', 0, 22, 37, 5, '2'),
(292, 2, 16, '2026-01-20 04:03:23', 49, 20, 3, 37, 5, 367, 8, 16, 2, 0, 0, 1, 5, 29, '0', 'dsvsvv', 'waiting', 'dvsdv', 'sdvsv', 'YES', '2026-01-20 04:02:00', '', '0094', '14', '', 'WARRANTY', 0, 22, 37, 5, '2'),
(293, 2, 16, '2026-01-20 04:03:33', 49, 20, 3, 37, 5, 367, 8, 16, 2, 0, 14, 1, 5, 29, '', 'dsvsvv', 'waiting', 'dvsdv', 'sdvsv', 'YES', '2026-01-20 04:02:00', '', '0095', '00001707', '12114403', 'WARRANTY', NULL, NULL, 0, 0, NULL),
(294, 3, 16, '2026-01-20 04:04:22', 49, 20, 3, 37, 5, 367, 8, 16, 3, 0, 14, 1, 5, 29, 'NON WARRANTY', 'wefwef', 'waiting', 'eewf', 'ewfwef', 'YES', '2026-01-20 04:04:00', '', '0096', '00001707', '12114403', 'INTERNAL', NULL, NULL, 0, 0, NULL),
(295, 4, 16, '2026-01-20 04:14:15', 49, 20, 3, 37, 5, 367, 8, 16, 2, 0, 0, 1, 5, 29, 'WARRANTY', 'sacc', 'waiting', 'ascsac', 'sacsac', 'YES', '2026-01-20 04:14:00', '', '0097', '14', '', 'WARRANTY', NULL, NULL, 0, 0, NULL),
(296, 5, 16, '2026-01-20 04:21:23', 49, 20, 3, 37, 5, 367, 8, 0, 2, 0, 0, 1, 5, 29, 'WARRANTY', 'sacc', 'waiting', 'ascsac', 'sacsac', 'YES', '2026-01-20 04:14:00', '', '0098', '14', '', 'WARRANTY', 0, 22, 35, 13, '5'),
(297, 5, 16, '2026-01-20 04:21:23', 49, 20, 3, 37, 5, 367, 8, 0, 2, 0, 14, 1, 5, 29, 'WARRANTY', 'sacc', 'waiting', 'ascsac', 'sacsac', 'YES', '2026-01-20 04:14:00', '', '0098', '00001707', '12114403', 'WARRANTY', NULL, NULL, 0, 0, NULL),
(298, 6, 16, '2026-01-20 04:21:42', 49, 20, 3, 37, 5, 367, 8, 0, 4, 0, 0, 1, 5, 29, 'WARRANTY', 'sacsacac', 'waiting', 'ascsac', 'ascsc', 'YES', '2026-01-20 04:21:00', '', '0099', '14', '', 'WARRANTY', 0, 22, 35, 13, '6'),
(299, 6, 16, '2026-01-20 04:21:42', 49, 20, 3, 37, 5, 367, 8, 0, 4, 0, 14, 1, 5, 29, 'WARRANTY', 'sacsacac', 'waiting', 'ascsac', 'ascsc', 'YES', '2026-01-20 04:21:00', '', '0099', '00001707', '12114403', 'WARRANTY', NULL, NULL, 0, 0, NULL),
(300, 7, 16, '2026-01-20 04:24:50', 49, 20, 3, 37, 5, 367, 11, 0, 2, 0, 0, 1, 5, 29, 'WARRANTY', 'sadsad', 'waiting', 'dasdasd', 'adsdas', 'NO', '2026-01-20 04:24:00', '', '0100', '38', '', 'WARRANTY', 0, 22, 35, 13, '7'),
(301, 7, 16, '2026-01-20 04:24:50', 49, 20, 3, 37, 5, 367, 11, 0, 2, 0, 38, 1, 5, 29, 'WARRANTY', 'sadsad', 'waiting', 'dasdasd', 'adsdas', 'NO', '2026-01-20 04:24:00', '', '0100', '00003296', '12490995', 'WARRANTY', NULL, NULL, 0, 0, NULL),
(302, 8, 16, '2026-01-20 05:00:21', 49, 20, 3, 37, 5, 367, 8, 0, 2, 0, 0, 1, 5, 29, 'WARRANTY', 'adADd', 'waiting', 'adAD', 'DdAD', 'YES', '2026-01-20 04:25:00', '', '0101', '14', '', 'WARRANTY', 0, 22, 35, 13, '8'),
(303, 8, 16, '2026-01-20 05:00:21', 49, 20, 3, 37, 5, 367, 8, 0, 2, 0, 14, 1, 5, 29, 'WARRANTY', 'adADd', 'waiting', 'adAD', 'DdAD', 'YES', '2026-01-20 04:25:00', '', '0101', '00001707', '12114403', 'WARRANTY', NULL, NULL, 0, 0, NULL),
(304, 9, 16, '2026-01-20 05:09:08', 49, 20, 3, 37, 5, 367, 8, 0, 2, 0, 0, 1, 5, 29, 'WARRANTY', 'zXZXZX', 'waiting', 'zXZX', 'zXzX', 'YES', '2026-01-20 05:08:00', '', '0102', '14', '', 'WARRANTY', 0, 22, 35, 13, '9'),
(305, 9, 16, '2026-01-20 05:09:08', 49, 20, 3, 37, 5, 367, 8, 0, 2, 0, 14, 1, 5, 29, 'WARRANTY', 'zXZXZX', 'waiting', 'zXZX', 'zXzX', 'YES', '2026-01-20 05:08:00', '', '0102', '00001707', '12114403', 'WARRANTY', 0, 22, 35, 13, '9'),
(306, 10, 16, '2026-01-20 05:11:04', 49, 20, 3, 37, 5, 367, 8, 16, 3, 0, 14, 1, 5, 29, 'WARRANTY', 'dvsdvdv', 'waiting', 'svdsv', 'dsvdvd', 'YES', '2026-01-20 05:10:00', '', '0103', '00001707', '12114403', 'WARRANTY', 0, 22, 35, 13, '10'),
(307, 11, 16, '2026-01-20 06:42:01', 49, 20, 3, 37, 5, 367, 22, 40, 3, 0, 77, 1, 5, 61, 'WARRANTY', '2e32e23e', 'waiting', '34324', '4324324', 'YES', '2026-01-20 06:41:00', '', '0104', '00008888', '', 'WARRANTY', 0, 22, 35, 13, '0011'),
(308, 12, 16, '2026-01-20 08:14:28', 49, 20, 3, 37, 5, 367, 8, 16, 2, 0, 14, 1, 5, 29, 'WARRANTY', 'TESS', 'waiting', 'TESS', 'TESS', 'YES', '2026-01-20 08:08:00', '', '0105', '00001707', '12114403', 'WARRANTY', 0, 22, 35, 13, '0012'),
(309, 13, 16, '2026-01-20 08:18:39', 49, 20, 3, 37, 5, 367, 8, 16, 2, 0, 14, 1, 5, 29, 'WARRANTY', 'DASDASD', 'waiting', 'ASDASD', 'SADSADSAD', 'YES', '2026-01-20 08:14:00', '', '0106', '00001707', '12114403', 'WARRANTY', 0, 22, 35, 13, '0013'),
(310, 0, 16, '2026-01-20 08:19:36', 49, 20, 3, 37, 5, 367, 8, 16, 3, 0, 14, 1, 5, 29, 'WARRANTY', 'dsdvdsv', 'Draft', 'sdvdsv', 'dvsdvsdv', 'YES', '2026-01-20 08:19:00', '', '0107', '00001707', '12114403', 'WARRANTY', NULL, NULL, 0, 0, NULL),
(311, 0, 16, '2026-01-20 08:21:35', 49, 20, 3, 37, 5, 367, 8, 16, 3, 0, 14, 1, 5, 29, 'WARRANTY', 'dsdvdsv', 'waiting', 'sdvdsv', 'dvsdvsdv', 'YES', '2026-01-20 08:19:00', '', '0108', '00001707', '12114403', 'WARRANTY', NULL, NULL, 0, 0, NULL),
(312, 0, 16, '2026-01-20 08:22:22', 49, 20, 3, 37, 5, 367, 8, 16, 3, 0, 14, 1, 5, 29, 'WARRANTY', 'scacasc', 'waiting', 'ascsac', 'sacsacsac', 'YES', '2026-01-20 08:21:00', '', '0109', '', '12114403', 'WARRANTY', NULL, NULL, 0, 0, NULL),
(313, 0, 16, '2026-01-20 08:29:01', 49, 20, 3, 37, 5, 367, 8, 16, 2, 0, 14, 1, 5, 29, 'NON WARRANTY', 'sfvsfvf', 'waiting', 'vfsvsfv', 'vsfvsf', 'YES', '2026-01-20 08:22:00', '', '0110', '00001707', '12114403', 'INTERNAL', NULL, NULL, 0, 0, NULL),
(314, 0, 16, '2026-01-20 08:29:24', 49, 20, 3, 37, 5, 367, 8, 16, 2, 0, 14, 1, 5, 29, 'WARRANTY', 'adcdac', 'Draft', 'adcadc', 'adcdc', 'YES', '2026-01-20 08:29:00', '', '0111', '00001707', '12114403', 'WARRANTY', NULL, NULL, 0, 0, NULL),
(315, 0, 16, '2026-02-25 07:44:05', 49, 20, 3, 37, 5, 367, 10, 20, 2, 0, 32, 1, 5, 29, 'WARRANTY', '250', 'approved', 'SERBICE 250 HM', 'YJ', 'YES', '2026-02-25 07:38:00', '', '0112', '00002696', '12092907', 'WARRANTY', NULL, NULL, 0, 0, NULL);

-- --------------------------------------------------------

--
-- Table structure for table `wr`
--

CREATE TABLE `wr` (
  `id_wr` int(11) NOT NULL,
  `id_tg` int(11) DEFAULT NULL,
  `tgl` timestamp NOT NULL DEFAULT current_timestamp() ON UPDATE current_timestamp(),
  `id_user` int(11) NOT NULL,
  `id_tt` int(11) NOT NULL,
  `id_jenis_pengajuan` int(11) NOT NULL,
  `id_devisi` int(11) NOT NULL,
  `id_departement` int(11) NOT NULL,
  `id_app` int(11) NOT NULL,
  `id_customer` int(11) NOT NULL,
  `id_location` int(11) NOT NULL,
  `id_repair` int(11) NOT NULL,
  `id_job` int(11) NOT NULL,
  `id_unit` int(11) NOT NULL,
  `id_brand` int(11) NOT NULL,
  `id_p_group` int(11) NOT NULL,
  `id_item_group` int(11) NOT NULL,
  `eqp_status` varchar(100) NOT NULL,
  `hm` varchar(50) NOT NULL,
  `status` enum('Draft','waiting','approved','rejected','recheck','confirmed') NOT NULL,
  `detail1` varchar(500) NOT NULL,
  `detail2` varchar(500) NOT NULL,
  `part` varchar(11) NOT NULL,
  `datetime` datetime NOT NULL,
  `fleg` varchar(100) NOT NULL,
  `id_uniq` varchar(100) NOT NULL,
  `sn_e` varchar(50) NOT NULL,
  `sn_c` varchar(50) NOT NULL,
  `job_status` varchar(50) NOT NULL,
  `id_user_hr` int(11) NOT NULL,
  `id_hrga_wr` int(11) NOT NULL
) ENGINE=InnoDB DEFAULT CHARSET=utf8mb4 COLLATE=utf8mb4_general_ci;

--
-- Dumping data for table `wr`
--

INSERT INTO `wr` (`id_wr`, `id_tg`, `tgl`, `id_user`, `id_tt`, `id_jenis_pengajuan`, `id_devisi`, `id_departement`, `id_app`, `id_customer`, `id_location`, `id_repair`, `id_job`, `id_unit`, `id_brand`, `id_p_group`, `id_item_group`, `eqp_status`, `hm`, `status`, `detail1`, `detail2`, `part`, `datetime`, `fleg`, `id_uniq`, `sn_e`, `sn_c`, `job_status`, `id_user_hr`, `id_hrga_wr`) VALUES
(1, 0, '2026-01-15 03:21:44', 49, 22, 3, 37, 5, 0, 8, 16, 4, 0, 14, 1, 5, 29, '', 'hfhfg', 'waiting', 'sx', 'sx', 'YES', '2026-01-15 03:21:00', '', '0001', '14', '', 'INTERNAL', 0, 0),
(2, 0, '2026-01-15 04:31:31', 49, 22, 3, 37, 5, 0, 8, 16, 4, 0, 14, 1, 5, 29, 'WARRANTY', 'aAx', 'waiting', 'xAX', 'axAX', 'NO', '2026-01-15 04:31:00', '', '0002', '00001707', '12114403', 'WARRANTY', 49, 0),
(3, 0, '2026-01-15 04:33:44', 60, 22, 3, 35, 13, 371, 8, 16, 3, 0, 14, 1, 5, 29, 'NON WARRANTY', 'acascasc', 'waiting', 'scascasc', 'ascac', 'NO', '2026-01-15 04:33:00', '', '0003', '00001707', '12114403', 'EKSTERNAL', 60, 0),
(4, 0, '2026-01-15 04:34:21', 60, 22, 3, 35, 13, 371, 8, 16, 3, 0, 14, 1, 5, 29, 'NON WARRANTY', 'acascasc', 'waiting', 'scascasc', 'ascac', 'NO', '2026-01-15 04:33:00', '', '0004', '00001707', '12114403', 'EKSTERNAL', 60, 0),
(5, 0, '2026-01-15 04:39:14', 60, 22, 3, 35, 13, 371, 8, 16, 3, 0, 14, 1, 5, 29, 'NON WARRANTY', 'acascasc', 'waiting', 'scascasc', 'ascac', 'NO', '2026-01-15 04:33:00', '', '0005', '00001707', '12114403', 'EKSTERNAL', 60, 0),
(6, 0, '2026-01-15 04:39:45', 60, 22, 3, 35, 13, 371, 8, 16, 3, 0, 14, 1, 5, 29, 'NON WARRANTY', 'acascasc', 'waiting', 'scascasc', 'ascac', 'NO', '2026-01-15 04:33:00', '', '0006', '00001707', '12114403', 'EKSTERNAL', 60, 0),
(7, 0, '2026-01-15 04:40:08', 60, 22, 3, 35, 13, 371, 8, 16, 3, 0, 14, 1, 5, 29, 'NON WARRANTY', 'acascasc', 'waiting', 'scascasc', 'ascac', 'NO', '2026-01-15 04:33:00', '', '0007', '00001707', '12114403', 'EKSTERNAL', 60, 0),
(8, 0, '2026-01-19 01:58:08', 60, 22, 3, 35, 13, 371, 8, 16, 3, 0, 14, 1, 5, 29, 'NON WARRANTY', 'acascasc', 'approved', 'scascasc', 'ascac', 'NO', '2026-01-15 04:33:00', '', '0008', '00001707', '12114403', 'EKSTERNAL', 60, 0),
(9, 0, '2026-01-19 09:46:49', 60, 22, 3, 35, 13, 371, 8, 16, 3, 0, 14, 1, 5, 29, 'WARRANTY', 'cxvxcvv', 'confirmed', 'cxvcxv', 'xvcxvx', 'YES', '2026-01-15 04:40:00', '', '0009', '00001707', '12114403', 'WARRANTY', 60, 0),
(10, 0, '2026-01-19 09:31:54', 60, 22, 3, 35, 13, 371, 8, 16, 3, 0, 14, 1, 5, 29, 'NON WARRANTY', 'sdvsdv', 'confirmed', 'sdvdsv', 'vd', 'YES', '2026-01-15 04:41:00', '', '0010', '00001707', '12114403', 'INTERNAL', 60, 0),
(11, 0, '2026-01-19 09:14:01', 60, 22, 3, 35, 13, 371, 8, 16, 2, 0, 14, 1, 5, 29, 'WARRANTY', 'ascsac', 'confirmed', 'scsac', 'ascasc', 'YES', '2026-01-15 04:50:00', '', '0011', '00001707', '12114403', 'WARRANTY', 60, 13),
(12, 0, '2026-01-19 09:13:21', 60, 22, 3, 35, 13, 371, 8, 16, 21, 0, 14, 1, 5, 29, 'WARRANTY', '0112234', 'confirmed', 'ok', 'ok', 'NO', '2026-01-19 02:23:00', '', '0012', '00001707', '12114403', 'WARRANTY', 60, 14),
(13, 0, '2026-01-19 09:49:08', 60, 22, 3, 35, 13, 371, 9, 17, 3, 0, 16, 1, 17, 33, 'NON WARRANTY', 'dasd', 'confirmed', 'asdasds', 'adsad', 'YES', '2026-01-19 09:47:00', '', '0013', '00002543', '12219186', 'INTERNAL', 60, 15);

-- --------------------------------------------------------

--
-- Table structure for table `years`
--

CREATE TABLE `years` (
  `id_years` int(11) NOT NULL,
  `nama_years` varchar(50) NOT NULL,
  `description` varchar(50) NOT NULL
) ENGINE=InnoDB DEFAULT CHARSET=utf8mb4 COLLATE=utf8mb4_general_ci;

--
-- Dumping data for table `years`
--

INSERT INTO `years` (`id_years`, `nama_years`, `description`) VALUES
(2025, '2025', '2025'),
(2026, '2026', 'EUR 19.500 USD 16.500');

--
-- Indexes for dumped tables
--

--
-- Indexes for table `account`
--
ALTER TABLE `account`
  ADD PRIMARY KEY (`id_account`);

--
-- Indexes for table `acc_lbpd`
--
ALTER TABLE `acc_lbpd`
  ADD PRIMARY KEY (`id_acc_lbpd`);

--
-- Indexes for table `acc_sppd`
--
ALTER TABLE `acc_sppd`
  ADD PRIMARY KEY (`id_acc_sppd`);

--
-- Indexes for table `actual`
--
ALTER TABLE `actual`
  ADD PRIMARY KEY (`id_actual`);

--
-- Indexes for table `al`
--
ALTER TABLE `al`
  ADD PRIMARY KEY (`id_al`);

--
-- Indexes for table `apl`
--
ALTER TABLE `apl`
  ADD PRIMARY KEY (`id_apl`);

--
-- Indexes for table `app`
--
ALTER TABLE `app`
  ADD PRIMARY KEY (`id_app`);

--
-- Indexes for table `asset`
--
ALTER TABLE `asset`
  ADD PRIMARY KEY (`id_asset`);

--
-- Indexes for table `asset_h`
--
ALTER TABLE `asset_h`
  ADD PRIMARY KEY (`id_asset_h`);

--
-- Indexes for table `asset_location`
--
ALTER TABLE `asset_location`
  ADD PRIMARY KEY (`id_asset_location`);

--
-- Indexes for table `asset_m`
--
ALTER TABLE `asset_m`
  ADD PRIMARY KEY (`id_asset_m`);

--
-- Indexes for table `atc`
--
ALTER TABLE `atc`
  ADD PRIMARY KEY (`id_atc`),
  ADD KEY `fk_id_app_atc` (`id_spp`);

--
-- Indexes for table `atc1`
--
ALTER TABLE `atc1`
  ADD PRIMARY KEY (`id_atc1`);

--
-- Indexes for table `atc2`
--
ALTER TABLE `atc2`
  ADD PRIMARY KEY (`id_atc2`);

--
-- Indexes for table `atc3`
--
ALTER TABLE `atc3`
  ADD PRIMARY KEY (`id_atc3`);

--
-- Indexes for table `atc4`
--
ALTER TABLE `atc4`
  ADD PRIMARY KEY (`id_atc4`);

--
-- Indexes for table `atc_asset`
--
ALTER TABLE `atc_asset`
  ADD PRIMARY KEY (`id_atc_asset`);

--
-- Indexes for table `atc_asset1`
--
ALTER TABLE `atc_asset1`
  ADD PRIMARY KEY (`id_atc_asset1`);

--
-- Indexes for table `atc_asset_m`
--
ALTER TABLE `atc_asset_m`
  ADD PRIMARY KEY (`id_atc_asset_m`);

--
-- Indexes for table `atc_sppd`
--
ALTER TABLE `atc_sppd`
  ADD PRIMARY KEY (`id_atc_sppd`);

--
-- Indexes for table `biaya_lbpd`
--
ALTER TABLE `biaya_lbpd`
  ADD PRIMARY KEY (`id_biaya_lbpd`);

--
-- Indexes for table `biaya_sppd`
--
ALTER TABLE `biaya_sppd`
  ADD PRIMARY KEY (`id_biaya_sppd`);

--
-- Indexes for table `branch`
--
ALTER TABLE `branch`
  ADD PRIMARY KEY (`id_branch`);

--
-- Indexes for table `brand`
--
ALTER TABLE `brand`
  ADD PRIMARY KEY (`id_brand`);

--
-- Indexes for table `budget`
--
ALTER TABLE `budget`
  ADD PRIMARY KEY (`id_budget`);

--
-- Indexes for table `budget_mpp`
--
ALTER TABLE `budget_mpp`
  ADD PRIMARY KEY (`id_budget_mpp`);

--
-- Indexes for table `budget_real`
--
ALTER TABLE `budget_real`
  ADD PRIMARY KEY (`id_budget_real`);

--
-- Indexes for table `budget_sss`
--
ALTER TABLE `budget_sss`
  ADD PRIMARY KEY (`id_budget_sss`);

--
-- Indexes for table `budget_stok`
--
ALTER TABLE `budget_stok`
  ADD PRIMARY KEY (`id_budget_stok`);

--
-- Indexes for table `capex`
--
ALTER TABLE `capex`
  ADD PRIMARY KEY (`id_capex`);

--
-- Indexes for table `catatan`
--
ALTER TABLE `catatan`
  ADD PRIMARY KEY (`id_catatan`);

--
-- Indexes for table `category`
--
ALTER TABLE `category`
  ADD PRIMARY KEY (`id_category`);

--
-- Indexes for table `category_asset`
--
ALTER TABLE `category_asset`
  ADD PRIMARY KEY (`id_category_asset`);

--
-- Indexes for table `category_customer`
--
ALTER TABLE `category_customer`
  ADD PRIMARY KEY (`id_category_customer`);

--
-- Indexes for table `category_type`
--
ALTER TABLE `category_type`
  ADD PRIMARY KEY (`id_category_type`);

--
-- Indexes for table `city`
--
ALTER TABLE `city`
  ADD PRIMARY KEY (`id_city`);

--
-- Indexes for table `closed_lbpd`
--
ALTER TABLE `closed_lbpd`
  ADD PRIMARY KEY (`id_closed_lbpd`);

--
-- Indexes for table `closed_sppd`
--
ALTER TABLE `closed_sppd`
  ADD PRIMARY KEY (`id_closed_sppd`);

--
-- Indexes for table `confirm`
--
ALTER TABLE `confirm`
  ADD PRIMARY KEY (`id_confirm`);

--
-- Indexes for table `confirm_cuti`
--
ALTER TABLE `confirm_cuti`
  ADD PRIMARY KEY (`id_confirm_cuti`);

--
-- Indexes for table `confirm_cuti_c`
--
ALTER TABLE `confirm_cuti_c`
  ADD PRIMARY KEY (`id_confirm_cuti_c`);

--
-- Indexes for table `confirm_izin`
--
ALTER TABLE `confirm_izin`
  ADD PRIMARY KEY (`id_confirm_izin`);

--
-- Indexes for table `confirm_lbpd`
--
ALTER TABLE `confirm_lbpd`
  ADD PRIMARY KEY (`id_confirm_lbpd`);

--
-- Indexes for table `confirm_sppd`
--
ALTER TABLE `confirm_sppd`
  ADD PRIMARY KEY (`id_confirm_sppd`);

--
-- Indexes for table `confirm_wr`
--
ALTER TABLE `confirm_wr`
  ADD PRIMARY KEY (`id_confirm_wr`);

--
-- Indexes for table `cost`
--
ALTER TABLE `cost`
  ADD PRIMARY KEY (`id_cost`);

--
-- Indexes for table `currency`
--
ALTER TABLE `currency`
  ADD PRIMARY KEY (`id_currency`);

--
-- Indexes for table `customer`
--
ALTER TABLE `customer`
  ADD PRIMARY KEY (`id_customer`);

--
-- Indexes for table `cuti`
--
ALTER TABLE `cuti`
  ADD PRIMARY KEY (`id_cuti`);

--
-- Indexes for table `cuti_c`
--
ALTER TABLE `cuti_c`
  ADD PRIMARY KEY (`id_cuti_c`);

--
-- Indexes for table `c_budget`
--
ALTER TABLE `c_budget`
  ADD PRIMARY KEY (`id_c_budget`);

--
-- Indexes for table `dar`
--
ALTER TABLE `dar`
  ADD PRIMARY KEY (`id_dar`);

--
-- Indexes for table `departement`
--
ALTER TABLE `departement`
  ADD PRIMARY KEY (`id_departement`);

--
-- Indexes for table `department_budget`
--
ALTER TABLE `department_budget`
  ADD PRIMARY KEY (`id_department_budget`);

--
-- Indexes for table `devisi`
--
ALTER TABLE `devisi`
  ADD PRIMARY KEY (`id_devisi`);

--
-- Indexes for table `divisi_budget`
--
ALTER TABLE `divisi_budget`
  ADD PRIMARY KEY (`id_divisi_budget`);

--
-- Indexes for table `dtr`
--
ALTER TABLE `dtr`
  ADD PRIMARY KEY (`id_dtr`);

--
-- Indexes for table `employee`
--
ALTER TABLE `employee`
  ADD PRIMARY KEY (`id_employee`);

--
-- Indexes for table `fleg`
--
ALTER TABLE `fleg`
  ADD PRIMARY KEY (`id_fleg`);

--
-- Indexes for table `golongan`
--
ALTER TABLE `golongan`
  ADD PRIMARY KEY (`id_golongan`);

--
-- Indexes for table `grade`
--
ALTER TABLE `grade`
  ADD PRIMARY KEY (`id_grade`);

--
-- Indexes for table `group_asset`
--
ALTER TABLE `group_asset`
  ADD PRIMARY KEY (`id_group_asset`);

--
-- Indexes for table `history`
--
ALTER TABLE `history`
  ADD PRIMARY KEY (`id_history`);

--
-- Indexes for table `hrga_lbpd`
--
ALTER TABLE `hrga_lbpd`
  ADD PRIMARY KEY (`id_hrga_lbpd`);

--
-- Indexes for table `hrga_sppd`
--
ALTER TABLE `hrga_sppd`
  ADD PRIMARY KEY (`id_hrga_sppd`);

--
-- Indexes for table `h_asset`
--
ALTER TABLE `h_asset`
  ADD PRIMARY KEY (`id_h_asset`);

--
-- Indexes for table `import_e`
--
ALTER TABLE `import_e`
  ADD PRIMARY KEY (`id_import`);

--
-- Indexes for table `item`
--
ALTER TABLE `item`
  ADD PRIMARY KEY (`id_item`),
  ADD KEY `fk_id_spp` (`id_spp`);

--
-- Indexes for table `item_asset`
--
ALTER TABLE `item_asset`
  ADD PRIMARY KEY (`id_item_asset`);

--
-- Indexes for table `item_asset1`
--
ALTER TABLE `item_asset1`
  ADD PRIMARY KEY (`id_item_asset1`);

--
-- Indexes for table `item_asset_cost`
--
ALTER TABLE `item_asset_cost`
  ADD PRIMARY KEY (`id_item_asset_cost`);

--
-- Indexes for table `item_dar`
--
ALTER TABLE `item_dar`
  ADD PRIMARY KEY (`id_item_dar`);

--
-- Indexes for table `item_group`
--
ALTER TABLE `item_group`
  ADD PRIMARY KEY (`id_item_group`);

--
-- Indexes for table `izin`
--
ALTER TABLE `izin`
  ADD PRIMARY KEY (`id_izin`);

--
-- Indexes for table `jenis_pengajuan`
--
ALTER TABLE `jenis_pengajuan`
  ADD PRIMARY KEY (`id_jenis_pengajuan`);

--
-- Indexes for table `jo`
--
ALTER TABLE `jo`
  ADD PRIMARY KEY (`id_jo`);

--
-- Indexes for table `job`
--
ALTER TABLE `job`
  ADD PRIMARY KEY (`id_job`);

--
-- Indexes for table `job_jo`
--
ALTER TABLE `job_jo`
  ADD PRIMARY KEY (`id_job_jo`);

--
-- Indexes for table `jurnal_actual`
--
ALTER TABLE `jurnal_actual`
  ADD PRIMARY KEY (`id_jurnal_actual`);

--
-- Indexes for table `jurnal_capex`
--
ALTER TABLE `jurnal_capex`
  ADD PRIMARY KEY (`id_jurnal_capex`);

--
-- Indexes for table `jurnal_cuti`
--
ALTER TABLE `jurnal_cuti`
  ADD PRIMARY KEY (`id_jurnal_cuti`);

--
-- Indexes for table `jurnal_cuti1`
--
ALTER TABLE `jurnal_cuti1`
  ADD PRIMARY KEY (`id_jurnal_cuti1`);

--
-- Indexes for table `jurnal_cuti_c`
--
ALTER TABLE `jurnal_cuti_c`
  ADD PRIMARY KEY (`id_jurnal_cuti_c`);

--
-- Indexes for table `jurnal_mpp`
--
ALTER TABLE `jurnal_mpp`
  ADD PRIMARY KEY (`id_jurnal_mpp`);

--
-- Indexes for table `jurnal_opex`
--
ALTER TABLE `jurnal_opex`
  ADD PRIMARY KEY (`id_jurnal_opex`);

--
-- Indexes for table `jurnal_stok`
--
ALTER TABLE `jurnal_stok`
  ADD PRIMARY KEY (`id_jurnal_stok`);

--
-- Indexes for table `lbpd`
--
ALTER TABLE `lbpd`
  ADD PRIMARY KEY (`id_lbpd`);

--
-- Indexes for table `leave`
--
ALTER TABLE `leave`
  ADD PRIMARY KEY (`id_leave`);

--
-- Indexes for table `leavee`
--
ALTER TABLE `leavee`
  ADD PRIMARY KEY (`id_leave`);

--
-- Indexes for table `lk`
--
ALTER TABLE `lk`
  ADD PRIMARY KEY (`id_lk`);

--
-- Indexes for table `location`
--
ALTER TABLE `location`
  ADD PRIMARY KEY (`id_location`);

--
-- Indexes for table `mekanik`
--
ALTER TABLE `mekanik`
  ADD PRIMARY KEY (`id_mekanik`);

--
-- Indexes for table `mekanik_wo`
--
ALTER TABLE `mekanik_wo`
  ADD PRIMARY KEY (`id_mekanik_wo`);

--
-- Indexes for table `months`
--
ALTER TABLE `months`
  ADD PRIMARY KEY (`id_months`);

--
-- Indexes for table `mpp`
--
ALTER TABLE `mpp`
  ADD PRIMARY KEY (`id_mpp`);

--
-- Indexes for table `mpp_budget`
--
ALTER TABLE `mpp_budget`
  ADD PRIMARY KEY (`id_mpp_budget`);

--
-- Indexes for table `m_opex`
--
ALTER TABLE `m_opex`
  ADD PRIMARY KEY (`id_m_opex`);

--
-- Indexes for table `opening`
--
ALTER TABLE `opening`
  ADD PRIMARY KEY (`id_opening`);

--
-- Indexes for table `opex`
--
ALTER TABLE `opex`
  ADD PRIMARY KEY (`id_opex`);

--
-- Indexes for table `overtime`
--
ALTER TABLE `overtime`
  ADD PRIMARY KEY (`id_overtime`);

--
-- Indexes for table `pengajuan`
--
ALTER TABLE `pengajuan`
  ADD PRIMARY KEY (`id_pengajuan`);

--
-- Indexes for table `permit`
--
ALTER TABLE `permit`
  ADD PRIMARY KEY (`id_permit`);

--
-- Indexes for table `plafon`
--
ALTER TABLE `plafon`
  ADD PRIMARY KEY (`id_plafon`);

--
-- Indexes for table `p_group`
--
ALTER TABLE `p_group`
  ADD PRIMARY KEY (`id_p_group`);

--
-- Indexes for table `real_asset`
--
ALTER TABLE `real_asset`
  ADD PRIMARY KEY (`id_real_asset`);

--
-- Indexes for table `real_budget`
--
ALTER TABLE `real_budget`
  ADD PRIMARY KEY (`id_real_budget`);

--
-- Indexes for table `reff_doc`
--
ALTER TABLE `reff_doc`
  ADD PRIMARY KEY (`id_reff_doc`);

--
-- Indexes for table `reff_doc1`
--
ALTER TABLE `reff_doc1`
  ADD PRIMARY KEY (`id_reff_doc1`);

--
-- Indexes for table `region`
--
ALTER TABLE `region`
  ADD PRIMARY KEY (`id_region`);

--
-- Indexes for table `repair`
--
ALTER TABLE `repair`
  ADD PRIMARY KEY (`id_repair`);

--
-- Indexes for table `repair_job`
--
ALTER TABLE `repair_job`
  ADD PRIMARY KEY (`id_repair_job`);

--
-- Indexes for table `riwayat`
--
ALTER TABLE `riwayat`
  ADD PRIMARY KEY (`id_riwayat`);

--
-- Indexes for table `rpd`
--
ALTER TABLE `rpd`
  ADD PRIMARY KEY (`id_rpd`);

--
-- Indexes for table `r_order`
--
ALTER TABLE `r_order`
  ADD PRIMARY KEY (`id_r_order`);

--
-- Indexes for table `siswa`
--
ALTER TABLE `siswa`
  ADD PRIMARY KEY (`nis`);

--
-- Indexes for table `spa`
--
ALTER TABLE `spa`
  ADD PRIMARY KEY (`id_spa`);

--
-- Indexes for table `spa_asset`
--
ALTER TABLE `spa_asset`
  ADD PRIMARY KEY (`id_spa_asset`);

--
-- Indexes for table `spa_asset_m`
--
ALTER TABLE `spa_asset_m`
  ADD PRIMARY KEY (`id_spa_asset_m`);

--
-- Indexes for table `spa_cuti`
--
ALTER TABLE `spa_cuti`
  ADD PRIMARY KEY (`id_spa_cuti`);

--
-- Indexes for table `spa_cuti_c`
--
ALTER TABLE `spa_cuti_c`
  ADD PRIMARY KEY (`id_spa_cuti_c`);

--
-- Indexes for table `spa_dar`
--
ALTER TABLE `spa_dar`
  ADD PRIMARY KEY (`id_spa_dar`);

--
-- Indexes for table `spa_h_asset`
--
ALTER TABLE `spa_h_asset`
  ADD PRIMARY KEY (`id_spa_h_asset`);

--
-- Indexes for table `spa_izin`
--
ALTER TABLE `spa_izin`
  ADD PRIMARY KEY (`id_spa_izin`);

--
-- Indexes for table `spa_jo`
--
ALTER TABLE `spa_jo`
  ADD PRIMARY KEY (`id_spa_jo`);

--
-- Indexes for table `spa_lbpd`
--
ALTER TABLE `spa_lbpd`
  ADD PRIMARY KEY (`id_spa_lbpd`);

--
-- Indexes for table `spa_ot`
--
ALTER TABLE `spa_ot`
  ADD PRIMARY KEY (`id_spa_ot`);

--
-- Indexes for table `spa_sppd`
--
ALTER TABLE `spa_sppd`
  ADD PRIMARY KEY (`id_spa_sppd`);

--
-- Indexes for table `spa_wo`
--
ALTER TABLE `spa_wo`
  ADD PRIMARY KEY (`id_spa_wo`);

--
-- Indexes for table `spa_wr`
--
ALTER TABLE `spa_wr`
  ADD PRIMARY KEY (`id_spa_wr`);

--
-- Indexes for table `special_cuti`
--
ALTER TABLE `special_cuti`
  ADD PRIMARY KEY (`id_special_cuti`);

--
-- Indexes for table `spp`
--
ALTER TABLE `spp`
  ADD PRIMARY KEY (`id_spp`);

--
-- Indexes for table `sppd`
--
ALTER TABLE `sppd`
  ADD PRIMARY KEY (`id_sppd`);

--
-- Indexes for table `tax`
--
ALTER TABLE `tax`
  ADD PRIMARY KEY (`id_tax`);

--
-- Indexes for table `tg`
--
ALTER TABLE `tg`
  ADD PRIMARY KEY (`id_tg`);

--
-- Indexes for table `tmp_asset`
--
ALTER TABLE `tmp_asset`
  ADD PRIMARY KEY (`id_tmp_asset`);

--
-- Indexes for table `tools`
--
ALTER TABLE `tools`
  ADD PRIMARY KEY (`id_tools`);

--
-- Indexes for table `tt`
--
ALTER TABLE `tt`
  ADD PRIMARY KEY (`id_tt`);

--
-- Indexes for table `type_leave`
--
ALTER TABLE `type_leave`
  ADD PRIMARY KEY (`id_type_leave`);

--
-- Indexes for table `unit`
--
ALTER TABLE `unit`
  ADD PRIMARY KEY (`id_unit`);

--
-- Indexes for table `vendor`
--
ALTER TABLE `vendor`
  ADD PRIMARY KEY (`id_vendor`);

--
-- Indexes for table `wo`
--
ALTER TABLE `wo`
  ADD PRIMARY KEY (`id_wo`);

--
-- Indexes for table `wr`
--
ALTER TABLE `wr`
  ADD PRIMARY KEY (`id_wr`);

--
-- Indexes for table `years`
--
ALTER TABLE `years`
  ADD PRIMARY KEY (`id_years`);

--
-- AUTO_INCREMENT for dumped tables
--

--
-- AUTO_INCREMENT for table `account`
--
ALTER TABLE `account`
  MODIFY `id_account` int(11) NOT NULL AUTO_INCREMENT, AUTO_INCREMENT=191;

--
-- AUTO_INCREMENT for table `acc_lbpd`
--
ALTER TABLE `acc_lbpd`
  MODIFY `id_acc_lbpd` int(11) NOT NULL AUTO_INCREMENT, AUTO_INCREMENT=122;

--
-- AUTO_INCREMENT for table `acc_sppd`
--
ALTER TABLE `acc_sppd`
  MODIFY `id_acc_sppd` int(11) NOT NULL AUTO_INCREMENT, AUTO_INCREMENT=447;

--
-- AUTO_INCREMENT for table `actual`
--
ALTER TABLE `actual`
  MODIFY `id_actual` int(11) NOT NULL AUTO_INCREMENT, AUTO_INCREMENT=6;

--
-- AUTO_INCREMENT for table `al`
--
ALTER TABLE `al`
  MODIFY `id_al` int(11) NOT NULL AUTO_INCREMENT, AUTO_INCREMENT=693;

--
-- AUTO_INCREMENT for table `apl`
--
ALTER TABLE `apl`
  MODIFY `id_apl` int(11) NOT NULL AUTO_INCREMENT, AUTO_INCREMENT=5;

--
-- AUTO_INCREMENT for table `app`
--
ALTER TABLE `app`
  MODIFY `id_app` int(11) NOT NULL AUTO_INCREMENT, AUTO_INCREMENT=373;

--
-- AUTO_INCREMENT for table `asset`
--
ALTER TABLE `asset`
  MODIFY `id_asset` int(11) NOT NULL AUTO_INCREMENT, AUTO_INCREMENT=172;

--
-- AUTO_INCREMENT for table `asset_h`
--
ALTER TABLE `asset_h`
  MODIFY `id_asset_h` int(11) NOT NULL AUTO_INCREMENT, AUTO_INCREMENT=2;

--
-- AUTO_INCREMENT for table `asset_location`
--
ALTER TABLE `asset_location`
  MODIFY `id_asset_location` int(11) NOT NULL AUTO_INCREMENT, AUTO_INCREMENT=10;

--
-- AUTO_INCREMENT for table `asset_m`
--
ALTER TABLE `asset_m`
  MODIFY `id_asset_m` int(11) NOT NULL AUTO_INCREMENT, AUTO_INCREMENT=26;

--
-- AUTO_INCREMENT for table `atc`
--
ALTER TABLE `atc`
  MODIFY `id_atc` int(11) NOT NULL AUTO_INCREMENT, AUTO_INCREMENT=122;

--
-- AUTO_INCREMENT for table `atc1`
--
ALTER TABLE `atc1`
  MODIFY `id_atc1` int(11) NOT NULL AUTO_INCREMENT, AUTO_INCREMENT=14;

--
-- AUTO_INCREMENT for table `atc2`
--
ALTER TABLE `atc2`
  MODIFY `id_atc2` int(11) NOT NULL AUTO_INCREMENT, AUTO_INCREMENT=15;

--
-- AUTO_INCREMENT for table `atc3`
--
ALTER TABLE `atc3`
  MODIFY `id_atc3` int(11) NOT NULL AUTO_INCREMENT, AUTO_INCREMENT=57;

--
-- AUTO_INCREMENT for table `atc4`
--
ALTER TABLE `atc4`
  MODIFY `id_atc4` int(11) NOT NULL AUTO_INCREMENT, AUTO_INCREMENT=37;

--
-- AUTO_INCREMENT for table `atc_asset`
--
ALTER TABLE `atc_asset`
  MODIFY `id_atc_asset` int(11) NOT NULL AUTO_INCREMENT, AUTO_INCREMENT=5;

--
-- AUTO_INCREMENT for table `atc_asset1`
--
ALTER TABLE `atc_asset1`
  MODIFY `id_atc_asset1` int(11) NOT NULL AUTO_INCREMENT;

--
-- AUTO_INCREMENT for table `atc_asset_m`
--
ALTER TABLE `atc_asset_m`
  MODIFY `id_atc_asset_m` int(11) NOT NULL AUTO_INCREMENT, AUTO_INCREMENT=15;

--
-- AUTO_INCREMENT for table `atc_sppd`
--
ALTER TABLE `atc_sppd`
  MODIFY `id_atc_sppd` int(11) NOT NULL AUTO_INCREMENT, AUTO_INCREMENT=12;

--
-- AUTO_INCREMENT for table `biaya_lbpd`
--
ALTER TABLE `biaya_lbpd`
  MODIFY `id_biaya_lbpd` int(11) NOT NULL AUTO_INCREMENT, AUTO_INCREMENT=68;

--
-- AUTO_INCREMENT for table `biaya_sppd`
--
ALTER TABLE `biaya_sppd`
  MODIFY `id_biaya_sppd` int(11) NOT NULL AUTO_INCREMENT, AUTO_INCREMENT=122;

--
-- AUTO_INCREMENT for table `branch`
--
ALTER TABLE `branch`
  MODIFY `id_branch` int(11) NOT NULL AUTO_INCREMENT, AUTO_INCREMENT=7;

--
-- AUTO_INCREMENT for table `brand`
--
ALTER TABLE `brand`
  MODIFY `id_brand` int(11) NOT NULL AUTO_INCREMENT, AUTO_INCREMENT=6;

--
-- AUTO_INCREMENT for table `budget`
--
ALTER TABLE `budget`
  MODIFY `id_budget` int(11) NOT NULL AUTO_INCREMENT, AUTO_INCREMENT=57;

--
-- AUTO_INCREMENT for table `budget_mpp`
--
ALTER TABLE `budget_mpp`
  MODIFY `id_budget_mpp` int(11) NOT NULL AUTO_INCREMENT, AUTO_INCREMENT=31;

--
-- AUTO_INCREMENT for table `budget_real`
--
ALTER TABLE `budget_real`
  MODIFY `id_budget_real` int(11) NOT NULL AUTO_INCREMENT;

--
-- AUTO_INCREMENT for table `budget_sss`
--
ALTER TABLE `budget_sss`
  MODIFY `id_budget_sss` int(11) NOT NULL AUTO_INCREMENT, AUTO_INCREMENT=96;

--
-- AUTO_INCREMENT for table `budget_stok`
--
ALTER TABLE `budget_stok`
  MODIFY `id_budget_stok` int(11) NOT NULL AUTO_INCREMENT, AUTO_INCREMENT=25;

--
-- AUTO_INCREMENT for table `capex`
--
ALTER TABLE `capex`
  MODIFY `id_capex` int(11) NOT NULL AUTO_INCREMENT, AUTO_INCREMENT=47;

--
-- AUTO_INCREMENT for table `category`
--
ALTER TABLE `category`
  MODIFY `id_category` int(11) NOT NULL AUTO_INCREMENT, AUTO_INCREMENT=3;

--
-- AUTO_INCREMENT for table `category_asset`
--
ALTER TABLE `category_asset`
  MODIFY `id_category_asset` int(11) NOT NULL AUTO_INCREMENT, AUTO_INCREMENT=10;

--
-- AUTO_INCREMENT for table `category_customer`
--
ALTER TABLE `category_customer`
  MODIFY `id_category_customer` int(11) NOT NULL AUTO_INCREMENT, AUTO_INCREMENT=17;

--
-- AUTO_INCREMENT for table `category_type`
--
ALTER TABLE `category_type`
  MODIFY `id_category_type` int(11) NOT NULL AUTO_INCREMENT, AUTO_INCREMENT=14;

--
-- AUTO_INCREMENT for table `city`
--
ALTER TABLE `city`
  MODIFY `id_city` int(11) NOT NULL AUTO_INCREMENT, AUTO_INCREMENT=44;

--
-- AUTO_INCREMENT for table `closed_lbpd`
--
ALTER TABLE `closed_lbpd`
  MODIFY `id_closed_lbpd` int(11) NOT NULL AUTO_INCREMENT, AUTO_INCREMENT=135;

--
-- AUTO_INCREMENT for table `closed_sppd`
--
ALTER TABLE `closed_sppd`
  MODIFY `id_closed_sppd` int(11) NOT NULL AUTO_INCREMENT, AUTO_INCREMENT=568;

--
-- AUTO_INCREMENT for table `confirm`
--
ALTER TABLE `confirm`
  MODIFY `id_confirm` int(11) NOT NULL AUTO_INCREMENT, AUTO_INCREMENT=97;

--
-- AUTO_INCREMENT for table `confirm_cuti`
--
ALTER TABLE `confirm_cuti`
  MODIFY `id_confirm_cuti` int(11) NOT NULL AUTO_INCREMENT, AUTO_INCREMENT=219;

--
-- AUTO_INCREMENT for table `confirm_cuti_c`
--
ALTER TABLE `confirm_cuti_c`
  MODIFY `id_confirm_cuti_c` int(11) NOT NULL AUTO_INCREMENT, AUTO_INCREMENT=31;

--
-- AUTO_INCREMENT for table `confirm_izin`
--
ALTER TABLE `confirm_izin`
  MODIFY `id_confirm_izin` int(11) NOT NULL AUTO_INCREMENT, AUTO_INCREMENT=89;

--
-- AUTO_INCREMENT for table `confirm_lbpd`
--
ALTER TABLE `confirm_lbpd`
  MODIFY `id_confirm_lbpd` int(11) NOT NULL AUTO_INCREMENT, AUTO_INCREMENT=173;

--
-- AUTO_INCREMENT for table `confirm_sppd`
--
ALTER TABLE `confirm_sppd`
  MODIFY `id_confirm_sppd` int(11) NOT NULL AUTO_INCREMENT, AUTO_INCREMENT=1114;

--
-- AUTO_INCREMENT for table `confirm_wr`
--
ALTER TABLE `confirm_wr`
  MODIFY `id_confirm_wr` int(11) NOT NULL AUTO_INCREMENT, AUTO_INCREMENT=12;

--
-- AUTO_INCREMENT for table `cost`
--
ALTER TABLE `cost`
  MODIFY `id_cost` int(11) NOT NULL AUTO_INCREMENT, AUTO_INCREMENT=14;

--
-- AUTO_INCREMENT for table `currency`
--
ALTER TABLE `currency`
  MODIFY `id_currency` int(11) NOT NULL AUTO_INCREMENT, AUTO_INCREMENT=7;

--
-- AUTO_INCREMENT for table `customer`
--
ALTER TABLE `customer`
  MODIFY `id_customer` int(11) NOT NULL AUTO_INCREMENT, AUTO_INCREMENT=34;

--
-- AUTO_INCREMENT for table `cuti`
--
ALTER TABLE `cuti`
  MODIFY `id_cuti` int(11) NOT NULL AUTO_INCREMENT, AUTO_INCREMENT=111;

--
-- AUTO_INCREMENT for table `cuti_c`
--
ALTER TABLE `cuti_c`
  MODIFY `id_cuti_c` int(11) NOT NULL AUTO_INCREMENT, AUTO_INCREMENT=60;

--
-- AUTO_INCREMENT for table `c_budget`
--
ALTER TABLE `c_budget`
  MODIFY `id_c_budget` int(11) NOT NULL AUTO_INCREMENT, AUTO_INCREMENT=980;

--
-- AUTO_INCREMENT for table `dar`
--
ALTER TABLE `dar`
  MODIFY `id_dar` int(11) NOT NULL AUTO_INCREMENT, AUTO_INCREMENT=50;

--
-- AUTO_INCREMENT for table `departement`
--
ALTER TABLE `departement`
  MODIFY `id_departement` int(11) NOT NULL AUTO_INCREMENT, AUTO_INCREMENT=24;

--
-- AUTO_INCREMENT for table `department_budget`
--
ALTER TABLE `department_budget`
  MODIFY `id_department_budget` int(11) NOT NULL AUTO_INCREMENT, AUTO_INCREMENT=25;

--
-- AUTO_INCREMENT for table `devisi`
--
ALTER TABLE `devisi`
  MODIFY `id_devisi` int(11) NOT NULL AUTO_INCREMENT, AUTO_INCREMENT=49;

--
-- AUTO_INCREMENT for table `divisi_budget`
--
ALTER TABLE `divisi_budget`
  MODIFY `id_divisi_budget` int(11) NOT NULL AUTO_INCREMENT, AUTO_INCREMENT=4;

--
-- AUTO_INCREMENT for table `dtr`
--
ALTER TABLE `dtr`
  MODIFY `id_dtr` int(11) NOT NULL AUTO_INCREMENT, AUTO_INCREMENT=39;

--
-- AUTO_INCREMENT for table `employee`
--
ALTER TABLE `employee`
  MODIFY `id_employee` int(11) NOT NULL AUTO_INCREMENT, AUTO_INCREMENT=69;

--
-- AUTO_INCREMENT for table `fleg`
--
ALTER TABLE `fleg`
  MODIFY `id_fleg` int(11) NOT NULL AUTO_INCREMENT, AUTO_INCREMENT=3;

--
-- AUTO_INCREMENT for table `golongan`
--
ALTER TABLE `golongan`
  MODIFY `id_golongan` int(11) NOT NULL AUTO_INCREMENT, AUTO_INCREMENT=9;

--
-- AUTO_INCREMENT for table `grade`
--
ALTER TABLE `grade`
  MODIFY `id_grade` int(11) NOT NULL AUTO_INCREMENT, AUTO_INCREMENT=21;

--
-- AUTO_INCREMENT for table `group_asset`
--
ALTER TABLE `group_asset`
  MODIFY `id_group_asset` int(11) NOT NULL AUTO_INCREMENT, AUTO_INCREMENT=4;

--
-- AUTO_INCREMENT for table `history`
--
ALTER TABLE `history`
  MODIFY `id_history` int(11) NOT NULL AUTO_INCREMENT, AUTO_INCREMENT=5;

--
-- AUTO_INCREMENT for table `hrga_lbpd`
--
ALTER TABLE `hrga_lbpd`
  MODIFY `id_hrga_lbpd` int(11) NOT NULL AUTO_INCREMENT, AUTO_INCREMENT=126;

--
-- AUTO_INCREMENT for table `hrga_sppd`
--
ALTER TABLE `hrga_sppd`
  MODIFY `id_hrga_sppd` int(11) NOT NULL AUTO_INCREMENT, AUTO_INCREMENT=490;

--
-- AUTO_INCREMENT for table `h_asset`
--
ALTER TABLE `h_asset`
  MODIFY `id_h_asset` int(11) NOT NULL AUTO_INCREMENT, AUTO_INCREMENT=22;

--
-- AUTO_INCREMENT for table `import_e`
--
ALTER TABLE `import_e`
  MODIFY `id_import` int(11) NOT NULL AUTO_INCREMENT, AUTO_INCREMENT=110;

--
-- AUTO_INCREMENT for table `item`
--
ALTER TABLE `item`
  MODIFY `id_item` int(11) NOT NULL AUTO_INCREMENT, AUTO_INCREMENT=260;

--
-- AUTO_INCREMENT for table `item_asset`
--
ALTER TABLE `item_asset`
  MODIFY `id_item_asset` int(11) NOT NULL AUTO_INCREMENT, AUTO_INCREMENT=140;

--
-- AUTO_INCREMENT for table `item_asset1`
--
ALTER TABLE `item_asset1`
  MODIFY `id_item_asset1` int(11) NOT NULL AUTO_INCREMENT;

--
-- AUTO_INCREMENT for table `item_asset_cost`
--
ALTER TABLE `item_asset_cost`
  MODIFY `id_item_asset_cost` int(11) NOT NULL AUTO_INCREMENT, AUTO_INCREMENT=7;

--
-- AUTO_INCREMENT for table `item_dar`
--
ALTER TABLE `item_dar`
  MODIFY `id_item_dar` int(11) NOT NULL AUTO_INCREMENT, AUTO_INCREMENT=25;

--
-- AUTO_INCREMENT for table `item_group`
--
ALTER TABLE `item_group`
  MODIFY `id_item_group` int(11) NOT NULL AUTO_INCREMENT, AUTO_INCREMENT=69;

--
-- AUTO_INCREMENT for table `izin`
--
ALTER TABLE `izin`
  MODIFY `id_izin` int(11) NOT NULL AUTO_INCREMENT, AUTO_INCREMENT=41;

--
-- AUTO_INCREMENT for table `jenis_pengajuan`
--
ALTER TABLE `jenis_pengajuan`
  MODIFY `id_jenis_pengajuan` int(11) NOT NULL AUTO_INCREMENT, AUTO_INCREMENT=13;

--
-- AUTO_INCREMENT for table `jo`
--
ALTER TABLE `jo`
  MODIFY `id_jo` int(11) NOT NULL AUTO_INCREMENT, AUTO_INCREMENT=66;

--
-- AUTO_INCREMENT for table `job`
--
ALTER TABLE `job`
  MODIFY `id_job` int(11) NOT NULL AUTO_INCREMENT, AUTO_INCREMENT=62;

--
-- AUTO_INCREMENT for table `job_jo`
--
ALTER TABLE `job_jo`
  MODIFY `id_job_jo` int(11) NOT NULL AUTO_INCREMENT, AUTO_INCREMENT=768;

--
-- AUTO_INCREMENT for table `jurnal_actual`
--
ALTER TABLE `jurnal_actual`
  MODIFY `id_jurnal_actual` int(11) NOT NULL AUTO_INCREMENT, AUTO_INCREMENT=22;

--
-- AUTO_INCREMENT for table `jurnal_capex`
--
ALTER TABLE `jurnal_capex`
  MODIFY `id_jurnal_capex` int(11) NOT NULL AUTO_INCREMENT, AUTO_INCREMENT=279;

--
-- AUTO_INCREMENT for table `jurnal_cuti`
--
ALTER TABLE `jurnal_cuti`
  MODIFY `id_jurnal_cuti` int(11) NOT NULL AUTO_INCREMENT, AUTO_INCREMENT=157;

--
-- AUTO_INCREMENT for table `jurnal_cuti1`
--
ALTER TABLE `jurnal_cuti1`
  MODIFY `id_jurnal_cuti1` int(11) NOT NULL AUTO_INCREMENT, AUTO_INCREMENT=118;

--
-- AUTO_INCREMENT for table `jurnal_cuti_c`
--
ALTER TABLE `jurnal_cuti_c`
  MODIFY `id_jurnal_cuti_c` int(11) NOT NULL AUTO_INCREMENT, AUTO_INCREMENT=68;

--
-- AUTO_INCREMENT for table `jurnal_mpp`
--
ALTER TABLE `jurnal_mpp`
  MODIFY `id_jurnal_mpp` int(11) NOT NULL AUTO_INCREMENT, AUTO_INCREMENT=2176;

--
-- AUTO_INCREMENT for table `jurnal_opex`
--
ALTER TABLE `jurnal_opex`
  MODIFY `id_jurnal_opex` int(11) NOT NULL AUTO_INCREMENT, AUTO_INCREMENT=481;

--
-- AUTO_INCREMENT for table `jurnal_stok`
--
ALTER TABLE `jurnal_stok`
  MODIFY `id_jurnal_stok` int(11) NOT NULL AUTO_INCREMENT, AUTO_INCREMENT=374;

--
-- AUTO_INCREMENT for table `lbpd`
--
ALTER TABLE `lbpd`
  MODIFY `id_lbpd` int(11) NOT NULL AUTO_INCREMENT, AUTO_INCREMENT=93;

--
-- AUTO_INCREMENT for table `leave`
--
ALTER TABLE `leave`
  MODIFY `id_leave` int(11) NOT NULL AUTO_INCREMENT, AUTO_INCREMENT=3;

--
-- AUTO_INCREMENT for table `leavee`
--
ALTER TABLE `leavee`
  MODIFY `id_leave` int(11) NOT NULL AUTO_INCREMENT, AUTO_INCREMENT=5;

--
-- AUTO_INCREMENT for table `lk`
--
ALTER TABLE `lk`
  MODIFY `id_lk` int(11) NOT NULL AUTO_INCREMENT, AUTO_INCREMENT=2447;

--
-- AUTO_INCREMENT for table `location`
--
ALTER TABLE `location`
  MODIFY `id_location` int(11) NOT NULL AUTO_INCREMENT, AUTO_INCREMENT=56;

--
-- AUTO_INCREMENT for table `mekanik`
--
ALTER TABLE `mekanik`
  MODIFY `id_mekanik` int(11) NOT NULL AUTO_INCREMENT, AUTO_INCREMENT=5;

--
-- AUTO_INCREMENT for table `mekanik_wo`
--
ALTER TABLE `mekanik_wo`
  MODIFY `id_mekanik_wo` int(11) NOT NULL AUTO_INCREMENT, AUTO_INCREMENT=148;

--
-- AUTO_INCREMENT for table `months`
--
ALTER TABLE `months`
  MODIFY `id_months` int(11) NOT NULL AUTO_INCREMENT, AUTO_INCREMENT=14;

--
-- AUTO_INCREMENT for table `mpp`
--
ALTER TABLE `mpp`
  MODIFY `id_mpp` int(11) NOT NULL AUTO_INCREMENT, AUTO_INCREMENT=83;

--
-- AUTO_INCREMENT for table `mpp_budget`
--
ALTER TABLE `mpp_budget`
  MODIFY `id_mpp_budget` int(11) NOT NULL AUTO_INCREMENT, AUTO_INCREMENT=241;

--
-- AUTO_INCREMENT for table `m_opex`
--
ALTER TABLE `m_opex`
  MODIFY `id_m_opex` int(11) NOT NULL AUTO_INCREMENT, AUTO_INCREMENT=171;

--
-- AUTO_INCREMENT for table `opening`
--
ALTER TABLE `opening`
  MODIFY `id_opening` int(11) NOT NULL AUTO_INCREMENT, AUTO_INCREMENT=19;

--
-- AUTO_INCREMENT for table `opex`
--
ALTER TABLE `opex`
  MODIFY `id_opex` int(11) NOT NULL AUTO_INCREMENT, AUTO_INCREMENT=70;

--
-- AUTO_INCREMENT for table `overtime`
--
ALTER TABLE `overtime`
  MODIFY `id_overtime` int(11) NOT NULL AUTO_INCREMENT, AUTO_INCREMENT=43;

--
-- AUTO_INCREMENT for table `permit`
--
ALTER TABLE `permit`
  MODIFY `id_permit` int(11) NOT NULL AUTO_INCREMENT, AUTO_INCREMENT=9;

--
-- AUTO_INCREMENT for table `plafon`
--
ALTER TABLE `plafon`
  MODIFY `id_plafon` int(11) NOT NULL AUTO_INCREMENT, AUTO_INCREMENT=377;

--
-- AUTO_INCREMENT for table `p_group`
--
ALTER TABLE `p_group`
  MODIFY `id_p_group` int(11) NOT NULL AUTO_INCREMENT, AUTO_INCREMENT=24;

--
-- AUTO_INCREMENT for table `real_asset`
--
ALTER TABLE `real_asset`
  MODIFY `id_real_asset` int(11) NOT NULL AUTO_INCREMENT;

--
-- AUTO_INCREMENT for table `real_budget`
--
ALTER TABLE `real_budget`
  MODIFY `id_real_budget` int(11) NOT NULL AUTO_INCREMENT, AUTO_INCREMENT=579;

--
-- AUTO_INCREMENT for table `reff_doc`
--
ALTER TABLE `reff_doc`
  MODIFY `id_reff_doc` int(11) NOT NULL AUTO_INCREMENT, AUTO_INCREMENT=61;

--
-- AUTO_INCREMENT for table `reff_doc1`
--
ALTER TABLE `reff_doc1`
  MODIFY `id_reff_doc1` int(11) NOT NULL AUTO_INCREMENT;

--
-- AUTO_INCREMENT for table `region`
--
ALTER TABLE `region`
  MODIFY `id_region` int(11) NOT NULL AUTO_INCREMENT, AUTO_INCREMENT=9;

--
-- AUTO_INCREMENT for table `repair`
--
ALTER TABLE `repair`
  MODIFY `id_repair` int(11) NOT NULL AUTO_INCREMENT, AUTO_INCREMENT=26;

--
-- AUTO_INCREMENT for table `repair_job`
--
ALTER TABLE `repair_job`
  MODIFY `id_repair_job` int(11) NOT NULL AUTO_INCREMENT, AUTO_INCREMENT=147;

--
-- AUTO_INCREMENT for table `riwayat`
--
ALTER TABLE `riwayat`
  MODIFY `id_riwayat` int(11) NOT NULL AUTO_INCREMENT, AUTO_INCREMENT=18;

--
-- AUTO_INCREMENT for table `rpd`
--
ALTER TABLE `rpd`
  MODIFY `id_rpd` int(11) NOT NULL AUTO_INCREMENT, AUTO_INCREMENT=61;

--
-- AUTO_INCREMENT for table `r_order`
--
ALTER TABLE `r_order`
  MODIFY `id_r_order` int(11) NOT NULL AUTO_INCREMENT;

--
-- AUTO_INCREMENT for table `spa`
--
ALTER TABLE `spa`
  MODIFY `id_spa` int(11) NOT NULL AUTO_INCREMENT, AUTO_INCREMENT=2020;

--
-- AUTO_INCREMENT for table `spa_asset`
--
ALTER TABLE `spa_asset`
  MODIFY `id_spa_asset` int(11) NOT NULL AUTO_INCREMENT, AUTO_INCREMENT=101;

--
-- AUTO_INCREMENT for table `spa_asset_m`
--
ALTER TABLE `spa_asset_m`
  MODIFY `id_spa_asset_m` int(11) NOT NULL AUTO_INCREMENT, AUTO_INCREMENT=15;

--
-- AUTO_INCREMENT for table `spa_cuti`
--
ALTER TABLE `spa_cuti`
  MODIFY `id_spa_cuti` int(11) NOT NULL AUTO_INCREMENT, AUTO_INCREMENT=120;

--
-- AUTO_INCREMENT for table `spa_cuti_c`
--
ALTER TABLE `spa_cuti_c`
  MODIFY `id_spa_cuti_c` int(11) NOT NULL AUTO_INCREMENT, AUTO_INCREMENT=17;

--
-- AUTO_INCREMENT for table `spa_dar`
--
ALTER TABLE `spa_dar`
  MODIFY `id_spa_dar` int(11) NOT NULL AUTO_INCREMENT, AUTO_INCREMENT=38;

--
-- AUTO_INCREMENT for table `spa_h_asset`
--
ALTER TABLE `spa_h_asset`
  MODIFY `id_spa_h_asset` int(11) NOT NULL AUTO_INCREMENT;

--
-- AUTO_INCREMENT for table `spa_izin`
--
ALTER TABLE `spa_izin`
  MODIFY `id_spa_izin` int(11) NOT NULL AUTO_INCREMENT, AUTO_INCREMENT=61;

--
-- AUTO_INCREMENT for table `spa_jo`
--
ALTER TABLE `spa_jo`
  MODIFY `id_spa_jo` int(11) NOT NULL AUTO_INCREMENT, AUTO_INCREMENT=56;

--
-- AUTO_INCREMENT for table `spa_lbpd`
--
ALTER TABLE `spa_lbpd`
  MODIFY `id_spa_lbpd` int(11) NOT NULL AUTO_INCREMENT, AUTO_INCREMENT=194;

--
-- AUTO_INCREMENT for table `spa_ot`
--
ALTER TABLE `spa_ot`
  MODIFY `id_spa_ot` int(11) NOT NULL AUTO_INCREMENT, AUTO_INCREMENT=67;

--
-- AUTO_INCREMENT for table `spa_sppd`
--
ALTER TABLE `spa_sppd`
  MODIFY `id_spa_sppd` int(11) NOT NULL AUTO_INCREMENT, AUTO_INCREMENT=812;

--
-- AUTO_INCREMENT for table `spa_wo`
--
ALTER TABLE `spa_wo`
  MODIFY `id_spa_wo` int(11) NOT NULL AUTO_INCREMENT, AUTO_INCREMENT=208;

--
-- AUTO_INCREMENT for table `spa_wr`
--
ALTER TABLE `spa_wr`
  MODIFY `id_spa_wr` int(11) NOT NULL AUTO_INCREMENT, AUTO_INCREMENT=9;

--
-- AUTO_INCREMENT for table `special_cuti`
--
ALTER TABLE `special_cuti`
  MODIFY `id_special_cuti` int(11) NOT NULL AUTO_INCREMENT, AUTO_INCREMENT=20;

--
-- AUTO_INCREMENT for table `spp`
--
ALTER TABLE `spp`
  MODIFY `id_spp` int(11) NOT NULL AUTO_INCREMENT, AUTO_INCREMENT=364;

--
-- AUTO_INCREMENT for table `sppd`
--
ALTER TABLE `sppd`
  MODIFY `id_sppd` int(11) NOT NULL AUTO_INCREMENT, AUTO_INCREMENT=162;

--
-- AUTO_INCREMENT for table `tax`
--
ALTER TABLE `tax`
  MODIFY `id_tax` int(11) NOT NULL AUTO_INCREMENT, AUTO_INCREMENT=6;

--
-- AUTO_INCREMENT for table `tg`
--
ALTER TABLE `tg`
  MODIFY `id_tg` int(11) NOT NULL AUTO_INCREMENT, AUTO_INCREMENT=20;

--
-- AUTO_INCREMENT for table `tmp_asset`
--
ALTER TABLE `tmp_asset`
  MODIFY `id_tmp_asset` int(11) NOT NULL AUTO_INCREMENT, AUTO_INCREMENT=14;

--
-- AUTO_INCREMENT for table `tools`
--
ALTER TABLE `tools`
  MODIFY `id_tools` int(11) NOT NULL AUTO_INCREMENT, AUTO_INCREMENT=6;

--
-- AUTO_INCREMENT for table `tt`
--
ALTER TABLE `tt`
  MODIFY `id_tt` int(11) NOT NULL AUTO_INCREMENT, AUTO_INCREMENT=24;

--
-- AUTO_INCREMENT for table `type_leave`
--
ALTER TABLE `type_leave`
  MODIFY `id_type_leave` int(11) NOT NULL AUTO_INCREMENT, AUTO_INCREMENT=11;

--
-- AUTO_INCREMENT for table `unit`
--
ALTER TABLE `unit`
  MODIFY `id_unit` int(11) NOT NULL AUTO_INCREMENT, AUTO_INCREMENT=112;

--
-- AUTO_INCREMENT for table `vendor`
--
ALTER TABLE `vendor`
  MODIFY `id_vendor` int(11) NOT NULL AUTO_INCREMENT, AUTO_INCREMENT=6;

--
-- AUTO_INCREMENT for table `wo`
--
ALTER TABLE `wo`
  MODIFY `id_wo` int(11) NOT NULL AUTO_INCREMENT, AUTO_INCREMENT=316;

--
-- AUTO_INCREMENT for table `wr`
--
ALTER TABLE `wr`
  MODIFY `id_wr` int(11) NOT NULL AUTO_INCREMENT, AUTO_INCREMENT=14;

--
-- AUTO_INCREMENT for table `years`
--
ALTER TABLE `years`
  MODIFY `id_years` int(11) NOT NULL AUTO_INCREMENT, AUTO_INCREMENT=2027;
COMMIT;

