-- https://www.phpmyadmin.net/
--

START TRANSACTION;



--
-- Database: `system_pengajuan`
--

-- --------------------------------------------------------

--
-- Table structure for table `account`
--

CREATE TABLE `account` (
  `id_account` int(11) NOT NULL,
  `nama_account` varchar(50) NOT NULL,
  `description` varchar(50) NOT NULL
) ENGINE=InnoDB DEFAULT CHARSET=utf8mb4 COLLATE=utf8mb4_general_ci;

--
-- Dumping data for table `account`
--

INSERT INTO `account` (`id_account`, `nama_account`, `description`) VALUES
(5, '120010', 'Tanah'),
(6, '120020', 'Gedung'),
(7, '120025', 'Bangunan Non Permanen'),
(8, '120030', 'Kendaraan'),
(9, '120035', 'Aset Rental'),
(10, '120040', 'Peralatan Bengkel'),
(11, '120050', 'Peralatan Kantor'),
(12, '120060', 'Peralatan Gudang'),
(14, '401410', 'Penjualan Unit'),
(15, '402420', 'Penjualan Sparepart'),
(16, '403430', 'Pendapatan Service'),
(17, '404440', 'Pendapatan Rental'),
(18, '405450', 'Pendapatan Jasa Aplikasi'),
(19, '410499', ' Pendapatan Lain-lain'),
(20, '411410', ' Retur Penjualan Unit'),
(21, '412420', 'Retur Penjualan Sparepart'),
(22, '413430', 'Retur Pendapatan Service'),
(23, '414440', 'Retur Pendapatan Rental'),
(24, '415450', 'Retur Jasa Aplikasi'),
(25, '421410', 'Diskon Penjualan Unit'),
(26, '440122', 'Diskon Penjualan EUR'),
(27, '440123', 'Diskon Penjualan USD'),
(28, '422420', 'Diskon Penjualan Sparepart'),
(29, '423430', 'Diskon Pendapatan Service'),
(30, '424440', 'Diskon Pendapatan Rental'),
(31, '425450', 'Diskon Pendapatan Jasa Aplikasi'),
(32, '440101', 'Diskon Penjualan AUD'),
(33, '440102', 'Diskon Penjualan SGD'),
(34, '440103', 'Diskon Penjualan GBP'),
(36, '521510', 'HPP Unit'),
(37, '521511', 'Biaya Asuransi Pengiriman Unit'),
(38, '521512', 'Biaya Pengiriman Unit'),
(39, '521513', 'Biaya Pemeliharaan dan Perbaikan Unit'),
(40, '521514', 'Biaya Aksesoris / Perlengkapan Unit'),
(41, '521515', 'Biaya Sertifikasi Unit'),
(42, '522520', 'HPP Sparepart'),
(43, '522521', 'Biaya Asuransi Pengiriman Sparepart'),
(44, '522522', 'Biaya Pengiriman Spare Part'),
(45, '522523', 'Biaya Import Sparepart'),
(46, '522524', 'Biaya Perlengkapan Gudang Sparepart'),
(47, '522525', 'Biaya Penyusutan Peralatan Gudang'),
(48, '523530', 'HPP Service'),
(49, '523531', 'Gaji Mekanik - Service'),
(50, '523532', 'Perjalanan Dinas - Service'),
(51, '523533', 'Perlengkapan Bengkel - Service'),
(52, '523534', 'Biaya Pemeliharaan dan Perbaikan Peralatan Bengkel'),
(53, '523535', 'Biaya Medikal Check Up Mekanik'),
(54, '523536', 'Biaya Penyusutan Peralatan Bengkel'),
(55, '523537', 'Biaya BPJS Ketenagakerjaan - Mekanik'),
(56, '523538', 'Biaya BPJS Kesehatan - Mekanik'),
(57, '523539', 'PPh 21 Ditanggung Pemberi Kerja'),
(58, '523540', 'Biaya Lembur Mekanik'),
(59, '523541', 'Biaya Training Mekanik'),
(60, '523542', 'Biaya Pesangon & Kompensasi'),
(61, '523543', 'Biaya THR Mekanik'),
(62, '524540', 'HPP Rental'),
(63, '524541', 'Gaji Mekanik dan Operator - Rental'),
(64, '524542', 'Perjalanan Dinas - Rental'),
(65, '524543', 'Perlengkapan Bengkel - Rental'),
(66, '524544', 'Biaya Asuransi Unit Rental'),
(67, '524545', 'Biaya Penyusutan Unit Rental'),
(68, '600004', 'Beban Gaji, Upah & Honorer'),
(69, '600005', 'Beban Bonus, Pesangon & Kompensasi'),
(70, '600006', 'Beban Transportasi Karyawan'),
(71, '600007', 'Beban Katering & Makan Karyawan'),
(72, '600010', 'Beban THR'),
(73, '600020', 'Beban Operasional Lainnya'),
(74, '610101', 'Biaya Gaji dan Upah'),
(75, '610102', 'Biaya Lembur'),
(76, '610103', 'Biaya BPJS Kesehatan'),
(77, '610105', 'Biaya Insentif'),
(78, '610106', 'Biaya Bonus'),
(79, '610107', 'Biaya THR'),
(80, '610108', 'PPh 21 Ditanggung Pemberi Kerja'),
(81, '610109', 'Biaya Pesangon & Kompensasi'),
(82, '610110', 'Biaya Tunjangan Pengobatan'),
(83, '610111', 'Tunjangan Lainnya'),
(84, '610112', 'Biaya BPJS Ketenagakerjaan'),
(85, '610201', 'Biaya Perjalanan Dinas'),
(86, '610301', 'Biaya BBM, parkir, toll'),
(87, '610302', 'Biaya Pajak & Surat Kendaraan Bermotor'),
(88, '610303', 'Biaya Pemeliharaan dan Perbaikan Kendaraan Ops - P'),
(89, '610304', 'Biaya Pemeliharaan dan Perbaikan Kendaraan Ops - J'),
(90, '610402', 'Biaya Telp dan Fax'),
(91, '610403', 'Biaya Iuran'),
(92, '610501', 'Biaya ATK, Fotokopi & Percetakan'),
(93, '610602', 'Biaya Sewa Kendaraan'),
(94, '610700', 'Biaya Pemeliharaan dan Perbaikan'),
(95, '610801', 'Biaya Jasa Profesional'),
(96, '610901', 'Biaya Komisi Penjualan'),
(97, '610902', 'Biaya Iklan & Promosi Penjualan'),
(98, '610903', 'Biaya Entertainment'),
(99, '611001', 'Biaya Klaim Pelanggan'),
(100, '611100', 'Biaya Asuransi'),
(101, '611200', 'Biaya Pengiriman'),
(102, '611300', 'Biaya rekruitmen dan pelatihan karyawan'),
(103, '611505', 'Biaya Web dan Domain'),
(104, '619999', 'Biaya Penjualan Lainnya'),
(105, '620000', 'Beban Umum & Administrasi'),
(106, '620101', 'Biaya Gaji dan Upah'),
(107, '620102', 'Biaya Lembur'),
(108, '620103', 'Biaya BPJS Ketenagakerjaan'),
(109, '620105', 'Biaya Insentif'),
(110, '620106', 'Biaya Bonus'),
(111, '620107', 'Biaya THR'),
(112, '620108', 'PPh 21 Ditanggung Pemberi Kerja'),
(113, '620109', 'Biaya Pesangon'),
(114, '620110', 'Biaya Asuransi Kesehatan'),
(115, '620111', 'Biaya Tunjangan Pengobatan'),
(116, '620112', 'Biaya Pesangon & Kompensasi'),
(117, '620113', 'Biaya BPJS Kesehatan'),
(118, '620201', 'Biaya Perjalanan Dinas'),
(119, '620301', 'Biaya BBM, parkir, toll'),
(120, '620302', 'Biaya Pajak & Surat Kendaraan Bermotor'),
(121, '620303', 'Biaya Pemeliharaan dan Perbaikan Kendaraan Ops - P'),
(122, '620304', 'Biaya Pemeliharaan dan Perbaikan Kendaraan Ops - J'),
(123, '620305', 'Biaya Pengiriman Dokumen'),
(124, '620306', 'Biaya Pengiriman Lainnya'),
(125, '620401', 'Biaya Listrik dan Air'),
(126, '620402', 'Biaya Telp & Fax'),
(127, '620403', 'Biaya Iuran'),
(128, '620501', 'Biaya ATK, Fotokopi & Percetakan'),
(129, '620502', 'Biaya Benda Pos dan Materai'),
(130, '620503', 'Biaya Perlengkapan Kantor'),
(131, '620601', 'Biaya Sewa Tanah/Bangunan'),
(132, '620602', 'Biaya Sewa Kendaraan'),
(133, '620603', 'Biaya Sewa Lainnya'),
(134, '620701', 'Biaya Pemeliharaan dan Perbaikan Gedung'),
(135, '620702', 'Biaya Pemeliharaan dan Perbaikan Peralatan Kantor'),
(136, '620703', 'Biaya Pemeliharaan dan Perbaikan Lainnya'),
(137, '620705', 'Biaya Pemeliharaan dan Perbaikan Peralatan Kantor '),
(138, '620801', 'Biaya Jasa Profesional'),
(139, '620901', 'Biaya Surat-Surat Ijin'),
(140, '621001', 'Biaya Denda dan Bunga Pajak'),
(141, '621002', 'Biaya PBB'),
(142, '621004', 'Biaya PPh Pasal 4 Ayat 2'),
(143, '621005', 'Biaya PPh Pasal 29'),
(144, '621006', 'Biaya Administrasi Perpajakan'),
(145, '621007', 'Biaya Pajak Reklame'),
(146, '621101', 'Biaya Asuransi Gedung'),
(147, '621102', 'Biaya Asuransi Kendaraan'),
(148, '621201', 'Biaya Entertainment'),
(149, '621202', 'Biaya Sumbangan'),
(150, '621301', 'Biaya Rekrutmen Karyawan'),
(151, '621302', 'Biaya Pelatihan dan Seminar'),
(152, '621410', 'Biaya Penyusutan Gedung'),
(153, '621415', 'Biaya Penyusutan Bangunan Non Permanen'),
(154, '621420', 'Biaya Penyusutan Bangunan'),
(155, '621430', 'Biaya Penyusutan Kendaraan'),
(156, '621440', 'Biaya Penyusutan Perlengkapan Kantor'),
(157, '621451', 'Biaya Amortisasi Perbaikan Aset Sewa'),
(158, '621501', 'Biaya Perlengkapan Komputer'),
(159, '621502', 'Biaya Lisensi Software'),
(160, '621503', 'Biaya Internet'),
(161, '621504', 'Biaya Pemeliharaan dan Perbaikan Perangkat IT'),
(162, '621505', 'Biaya Web dan Domain'),
(163, '629901', 'Biaya Penghapusan Piutang Tak Tertagih'),
(164, '629902', 'Biaya Rumah Tangga Kantor'),
(165, '629903', 'Biaya Seragam Karyawan'),
(166, '629904', 'Biaya Keamanan dan Kebersihan'),
(167, '710001', 'Pendapatan Jasa Giro'),
(168, '710002', 'Pendapatan Bunga Deposito'),
(169, '710003', 'Penjualan Persediaan / Perlengkapan'),
(170, '710004', 'Laba/Rugi Revaluasi Aset'),
(171, '710005', 'Pendapatan Diluar Usaha Lainnya'),
(172, '720001', 'Beban Bunga Pinjaman'),
(173, '720002', 'Beban Adm. Bank & Buku Cek/Giro'),
(174, '720003', 'Pajak Jasa Giro'),
(175, '720004', 'Laba/Rugi Terealisasi'),
(176, '720005', 'Laba/Rugi Belum Terealisasi'),
(177, '720006', 'Laba/Rugi Disposisi Aset'),
(178, '720007', 'Beban Bunga Leasing'),
(179, '720101', 'Laba/Rugi Terealisasi IDR'),
(180, '720102', 'Laba/Rugi Terealisasi EUR'),
(181, '720103', 'Laba/Rugi Terealisasi USD'),
(182, '720104', 'Laba/Rugi Terealisasi AUD'),
(183, '720105', 'Laba/Rugi Terealisasi SGD'),
(184, '720106', 'Laba/Rugi Terealisasi GBP'),
(185, '720201', 'Laba/Rugi Belum Terealisasi IDR'),
(186, '720202', 'Laba/Rugi Belum Terealisasi EUR'),
(187, '720203', 'Laba/Rugi Belum Terealisasi USD'),
(188, '720204', 'Laba/Rugi Belum Terealisasi AUD'),
(189, '720205', 'Laba/Rugi Belum Terealisasi SGD'),
(190, '720206', 'Laba/Rugi Belum Terealisasi GBP');

-- --------------------------------------------------------

--
-- Table structure for table `acc_lbpd`
--

CREATE TABLE `acc_lbpd` (
  `id_acc_lbpd` int(11) NOT NULL,
  `id_acc_sppd` int(11) NOT NULL,
  `id_lbpd` int(11) NOT NULL,
  `nik` varchar(225) NOT NULL,
  `nama_depan` varchar(225) DEFAULT NULL,
  `nama_belakang` varchar(225) DEFAULT NULL,
  `id_employee` int(11) DEFAULT NULL,
  `role` enum('hr','admin','employee','staff','acc') NOT NULL,
  `email` varchar(200) CHARACTER SET utf8 COLLATE utf8_general_ci NOT NULL,
  `id_uniq` varchar(50) NOT NULL
) ENGINE=InnoDB DEFAULT CHARSET=latin1 COLLATE=latin1_swedish_ci;

--
-- Dumping data for table `acc_lbpd`
--

INSERT INTO `acc_lbpd` (`id_acc_lbpd`, `id_acc_sppd`, `id_lbpd`, `nik`, `nama_depan`, `nama_belakang`, `id_employee`, `role`, `email`, `id_uniq`) VALUES
(1, 0, 5, '', 'NOVA', 'RUDIANTO', 30, 'acc', 'it.staff@tripla.id', '0053'),
(2, 0, 5, '', 'NOVA', 'RUDIANTO', 30, 'acc', 'it.staff@tripla.id', '0053'),
(3, 0, 5, '', 'NOVA', 'RUDIANTO', 30, 'acc', 'it.staff@tripla.id', '0053'),
(4, 0, 5, '', 'NOVA', 'RUDIANTO', 30, 'acc', 'it.staff@tripla.id', '0053'),
(5, 0, 5, '', 'NOVA', 'RUDIANTO', 30, 'acc', 'it.staff@tripla.id', '0053'),
(6, 0, 5, '', 'NOVA', 'RUDIANTO', 30, 'acc', 'it.staff@tripla.id', '0053'),
(7, 0, 5, '', 'NOVA', 'RUDIANTO', 30, 'acc', 'it.staff@tripla.id', '0052'),
(8, 0, 7, '', 'NOVA', 'RUDIANTO', 30, 'acc', 'it.staff@tripla.id', '0052'),
(9, 0, 5, '', 'NOVA', 'RUDIANTO', 30, 'acc', 'it.staff@tripla.id', '0052'),
(10, 0, 5, '', 'NOVA', 'RUDIANTO', 30, 'acc', 'it.staff@tripla.id', '0052'),
(11, 0, 9, '', 'NOVA', 'RUDIANTO', 30, 'acc', 'it.staff@tripla.id', '0055'),
(12, 0, 10, '', 'NOVA', 'RUDIANTO', 30, 'acc', 'it.staff@tripla.id', '0056'),
(13, 0, 11, '', 'NOVA', 'RUDIANTO', 30, 'acc', 'it.staff@tripla.id', '0057'),
(14, 0, 13, '', 'NOVA', 'RUDIANTO', 30, 'acc', 'it.staff@tripla.id', '0058'),
(15, 0, 14, '', 'NOVA', 'RUDIANTO', 30, 'acc', 'it.staff@tripla.id', '0059'),
(16, 0, 15, '', 'NOVA', 'RUDIANTO', 30, 'acc', 'it.staff@tripla.id', '0060'),
(17, 0, 16, '', 'NOVA', 'RUDIANTO', 30, 'acc', 'it.staff@tripla.id', '0060'),
(18, 0, 18, '', 'NOVA', 'RUDIANTO', 30, 'acc', 'it.staff@tripla.id', '0060'),
(19, 0, 19, '', 'NOVA', 'RUDIANTO', 30, 'acc', 'it.staff@tripla.id', '0060'),
(20, 0, 12, '', 'NOVA', 'RUDIANTO', 30, 'acc', 'it.staff@tripla.id', '0060'),
(21, 0, 20, '', 'NOVA', 'RUDIANTO', 30, 'acc', 'it.staff@tripla.id', '0060'),
(22, 0, 21, '', 'NOVA', 'RUDIANTO', 30, 'acc', 'it.staff@tripla.id', '0060'),
(23, 0, 22, '', 'NOVA', 'RUDIANTO', 30, 'acc', 'it.staff@tripla.id', '0060'),
(24, 0, 23, '', 'NOVA', 'RUDIANTO', 30, 'acc', 'it.staff@tripla.id', '0060'),
(25, 0, 24, '', 'NOVA', 'RUDIANTO', 30, 'acc', 'it.staff@tripla.id', '0060'),
(26, 0, 25, '', 'NOVA', 'RUDIANTO', 30, 'acc', 'it.staff@tripla.id', '0060'),
(27, 0, 25, '', 'NOVA', 'RUDIANTO', 30, 'acc', 'it.staff@tripla.id', '0060'),
(28, 0, 26, '', 'NOVA', 'RUDIANTO', 30, 'acc', 'it.staff@tripla.id', '0060'),
(29, 0, 26, '', 'NOVA', 'RUDIANTO', 30, 'acc', 'it.staff@tripla.id', '0060'),
(30, 0, 27, '', 'NOVA', 'RUDIANTO', 30, 'acc', 'it.staff@tripla.id', '0060'),
(31, 0, 29, '', 'NOVA', 'RUDIANTO', 30, 'acc', 'it.staff@tripla.id', '0060'),
(32, 0, 30, '', 'NOVA', 'RUDIANTO', 30, 'acc', 'it.staff@tripla.id', '0060'),
(33, 0, 30, '', 'NOVA', 'RUDIANTO', 30, 'acc', 'it.staff@tripla.id', '0060'),
(34, 0, 32, '', 'NOVA', 'RUDIANTO', 30, 'acc', 'it.staff@tripla.id', '0060'),
(35, 0, 32, '', 'NOVA', 'RUDIANTO', 30, 'acc', 'it.staff@tripla.id', '0060'),
(36, 0, 31, '', 'NOVA', 'RUDIANTO', 30, 'acc', 'it.staff@tripla.id', '0060'),
(37, 0, 31, '', 'NOVA', 'RUDIANTO', 30, 'acc', 'it.staff@tripla.id', '0060'),
(38, 0, 33, '', 'NOVA', 'RUDIANTO', 30, 'acc', 'it.staff@tripla.id', '0060'),
(39, 0, 33, '', 'NOVA', 'RUDIANTO', 30, 'acc', 'it.staff@tripla.id', '0060'),
(40, 0, 34, '', 'NOVA', 'RUDIANTO', 30, 'acc', 'it.staff@tripla.id', '0060'),
(41, 0, 35, '', 'NOVA', 'RUDIANTO', 30, 'acc', 'it.staff@tripla.id', '0060'),
(42, 0, 36, '', 'NOVA', 'RUDIANTO', 30, 'acc', 'it.staff@tripla.id', '0060'),
(43, 0, 37, '', 'NOVA', 'RUDIANTO', 30, 'acc', 'it.staff@tripla.id', '0060'),
(44, 0, 38, '', 'NOVA', 'RUDIANTO', 30, 'acc', 'it.staff@tripla.id', '0060'),
(45, 0, 39, '', 'NOVA', 'RUDIANTO', 30, 'acc', 'it.staff@tripla.id', '0060'),
(46, 0, 40, '', 'NOVA', 'RUDIANTO', 30, 'acc', 'it.staff@tripla.id', '0060'),
(47, 0, 41, '', 'NOVA', 'RUDIANTO', 30, 'acc', 'it.staff@tripla.id', '0060'),
(48, 0, 42, '', 'NOVA', 'RUDIANTO', 30, 'acc', 'it.staff@tripla.id', '0060'),
(49, 0, 43, '', 'NOVA', 'RUDIANTO', 30, 'acc', 'it.staff@tripla.id', '0060'),
(50, 0, 44, '', 'NOVA', 'RUDIANTO', 30, 'acc', 'it.staff@tripla.id', '0060'),
(51, 0, 45, '', 'NOVA', 'RUDIANTO', 30, 'acc', 'it.staff@tripla.id', ''),
(52, 0, 46, '', 'NOVA', 'RUDIANTO', 30, 'acc', 'it.staff@tripla.id', ''),
(53, 0, 47, '', 'NOVA', 'RUDIANTO', 30, 'acc', 'it.staff@tripla.id', '0041'),
(54, 0, 48, '', 'NOVA', 'RUDIANTO', 30, 'acc', 'it.staff@tripla.id', '0042'),
(55, 0, 49, '', 'NOVA', 'RUDIANTO', 30, 'acc', 'it.staff@tripla.id', '0043'),
(56, 0, 50, '', 'NOVA', 'RUDIANTO', 30, 'acc', 'it.staff@tripla.id', '0044'),
(57, 0, 51, '', 'NOVA', 'RUDIANTO', 30, 'acc', 'it.staff@tripla.id', '0045'),
(58, 0, 52, '', 'NOVA', 'RUDIANTO', 30, 'acc', 'it.staff@tripla.id', '0046'),
(59, 0, 53, '', 'NOVA', 'RUDIANTO', 30, 'acc', 'it.staff@tripla.id', '0046'),
(60, 0, 55, '', 'NOVA', 'RUDIANTO', 30, 'acc', 'it.staff@tripla.id', '0026'),
(61, 0, 61, '', 'NOVA', 'RUDIANTO', 30, 'acc', 'it.staff@tripla.id', '0032'),
(62, 0, 61, '', 'NOVA', 'RUDIANTO', 30, 'acc', 'it.staff@tripla.id', '0032'),
(63, 0, 61, '', 'NOVA', 'RUDIANTO', 30, 'acc', 'it.staff@tripla.id', '0032'),
(64, 0, 60, '', 'NOVA', 'RUDIANTO', 30, 'acc', 'it.staff@tripla.id', '0032'),
(65, 0, 60, '', 'NOVA', 'RUDIANTO', 30, 'acc', 'it.staff@tripla.id', '0032'),
(66, 0, 61, '', 'NOVA', 'RUDIANTO', 30, 'acc', 'it.staff@tripla.id', '0032'),
(67, 0, 59, '', 'NOVA', 'RUDIANTO', 30, 'acc', 'it.staff@tripla.id', '0032'),
(68, 0, 58, '', 'NOVA', 'RUDIANTO', 30, 'acc', 'it.staff@tripla.id', '0032'),
(69, 0, 58, '', 'NOVA', 'RUDIANTO', 30, 'acc', 'it.staff@tripla.id', '0032'),
(70, 0, 57, '', 'NOVA', 'RUDIANTO', 30, 'acc', 'it.staff@tripla.id', '0032'),
(71, 0, 57, '', 'NOVA', 'RUDIANTO', 30, 'acc', 'it.staff@tripla.id', '0032'),
(72, 0, 56, '', 'NOVA', 'RUDIANTO', 30, 'acc', 'it.staff@tripla.id', '0032'),
(73, 0, 56, '', 'NOVA', 'RUDIANTO', 30, 'acc', 'it.staff@tripla.id', '0032'),
(74, 0, 54, '', 'NOVA', 'RUDIANTO', 30, 'acc', 'it.staff@tripla.id', '0032'),
(75, 0, 54, '', 'NOVA', 'RUDIANTO', 30, 'acc', 'it.staff@tripla.id', '0032'),
(76, 0, 28, '', 'NOVA', 'RUDIANTO', 30, 'acc', 'it.staff@tripla.id', '0032'),
(77, 0, 62, '', 'NOVA', 'RUDIANTO', 30, 'acc', 'it.staff@tripla.id', '0033'),
(78, 0, 62, '', 'NOVA', 'RUDIANTO', 30, 'acc', 'it.staff@tripla.id', '0033'),
(79, 0, 63, '', 'NOVA', 'RUDIANTO', 30, 'acc', 'it.staff@tripla.id', '0034'),
(80, 0, 63, '', 'NOVA', 'RUDIANTO', 30, 'acc', 'it.staff@tripla.id', '0034'),
(81, 0, 65, '', 'NOVA', 'RUDIANTO', 30, 'acc', 'it.staff@tripla.id', '0036'),
(82, 0, 65, '', 'NOVA', 'RUDIANTO', 30, 'acc', 'it.staff@tripla.id', '0036'),
(83, 0, 64, '', 'NOVA', 'RUDIANTO', 30, 'acc', 'it.staff@tripla.id', '0036'),
(84, 0, 64, '', 'NOVA', 'RUDIANTO', 30, 'acc', 'it.staff@tripla.id', '0036'),
(85, 0, 66, '', 'NOVA', 'RUDIANTO', 30, 'acc', 'it.staff@tripla.id', '0037'),
(86, 0, 66, '', 'NOVA', 'RUDIANTO', 30, 'acc', 'it.staff@tripla.id', '0037'),
(87, 0, 70, '', 'NOVA', 'RUDIANTO', 30, 'acc', 'it.staff@tripla.id', '0041'),
(88, 0, 70, '', 'NOVA', 'RUDIANTO', 30, 'acc', 'it.staff@tripla.id', '0041'),
(89, 0, 71, '', 'NOVA', 'RUDIANTO', 30, 'acc', 'it.staff@tripla.id', '0042'),
(90, 0, 71, '', 'NOVA', 'RUDIANTO', 30, 'acc', 'it.staff@tripla.id', '0042'),
(91, 0, 72, '', 'NOVA', 'RUDIANTO', 30, 'acc', 'it.staff@tripla.id', '0043'),
(92, 0, 72, '', 'NOVA', 'RUDIANTO', 30, 'acc', 'it.staff@tripla.id', '0043'),
(93, 0, 73, '', 'NOVA', 'RUDIANTO', 30, 'acc', 'it.staff@tripla.id', '0044'),
(94, 0, 73, '', 'NOVA', 'RUDIANTO', 30, 'acc', 'it.staff@tripla.id', '0044'),
(95, 0, 73, '', 'NOVA', 'RUDIANTO', 30, 'acc', 'it.staff@tripla.id', '0044'),
(96, 0, 73, '', 'NOVA', 'RUDIANTO', 30, 'acc', 'it.staff@tripla.id', '0044'),
(97, 0, 73, '', 'NOVA', 'RUDIANTO', 30, 'acc', 'it.staff@tripla.id', '0044'),
(98, 0, 73, '', 'NOVA', 'RUDIANTO', 30, 'acc', 'it.staff@tripla.id', '0044'),
(99, 0, 73, '', 'NOVA', 'RUDIANTO', 30, 'acc', 'it.staff@tripla.id', '0044'),
(100, 0, 74, '', 'NOVA', 'RUDIANTO', 30, 'acc', 'it.staff@tripla.id', '0045'),
(101, 0, 74, '', 'NOVA', 'RUDIANTO', 30, 'acc', 'it.staff@tripla.id', '0045'),
(102, 0, 75, '', 'NOVA', 'RUDIANTO', 30, 'acc', 'it.staff@tripla.id', '0046'),
(103, 0, 75, '', 'NOVA', 'RUDIANTO', 30, 'acc', 'it.staff@tripla.id', '0046'),
(104, 0, 76, '', 'NOVA', 'RUDIANTO', 30, 'acc', 'it.staff@tripla.id', '0047'),
(105, 0, 76, '', 'NOVA', 'RUDIANTO', 30, 'acc', 'it.staff@tripla.id', '0047'),
(106, 0, 76, '', 'NOVA', 'RUDIANTO', 30, 'acc', 'it.staff@tripla.id', '0047'),
(107, 0, 77, '', 'NOVA', 'RUDIANTO', 30, 'acc', 'it.staff@tripla.id', '0048'),
(108, 0, 77, '', 'NOVA', 'RUDIANTO', 30, 'acc', 'it.staff@tripla.id', '0048'),
(109, 0, 78, '', 'NOVA', 'RUDIANTO', 30, 'acc', 'it.staff@tripla.id', '0049'),
(110, 0, 78, '', 'NOVA', 'RUDIANTO', 30, 'acc', 'it.staff@tripla.id', '0049'),
(111, 0, 81, '', 'NOVA', 'RUDIANTO', 30, 'acc', 'it.staff@tripla.id', '0052'),
(112, 0, 80, '', 'NOVA', 'RUDIANTO', 30, 'acc', 'it.staff@tripla.id', '0052'),
(113, 0, 79, '', 'NOVA', 'RUDIANTO', 30, 'acc', 'it.staff@tripla.id', '0052'),
(114, 0, 80, '', 'NOVA', 'RUDIANTO', 30, 'acc', 'it.staff@tripla.id', '0052'),
(115, 0, 82, '', 'NOVA', 'RUDIANTO', 30, 'acc', 'it.staff@tripla.id', '0053'),
(116, 0, 83, '', 'NOVA', 'RUDIANTO', 30, 'acc', 'it.staff@tripla.id', '0054'),
(117, 0, 84, '', 'NOVA', 'RUDIANTO', 30, 'acc', 'it.staff@tripla.id', '0055'),
(118, 0, 84, '', 'NOVA', 'RUDIANTO', 30, 'acc', 'it.staff@tripla.id', '0055'),
(119, 0, 85, '', 'NOVA', 'RUDIANTO', 30, 'acc', 'it.staff@tripla.id', '0056'),
(120, 0, 89, '', 'NOVA', 'RUDIANTO', 30, 'acc', 'it.staff@tripla.id', '0060'),
(121, 0, 91, '', 'NOVA', 'RUDIANTO', 30, 'acc', 'it.staff@tripla.id', '0062');

-- --------------------------------------------------------

--
-- Table structure for table `acc_sppd`
--

CREATE TABLE `acc_sppd` (
  `id_acc_sppd` int(11) NOT NULL,
  `id_sppd` int(11) NOT NULL,
  `nik` varchar(225) NOT NULL,
  `nama_depan` varchar(225) DEFAULT NULL,
  `nama_belakang` varchar(225) DEFAULT NULL,
  `id_employee` int(11) DEFAULT NULL,
  `role` enum('hr','admin','employee','staff','acc') NOT NULL,
  `email` varchar(200) CHARACTER SET utf8 COLLATE utf8_general_ci NOT NULL,
  `id_uniq` varchar(50) NOT NULL
) ENGINE=InnoDB DEFAULT CHARSET=latin1 COLLATE=latin1_swedish_ci;

--
-- Dumping data for table `acc_sppd`
--

INSERT INTO `acc_sppd` (`id_acc_sppd`, `id_sppd`, `nik`, `nama_depan`, `nama_belakang`, `id_employee`, `role`, `email`, `id_uniq`) VALUES
(215, 1, '', 'NOVA', 'RUDIANTO', 30, 'acc', 'it.staff@tripla.id', '0001'),
(216, 2, '', 'NOVA', 'RUDIANTO', 30, 'acc', 'it.staff@tripla.id', '0002'),
(217, 3, '', 'NOVA', 'RUDIANTO', 30, 'acc', 'it.staff@tripla.id', '0003'),
(218, 4, '', 'NOVA', 'RUDIANTO', 30, 'acc', 'it.staff@tripla.id', '0004'),
(219, 5, '', 'NOVA', 'RUDIANTO', 30, 'acc', 'it.staff@tripla.id', '0005'),
(220, 6, '', 'NOVA', 'RUDIANTO', 30, 'acc', 'it.staff@tripla.id', '0006'),
(221, 7, '', 'NOVA', 'RUDIANTO', 30, 'acc', 'it.staff@tripla.id', '0007'),
(222, 8, '', 'NOVA', 'RUDIANTO', 30, 'acc', 'it.staff@tripla.id', '0008'),
(223, 9, '', 'NOVA', 'RUDIANTO', 30, 'acc', 'it.staff@tripla.id', '0009'),
(224, 10, '', 'NOVA', 'RUDIANTO', 30, 'acc', 'it.staff@tripla.id', '0010'),
(225, 11, '', 'NOVA', 'RUDIANTO', 30, 'acc', 'it.staff@tripla.id', '0011'),
(226, 12, '', 'NOVA', 'RUDIANTO', 30, 'acc', 'it.staff@tripla.id', '0012'),
(227, 13, '', 'NOVA', 'RUDIANTO', 30, 'acc', 'it.staff@tripla.id', '0013'),
(228, 14, '', 'NOVA', 'RUDIANTO', 30, 'acc', 'it.staff@tripla.id', '0014'),
(229, 15, '', 'NOVA', 'RUDIANTO', 30, 'acc', 'it.staff@tripla.id', '0015'),
(230, 16, '', 'NOVA', 'RUDIANTO', 30, 'acc', 'it.staff@tripla.id', '0016'),
(231, 17, '', 'NOVA', 'RUDIANTO', 30, 'acc', 'it.staff@tripla.id', '0017'),
(232, 18, '', 'NOVA', 'RUDIANTO', 30, 'acc', 'it.staff@tripla.id', '0018'),
(233, 19, '', 'NOVA', 'RUDIANTO', 30, 'acc', 'it.staff@tripla.id', '0019'),
(234, 20, '', 'NOVA', 'RUDIANTO', 30, 'acc', 'it.staff@tripla.id', '0020'),
(235, 21, '', 'NOVA', 'RUDIANTO', 30, 'acc', 'it.staff@tripla.id', '0021'),
(236, 22, '', 'NOVA', 'RUDIANTO', 30, 'acc', 'it.staff@tripla.id', '0022'),
(237, 23, '', 'NOVA', 'RUDIANTO', 30, 'acc', 'it.staff@tripla.id', '0023'),
(238, 24, '', 'NOVA', 'RUDIANTO', 30, 'acc', 'it.staff@tripla.id', '0024'),
(239, 25, '', 'NOVA', 'RUDIANTO', 30, 'acc', 'it.staff@tripla.id', '0025'),
(240, 26, '', 'NOVA', 'RUDIANTO', 30, 'acc', 'it.staff@tripla.id', '0026'),
(241, 27, '', 'NOVA', 'RUDIANTO', 30, 'acc', 'it.staff@tripla.id', '0027'),
(242, 28, '', 'NOVA', 'RUDIANTO', 30, 'acc', 'it.staff@tripla.id', '0028'),
(243, 29, '', 'NOVA', 'RUDIANTO', 30, 'acc', 'it.staff@tripla.id', '0029'),
(244, 30, '', 'NOVA', 'RUDIANTO', 30, 'acc', 'it.staff@tripla.id', '0030'),
(245, 31, '', 'NOVA', 'RUDIANTO', 30, 'acc', 'it.staff@tripla.id', '0031'),
(246, 32, '', 'NOVA', 'RUDIANTO', 30, 'acc', 'it.staff@tripla.id', '0032'),
(247, 33, '', 'NOVA', 'RUDIANTO', 30, 'acc', 'it.staff@tripla.id', '0033'),
(248, 34, '', 'NOVA', 'RUDIANTO', 30, 'acc', 'it.staff@tripla.id', '0034'),
(249, 35, '', 'NOVA', 'RUDIANTO', 30, 'acc', 'it.staff@tripla.id', '0035'),
(250, 36, '', 'NOVA', 'RUDIANTO', 30, 'acc', 'it.staff@tripla.id', '0036'),
(251, 37, '', 'NOVA', 'RUDIANTO', 30, 'acc', 'it.staff@tripla.id', '0037'),
(252, 38, '', 'NOVA', 'RUDIANTO', 30, 'acc', 'it.staff@tripla.id', '0038'),
(253, 39, '', 'NOVA', 'RUDIANTO', 30, 'acc', 'it.staff@tripla.id', '0039'),
(254, 40, '', 'NOVA', 'RUDIANTO', 30, 'acc', 'it.staff@tripla.id', '0040'),
(255, 41, '', 'NOVA', 'RUDIANTO', 30, 'acc', 'it.staff@tripla.id', '0041'),
(256, 42, '', 'NOVA', 'RUDIANTO', 30, 'acc', 'it.staff@tripla.id', '0042'),
(257, 43, '', 'NOVA', 'RUDIANTO', 30, 'acc', 'it.staff@tripla.id', '0043'),
(258, 44, '', 'NOVA', 'RUDIANTO', 30, 'acc', 'it.staff@tripla.id', '0044'),
(259, 45, '', 'NOVA', 'RUDIANTO', 30, 'acc', 'it.staff@tripla.id', '0045'),
(260, 46, '', 'NOVA', 'RUDIANTO', 30, 'acc', 'it.staff@tripla.id', '0046'),
(261, 47, '', 'NOVA', 'RUDIANTO', 30, 'acc', 'it.staff@tripla.id', '0047'),
(262, 48, '', 'NOVA', 'RUDIANTO', 30, 'acc', 'it.staff@tripla.id', '0048'),
(263, 49, '', 'NOVA', 'RUDIANTO', 30, 'acc', 'it.staff@tripla.id', '0049'),
(264, 50, '', 'NOVA', 'RUDIANTO', 30, 'acc', 'it.staff@tripla.id', '0050'),
(265, 51, '', 'NOVA', 'RUDIANTO', 30, 'acc', 'it.staff@tripla.id', '0051'),
(266, 52, '', 'NOVA', 'RUDIANTO', 30, 'acc', 'it.staff@tripla.id', '0052'),
(267, 53, '', 'NOVA', 'RUDIANTO', 30, 'acc', 'it.staff@tripla.id', '0053'),
(268, 54, '', 'NOVA', 'RUDIANTO', 30, 'acc', 'it.staff@tripla.id', '0054'),
(269, 55, '', 'NOVA', 'RUDIANTO', 30, 'acc', 'it.staff@tripla.id', '0055'),
(270, 56, '', 'NOVA', 'RUDIANTO', 30, 'acc', 'it.staff@tripla.id', '0056'),
(271, 57, '', 'NOVA', 'RUDIANTO', 30, 'acc', 'it.staff@tripla.id', '0057'),
(272, 58, '', 'NOVA', 'RUDIANTO', 30, 'acc', 'it.staff@tripla.id', '0058'),
(273, 59, '', 'NOVA', 'RUDIANTO', 30, 'acc', 'it.staff@tripla.id', '0059'),
(274, 60, '', 'NOVA', 'RUDIANTO', 30, 'acc', 'it.staff@tripla.id', '0060'),
(275, 61, '', 'NOVA', 'RUDIANTO', 30, 'acc', 'it.staff@tripla.id', '0061'),
(276, 1, '', 'NOVA', 'RUDIANTO', 30, 'acc', 'it.staff@tripla.id', '0001'),
(277, 2, '', 'NOVA', 'RUDIANTO', 30, 'acc', 'it.staff@tripla.id', '0002'),
(278, 3, '', 'NOVA', 'RUDIANTO', 30, 'acc', 'it.staff@tripla.id', '0003'),
(279, 1, '', 'NOVA', 'RUDIANTO', 30, 'acc', 'it.staff@tripla.id', '0001'),
(280, 2, '', 'NOVA', 'RUDIANTO', 30, 'acc', 'it.staff@tripla.id', '0002'),
(281, 3, '', 'NOVA', 'RUDIANTO', 30, 'acc', 'it.staff@tripla.id', '0003'),
(282, 3, '', 'NOVA', 'RUDIANTO', 30, 'acc', 'it.staff@tripla.id', '0003'),
(283, 4, '', 'NOVA', 'RUDIANTO', 30, 'acc', 'it.staff@tripla.id', '0004'),
(284, 5, '', 'NOVA', 'RUDIANTO', 30, 'acc', 'it.staff@tripla.id', '0005'),
(285, 6, '', 'NOVA', 'RUDIANTO', 30, 'acc', 'it.staff@tripla.id', '0006'),
(286, 7, '', 'NOVA', 'RUDIANTO', 30, 'acc', 'it.staff@tripla.id', '0007'),
(287, 8, '', 'NOVA', 'RUDIANTO', 30, 'acc', 'it.staff@tripla.id', '0008'),
(288, 9, '', 'NOVA', 'RUDIANTO', 30, 'acc', 'it.staff@tripla.id', '0009'),
(289, 10, '', 'NOVA', 'RUDIANTO', 30, 'acc', 'it.staff@tripla.id', '0010'),
(290, 11, '', 'NOVA', 'RUDIANTO', 30, 'acc', 'it.staff@tripla.id', '0011'),
(291, 12, '', 'NOVA', 'RUDIANTO', 30, 'acc', 'it.staff@tripla.id', '0012'),
(292, 13, '', 'NOVA', 'RUDIANTO', 30, 'acc', 'it.staff@tripla.id', '0013'),
(293, 14, '', 'NOVA', 'RUDIANTO', 30, 'acc', 'it.staff@tripla.id', '0014'),
(294, 15, '', 'NOVA', 'RUDIANTO', 30, 'acc', 'it.staff@tripla.id', '0015'),
(295, 16, '', 'NOVA', 'RUDIANTO', 30, 'acc', 'it.staff@tripla.id', '0016'),
(296, 17, '', 'NOVA', 'RUDIANTO', 30, 'acc', 'it.staff@tripla.id', '0017'),
(297, 18, '', 'NOVA', 'RUDIANTO', 30, 'acc', 'it.staff@tripla.id', '0018'),
(298, 19, '', 'NOVA', 'RUDIANTO', 30, 'acc', 'it.staff@tripla.id', '0019'),
(299, 20, '', 'NOVA', 'RUDIANTO', 30, 'acc', 'it.staff@tripla.id', '0020'),
(300, 21, '', 'NOVA', 'RUDIANTO', 30, 'acc', 'it.staff@tripla.id', '0021'),
(301, 22, '', 'NOVA', 'RUDIANTO', 30, 'acc', 'it.staff@tripla.id', '0022'),
(302, 23, '', 'NOVA', 'RUDIANTO', 30, 'acc', 'it.staff@tripla.id', '0023'),
(303, 24, '', 'NOVA', 'RUDIANTO', 30, 'acc', 'it.staff@tripla.id', '0024'),
(304, 25, '', 'NOVA', 'RUDIANTO', 30, 'acc', 'it.staff@tripla.id', '0025'),
(305, 26, '', 'NOVA', 'RUDIANTO', 30, 'acc', 'it.staff@tripla.id', '0026'),
(306, 27, '', 'NOVA', 'RUDIANTO', 30, 'acc', 'it.staff@tripla.id', '0027'),
(307, 28, '', 'NOVA', 'RUDIANTO', 30, 'acc', 'it.staff@tripla.id', '0028'),
(308, 29, '', 'NOVA', 'RUDIANTO', 30, 'acc', 'it.staff@tripla.id', '0029'),
(309, 30, '', 'NOVA', 'RUDIANTO', 30, 'acc', 'it.staff@tripla.id', '0030'),
(310, 31, '', 'NOVA', 'RUDIANTO', 30, 'acc', 'it.staff@tripla.id', '0031'),
(311, 32, '', 'NOVA', 'RUDIANTO', 30, 'acc', 'it.staff@tripla.id', '0032'),
(312, 33, '', 'NOVA', 'RUDIANTO', 30, 'acc', 'it.staff@tripla.id', '0033'),
(313, 34, '', 'NOVA', 'RUDIANTO', 30, 'acc', 'it.staff@tripla.id', '0034'),
(314, 35, '', 'NOVA', 'RUDIANTO', 30, 'acc', 'it.staff@tripla.id', '0035'),
(315, 36, '', 'NOVA', 'RUDIANTO', 30, 'acc', 'it.staff@tripla.id', '0036'),
(316, 37, '', 'NOVA', 'RUDIANTO', 30, 'acc', 'it.staff@tripla.id', '0037'),
(317, 38, '', 'NOVA', 'RUDIANTO', 30, 'acc', 'it.staff@tripla.id', '0038'),
(318, 39, '', 'NOVA', 'RUDIANTO', 30, 'acc', 'it.staff@tripla.id', '0039'),
(319, 40, '', 'NOVA', 'RUDIANTO', 30, 'acc', 'it.staff@tripla.id', '0040'),
(320, 41, '', 'NOVA', 'RUDIANTO', 30, 'acc', 'it.staff@tripla.id', '0041'),
(321, 42, '', 'NOVA', 'RUDIANTO', 30, 'acc', 'it.staff@tripla.id', '0042'),
(322, 43, '', 'NOVA', 'RUDIANTO', 30, 'acc', 'it.staff@tripla.id', '0043'),
(323, 44, '', 'NOVA', 'RUDIANTO', 30, 'acc', 'it.staff@tripla.id', '0044'),
(324, 45, '', 'NOVA', 'RUDIANTO', 30, 'acc', 'it.staff@tripla.id', '0045'),
(325, 46, '', 'NOVA', 'RUDIANTO', 30, 'acc', 'it.staff@tripla.id', '0046'),
(326, 47, '', 'NOVA', 'RUDIANTO', 30, 'acc', 'it.staff@tripla.id', '0047'),
(327, 48, '', 'NOVA', 'RUDIANTO', 30, 'acc', 'it.staff@tripla.id', '0048'),
(328, 49, '', 'NOVA', 'RUDIANTO', 30, 'acc', 'it.staff@tripla.id', '0049'),
(329, 50, '', 'NOVA', 'RUDIANTO', 30, 'acc', 'it.staff@tripla.id', '0050'),
(330, 51, '', 'NOVA', 'RUDIANTO', 30, 'acc', 'it.staff@tripla.id', '0051'),
(331, 52, '', 'NOVA', 'RUDIANTO', 30, 'acc', 'it.staff@tripla.id', '0052'),
(332, 53, '', 'NOVA', 'RUDIANTO', 30, 'acc', 'it.staff@tripla.id', '0053'),
(333, 54, '', 'NOVA', 'RUDIANTO', 30, 'acc', 'it.staff@tripla.id', '0054'),
(334, 55, '', 'NOVA', 'RUDIANTO', 30, 'acc', 'it.staff@tripla.id', '0055'),
(335, 56, '', 'NOVA', 'RUDIANTO', 30, 'acc', 'it.staff@tripla.id', '0056'),
(336, 57, '', 'NOVA', 'RUDIANTO', 30, 'acc', 'it.staff@tripla.id', '0057'),
(337, 58, '', 'NOVA', 'RUDIANTO', 30, 'acc', 'it.staff@tripla.id', '0058'),
(338, 59, '', 'NOVA', 'RUDIANTO', 30, 'acc', 'it.staff@tripla.id', '0059'),
(339, 60, '', 'NOVA', 'RUDIANTO', 30, 'acc', 'it.staff@tripla.id', '0060'),
(340, 62, '', 'NOVA', 'RUDIANTO', 30, 'acc', 'it.staff@tripla.id', '0062'),
(341, 63, '', 'NOVA', 'RUDIANTO', 30, 'acc', 'it.staff@tripla.id', '0063'),
(342, 64, '', 'NOVA', 'RUDIANTO', 30, 'acc', 'it.staff@tripla.id', '0064'),
(343, 65, '', 'NOVA', 'RUDIANTO', 30, 'acc', 'it.staff@tripla.id', '0064'),
(344, 66, '', 'NOVA', 'RUDIANTO', 30, 'acc', 'it.staff@tripla.id', '0064'),
(345, 67, '', 'NOVA', 'RUDIANTO', 30, 'acc', 'it.staff@tripla.id', '0065'),
(346, 68, '', 'NOVA', 'RUDIANTO', 30, 'acc', 'it.staff@tripla.id', '0066'),
(347, 69, '', 'NOVA', 'RUDIANTO', 30, 'acc', 'it.staff@tripla.id', '0067'),
(348, 70, '', 'NOVA', 'RUDIANTO', 30, 'acc', 'it.staff@tripla.id', '0068'),
(349, 71, '', 'NOVA', 'RUDIANTO', 30, 'acc', 'it.staff@tripla.id', '0069'),
(350, 72, '', 'NOVA', 'RUDIANTO', 30, 'acc', 'it.staff@tripla.id', '0070'),
(351, 73, '', 'NOVA', 'RUDIANTO', 30, 'acc', 'it.staff@tripla.id', '0071'),
(352, 74, '', 'NOVA', 'RUDIANTO', 30, 'acc', 'it.staff@tripla.id', '0072'),
(353, 75, '', 'NOVA', 'RUDIANTO', 30, 'acc', 'it.staff@tripla.id', '0073'),
(354, 76, '', 'NOVA', 'RUDIANTO', 30, 'acc', 'it.staff@tripla.id', '0074'),
(355, 77, '', 'NOVA', 'RUDIANTO', 30, 'acc', 'it.staff@tripla.id', '0075'),
(356, 78, '', 'NOVA', 'RUDIANTO', 30, 'acc', 'it.staff@tripla.id', '0076'),
(357, 79, '', 'NOVA', 'RUDIANTO', 30, 'acc', 'it.staff@tripla.id', '0077'),
(358, 80, '', 'NOVA', 'RUDIANTO', 30, 'acc', 'it.staff@tripla.id', '0078'),
(359, 81, '', 'NOVA', 'RUDIANTO', 30, 'acc', 'it.staff@tripla.id', '0079'),
(360, 82, '', 'NOVA', 'RUDIANTO', 30, 'acc', 'it.staff@tripla.id', '0080'),
(361, 83, '', 'NOVA', 'RUDIANTO', 30, 'acc', 'it.staff@tripla.id', '0081'),
(362, 84, '', 'NOVA', 'RUDIANTO', 30, 'acc', 'it.staff@tripla.id', '0082'),
(363, 85, '', 'NOVA', 'RUDIANTO', 30, 'acc', 'it.staff@tripla.id', '0083'),
(364, 86, '', 'NOVA', 'RUDIANTO', 30, 'acc', 'it.staff@tripla.id', '0084'),
(365, 87, '', 'NOVA', 'RUDIANTO', 30, 'acc', 'it.staff@tripla.id', '0085'),
(366, 88, '', 'NOVA', 'RUDIANTO', 30, 'acc', 'it.staff@tripla.id', '0086'),
(367, 89, '', 'NOVA', 'RUDIANTO', 30, 'acc', 'it.staff@tripla.id', '0087'),
(368, 90, '', 'NOVA', 'RUDIANTO', 30, 'acc', 'it.staff@tripla.id', '0088'),
(369, 91, '', 'NOVA', 'RUDIANTO', 30, 'acc', 'it.staff@tripla.id', '0089'),
(370, 92, '', 'NOVA', 'RUDIANTO', 30, 'acc', 'it.staff@tripla.id', '0090'),
(371, 93, '', 'NOVA', 'RUDIANTO', 30, 'acc', 'it.staff@tripla.id', '0091'),
(372, 94, '', 'NOVA', 'RUDIANTO', 30, 'acc', 'it.staff@tripla.id', '0092'),
(373, 95, '', 'NOVA', 'RUDIANTO', 30, 'acc', 'it.staff@tripla.id', '0093'),
(374, 96, '', 'NOVA', 'RUDIANTO', 30, 'acc', 'it.staff@tripla.id', '0094'),
(375, 97, '', 'NOVA', 'RUDIANTO', 30, 'acc', 'it.staff@tripla.id', '0095'),
(376, 98, '', 'NOVA', 'RUDIANTO', 30, 'acc', 'it.staff@tripla.id', '0096'),
(377, 99, '', 'NOVA', 'RUDIANTO', 30, 'acc', 'it.staff@tripla.id', '0097'),
(378, 100, '', 'NOVA', 'RUDIANTO', 30, 'acc', 'it.staff@tripla.id', '0098'),
(379, 101, '', 'NOVA', 'RUDIANTO', 30, 'acc', 'it.staff@tripla.id', '0099'),
(380, 102, '', 'NOVA', 'RUDIANTO', 30, 'acc', 'it.staff@tripla.id', '0100'),
(381, 103, '', 'RANDY', 'SALUMAN', 28, 'acc', 'randi.saluman@gmail.com', '0101'),
(382, 103, '', 'NOVA', 'RUDIANTO', 30, 'acc', 'it.staff@tripla.id', '0101'),
(383, 104, '', 'NOVA', 'RUDIANTO', 30, 'acc', 'it.staff@tripla.id', '0102'),
(384, 105, '', 'NOVA', 'RUDIANTO', 30, 'acc', 'it.staff@tripla.id', '0103'),
(385, 106, '', 'NOVA', 'RUDIANTO', 30, 'acc', 'it.staff@tripla.id', '0104'),
(386, 107, '', 'NOVA', 'RUDIANTO', 30, 'acc', 'it.staff@tripla.id', '0105'),
(387, 108, '', 'NOVA', 'RUDIANTO', 30, 'acc', 'it.staff@tripla.id', '0106'),
(388, 109, '', 'NOVA', 'RUDIANTO', 30, 'acc', 'it.staff@tripla.id', '0107'),
(389, 110, '', 'NOVA', 'RUDIANTO', 30, 'acc', 'it.staff@tripla.id', '0108'),
(390, 111, '', 'NOVA', 'RUDIANTO', 30, 'acc', 'it.staff@tripla.id', '0109'),
(391, 111, '', 'NOVA', 'RUDIANTO', 30, 'acc', 'it.staff@tripla.id', '0109'),
(392, 111, '', 'NOVA', 'RUDIANTO', 30, 'acc', 'it.staff@tripla.id', '0109'),
(393, 111, '', 'NOVA', 'RUDIANTO', 30, 'acc', 'it.staff@tripla.id', '0109'),
(394, 111, '', 'NOVA', 'RUDIANTO', 30, 'acc', 'it.staff@tripla.id', '0109'),
(395, 111, '', 'NOVA', 'RUDIANTO', 30, 'acc', 'it.staff@tripla.id', '0109'),
(396, 111, '', 'NOVA', 'RUDIANTO', 30, 'acc', 'it.staff@tripla.id', '0109'),
(397, 111, '', 'NOVA', 'RUDIANTO', 30, 'acc', 'it.staff@tripla.id', '0109'),
(398, 111, '', 'NOVA', 'RUDIANTO', 30, 'acc', 'it.staff@tripla.id', '0109'),
(399, 111, '', 'NOVA', 'RUDIANTO', 30, 'acc', 'it.staff@tripla.id', '0109'),
(400, 111, '', 'NOVA', 'RUDIANTO', 30, 'acc', 'it.staff@tripla.id', '0109'),
(401, 111, '', 'NOVA', 'RUDIANTO', 30, 'acc', 'it.staff@tripla.id', '0109'),
(402, 111, '', 'NOVA', 'RUDIANTO', 30, 'acc', 'it.staff@tripla.id', '0109'),
(403, 111, '', 'NOVA', 'RUDIANTO', 30, 'acc', 'it.staff@tripla.id', '0109'),
(404, 112, '', 'NOVA', 'RUDIANTO', 30, 'acc', 'it.staff@tripla.id', '0110'),
(405, 113, '', 'NOVA', 'RUDIANTO', 30, 'acc', 'it.staff@tripla.id', '0111'),
(406, 114, '', 'NOVA', 'RUDIANTO', 30, 'acc', 'it.staff@tripla.id', '0112'),
(407, 115, '', 'NOVA', 'RUDIANTO', 30, 'acc', 'it.staff@tripla.id', '0113'),
(408, 116, '', 'NOVA', 'RUDIANTO', 30, 'acc', 'it.staff@tripla.id', '0114'),
(409, 117, '', 'NOVA', 'RUDIANTO', 30, 'acc', 'it.staff@tripla.id', '0115'),
(410, 118, '', 'NOVA', 'RUDIANTO', 30, 'acc', 'it.staff@tripla.id', '0116'),
(411, 119, '', 'NOVA', 'RUDIANTO', 30, 'acc', 'it.staff@tripla.id', '0117'),
(412, 120, '', 'NOVA', 'RUDIANTO', 30, 'acc', 'it.staff@tripla.id', '0118'),
(413, 121, '', 'NOVA', 'RUDIANTO', 30, 'acc', 'it.staff@tripla.id', '0119'),
(414, 122, '', 'NOVA', 'RUDIANTO', 30, 'acc', 'it.staff@tripla.id', '0120'),
(415, 123, '', 'NOVA', 'RUDIANTO', 30, 'acc', 'it.staff@tripla.id', '0121'),
(416, 124, '', 'NOVA', 'RUDIANTO', 30, 'acc', 'it.staff@tripla.id', '0122'),
(417, 125, '', 'NOVA', 'RUDIANTO', 30, 'acc', 'it.staff@tripla.id', '0123'),
(418, 126, '', 'NOVA', 'RUDIANTO', 30, 'acc', 'it.staff@tripla.id', '0124'),
(419, 127, '', 'NOVA', 'RUDIANTO', 30, 'acc', 'it.staff@tripla.id', '0125'),
(420, 128, '', 'NOVA', 'RUDIANTO', 30, 'acc', 'it.staff@tripla.id', '0126'),
(421, 129, '', 'NOVA', 'RUDIANTO', 30, 'acc', 'it.staff@tripla.id', '0127'),
(422, 130, '', 'NOVA', 'RUDIANTO', 30, 'acc', 'it.staff@tripla.id', '0128'),
(423, 131, '', 'NOVA', 'RUDIANTO', 30, 'acc', 'it.staff@tripla.id', '0129'),
(424, 132, '', 'NOVA', 'RUDIANTO', 30, 'acc', 'it.staff@tripla.id', '0130'),
(425, 133, '', 'NOVA', 'RUDIANTO', 30, 'acc', 'it.staff@tripla.id', '0131'),
(426, 134, '', 'NOVA', 'RUDIANTO', 30, 'acc', 'it.staff@tripla.id', '0132'),
(427, 135, '', 'NOVA', 'RUDIANTO', 30, 'acc', 'it.staff@tripla.id', '0133'),
(428, 136, '', 'NOVA', 'RUDIANTO', 30, 'acc', 'it.staff@tripla.id', '0134'),
(429, 137, '', 'NOVA', 'RUDIANTO', 30, 'acc', 'it.staff@tripla.id', '0135'),
(430, 138, '', 'NOVA', 'RUDIANTO', 30, 'acc', 'it.staff@tripla.id', '0136'),
(431, 139, '', 'NOVA', 'RUDIANTO', 30, 'acc', 'it.staff@tripla.id', '0137'),
(432, 140, '', 'NOVA', 'RUDIANTO', 30, 'acc', 'it.staff@tripla.id', '0138'),
(433, 141, '', 'NOVA', 'RUDIANTO', 30, 'acc', 'it.staff@tripla.id', '0139'),
(434, 142, '', 'NOVA', 'RUDIANTO', 30, 'acc', 'it.staff@tripla.id', '0140'),
(435, 143, '', 'NOVA', 'RUDIANTO', 30, 'acc', 'it.staff@tripla.id', '0141'),
(436, 144, '', 'NOVA', 'RUDIANTO', 30, 'acc', 'it.staff@tripla.id', '0142'),
(437, 145, '', 'NOVA', 'RUDIANTO', 30, 'acc', 'it.staff@tripla.id', '0143'),
(438, 146, '', 'NOVA', 'RUDIANTO', 30, 'acc', 'it.staff@tripla.id', '0144'),
(439, 147, '', 'NOVA', 'RUDIANTO', 30, 'acc', 'it.staff@tripla.id', '0145'),
(440, 148, '', 'NOVA', 'RUDIANTO', 30, 'acc', 'it.staff@tripla.id', '0146'),
(441, 149, '', 'NOVA', 'RUDIANTO', 30, 'acc', 'it.staff@tripla.id', '0147'),
(442, 150, '', 'NOVA', 'RUDIANTO', 30, 'acc', 'it.staff@tripla.id', '0148'),
(443, 151, '', 'NOVA', 'RUDIANTO', 30, 'acc', 'it.staff@tripla.id', '0149'),
(444, 152, '', 'NOVA', 'RUDIANTO', 30, 'acc', 'it.staff@tripla.id', '0150'),
(445, 153, '', 'NOVA', 'RUDIANTO', 30, 'acc', 'it.staff@tripla.id', '0151'),
(446, 154, '', 'NOVA', 'RUDIANTO', 30, 'acc', 'it.staff@tripla.id', '0152');

-- --------------------------------------------------------

--
-- Table structure for table `actual`
--

CREATE TABLE `actual` (
  `id_actual` int(11) NOT NULL,
  `nama_actual` varchar(50) NOT NULL,
  `description` varchar(50) NOT NULL
) ENGINE=InnoDB DEFAULT CHARSET=utf8mb4 COLLATE=utf8mb4_general_ci;

--
-- Dumping data for table `actual`
--

INSERT INTO `actual` (`id_actual`, `nama_actual`, `description`) VALUES
(4, 'ACTUAL JANUARY 2026', ''),
(5, 'ACTUAL 2026 PALINGG TERBARU', '');

-- --------------------------------------------------------

--
-- Table structure for table `al`
--

CREATE TABLE `al` (
  `id_al` int(11) NOT NULL,
  `urutan` int(11) NOT NULL,
  `id_user` int(11) DEFAULT NULL,
  `id_employee` int(11) DEFAULT NULL,
  `kmt` varchar(100) NOT NULL,
  `status` int(11) DEFAULT NULL,
  `sta` varchar(11) NOT NULL,
  `id_spp` int(11) NOT NULL,
  `tgl` timestamp NOT NULL DEFAULT current_timestamp() ON UPDATE current_timestamp(),
  `id_app` int(11) NOT NULL,
  `deskripsi` varchar(50) NOT NULL,
  `date` datetime DEFAULT NULL
) ENGINE=InnoDB DEFAULT CHARSET=utf8mb4 COLLATE=utf8mb4_general_ci;

--
-- Dumping data for table `al`
--

INSERT INTO `al` (`id_al`, `urutan`, `id_user`, `id_employee`, `kmt`, `status`, `sta`, `id_spp`, `tgl`, `id_app`, `deskripsi`, `date`) VALUES
(161, 1, 58, 26, '', NULL, '', 0, '2024-10-18 00:08:26', 106, 'ap1', NULL),
(163, 3, 46, 20, '', NULL, '', 0, '2024-10-23 08:59:38', 106, 'ap3', NULL),
(164, 1, 58, 26, '', NULL, '', 0, '2024-10-18 00:10:19', 107, 'a1', NULL),
(166, 3, 46, 20, '', NULL, '', 0, '2024-10-18 00:10:44', 107, 'a3', NULL),
(167, 1, 58, 26, '', NULL, '', 0, '2024-10-18 00:11:35', 108, 'app1', NULL),
(169, 3, 53, 21, '', NULL, '', 0, '2024-10-18 00:12:15', 108, 'app3', NULL),
(170, 4, 46, 20, '', NULL, '', 0, '2024-10-18 00:12:28', 108, 'app4', NULL),
(171, 1, 58, 26, '', NULL, '', 0, '2024-10-18 00:13:23', 109, 'apl1', NULL),
(173, 3, 53, 21, '', NULL, '', 0, '2024-10-18 00:13:58', 109, 'apl3', NULL),
(174, 4, 46, 20, '', NULL, '', 0, '2024-10-18 00:14:15', 109, 'apl4', NULL),
(175, 1, 58, 26, '', NULL, '', 0, '2024-10-18 00:15:15', 110, 'al1', NULL),
(177, 3, 53, 21, '', NULL, '', 0, '2024-10-18 00:15:40', 110, 'al3', NULL),
(178, 4, 46, 20, '', NULL, '', 0, '2024-10-18 00:15:56', 110, 'al4', NULL),
(179, 1, 58, 26, '', NULL, '', 0, '2024-10-18 00:17:12', 111, 'q1', NULL),
(181, 3, 53, 21, '', NULL, '', 0, '2024-10-18 00:17:41', 111, 'q3', NULL),
(182, 4, 46, 20, '', NULL, '', 0, '2024-10-18 00:17:53', 111, 'q4', NULL),
(183, 1, 55, 23, '', NULL, '', 0, '2024-10-18 00:19:06', 112, 'w1', NULL),
(185, 3, 46, 20, '', NULL, '', 0, '2024-10-18 00:19:29', 112, 'w3', NULL),
(186, 1, 55, 23, '', NULL, '', 0, '2024-10-18 00:20:18', 113, 'e1', NULL),
(188, 3, 46, 20, '', NULL, '', 0, '2024-10-18 00:21:06', 113, 'e3', NULL),
(189, 1, 55, 23, '', NULL, '', 0, '2024-10-18 00:21:54', 114, 's1', NULL),
(191, 3, 53, 21, '', NULL, '', 0, '2024-10-18 00:22:17', 114, 's3', NULL),
(192, 4, 46, 20, '', NULL, '', 0, '2024-10-18 00:22:27', 114, 's4', NULL),
(193, 1, 55, 23, '', NULL, '', 0, '2024-10-18 00:23:25', 115, 'd1', NULL),
(195, 3, 53, 21, '', NULL, '', 0, '2024-10-18 00:23:47', 115, 'd3', NULL),
(196, 4, 46, 20, '', NULL, '', 0, '2024-10-18 00:23:56', 115, 'd4', NULL),
(197, 1, 55, 23, '', NULL, '', 0, '2024-10-18 00:24:52', 116, 'z1', NULL),
(198, 2, 54, 22, '', NULL, '', 0, '2024-10-18 00:25:05', 116, 'z2', NULL),
(199, 3, 53, 21, '', NULL, '', 0, '2024-10-18 00:25:16', 116, 'z3', NULL),
(200, 4, 46, 20, '', NULL, '', 0, '2024-10-18 00:25:29', 116, 'z4', NULL),
(201, 1, 55, 23, '', NULL, '', 0, '2024-10-18 00:26:29', 117, 'x1', NULL),
(203, 3, 53, 21, '', NULL, '', 0, '2024-10-18 00:27:04', 117, 'x3', NULL),
(204, 4, 46, 20, '', NULL, '', 0, '2024-10-18 00:27:18', 117, 'x4', NULL),
(205, 1, 59, 31, '', NULL, '', 0, '2024-10-18 00:28:53', 118, '1', NULL),
(207, 3, 46, 20, '', NULL, '', 0, '2024-10-18 00:29:18', 118, '3', NULL),
(208, 1, 59, 31, '', NULL, '', 0, '2024-10-18 00:30:11', 119, 'c1', NULL),
(210, 3, 46, 20, '', NULL, '', 0, '2024-10-18 00:30:38', 119, 'c3', NULL),
(211, 1, 59, 31, '', NULL, '', 0, '2024-10-18 00:31:45', 120, 'cc1', NULL),
(213, 3, 53, 21, '', NULL, '', 0, '2024-10-18 00:32:08', 120, 'cc3', NULL),
(214, 4, 46, 20, '', NULL, '', 0, '2024-10-18 00:32:22', 120, 'cc4', NULL),
(215, 1, 59, 31, '', NULL, '', 0, '2024-10-18 00:33:20', 121, 'xx1', NULL),
(217, 3, 53, 21, '', NULL, '', 0, '2024-10-18 00:33:40', 121, 'xx3', NULL),
(218, 4, 46, 20, '', NULL, '', 0, '2024-10-18 00:33:52', 121, 'xx4', NULL),
(219, 1, 59, 31, '', NULL, '', 0, '2024-10-18 00:34:37', 122, 'zz1', NULL),
(221, 3, 53, 21, '', NULL, '', 0, '2024-10-18 00:35:01', 122, 'zz3', NULL),
(222, 4, 46, 20, '', NULL, '', 0, '2024-10-18 00:35:12', 122, 'zz4', NULL),
(223, 1, 59, 31, '', NULL, '', 0, '2024-10-18 00:35:59', 123, 'aa1', NULL),
(225, 3, 53, 21, '', NULL, '', 0, '2024-10-18 00:36:19', 123, 'aa3', NULL),
(226, 4, 46, 20, '', NULL, '', 0, '2024-10-18 00:36:30', 123, 'aa4', NULL),
(227, 1, 56, 24, '', NULL, '', 0, '2024-10-18 00:38:21', 124, 'ss1', NULL),
(228, 2, 64, 32, '', NULL, '', 0, '2024-10-18 00:38:52', 124, 'ss2', NULL),
(230, 4, 46, 20, '', NULL, '', 0, '2024-10-18 00:39:26', 124, 'ss4', NULL),
(231, 1, 71, 40, '', NULL, '', 0, '2024-10-18 00:41:01', 125, 'dd1', NULL),
(232, 2, 64, 32, '', NULL, '', 0, '2024-10-18 00:41:33', 125, 'dd2', NULL),
(234, 4, 46, 20, '', NULL, '', 0, '2024-10-18 00:41:53', 125, 'dd4', NULL),
(235, 1, 56, 24, '', NULL, '', 0, '2024-10-18 00:42:35', 126, 'f1', NULL),
(236, 2, 64, 32, '', NULL, '', 0, '2024-10-18 00:42:56', 126, 'f2', NULL),
(238, 4, 53, 21, '', NULL, '', 0, '2024-10-18 00:43:42', 126, 'f4', NULL),
(239, 5, 46, 20, '', NULL, '', 0, '2024-10-18 00:43:51', 126, 'f5', NULL),
(240, 1, 71, 40, '', NULL, '', 0, '2024-10-18 00:44:35', 127, 'ff1', NULL),
(241, 2, 64, 32, '', NULL, '', 0, '2024-10-18 00:44:48', 127, 'ff2', NULL),
(243, 4, 53, 21, '', NULL, '', 0, '2024-10-18 00:45:22', 127, 'ff4', NULL),
(244, 5, 46, 20, '', NULL, '', 0, '2024-10-18 00:45:31', 127, 'ff5', NULL),
(245, 1, 56, 24, '', NULL, '', 0, '2024-10-18 00:46:31', 128, 'qq1', NULL),
(246, 2, 64, 32, '', NULL, '', 0, '2024-10-18 00:46:49', 128, 'qq2', NULL),
(248, 4, 53, 21, '', NULL, '', 0, '2024-10-18 00:47:20', 128, 'qq4', NULL),
(249, 5, 46, 20, '', NULL, '', 0, '2024-10-18 00:47:30', 128, 'qq5', NULL),
(250, 1, 71, 40, '', NULL, '', 0, '2024-10-18 00:50:21', 129, 'v1', NULL),
(251, 2, 64, 32, '', NULL, '', 0, '2024-10-18 00:50:36', 129, 'v2', NULL),
(253, 4, 53, 21, '', NULL, '', 0, '2024-10-18 00:51:00', 129, 'v4', NULL),
(254, 5, 46, 20, '', NULL, '', 0, '2024-10-18 00:51:07', 129, 'v5', NULL),
(257, 3, 46, 20, '', NULL, '', 0, '2024-10-18 00:54:01', 130, 'xxx3', NULL),
(259, 2, 53, 21, '', NULL, '', 0, '2024-10-18 00:55:02', 131, 'ccc2', NULL),
(260, 3, 46, 20, '', NULL, '', 0, '2024-10-18 00:55:10', 131, 'ccc3', NULL),
(262, 2, 53, 21, '', NULL, '', 0, '2024-10-18 00:57:52', 132, 'sss2', NULL),
(263, 3, 46, 20, '', NULL, '', 0, '2024-10-18 00:56:05', 132, 'sss3', NULL),
(265, 2, 53, 21, '', NULL, '', 0, '2024-10-18 00:59:14', 133, 'fff2', NULL),
(266, 3, 46, 20, '', NULL, '', 0, '2024-10-18 00:59:22', 133, 'ffff3', NULL),
(268, 2, 53, 21, '', NULL, '', 0, '2024-10-18 01:00:23', 134, 'n2', NULL),
(269, 3, 46, 20, '', NULL, '', 0, '2024-10-18 01:00:31', 134, 'n3', NULL),
(271, 2, 53, 21, '', NULL, '', 0, '2024-10-18 01:01:16', 135, 'y2', NULL),
(272, 3, 46, 20, '', NULL, '', 0, '2024-10-18 01:01:24', 135, 'y3', NULL),
(273, 1, 55, 23, '', NULL, '', 0, '2024-10-31 00:39:05', 136, 'approval no 1', NULL),
(274, 2, 53, 21, '', NULL, '', 0, '2024-10-31 00:39:17', 136, 'approval no 2', NULL),
(275, 3, 46, 20, '', NULL, '', 0, '2024-10-31 00:39:31', 136, 'approval no 3', NULL),
(288, 1, 58, 26, '', NULL, '', 0, '2024-11-13 04:31:36', 137, 'fgdfg', NULL),
(289, 1, 58, 26, '', NULL, '', 0, '2024-11-14 00:55:29', 148, 'try', NULL),
(290, 1, 59, 31, '', NULL, '', 0, '2024-11-14 00:57:02', 149, 'gf', NULL),
(291, 1, 58, 26, '', NULL, '', 0, '2024-11-14 00:58:21', 150, 'fg', NULL),
(292, 1, 59, 31, '', NULL, '', 0, '2024-11-14 01:03:39', 151, 'rtw', NULL),
(293, 1, 56, 24, '', NULL, '', 0, '2024-11-14 01:04:43', 152, 'thjj', NULL),
(294, 2, 64, 32, '', NULL, '', 0, '2024-11-14 01:05:06', 152, 'tht', NULL),
(295, 1, 71, 40, '', NULL, '', 0, '2024-11-14 01:06:04', 153, 'ghjr', NULL),
(296, 2, 64, 32, '', NULL, '', 0, '2024-11-14 01:06:19', 153, 'teew', NULL),
(297, 1, 55, 23, '', NULL, '', 0, '2024-11-14 01:07:49', 154, 'rtt', NULL),
(298, 1, 55, 23, '', NULL, '', 0, '2024-11-14 01:08:33', 155, 'ert', NULL),
(305, 1, 55, 23, '', NULL, '', 0, '2024-11-15 01:10:22', 156, 'fdgdhgbgdhgfh', NULL),
(306, 1, 55, 23, '', NULL, '', 0, '2024-11-15 01:11:08', 159, 'gfhghjjjjj', NULL),
(307, 1, 55, 23, '', NULL, '', 0, '2024-11-15 01:12:01', 160, 'tye3w', NULL),
(308, 1, 58, 26, '', NULL, '', 0, '2024-11-22 06:40:54', 161, 'ETTHHJHYRE', NULL),
(309, 1, 59, 31, '', NULL, '', 0, '2024-11-22 07:30:23', 162, 'egw', NULL),
(310, 1, 59, 31, '', NULL, '', 0, '2024-11-22 07:32:23', 163, 'hdhj', NULL),
(311, 1, 55, 23, '', NULL, '', 0, '2024-11-22 07:33:31', 164, 'fgfhb', NULL),
(312, 1, 58, 26, '', NULL, '', 0, '2024-11-22 07:34:04', 165, 'hghhdf', NULL),
(313, 1, 55, 23, '', NULL, '', 0, '2024-11-22 07:34:39', 166, 'gfhfjnfgjnh', NULL),
(314, 1, 56, 24, '', NULL, '', 0, '2024-11-22 07:35:57', 167, 'fgfdhg', NULL),
(315, 2, 64, 32, '', NULL, '', 0, '2024-11-22 07:36:10', 167, 'fgghfh', NULL),
(316, 1, 71, 40, '', NULL, '', 0, '2024-11-22 07:37:02', 168, 'fggha', NULL),
(317, 2, 64, 32, '', NULL, '', 0, '2024-11-22 07:37:14', 168, 'hbgfdf', NULL),
(318, 1, 55, 23, '', NULL, '', 0, '2024-11-22 07:37:59', 169, 'fgfhgbdhba', NULL),
(326, 1, 58, 26, '', NULL, '', 0, '2024-12-02 07:02:27', 137, 'approval terbaru berdasarkan departement', NULL),
(327, 1, 58, 26, '', NULL, '', 0, '2024-12-02 07:03:30', 175, 'aplfgh', NULL),
(328, 1, 55, 23, '', NULL, '', 0, '2024-12-02 07:09:13', 176, 'hrythy', NULL),
(329, 1, 55, 23, '', NULL, '', 0, '2024-12-02 07:11:19', 177, 'tyhtr5u', NULL),
(330, 1, 59, 31, '', NULL, '', 0, '2024-12-02 07:13:52', 178, 'rgtghtr', NULL),
(331, 1, 56, 24, '', NULL, '', 0, '2024-12-02 07:16:09', 179, 'hgtjhnjghgjk', NULL),
(332, 2, 64, 32, '', NULL, '', 0, '2024-12-02 07:16:21', 179, 'tyhtruy', NULL),
(333, 1, 56, 24, '', NULL, '', 0, '2024-12-02 07:17:07', 180, 'etrytyhuru', NULL),
(334, 2, 64, 32, '', NULL, '', 0, '2024-12-02 07:17:21', 180, 'ytryh', NULL),
(335, 1, 56, 24, '', NULL, '', 0, '2024-12-02 07:19:17', 181, 'thyruj', NULL),
(336, 2, 64, 32, '', NULL, '', 0, '2024-12-02 07:19:30', 181, 'teytryuu', NULL),
(337, 1, 71, 40, '', NULL, '', 0, '2024-12-02 07:22:33', 182, 'yety', NULL),
(338, 2, 64, 32, '', NULL, '', 0, '2024-12-02 07:22:46', 182, 'etyetyhu', NULL),
(339, 1, 53, 21, '', NULL, '', 0, '2024-12-02 07:25:06', 183, 'tyhruyutyu', NULL),
(340, 1, 64, 32, '', NULL, '', 0, '2024-12-02 07:27:10', 184, 'rtgetryyh', NULL),
(341, 2, 53, 21, '', NULL, '', 0, '2024-12-02 07:28:03', 184, 'etryeyh', NULL),
(342, 1, 58, 28, '', NULL, '', 0, '2024-12-02 07:50:07', 185, 'etreyhruh', NULL),
(343, 1, 58, 26, '', NULL, '', 0, '2024-12-02 07:50:48', 186, 'rwtgeryhtyherhy', NULL),
(344, 1, 55, 23, '', NULL, '', 0, '2024-12-02 08:10:50', 187, '5y6y5u', NULL),
(345, 1, 55, 23, '', NULL, '', 0, '2024-12-02 08:11:35', 188, 'rtgyhwe', NULL),
(347, 1, 59, 31, '', NULL, '', 0, '2024-12-02 08:13:46', 189, 'ghbfhjghjghj', NULL),
(348, 1, 59, 31, '', NULL, '', 0, '2024-12-02 08:14:38', 191, 'rfgerghteh', NULL),
(349, 1, 56, 24, '', NULL, '', 0, '2024-12-02 08:20:17', 192, 'ytjytujkyuk', NULL),
(350, 2, 64, 32, '', NULL, '', 0, '2024-12-02 08:20:29', 192, 'rytryuyu', NULL),
(351, 1, 56, 24, '', NULL, '', 0, '2024-12-02 08:21:12', 193, 'tyuuiyui', NULL),
(352, 2, 64, 32, '', NULL, '', 0, '2024-12-02 08:21:26', 193, 'rytuyrut', NULL),
(353, 1, 56, 24, '', NULL, '', 0, '2024-12-02 08:22:36', 194, 'tryryutr', NULL),
(354, 2, 64, 39, '', NULL, '', 0, '2024-12-02 08:22:49', 194, 'tyryuu', NULL),
(355, 1, 71, 40, '', NULL, '', 0, '2024-12-02 08:23:58', 195, 'yhtryyu', NULL),
(356, 2, 64, 32, '', NULL, '', 0, '2024-12-02 08:24:13', 195, 'tygytr', NULL),
(357, 1, 71, 40, '', NULL, '', 0, '2024-12-02 08:25:13', 196, 'tryhrtyhry', NULL),
(358, 2, 64, 32, '', NULL, '', 0, '2024-12-02 08:25:24', 196, 'rtyrtyurtu', NULL),
(359, 1, 53, 21, '', NULL, '', 0, '2024-12-02 08:26:56', 197, 'tyrtyr', NULL),
(360, 1, 64, 32, '', NULL, '', 0, '2024-12-02 08:27:52', 198, 'y56yu567u', NULL),
(361, 2, 46, 20, '', NULL, '', 0, '2025-04-30 09:20:36', 198, 'yhrytuuyu', NULL),
(362, 1, 64, 40, '', NULL, '', 0, '2024-12-02 08:29:28', 199, 'rtyryuytru', NULL),
(363, 2, 53, 21, '', NULL, '', 0, '2024-12-02 08:30:34', 199, 'ftghrtyh', NULL),
(364, 1, 64, 32, '', NULL, '', 0, '2024-12-02 08:31:45', 200, 'retgetygryh', NULL),
(365, 2, 53, 21, '', NULL, '', 0, '2024-12-02 08:31:58', 200, 'gtrtgyhrth', NULL),
(366, 1, 64, 32, '', NULL, '', 0, '2024-12-02 08:32:52', 201, 'retgretye', NULL),
(367, 2, 46, 20, '', NULL, '', 0, '2025-04-30 09:21:59', 201, 'ryhjnhmdejnhewarh', NULL),
(369, 1, 53, 21, '', NULL, '', 0, '2024-12-02 08:35:33', 202, 'ghbhnjygtjnhgjmjhmk', NULL),
(370, 1, 53, 21, '', NULL, '', 0, '2024-12-02 08:36:15', 203, 'hbgfhjnjhj', NULL),
(371, 1, 53, 21, '', NULL, '', 0, '2024-12-02 08:37:11', 204, 'gfhbfghjn', NULL),
(372, 1, 46, 20, '', NULL, '', 0, '2024-12-02 08:38:14', 205, 'jnyhjdfdgfjnh', NULL),
(373, 1, 46, 20, '', NULL, '', 0, '2024-12-02 08:38:50', 206, 'gnnghnmjhgmgm', NULL),
(374, 1, 46, 20, '', NULL, '', 0, '2024-12-02 08:39:39', 207, 'ghdffgjnghmkjmjm', NULL),
(375, 1, 58, 26, '', NULL, '', 0, '2024-12-04 02:57:57', 208, 'RTGREWT', NULL),
(376, 1, 55, 23, '', NULL, '', 0, '2024-12-04 04:16:48', 209, 'rretgygtyht', NULL),
(377, 1, 55, 23, '', NULL, '', 0, '2024-12-04 04:17:30', 210, 'thhjnjhg', NULL),
(378, 1, 53, 21, '', NULL, '', 0, '2024-12-04 04:18:36', 211, 'tyhy', NULL),
(379, 1, 56, 24, '', NULL, '', 0, '2024-12-04 04:19:24', 212, 'gththyty', NULL),
(380, 2, 64, 32, '', NULL, '', 0, '2024-12-04 04:19:41', 212, 'tyhhyuyju', NULL),
(381, 1, 56, 24, '', NULL, '', 0, '2024-12-04 04:21:20', 213, 'htghr', NULL),
(382, 2, 64, 32, '', NULL, '', 0, '2024-12-04 04:21:31', 213, 'trgedsrtgeqwt', NULL),
(383, 1, 71, 40, '', NULL, '', 0, '2024-12-04 04:22:52', 214, 'ghbjnhmjk', NULL),
(384, 2, 64, 32, '', NULL, '', 0, '2024-12-04 04:23:13', 214, 'nhnhmh', NULL),
(385, 1, 64, 32, '', NULL, '', 0, '2024-12-04 04:25:25', 215, 'gththyjhe', NULL),
(386, 2, 46, 20, '', NULL, '', 0, '2025-04-30 09:23:10', 215, 'rghthjh', NULL),
(387, 1, 64, 32, '', NULL, '', 0, '2024-12-04 04:26:39', 216, 'tyhyr', NULL),
(388, 2, 46, 20, '', NULL, '', 0, '2025-04-30 09:24:11', 216, 'rttjuyjy', NULL),
(389, 1, 53, 21, '', NULL, '', 0, '2024-12-04 04:28:16', 217, 'fghbfhnn', NULL),
(390, 1, 53, 21, '', NULL, '', 0, '2024-12-04 04:29:09', 218, 'ghgfhj', NULL),
(392, 1, 53, 21, '', NULL, '', 0, '2024-12-04 04:30:34', 219, 'ghbghjnhgjn', NULL),
(393, 1, 59, 31, '', NULL, '', 0, '2024-12-04 04:32:29', 220, 'ghgfhjhhj', NULL),
(394, 1, 59, 31, '', NULL, '', 0, '2024-12-04 04:34:27', 221, 'gthjhj', NULL),
(395, 1, 59, 31, '', NULL, '', 0, '2024-12-04 04:35:42', 221, 'rtgtyry', NULL),
(396, 1, 59, 31, '', NULL, '', 0, '2024-12-04 04:37:35', 223, 'rewtrtert', NULL),
(397, 2, 53, 21, '', NULL, '', 0, '2024-12-04 04:37:54', 223, 'reretgtget', NULL),
(398, 1, 46, 20, '', NULL, '', 0, '2024-12-04 04:39:01', 224, 'trgrthyhjtyj', NULL),
(399, 1, 46, 20, '', NULL, '', 0, '2024-12-04 04:39:29', 225, 'rfegthtryh', NULL),
(400, 1, 59, 31, '', NULL, '', 0, '2024-12-04 04:49:24', 226, 'fdfgghfgh', NULL),
(401, 2, 53, 21, '', NULL, '', 0, '2024-12-04 04:49:33', 226, 'dfsgfhbggh', NULL),
(402, 1, 59, 31, '', NULL, '', 0, '2024-12-04 04:50:19', 228, 'fgdfgd', NULL),
(403, 2, 53, 21, '', NULL, '', 0, '2024-12-04 04:50:36', 228, 'rfgghbhnjgjmn', NULL),
(404, 1, 71, 40, '', NULL, '', 0, '2024-12-05 02:02:46', 229, 'REGHNYMJM', NULL),
(405, 2, 64, 32, '', NULL, '', 0, '2024-12-05 02:03:01', 229, 'GTHHJJNTGJ', NULL),
(406, 1, 71, 40, '', NULL, '', 0, '2024-12-05 02:04:06', 230, 'RTGERGYHRYH', NULL),
(407, 2, 64, 32, '', NULL, '', 0, '2024-12-05 02:04:27', 230, 'TGTHERW', NULL),
(408, 1, 71, 40, '', NULL, '', 0, '2024-12-05 02:05:09', 231, 'RTGHBSWAG', NULL),
(409, 2, 64, 32, '', NULL, '', 0, '2024-12-05 02:05:23', 231, 'WEF', NULL),
(410, 1, 71, 40, '', NULL, '', 0, '2024-12-05 02:06:05', 232, 'MHJG', NULL),
(411, 2, 64, 32, '', NULL, '', 0, '2024-12-05 02:06:16', 232, 'GFTGHN', NULL),
(412, 1, 71, 40, '', NULL, '', 0, '2024-12-05 02:07:56', 233, 'NMHFZS', NULL),
(413, 2, 64, 32, '', NULL, '', 0, '2024-12-05 02:08:09', 233, 'GVHBDZ', NULL),
(414, 1, 71, 40, '', NULL, '', 0, '2024-12-05 02:08:50', 234, 'GFHBGHA', NULL),
(415, 2, 64, 32, '', NULL, '', 0, '2024-12-05 02:09:10', 234, 'WETRGGR', NULL),
(416, 1, 71, 40, '', NULL, '', 0, '2024-12-05 02:10:09', 235, 'FBGDHGerhg', NULL),
(417, 2, 64, 32, '', NULL, '', 0, '2024-12-05 02:10:20', 235, 'eghrhjntjhnt', NULL),
(418, 1, 71, 40, '', NULL, '', 0, '2024-12-05 02:11:17', 236, 'rwteryhgethy', NULL),
(419, 2, 64, 40, '', NULL, '', 0, '2024-12-05 02:11:30', 236, 'wergrtehnth', NULL),
(420, 1, 71, 40, '', NULL, '', 0, '2024-12-05 03:16:53', 237, 'RFGHBGgrvegt', NULL),
(421, 2, 64, 32, '', NULL, '', 0, '2024-12-05 03:17:10', 237, 'efrrgbedthb', NULL),
(422, 1, 71, 40, '', NULL, '', 0, '2024-12-05 03:17:47', 238, 'erfewrfw', NULL),
(423, 2, 64, 32, '', NULL, '', 0, '2024-12-05 03:17:59', 238, 'EFERGBWag', NULL),
(424, 1, 53, 21, '', NULL, '', 0, '2024-12-10 00:59:11', 239, 'rfwrftwrhgbehnnjrm', NULL),
(425, 2, 46, 20, '', NULL, '', 0, '2024-12-10 00:59:23', 239, ' fgthytjeq4ah', NULL),
(426, 1, 53, 21, '', NULL, '', 0, '2024-12-10 01:02:39', 240, 'iuloiuf', NULL),
(427, 2, 46, 20, '', NULL, '', 0, '2024-12-10 01:02:50', 240, '67u7ist6rs', NULL),
(429, 2, 46, 20, '', NULL, '', 0, '2024-12-20 01:55:20', 241, 'tertera', NULL),
(430, 1, 53, 21, '', NULL, '', 0, '2024-12-20 01:56:46', 242, 'rttrst', NULL),
(431, 1, 46, 20, '', NULL, '', 0, '2025-04-30 09:26:43', 243, 'wetwryey', NULL),
(432, 1, 59, 31, '', NULL, '', 0, '2024-12-20 01:59:12', 244, 'wtwetreyry', NULL),
(433, 2, 53, 21, '', NULL, '', 0, '2024-12-20 01:59:26', 244, 'eryeryd', NULL),
(434, 1, 46, 20, '', NULL, '', 0, '2024-12-20 02:00:59', 245, 'ttertret', NULL),
(435, 1, 53, 21, '', NULL, '', 0, '2024-12-20 02:04:47', 246, 'rtgrsgt', NULL),
(437, 2, 46, 20, '', NULL, '', 0, '2024-12-20 02:05:49', 247, 'rtrtrt', NULL),
(438, 1, 46, 20, '', NULL, '', 0, '2025-04-30 09:28:27', 248, 'reydryryzdddddddddddd', NULL),
(439, 1, 46, 20, '', NULL, '', 0, '2025-04-30 09:30:07', 249, 'rtertery', NULL),
(440, 1, 53, 21, '', NULL, '', 0, '2024-12-20 02:08:30', 250, 'grreterttrGFG', NULL),
(441, 1, 59, 31, '', NULL, '', 0, '2024-12-20 02:09:33', 251, 'WETRTERTY', NULL),
(442, 2, 53, 21, '', NULL, '', 0, '2024-12-20 02:09:55', 251, 'ERETERYEYZH', NULL),
(444, 2, 46, 20, '', NULL, '', 0, '2024-12-20 11:16:27', 252, 'Yxucibof', NULL),
(446, 2, 46, 20, '', NULL, '', 0, '2024-12-20 11:18:19', 253, 'Ivovibuv', NULL),
(448, 2, 46, 20, '', NULL, '', 0, '2024-12-20 11:34:19', 254, 'Hfbdhehe', NULL),
(450, 2, 46, 20, '', NULL, '', 0, '2024-12-23 01:55:02', 255, 'dsgfgdgdg', NULL),
(452, 2, 53, 21, '', NULL, '', 0, '2024-12-23 02:22:04', 256, 'efrrret', NULL),
(453, 1, 59, 31, '', NULL, '', 0, '2024-12-23 02:50:16', 256, 'asfsdfdsgsdgs', NULL),
(455, 2, 53, 21, '', NULL, '', 0, '2024-12-23 02:51:18', 258, 'dsgsdgsfgsg', NULL),
(456, 1, 59, 31, '', NULL, '', 0, '2024-12-23 02:51:34', 258, 'dsfdsgsfgfdg', NULL),
(457, 1, 59, 31, '', NULL, '', 0, '2024-12-23 03:00:32', 256, 'dsfsdgddfgfdg', NULL),
(458, 2, 53, 21, '', NULL, '', 0, '2024-12-23 03:00:45', 256, 'dgfdgdfgdfgd', NULL),
(459, 1, 59, 31, '', NULL, '', 0, '2024-12-23 03:01:24', 260, 'dsvfdbdb', NULL),
(460, 2, 53, 21, '', NULL, '', 0, '2024-12-23 03:01:33', 260, 'sbddggfn', NULL),
(461, 1, 59, 31, '', NULL, '', 0, '2024-12-23 03:07:02', 261, 'SFGFDGHDHDGH', NULL),
(462, 2, 53, 21, '', NULL, '', 0, '2024-12-23 03:07:12', 261, 'FDBGNGFNgGF', NULL),
(463, 1, 59, 31, '', NULL, '', 0, '2024-12-23 03:10:29', 262, 'DSFSGDFGDGD', NULL),
(464, 2, 53, 21, '', NULL, '', 0, '2024-12-23 03:10:38', 262, 'DSGFGDFGDFGDFG', NULL),
(465, 1, 59, 31, '', NULL, '', 0, '2024-12-23 03:11:16', 263, 'FGDFGFF', NULL),
(466, 2, 53, 21, '', NULL, '', 0, '2024-12-23 03:11:50', 263, 'EFSRFRG', NULL),
(467, 1, 58, 26, '', NULL, '', 0, '2024-12-30 06:02:25', 263, 'rtuyrt', NULL),
(468, 1, 58, 26, '', NULL, '', 0, '2024-12-30 06:02:53', 264, 'truryujWtw', NULL),
(469, 2, 79, 49, '', NULL, '', 0, '2024-12-30 06:03:24', 264, 'ghftghdz', NULL),
(473, 1, 58, 26, '', NULL, '', 0, '2024-12-30 06:06:09', 265, 'dfhgfhfgjhj', NULL),
(474, 2, 79, 49, '', NULL, '', 0, '2024-12-30 06:06:22', 265, 'tyryurutu', NULL),
(475, 3, 53, 21, '', NULL, '', 0, '2024-12-30 06:06:33', 265, 'yujstjsryu', NULL),
(477, 4, 46, 20, '', NULL, '', 0, '2024-12-30 06:06:56', 265, 'trghh', NULL),
(478, 1, 58, 26, '', NULL, '', 0, '2024-12-30 06:08:08', 266, 'ergtytryrt', NULL),
(479, 2, 79, 49, '', NULL, '', 0, '2024-12-30 06:08:33', 266, 'sgfdhdgfgh', NULL),
(480, 3, 53, 21, '', NULL, '', 0, '2024-12-30 06:08:50', 266, 'tyyrjtyutu', NULL),
(481, 4, 46, 20, '', NULL, '', 0, '2024-12-30 06:09:03', 266, 'tyuyjfcncj', NULL),
(482, 1, 58, 26, '', NULL, '', 0, '2024-12-30 06:10:35', 267, 'dghffjhjf', NULL),
(483, 2, 79, 49, '', NULL, '', 0, '2024-12-30 06:10:52', 267, 'gfgfhfghfhg', NULL),
(484, 3, 53, 21, '', NULL, '', 0, '2024-12-30 06:11:22', 267, 'fghggfhfh', NULL),
(485, 4, 46, 20, '', NULL, '', 0, '2024-12-30 06:11:36', 267, 'gfhhnjhgjgjgj', NULL),
(486, 1, 55, 23, '', NULL, '', 0, '2024-12-30 06:16:04', 268, 'yjujyk', NULL),
(487, 2, 79, 49, '', NULL, '', 0, '2024-12-30 06:16:30', 268, 'fhghfh', NULL),
(488, 3, 53, 21, '', NULL, '', 0, '2024-12-30 06:17:09', 268, 'ruyuryuy', NULL),
(489, 4, 46, 20, '', NULL, '', 0, '2024-12-30 06:17:19', 268, 'ghfhhjj', NULL),
(490, 1, 55, 23, '', NULL, '', 0, '2024-12-30 06:19:01', 269, 'thytryjt', NULL),
(491, 2, 79, 49, '', NULL, '', 0, '2024-12-30 06:19:16', 269, 'hytuyjty', NULL),
(492, 3, 53, 21, '', NULL, '', 0, '2024-12-30 06:19:28', 269, 'ghgfhghj', NULL),
(493, 4, 46, 20, '', NULL, '', 0, '2024-12-30 06:19:53', 269, 'rtetytrhyrty', NULL),
(494, 1, 55, 23, '', NULL, '', 0, '2024-12-30 06:22:04', 270, 'xbc', NULL),
(495, 2, 79, 49, '', NULL, '', 0, '2024-12-30 06:22:20', 270, 'gjnghj', NULL),
(496, 3, 53, 21, '', NULL, '', 0, '2024-12-30 06:29:42', 270, 'bgfhfhfh', NULL),
(497, 4, 46, 20, '', NULL, '', 0, '2024-12-30 06:29:55', 270, 'hjgjhkhk', NULL),
(498, 1, 55, 23, '', NULL, '', 0, '2024-12-30 06:31:38', 271, 'fddfh', NULL),
(499, 2, 79, 49, '', NULL, '', 0, '2024-12-30 06:32:04', 271, 'gtrytry', NULL),
(500, 3, 53, 21, '', NULL, '', 0, '2024-12-30 06:32:42', 271, 'eryty', NULL),
(501, 4, 46, 20, '', NULL, '', 0, '2024-12-30 06:33:02', 271, 'fgghgfhfhhjj', NULL),
(502, 1, 59, 31, '', NULL, '', 0, '2024-12-30 06:35:10', 272, 'rettyy', NULL),
(503, 2, 79, 49, '', NULL, '', 0, '2024-12-30 06:36:18', 272, 'sdgfhg', NULL),
(504, 3, 53, 21, '', NULL, '', 0, '2024-12-30 06:36:36', 272, 'fdhdgj', NULL),
(505, 4, 46, 20, '', NULL, '', 0, '2024-12-30 06:36:52', 272, 'rgththyhd', NULL),
(506, 1, 59, 31, '', NULL, '', 0, '2024-12-30 06:38:07', 273, 'hggf', NULL),
(507, 2, 79, 49, '', NULL, '', 0, '2024-12-30 06:38:26', 273, 'gttfhyh', NULL),
(508, 3, 53, 21, '', NULL, '', 0, '2024-12-30 06:38:39', 273, 'etyrthyryyu', NULL),
(509, 4, 46, 20, '', NULL, '', 0, '2024-12-30 06:38:52', 273, 'yjhjujuj', NULL),
(510, 1, 59, 31, '', NULL, '', 0, '2024-12-30 06:40:24', 274, 'dhyfjjtyjtyj', NULL),
(511, 2, 79, 49, '', NULL, '', 0, '2024-12-30 06:40:41', 274, 'dfgfghfyjghj', NULL),
(512, 3, 53, 21, '', NULL, '', 0, '2024-12-30 06:40:53', 274, 'fhmukhjkh', NULL),
(513, 4, 46, 20, '', NULL, '', 0, '2024-12-30 06:41:23', 274, 'jhgmhmg', NULL),
(514, 1, 59, 31, '', NULL, '', 0, '2024-12-30 06:42:57', 275, 'jkhkyh', NULL),
(515, 2, 79, 49, '', NULL, '', 0, '2024-12-30 06:43:16', 275, 'iyliuti', NULL),
(516, 3, 53, 21, '', NULL, '', 0, '2024-12-30 06:43:46', 275, 'tukdudk', NULL),
(517, 4, 46, 20, '', NULL, '', 0, '2024-12-30 06:44:10', 275, 'gnhmgkhl', NULL),
(518, 1, 56, 24, '', NULL, '', 0, '2024-12-30 06:47:14', 276, 'fgjghgkhjkdsf', NULL),
(519, 2, 64, 32, '', NULL, '', 0, '2024-12-30 06:47:31', 276, 'fsgdhfghfjg', NULL),
(520, 3, 79, 49, '', NULL, '', 0, '2024-12-30 06:48:22', 276, 'netyhhyj', NULL),
(521, 4, 53, 21, '', NULL, '', 0, '2024-12-30 06:48:37', 276, 'jghjhkhjk', NULL),
(522, 5, 46, 20, '', NULL, '', 0, '2024-12-30 06:48:51', 276, 'dfgfnhgmgxh', NULL),
(523, 1, 71, 40, '', NULL, '', 0, '2024-12-30 06:50:34', 277, 'gdhfxjhghjgjg', NULL),
(524, 2, 64, 32, '', NULL, '', 0, '2024-12-30 06:50:53', 277, 'gnmhj,,k', NULL),
(525, 3, 79, 49, '', NULL, '', 0, '2024-12-30 06:52:17', 277, 'fdghrthrysq', NULL),
(526, 4, 53, 21, '', NULL, '', 0, '2024-12-30 06:52:30', 277, 'dgbhfjjuj', NULL),
(528, 5, 46, 20, '', NULL, '', 0, '2024-12-30 06:52:58', 277, 'jmuikul', NULL),
(529, 1, 56, 24, '', NULL, '', 0, '2024-12-30 06:57:51', 278, 'fsghdhrfhwebx', NULL),
(530, 2, 64, 32, '', NULL, '', 0, '2024-12-30 06:58:11', 278, 's', NULL),
(531, 3, 79, 49, '', NULL, '', 0, '2024-12-30 06:58:32', 278, 'ss', NULL),
(532, 4, 53, 21, '', NULL, '', 0, '2024-12-30 06:58:46', 278, 'sss', NULL),
(533, 5, 46, 20, '', NULL, '', 0, '2024-12-30 06:58:55', 278, 'ssss', NULL),
(534, 1, 71, 40, '', NULL, '', 0, '2024-12-30 07:06:22', 279, 'a', NULL),
(535, 2, 64, 32, '', NULL, '', 0, '2024-12-30 07:06:39', 279, 'aa', NULL),
(536, 3, 79, 49, '', NULL, '', 0, '2024-12-30 07:07:07', 279, 'aaa', NULL),
(537, 4, 53, 21, '', NULL, '', 0, '2024-12-30 07:07:30', 279, 'aaaa', NULL),
(538, 5, 46, 20, '', NULL, '', 0, '2024-12-30 07:08:00', 279, 'aaaaaa', NULL),
(539, 1, 79, 49, '', NULL, '', 0, '2024-12-30 07:13:01', 280, 'q', NULL),
(540, 2, 53, 21, '', NULL, '', 0, '2024-12-30 07:13:11', 280, 'qq', NULL),
(541, 3, 46, 20, '', NULL, '', 0, '2024-12-30 07:13:25', 280, 'qqq', NULL),
(542, 1, 79, 49, '', NULL, '', 0, '2024-12-30 07:14:13', 281, 'w', NULL),
(543, 2, 53, 21, '', NULL, '', 0, '2024-12-30 07:14:23', 281, 'ww', NULL),
(544, 3, 46, 20, '', NULL, '', 0, '2024-12-30 07:14:33', 281, 'www', NULL),
(545, 1, 79, 49, '', NULL, '', 0, '2024-12-30 07:16:34', 282, 'z', NULL),
(546, 2, 53, 21, '', NULL, '', 0, '2024-12-30 07:16:44', 282, 'zz', NULL),
(547, 3, 46, 20, '', NULL, '', 0, '2024-12-30 07:16:52', 282, 'zzz', NULL),
(548, 1, 79, 49, '', NULL, '', 0, '2024-12-30 07:17:41', 283, 'x', NULL),
(549, 2, 53, 21, '', NULL, '', 0, '2024-12-30 07:17:53', 283, 'xx', NULL),
(550, 3, 46, 20, '', NULL, '', 0, '2024-12-30 07:18:02', 283, 'xxx', NULL),
(551, 1, 79, 49, '', NULL, '', 0, '2024-12-30 07:21:23', 284, 'e', NULL),
(552, 1, 79, 49, '', NULL, '', 0, '2024-12-30 07:22:51', 285, 'ee', NULL),
(553, 1, 79, 49, '', NULL, '', 0, '2024-12-30 07:23:28', 286, 'eeeee', NULL),
(554, 1, 79, 49, '', NULL, '', 0, '2024-12-30 07:24:44', 288, 'rrrrrrrr', NULL),
(555, 1, 71, 40, '', NULL, '', 0, '2025-01-31 03:07:14', 289, 'yhjtngfhsfh', NULL),
(556, 2, 64, 32, '', NULL, '', 0, '2025-01-31 03:07:31', 289, 'vddvv', NULL),
(557, 1, 71, 40, '', NULL, '', 0, '2025-01-31 03:09:15', 290, 'dsdf', NULL),
(558, 2, 64, 32, '', NULL, '', 0, '2025-01-31 03:09:31', 290, 'fsgdhgh', NULL),
(563, 2, 53, 21, '', NULL, '', 0, '2025-01-31 07:05:14', 291, 'ETGTHTEHA', NULL),
(564, 3, 46, 20, '', NULL, '', 0, '2025-01-31 07:05:24', 291, 'REGEHTGHZGD', NULL),
(565, 1, 79, 49, '', NULL, '', 0, '2025-01-31 07:06:18', 291, 'WRGVFSBGED', NULL),
(566, 1, 79, 49, '', NULL, '', 0, '2025-01-31 07:07:11', 293, 'EQFGRwtheh', NULL),
(567, 1, 79, 49, '', NULL, '', 0, '2025-01-31 07:08:32', 294, 'rgeteth', NULL),
(568, 1, 79, 49, '', NULL, '', 0, '2025-01-31 07:09:15', 295, 'rgtghrthyy', NULL),
(569, 1, 81, 50, '', NULL, '', 0, '2025-02-04 02:31:08', 296, 'MIMBAR', NULL),
(570, 2, 71, 40, '', NULL, '', 0, '2025-02-04 02:32:22', 296, 'AGUS SETIYAWAN', NULL),
(571, 3, 64, 32, '', NULL, '', 0, '2025-02-04 02:33:19', 296, 'BUDIONO ', NULL),
(572, 1, 81, 50, '', NULL, '', 0, '2025-02-04 02:37:18', 297, 'MIMBAR 2', NULL),
(573, 2, 71, 40, '', NULL, '', 0, '2025-02-04 02:38:01', 297, 'AGUS 2', NULL),
(574, 3, 64, 32, '', NULL, '', 0, '2025-02-04 02:39:03', 297, 'BUDIONO 2', NULL),
(575, 1, 81, 50, '', NULL, '', 0, '2025-02-04 02:40:42', 298, 'MIMBAR 3', NULL),
(576, 2, 71, 40, '', NULL, '', 0, '2025-02-04 02:41:52', 298, 'AGUS SETIYAWAN 3', NULL),
(577, 3, 64, 32, '', NULL, '', 0, '2025-02-04 02:42:23', 298, 'BUDIONO 3', NULL),
(578, 1, 71, 40, '', NULL, '', 0, '2025-02-11 02:55:30', 299, 'gbhgj', NULL),
(579, 2, 64, 32, '', NULL, '', 0, '2025-02-11 02:55:51', 299, 'hrsthtyj', NULL),
(580, 1, 71, 40, '', NULL, '', 0, '2025-02-11 02:56:58', 300, 'ethhae', NULL),
(581, 2, 64, 32, '', NULL, '', 0, '2025-02-11 02:57:20', 300, 'jkilgx', NULL),
(582, 1, 71, 40, '', NULL, '', 0, '2025-02-11 02:58:41', 301, 'retdgght', NULL),
(583, 2, 64, 32, '', NULL, '', 0, '2025-02-11 02:59:01', 301, 'rjmgtjm', NULL),
(584, 1, 79, 49, '', NULL, '', 0, '2025-02-11 04:36:42', 302, 'sfgdghfh', NULL),
(585, 1, 79, 49, '', NULL, '', 0, '2025-02-11 04:38:49', 303, 'aefsgfgsg', NULL),
(586, 1, 79, 49, '', NULL, '', 0, '2025-02-11 04:39:31', 304, 'aeefrg', NULL),
(587, 1, 81, 50, '', NULL, '', 0, '2025-02-12 00:59:30', 305, 'tyuktd', NULL),
(588, 2, 79, 49, '', NULL, '', 0, '2025-02-12 01:00:00', 305, 'lkf', NULL),
(590, 4, 46, 20, '', NULL, '', 0, '2025-02-12 01:00:39', 305, 'klfyyid', NULL),
(592, 1, 81, 50, '', NULL, '', 0, '2025-02-12 01:02:33', 306, 'rgfxVD', NULL),
(593, 2, 79, 49, '', NULL, '', 0, '2025-02-12 01:02:50', 306, 'sfDGweeer', NULL),
(595, 4, 46, 20, '', NULL, '', 0, '2025-02-12 01:03:16', 306, 'rhyjsyjrsj', NULL),
(596, 1, 81, 50, '', NULL, '', 0, '2025-02-12 01:04:36', 307, 'dgnfgnfh', NULL),
(597, 2, 79, 49, '', NULL, '', 0, '2025-02-12 01:04:54', 307, 'wergregtteh', NULL),
(599, 4, 46, 20, '', NULL, '', 0, '2025-02-12 01:05:19', 307, 'fhnhsjrajraj', NULL),
(600, 1, 80, 49, '', NULL, '', 0, '2025-02-14 03:18:02', 308, 'gfzgjfjh', NULL),
(601, 1, 79, 49, '', NULL, '', 0, '2025-02-14 03:18:51', 309, 'asdefsdf', NULL),
(602, 1, 79, 49, '', NULL, '', 0, '2025-02-14 03:19:49', 310, 'acsdfgdfzg', NULL),
(603, 1, 59, 31, '', NULL, '', 0, '2025-02-24 04:48:01', 311, 'sfgfsbgdnhfn', NULL),
(604, 2, 53, 21, '', NULL, '', 0, '2025-02-24 04:48:28', 311, 'fhjgkgck', NULL),
(605, 1, 59, 31, '', NULL, '', 0, '2025-02-24 04:49:47', 312, 'ttet', NULL),
(606, 2, 53, 21, '', NULL, '', 0, '2025-02-24 04:49:56', 312, 'fgjfzjj', NULL),
(607, 1, 59, 31, '', NULL, '', 0, '2025-02-24 04:52:39', 313, 'sfgsgbdgzh', NULL),
(608, 2, 46, 20, '', NULL, '', 0, '2025-04-30 09:36:00', 313, 'fb  nfbhn', NULL),
(609, 1, 59, 31, '', NULL, '', 0, '2025-02-24 04:53:40', 314, 'szgzgd', NULL),
(610, 2, 46, 20, '', NULL, '', 0, '2025-04-30 09:36:28', 314, 'dfgh', NULL),
(611, 1, 59, 31, '', NULL, '', 0, '2025-03-06 06:58:17', 315, 'MJG', NULL),
(612, 2, 46, 20, '', NULL, '', 0, '2025-04-30 09:34:34', 315, 'NJH', NULL),
(613, 1, 59, 31, '', NULL, '', 0, '2025-03-06 07:01:53', 316, 'MHFM', NULL),
(614, 2, 46, 20, '', NULL, '', 0, '2025-04-30 09:37:09', 316, 'JTF', NULL),
(615, 1, 59, 31, '', NULL, '', 0, '2025-03-06 07:04:29', 317, 'GJMG', NULL),
(616, 2, 46, 20, '', NULL, '', 0, '2025-04-30 09:37:45', 317, 'DGHND', NULL),
(634, 1, 79, 49, '', NULL, '', 0, '2025-03-15 09:44:26', 318, 'efwrwer', NULL),
(635, 1, 79, 49, '', NULL, '', 0, '2025-03-15 09:52:15', 337, 'sdafa', NULL),
(636, 1, 71, 40, '', NULL, '', 0, '2025-03-15 10:18:30', 338, 'utddt', NULL),
(637, 2, 79, 49, '', NULL, '', 0, '2025-03-15 10:18:55', 338, 'tehtrh', NULL),
(639, 1, 71, 40, '', NULL, '', 0, '2025-03-25 07:02:39', 339, 'WQEQWEQE', NULL),
(640, 2, 64, 32, '', NULL, '', 0, '2025-03-25 07:02:56', 339, 'EQFEWFWF', NULL),
(641, 1, 71, 40, '', NULL, '', 0, '2025-03-25 07:04:28', 340, 'QERERWER', NULL),
(642, 2, 64, 32, '', NULL, '', 0, '2025-03-25 07:04:48', 340, 'QWEEQRWER', NULL),
(643, 1, 71, 40, '', NULL, '', 0, '2025-03-25 07:05:41', 341, 'EQFEWFREWR', NULL),
(644, 2, 64, 32, '', NULL, '', 0, '2025-03-25 07:06:02', 341, 'QWEQEQEQ', NULL),
(645, 1, 58, 26, '', NULL, '', 0, '2025-03-25 07:07:45', 342, 'sdasdsad', NULL),
(646, 1, 71, 40, '', NULL, '', 0, '2025-03-25 07:49:21', 343, '11', NULL),
(647, 1, 71, 40, '', NULL, '', 0, '2025-03-25 07:50:12', 344, 'er1', NULL),
(648, 1, 71, 40, '', NULL, '', 0, '2025-03-25 07:53:01', 345, '1er', NULL),
(649, 1, 71, 40, '', NULL, '', 0, '2025-03-25 07:56:59', 346, '1eee', NULL),
(650, 1, 71, 40, '', NULL, '', 0, '2025-03-25 07:58:07', 347, '22r', NULL),
(651, 1, 71, 40, '', NULL, '', 0, '2025-03-25 07:59:03', 348, '33tr', NULL),
(652, 1, 71, 40, '', NULL, '', 0, '2025-03-25 07:59:57', 349, '3rrer', NULL),
(653, 1, 71, 40, '', NULL, '', 0, '2025-03-25 08:02:10', 350, '45tgtee', NULL),
(654, 1, 71, 40, '', NULL, '', 0, '2025-03-25 08:06:55', 351, 'we2e3134', NULL),
(655, 1, 59, 31, '', NULL, '', 0, '2025-04-08 02:12:33', 352, 'lou', NULL),
(656, 2, 53, 21, '', NULL, '', 0, '2025-04-08 02:12:46', 352, 'lghc', NULL),
(657, 1, 59, 31, '', NULL, '', 0, '2025-04-08 02:13:42', 353, 'ghgxh', NULL),
(658, 2, 53, 21, '', NULL, '', 0, '2025-04-08 02:14:03', 353, 'sfsdfg', NULL),
(659, 1, 59, 31, '', NULL, '', 0, '2025-04-08 02:16:03', 354, 'fsggdg', NULL),
(660, 2, 53, 21, '', NULL, '', 0, '2025-04-08 02:16:23', 354, 'ghdgxh', NULL),
(661, 2, 59, 31, '', NULL, '', 0, '2025-04-08 02:17:22', 355, 'adasfAF', NULL),
(662, 2, 53, 21, '', NULL, '', 0, '2025-04-08 02:17:43', 355, 'wetewtt', NULL),
(663, 1, 71, 40, '', NULL, '', 0, '2025-04-08 03:30:43', 356, 'dfvdfvdfbbd', NULL),
(664, 1, 58, 26, '', NULL, '', 0, '2025-05-05 04:15:19', 357, 'WEGREGAEGER', NULL),
(665, 1, 58, 26, '', NULL, '', 0, '2025-05-05 04:17:26', 359, 'WTTTWT', NULL),
(666, 1, 79, 49, '', NULL, '', 0, '2025-05-05 07:00:10', 360, '11e', NULL),
(667, 1, 58, 26, '', NULL, '', 0, '2025-06-10 01:39:34', 361, 'adsafsfsdg', NULL),
(668, 3, 46, 20, '', NULL, '', 0, '2025-06-16 02:29:17', 264, 'fdgfgdgdfg', NULL),
(671, 4, 46, 20, '', NULL, '', 0, '2025-07-11 09:27:16', 359, 'dsfsdf', NULL),
(672, 3, 55, 23, '', NULL, '', 0, '2025-07-11 09:27:35', 359, 'ddfdf', NULL),
(673, 2, 79, 49, '', NULL, '', 0, '2025-07-11 09:28:06', 361, 'fdgdfg', NULL),
(674, 3, 55, 23, '', NULL, '', 0, '2025-07-11 09:28:16', 361, 'ergreger', NULL),
(675, 4, 46, 20, '', NULL, '', 0, '2025-07-11 09:28:24', 361, 'ghrht', NULL),
(676, 2, 79, 49, '', NULL, '', 0, '2025-07-11 09:34:15', 359, 'sdasdasd', NULL),
(677, 1, 79, 49, '', NULL, '', 0, '2025-07-29 02:56:18', 362, 'tes111', NULL),
(678, 2, 55, 23, '', NULL, '', 0, '2025-07-29 02:56:31', 362, 'tes555', NULL),
(679, 3, 46, 20, '', NULL, '', 0, '2025-07-29 02:56:44', 362, 'tess6666', NULL),
(680, 1, 79, 49, '', NULL, '', 0, '2025-07-29 02:57:31', 363, 'tes1111', NULL),
(681, 2, 55, 23, '', NULL, '', 0, '2025-07-29 02:57:41', 363, 'tes2222', NULL),
(682, 3, 46, 20, '', NULL, '', 0, '2025-07-29 02:57:50', 363, 'tessssss', NULL),
(683, 1, 58, 26, '', NULL, '', 0, '2025-08-05 03:00:47', 364, '5Y4747', NULL),
(684, 1, 46, 20, '', NULL, '', 0, '2025-08-15 07:25:28', 365, 'ZVCZCV', NULL),
(685, 1, 46, 20, '', NULL, '', 0, '2025-08-15 07:26:09', 366, 'CVadminV', NULL),
(686, 1, 58, 26, '', NULL, '', 0, '2025-11-28 03:21:49', 367, 'ERYEYYR4', NULL),
(687, 1, 58, 26, '', NULL, '', 0, '2025-12-09 03:11:38', 368, 'EWFWEFWERQ', NULL),
(688, 1, 58, 26, '', NULL, '', 0, '2025-12-09 08:08:45', 369, 'RHJTJYTJ', NULL),
(689, 1, 58, 26, '', NULL, '', 0, '2025-12-10 02:47:19', 370, 'gddh', NULL),
(690, 1, 56, 24, '', NULL, '', 0, '2026-01-15 02:40:26', 371, 'rgehett', NULL),
(691, 1, 58, 26, '', NULL, '', 0, '2026-02-11 04:01:42', 372, 'EWFWFWRFRWG', NULL),
(692, 2, 79, 49, '', NULL, '', 0, '2026-02-11 04:02:47', 372, 'EWFEWFRWG', NULL);

-- --------------------------------------------------------

--
-- Table structure for table `apl`
--

CREATE TABLE `apl` (
  `id_apl` int(11) NOT NULL,
  `urutan` int(11) NOT NULL,
  `id_al` int(11) NOT NULL,
  `id_employee` int(11) NOT NULL,
  `id_user` int(11) NOT NULL,
  `id_spp` int(11) DEFAULT NULL,
  `kmt` text DEFAULT NULL,
  `status1` enum('Draft','waiting','approved','reject') NOT NULL,
  `id_app` int(11) DEFAULT NULL,
  `tgl` timestamp NOT NULL DEFAULT current_timestamp() ON UPDATE current_timestamp()
) ENGINE=InnoDB DEFAULT CHARSET=utf8mb4 COLLATE=utf8mb4_general_ci;

-- --------------------------------------------------------

--
-- Table structure for table `app`
--

CREATE TABLE `app` (
  `id_app` int(11) NOT NULL,
  `id_tg` int(11) DEFAULT NULL,
  `id_tt` int(11) DEFAULT NULL,
  `id_jenis_pengajuan` int(11) NOT NULL,
  `id_devisi` int(11) NOT NULL,
  `id_departement` int(11) DEFAULT NULL,
  `id_employee` int(11) NOT NULL,
  `id_employee2` int(11) NOT NULL,
  `id_employee3` int(11) NOT NULL,
  `id_employee4` int(11) NOT NULL,
  `id_employee5` int(11) NOT NULL,
  `keterangan` int(11) NOT NULL,
  `deskripsi` int(11) NOT NULL,
  `id_user` int(11) NOT NULL
) ENGINE=InnoDB DEFAULT CHARSET=utf8mb4 COLLATE=utf8mb4_general_ci;

--
-- Dumping data for table `app`
--

INSERT INTO `app` (`id_app`, `id_tg`, `id_tt`, `id_jenis_pengajuan`, `id_devisi`, `id_departement`, `id_employee`, `id_employee2`, `id_employee3`, `id_employee4`, `id_employee5`, `keterangan`, `deskripsi`, `id_user`) VALUES
(106, 5, 8, 3, 37, 5, 0, 0, 0, 0, 0, 0, 0, 0),
(107, 5, 8, 3, 37, 10, 0, 0, 0, 0, 0, 0, 0, 0),
(112, 5, 8, 3, 30, 11, 0, 0, 0, 0, 0, 0, 0, 0),
(113, 5, 8, 3, 30, 12, 0, 0, 0, 0, 0, 0, 0, 0),
(118, 5, 8, 3, 33, 1, 0, 0, 0, 0, 0, 0, 0, 0),
(119, 5, 8, 3, 33, 15, 0, 0, 0, 0, 0, 0, 0, 0),
(124, 5, 8, 3, 35, 13, 0, 0, 0, 0, 0, 0, 0, 0),
(125, 5, 8, 3, 35, 14, 0, 0, 0, 0, 0, 0, 0, 0),
(130, 5, 8, 3, 36, 6, 0, 0, 0, 0, 0, 0, 0, 0),
(175, 6, 9, 3, 37, 5, 0, 0, 0, 0, 0, 0, 0, 49),
(176, 6, 9, 3, 30, 11, 0, 0, 0, 0, 0, 0, 0, 57),
(177, 6, 9, 3, 30, 12, 0, 0, 0, 0, 0, 0, 0, 61),
(179, 6, 9, 3, 35, 13, 0, 0, 0, 0, 0, 0, 0, 60),
(180, 6, 9, 3, 35, 13, 0, 0, 0, 0, 0, 0, 0, 62),
(181, 6, 9, 3, 35, 13, 0, 0, 0, 0, 0, 0, 0, 70),
(182, 6, 9, 3, 35, 14, 0, 0, 0, 0, 0, 0, 0, 69),
(186, 7, 11, 3, 37, 5, 0, 0, 0, 0, 0, 0, 0, 49),
(187, 7, 11, 3, 30, 11, 0, 0, 0, 0, 0, 0, 0, 57),
(188, 7, 11, 3, 30, 12, 0, 0, 0, 0, 0, 0, 0, 61),
(191, 7, 11, 3, 33, 1, 0, 0, 0, 0, 0, 0, 0, 66),
(192, 7, 11, 3, 35, 13, 0, 0, 0, 0, 0, 0, 0, 60),
(193, 7, 11, 3, 35, 13, 0, 0, 0, 0, 0, 0, 0, 62),
(194, 7, 11, 3, 35, 13, 0, 0, 0, 0, 0, 0, 0, 70),
(196, 7, 11, 3, 35, 14, 0, 0, 0, 0, 0, 0, 0, 69),
(198, 7, 11, 3, 40, 17, 0, 0, 0, 0, 0, 0, 0, 56),
(201, 7, 11, 3, 40, 17, 0, 0, 0, 0, 0, 0, 0, 71),
(208, 8, 12, 3, 37, 5, 0, 0, 0, 0, 0, 0, 0, 49),
(209, 8, 12, 3, 30, 11, 0, 0, 0, 0, 0, 0, 0, 57),
(210, 8, 12, 3, 30, 12, 0, 0, 0, 0, 0, 0, 0, 61),
(212, 8, 12, 3, 35, 13, 0, 0, 0, 0, 0, 0, 0, 60),
(213, 8, 12, 3, 35, 13, 0, 0, 0, 0, 0, 0, 0, 62),
(214, 8, 12, 3, 35, 14, 0, 0, 0, 0, 0, 0, 0, 69),
(215, 8, 12, 3, 40, 17, 0, 0, 0, 0, 0, 0, 0, 56),
(216, 8, 12, 3, 40, 17, 0, 0, 0, 0, 0, 0, 0, 71),
(229, 7, 11, 3, 35, 14, 0, 0, 0, 0, 0, 0, 0, 74),
(230, 7, 11, 3, 35, 14, 0, 0, 0, 0, 0, 0, 0, 75),
(231, 7, 11, 3, 35, 14, 0, 0, 0, 0, 0, 0, 0, 76),
(232, 7, 11, 3, 35, 14, 0, 0, 0, 0, 0, 0, 0, 77),
(233, 8, 12, 3, 35, 14, 0, 0, 0, 0, 0, 0, 0, 74),
(234, 8, 12, 3, 35, 14, 0, 0, 0, 0, 0, 0, 0, 75),
(235, 8, 12, 3, 35, 14, 0, 0, 0, 0, 0, 0, 0, 76),
(236, 8, 12, 3, 35, 14, 0, 0, 0, 0, 0, 0, 0, 77),
(237, 7, 11, 3, 35, 14, 0, 0, 0, 0, 0, 0, 0, 78),
(238, 8, 12, 3, 35, 14, 0, 0, 0, 0, 0, 0, 0, 78),
(241, 8, 12, 3, 40, 18, 0, 0, 0, 0, 0, 0, 0, 58),
(243, 8, 12, 3, 40, 18, 0, 0, 0, 0, 0, 0, 0, 64),
(245, 8, 12, 3, 40, 18, 0, 0, 0, 0, 0, 0, 0, 53),
(246, 8, 12, 3, 40, 18, 0, 0, 0, 0, 0, 0, 0, 55),
(247, 7, 11, 3, 40, 18, 0, 0, 0, 0, 0, 0, 0, 58),
(248, 7, 11, 3, 40, 18, 0, 0, 0, 0, 0, 0, 0, 55),
(249, 7, 11, 3, 40, 18, 0, 0, 0, 0, 0, 0, 0, 59),
(252, 7, 11, 3, 40, 18, 0, 0, 0, 0, 0, 0, 0, 79),
(253, 8, 12, 3, 40, 18, 0, 0, 0, 0, 0, 0, 0, 79),
(254, 7, 11, 3, 40, 18, 0, 0, 0, 0, 0, 0, 0, 64),
(255, 8, 12, 3, 40, 18, 0, 0, 0, 0, 0, 0, 0, 59),
(261, 8, 12, 3, 40, 19, 0, 0, 0, 0, 0, 0, 0, 80),
(262, 7, 11, 3, 40, 19, 0, 0, 0, 0, 0, 0, 0, 80),
(264, 5, 7, 3, 37, 5, 0, 0, 0, 0, 0, 0, 0, 49),
(268, 5, 7, 3, 30, 11, 0, 0, 0, 0, 0, 0, 0, 57),
(269, 5, 7, 3, 30, 12, 0, 0, 0, 0, 0, 0, 0, 61),
(270, 5, 6, 3, 30, 11, 0, 0, 0, 0, 0, 0, 0, 57),
(271, 5, 6, 3, 30, 12, 0, 0, 0, 0, 0, 0, 0, 61),
(273, 5, 7, 3, 33, 15, 0, 0, 0, 0, 0, 0, 0, 13),
(275, 5, 6, 3, 33, 15, 0, 0, 0, 0, 0, 0, 0, 13),
(276, 5, 7, 3, 35, 13, 0, 0, 0, 0, 0, 0, 0, 60),
(277, 5, 7, 3, 35, 14, 0, 0, 0, 0, 0, 0, 0, 69),
(278, 5, 6, 3, 35, 13, 0, 0, 0, 0, 0, 0, 0, 60),
(279, 5, 6, 3, 35, 14, 0, 0, 0, 0, 0, 0, 0, 69),
(280, 5, 7, 3, 36, 6, 0, 0, 0, 0, 0, 0, 0, 13),
(282, 5, 6, 3, 36, 6, 0, 0, 0, 0, 0, 0, 0, 13),
(289, 7, 11, 3, 35, 14, 0, 0, 0, 0, 0, 0, 0, 81),
(290, 8, 12, 3, 35, 14, 0, 0, 0, 0, 0, 0, 0, 81),
(293, 6, 9, 3, 36, 6, 0, 0, 0, 0, 0, 0, 0, 63),
(294, 7, 11, 3, 36, 6, 0, 0, 0, 0, 0, 0, 0, 63),
(295, 8, 12, 3, 36, 6, 0, 0, 0, 0, 0, 0, 0, 63),
(296, 6, 9, 3, 41, 20, 0, 0, 0, 0, 0, 0, 0, 83),
(297, 7, 11, 3, 41, 20, 0, 0, 0, 0, 0, 0, 0, 83),
(298, 8, 12, 3, 41, 20, 0, 0, 0, 0, 0, 0, 0, 83),
(299, 6, 9, 3, 35, 14, 0, 0, 0, 0, 0, 0, 0, 82),
(300, 7, 11, 3, 35, 14, 0, 0, 0, 0, 0, 0, 0, 82),
(301, 8, 12, 3, 35, 14, 0, 0, 0, 0, 0, 0, 0, 82),
(302, 6, 9, 3, 36, 6, 0, 0, 0, 0, 0, 0, 0, 84),
(303, 7, 11, 3, 36, 6, 0, 0, 0, 0, 0, 0, 0, 84),
(304, 8, 12, 3, 36, 6, 0, 0, 0, 0, 0, 0, 0, 84),
(305, 5, 7, 3, 41, 20, 0, 0, 0, 0, 0, 0, 0, 83),
(306, 5, 6, 3, 41, 20, 0, 0, 0, 0, 0, 0, 0, 83),
(307, 5, 8, 3, 41, 20, 0, 0, 0, 0, 0, 0, 0, 83),
(308, 6, 9, 3, 36, 6, 0, 0, 0, 0, 0, 0, 0, 85),
(309, 7, 11, 3, 36, 6, 0, 0, 0, 0, 0, 0, 0, 85),
(310, 8, 12, 3, 36, 6, 0, 0, 0, 0, 0, 0, 0, 85),
(313, 7, 11, 3, 40, 19, 0, 0, 0, 0, 0, 0, 0, 86),
(314, 8, 12, 3, 40, 19, 0, 0, 0, 0, 0, 0, 0, 86),
(316, 7, 11, 3, 40, 19, 0, 0, 0, 0, 0, 0, 0, 87),
(317, 8, 12, 3, 40, 19, 0, 0, 0, 0, 0, 0, 0, 87),
(337, 11, 15, 3, 36, 6, 0, 0, 0, 0, 0, 0, 0, 13),
(338, 11, 14, 3, 36, 6, 0, 0, 0, 0, 0, 0, 0, 13),
(339, 6, 9, 3, 35, 14, 0, 0, 0, 0, 0, 0, 0, 88),
(340, 7, 11, 3, 35, 14, 0, 0, 0, 0, 0, 0, 0, 88),
(341, 8, 12, 3, 35, 14, 0, 0, 0, 0, 0, 0, 0, 88),
(342, 12, 16, 3, 37, 5, 0, 0, 0, 0, 0, 0, 0, 49),
(343, 12, 16, 3, 35, 14, 0, 0, 0, 0, 0, 0, 0, 88),
(344, 12, 16, 3, 35, 14, 0, 0, 0, 0, 0, 0, 0, 81),
(345, 12, 16, 3, 35, 14, 0, 0, 0, 0, 0, 0, 0, 78),
(346, 12, 16, 3, 35, 14, 0, 0, 0, 0, 0, 0, 0, 77),
(347, 12, 16, 3, 35, 14, 0, 0, 0, 0, 0, 0, 0, 76),
(348, 12, 16, 3, 35, 14, 0, 0, 0, 0, 0, 0, 0, 75),
(349, 12, 16, 3, 35, 14, 0, 0, 0, 0, 0, 0, 0, 74),
(350, 12, 16, 3, 35, 14, 0, 0, 0, 0, 0, 0, 0, 69),
(351, 12, 16, 3, 35, 14, 0, 0, 0, 0, 0, 0, 0, 82),
(354, 7, 11, 3, 40, 19, 0, 0, 0, 0, 0, 0, 0, 89),
(355, 8, 12, 3, 40, 19, 0, 0, 0, 0, 0, 0, 0, 89),
(356, 5, 6, 3, 30, 1, 0, 0, 0, 0, 0, 0, 0, 13),
(359, 13, 17, 3, 37, 5, 0, 0, 0, 0, 0, 0, 0, 49),
(360, 13, 17, 3, 36, 6, 0, 0, 0, 0, 0, 0, 0, 85),
(361, 14, 18, 3, 37, 5, 0, 0, 0, 0, 0, 0, 0, 49),
(362, 13, 17, 3, 40, 18, 0, 0, 0, 0, 0, 0, 0, 58),
(363, 14, 18, 3, 40, 18, 0, 0, 0, 0, 0, 0, 0, 58),
(364, 15, 19, 3, 37, 5, 0, 0, 0, 0, 0, 0, 0, 49),
(365, 8, 12, 3, 40, 18, 0, 0, 0, 0, 0, 0, 0, 58),
(366, 15, 19, 3, 40, 18, 0, 0, 0, 0, 0, 0, 0, 58),
(367, 16, 20, 3, 37, 5, 0, 0, 0, 0, 0, 0, 0, 49),
(368, 17, 21, 3, 37, 5, 0, 0, 0, 0, 0, 0, 0, 49),
(369, 17, 21, 3, 35, 14, 0, 0, 0, 0, 0, 0, 0, 73),
(370, 17, 21, 3, 35, 14, 0, 0, 0, 0, 0, 0, 0, 76),
(371, 18, 22, 3, 35, 13, 0, 0, 0, 0, 0, 0, 0, 60),
(372, 19, 23, 3, 37, 5, 0, 0, 0, 0, 0, 0, 0, 49);

-- --------------------------------------------------------

--
-- Table structure for table `asset`
--

CREATE TABLE `asset` (
  `id_asset` int(11) NOT NULL,
  `kode_asset` varchar(50) DEFAULT NULL,
  `nama_asset` varchar(50) DEFAULT NULL,
  `description` varchar(200) DEFAULT NULL,
  `nilai_perolehan` varchar(50) DEFAULT NULL,
  `tanggal_perolehan` date DEFAULT NULL,
  `qty` varchar(50) DEFAULT NULL,
  `reff_invoice` varchar(50) DEFAULT NULL,
  `id_tg` varchar(11) DEFAULT NULL,
  `id_tt` varchar(11) DEFAULT NULL,
  `id_jenis_pengajuan` varchar(50) DEFAULT NULL,
  `id_branch` varchar(50) DEFAULT NULL,
  `id_devisi` varchar(50) DEFAULT NULL,
  `id_departement` varchar(50) DEFAULT NULL,
  `id_asset_location` varchar(50) DEFAULT NULL,
  `id_group_asset` varchar(50) DEFAULT NULL,
  `id_category_type` varchar(50) DEFAULT NULL,
  `id_category_asset` varchar(50) DEFAULT NULL,
  `id_vendor` varchar(50) DEFAULT NULL,
  `id_user` varchar(50) DEFAULT NULL,
  `id_app` varchar(11) DEFAULT NULL,
  `id_employee` varchar(11) DEFAULT NULL,
  `id_uniq` varchar(20) DEFAULT NULL,
  `status` enum('draft','waiting','approved','rejected','recheck','confirmed') DEFAULT NULL,
  `id_real_asset` varchar(11) NOT NULL,
  `id_tmp_asset` varchar(11) NOT NULL,
  `fleg` varchar(11) NOT NULL
) ENGINE=InnoDB DEFAULT CHARSET=utf8mb4 COLLATE=utf8mb4_general_ci;

--
-- Dumping data for table `asset`
--

INSERT INTO `asset` (`id_asset`, `kode_asset`, `nama_asset`, `description`, `nilai_perolehan`, `tanggal_perolehan`, `qty`, `reff_invoice`, `id_tg`, `id_tt`, `id_jenis_pengajuan`, `id_branch`, `id_devisi`, `id_departement`, `id_asset_location`, `id_group_asset`, `id_category_type`, `id_category_asset`, `id_vendor`, `id_user`, `id_app`, `id_employee`, `id_uniq`, `status`, `id_real_asset`, `id_tmp_asset`, `fleg`) VALUES
(162, '', '', '', '', '2025-03-20', '', 'L0001', '11', '15', '3', '', '36', '6', '', '1', '', '', '4', '49', '321', '', '0001', 'approved', '', '', ''),
(163, '', '', '', '', '2025-03-25', '', 'TESSS 0001', '11', '15', '3', '', '36', '6', '', '1', '', '', '4', '49', '321', '', '0002', 'approved', '', '', ''),
(164, '', '', '', '', '2025-05-08', '', 'Tes keedua ', '11', '7', '3', '', '36', '6', '', '1', '', '', '4', '49', '337', '', '0003', 'draft', '', '', ''),
(165, '', '', '', '', '2025-06-25', '', 'Tes', '11', '7', '3', '', '36', '6', '', '1', '', '', '4', '61', '337', '', '0004', 'draft', '', '', ''),
(166, '', 'RTRTT', '-', 'Rp 6,000,000', '2025-07-14', '1', '', '11', '15', '3', '2', '36', '', '5', '1', '7', '', '4', '49', '', '', '0005', 'waiting', '', '', ''),
(167, '', 'ERTERT', 'R', 'Rp 343,435', '2025-07-14', '1', '', '11', '15', '3', '2', '36', '', '5', '1', '7', '', '4', '49', '', '', '0006', 'waiting', '', '', ''),
(168, '', '', '', '', '2025-07-14', '', 'FFGDF', '11', '15', '3', '', '36', '', '', '1', '', '', '4', '49', '', '', '0007', 'waiting', '', '', ''),
(169, '', '', '', '', '2025-07-14', '', 'DGDFGFDG', '11', '7', '3', '', '36', '', '', '1', '', '', '4', '49', '', '', '0008', 'waiting', '', '', ''),
(170, '', 'RTYRTYRT', 'TRY', 'Rp 1,234,566', '2025-07-14', '1', 'TRYRY', '11', '7', '3', '2', '36', '6', '5', '1', '7', '', '4', '49', '', '', '0009', 'waiting', '', '', ''),
(171, '', '', '', '', '2025-07-14', '', 'WREERTRET', '11', '7', '3', '', '36', '6', '', '1', '', '', '4', '49', '', '', '0010', 'waiting', '', '', '');

-- --------------------------------------------------------

--
-- Table structure for table `asset_h`
--

CREATE TABLE `asset_h` (
  `id_asset_h` int(11) NOT NULL,
  `id_asset_m` int(11) NOT NULL,
  `id_category_type` int(11) DEFAULT NULL,
  `id_item_asset` int(11) DEFAULT NULL,
  `id_tg` int(11) DEFAULT NULL,
  `tgl` timestamp NOT NULL DEFAULT current_timestamp() ON UPDATE current_timestamp(),
  `id_user` int(11) NOT NULL,
  `id_tt` int(11) NOT NULL,
  `id_jenis_pengajuan` int(11) NOT NULL,
  `id_devisi` int(11) NOT NULL,
  `id_departement` int(11) NOT NULL,
  `id_app` int(11) NOT NULL,
  `description` varchar(500) NOT NULL,
  `hm` varchar(50) NOT NULL,
  `status` enum('Draft','waiting','approved','rejected','recheck','confirmed') NOT NULL,
  `fleg` varchar(100) NOT NULL,
  `id_uniq` varchar(100) NOT NULL,
  `id_uniq1` text DEFAULT NULL
) ENGINE=InnoDB DEFAULT CHARSET=utf8mb4 COLLATE=utf8mb4_general_ci;

--
-- Dumping data for table `asset_h`
--

INSERT INTO `asset_h` (`id_asset_h`, `id_asset_m`, `id_category_type`, `id_item_asset`, `id_tg`, `tgl`, `id_user`, `id_tt`, `id_jenis_pengajuan`, `id_devisi`, `id_departement`, `id_app`, `description`, `hm`, `status`, `fleg`, `id_uniq`, `id_uniq1`) VALUES
(1, 4, 7, 134, NULL, '2026-02-12 04:41:33', 0, 0, 3, 37, 5, 0, 'Tes lagi ya ok', '', 'Draft', '', '0004', NULL);

-- --------------------------------------------------------

--
-- Table structure for table `asset_location`
--

CREATE TABLE `asset_location` (
  `id_asset_location` int(11) NOT NULL,
  `id_jenis_pengajuan` int(11) DEFAULT NULL,
  `id_branch` int(11) DEFAULT NULL,
  `asset_location_code` varchar(50) NOT NULL,
  `description` varchar(200) NOT NULL,
  `tools` varchar(100) NOT NULL
) ENGINE=InnoDB DEFAULT CHARSET=utf8mb4 COLLATE=utf8mb4_general_ci;

--
-- Dumping data for table `asset_location`
--

INSERT INTO `asset_location` (`id_asset_location`, `id_jenis_pengajuan`, `id_branch`, `asset_location_code`, `description`, `tools`) VALUES
(2, 3, 1, 'RM 1', 'Non Tools', 'Non Tools'),
(4, 3, 1, 'RM 2', 'Non Tools', 'Non Tools'),
(5, 3, 2, 'RM 1', 'Ruang Tamu 2 di JKT', 'Non Tools'),
(6, 3, 2, 'RM 2', 'Ruang Tamu 1 di JKT', 'Non Tools'),
(7, 3, 3, 'RM 1', 'Ruang Tamu 1 di BPN', 'Non Tools'),
(8, 3, 3, 'RM 2', 'Ruang Tamu 1 di BPN', 'Non Tools'),
(9, 3, 2, 'BOX 1', 'GUDANG JKT 1', 'Tools');

-- --------------------------------------------------------

--
-- Table structure for table `asset_m`
--

CREATE TABLE `asset_m` (
  `id_asset_m` int(11) NOT NULL,
  `transaction_date` date DEFAULT NULL,
  `id_category_type` int(11) DEFAULT NULL,
  `id_item_asset` int(11) DEFAULT NULL,
  `id_tg` int(11) DEFAULT NULL,
  `tgl` timestamp NOT NULL DEFAULT current_timestamp() ON UPDATE current_timestamp(),
  `id_user` int(11) NOT NULL,
  `id_tt` int(11) NOT NULL,
  `id_jenis_pengajuan` int(11) NOT NULL,
  `id_devisi` int(11) NOT NULL,
  `id_departement` int(11) NOT NULL,
  `id_app` int(11) NOT NULL,
  `description` varchar(500) NOT NULL,
  `hm` varchar(50) NOT NULL,
  `status` enum('Draft','waiting','approved','rejected','recheck','confirmed') NOT NULL,
  `fleg` varchar(100) NOT NULL,
  `id_uniq` varchar(100) NOT NULL,
  `id_uniq1` text DEFAULT NULL
) ENGINE=InnoDB DEFAULT CHARSET=utf8mb4 COLLATE=utf8mb4_general_ci;

--
-- Dumping data for table `asset_m`
--

INSERT INTO `asset_m` (`id_asset_m`, `transaction_date`, `id_category_type`, `id_item_asset`, `id_tg`, `tgl`, `id_user`, `id_tt`, `id_jenis_pengajuan`, `id_devisi`, `id_departement`, `id_app`, `description`, `hm`, `status`, `fleg`, `id_uniq`, `id_uniq1`) VALUES
(1, NULL, 7, 138, 16, '2026-02-11 04:08:37', 49, 23, 3, 37, 5, 372, '', '', 'waiting', '', '0001', NULL),
(2, NULL, 7, 138, 16, '2026-02-11 04:11:16', 49, 23, 3, 37, 5, 372, '', '', 'waiting', '', '0002', NULL),
(3, NULL, 7, 138, 16, '2026-02-11 04:13:25', 49, 23, 3, 37, 5, 372, 'TES 0003', '', 'waiting', '', '0003', NULL),
(4, NULL, 7, 134, 16, '2026-02-12 04:41:33', 49, 23, 3, 37, 5, 372, 'Tes lagi ya ok', '', 'approved', '', '0004', NULL),
(5, NULL, 7, 138, 16, '2026-02-11 08:49:59', 49, 23, 3, 37, 5, 372, 'efwfewfe', '', 'waiting', '', '0005', NULL),
(6, NULL, 7, 138, 19, '2026-02-13 01:34:36', 49, 23, 3, 37, 5, 372, 'APA AJA YANG PENTING TES DULU', '', 'approved', '', '0006', NULL),
(8, NULL, 7, 138, 19, '2026-02-25 02:42:35', 49, 23, 3, 37, 5, 372, 'ok', '', 'Draft', '', '0007', NULL),
(9, NULL, 7, 138, 19, '2026-02-25 03:56:33', 79, 23, 3, 40, 18, 0, 'tes', '', 'waiting', '', '', NULL),
(10, NULL, 7, 138, 19, '2026-02-25 03:57:41', 79, 23, 3, 40, 18, 0, 'tes', '', 'waiting', '', '', NULL),
(11, NULL, 7, 138, 19, '2026-02-25 03:59:45', 79, 23, 3, 40, 18, 0, 'tes', '', 'waiting', '', '', NULL),
(12, NULL, 7, 138, 19, '2026-02-25 04:01:17', 79, 23, 3, 40, 18, 0, 'tes', '', 'waiting', '', '', NULL),
(13, NULL, 7, 138, 19, '2026-02-25 04:01:58', 79, 23, 3, 40, 18, 0, 'tes', '', 'waiting', '', '', NULL),
(14, NULL, 7, 138, 19, '2026-02-25 04:02:13', 79, 23, 3, 40, 18, 0, 'tes', '', 'waiting', '', '', NULL),
(15, NULL, 7, 138, 19, '2026-02-25 04:03:15', 79, 23, 3, 40, 18, 0, 'fvdfgfdgf', '', 'waiting', '', '', NULL),
(16, NULL, 7, 135, 19, '2026-02-25 04:03:55', 79, 23, 3, 40, 18, 0, 'vvdbb', '', '', '', '', NULL),
(17, NULL, 7, 135, 19, '2026-02-25 04:05:19', 79, 23, 3, 40, 18, 0, 'dvfvfvb', '', '', '', '', NULL),
(18, NULL, 7, 135, 19, '2026-02-25 04:05:27', 79, 23, 3, 40, 18, 0, 'dfbdbdb', '', '', '', '', NULL),
(19, NULL, 7, 138, 19, '2026-02-25 04:18:09', 79, 23, 3, 40, 18, 0, 'ttrhrttrh', '', '', '', '', NULL),
(20, '2026-02-25', 7, 138, NULL, '2026-02-25 06:57:51', 0, 0, 0, 0, 0, 0, 'okrthrth', '', 'Draft', '', '', NULL),
(21, '2026-02-25', 7, 135, 19, '2026-02-25 07:22:22', 0, 23, 3, 40, 18, 0, 'okkkkkkk', '', 'Draft', '', '0008', NULL),
(22, '2026-02-25', 7, 136, 19, '2026-02-25 08:08:38', 79, 23, 3, 40, 18, 0, 'sadasfd', '', 'approved', '', '0009', NULL),
(23, '2026-02-25', 7, 138, 19, '2026-02-25 08:30:52', 79, 23, 3, 40, 18, 0, 'ok', '', 'approved', '', '0010', NULL),
(24, '2026-02-25', 7, 138, 19, '2026-02-25 08:31:57', 79, 23, 3, 40, 18, 0, 'ok', '', 'approved', '', '0011', NULL),
(25, '2026-02-26', 7, 136, 19, '2026-02-25 08:48:10', 79, 23, 3, 40, 18, 0, 'okkk', '', 'approved', '', '0012', NULL);

-- --------------------------------------------------------

--
-- Table structure for table `atc`
--

CREATE TABLE `atc` (
  `id_atc` int(11) NOT NULL,
  `id_spp` int(11) NOT NULL,
  `id_user` int(11) NOT NULL,
  `nama_atc` varchar(100) NOT NULL,
  `document` varchar(225) NOT NULL,
  `deskripsi` varchar(1000) NOT NULL
) ENGINE=InnoDB DEFAULT CHARSET=utf8mb4 COLLATE=utf8mb4_general_ci;

--
-- Dumping data for table `atc`
--

INSERT INTO `atc` (`id_atc`, `id_spp`, `id_user`, `nama_atc`, `document`, `deskripsi`) VALUES
(96, 318, 54, 'PKS ', '6718a187cbd72.pdf', ''),
(97, 318, 54, 'PKS ', '6718a1a21b03a.pdf', ''),
(98, 316, 60, 'PRICE COMPARISON', '6718a2ee0d740.pdf', 'PRICE COMPARISON TOOLS'),
(99, 316, 60, 'RINCIAN TOOLS', '6718a369471b2.pdf', 'RINCIAN TOOLS TOKOPEDIA'),
(100, 321, 59, 'Penawaran Genset dari BMG - Revisi (nego)', '6721a9849c6e3.pdf', 'Penawaran Harga dari BMG untuk Genset 180KVA Silent'),
(101, 321, 59, 'Spec Genset 180KVA', '6721a9e3da617.pdf', 'Spec Genset 180KVA dari BMG'),
(102, 321, 59, 'Costcal Penjualan Sunward ke Adhipatama', '6721ac437f4a1.pdf', 'Cost Cal Penjualan Sunward ke Adhipatama (4 unit) '),
(103, 322, 59, 'Penawaran Harga HX210HD ', '6722ddc202539.pdf', 'Penawaran Harga untuk 3 x HX210HD; 30 Nov 2024'),
(104, 323, 60, 'RINCIAN TOOLS', '672d91d67f806.pdf', 'RINCIAN TOOLS TOKOPEDIA'),
(105, 323, 60, 'PRICE COMPARISON', '672dab5c40d46.pdf', 'PRICE COMPARISON TOOLS'),
(106, 327, 58, 'Tokopedia Ruijie Indonesia Official Store', '6736a32a54334.png', 'Harga dari Tokopedia Ruijie Indonesia Official Store'),
(107, 328, 58, 'Harga Promo Tokopedia', '674d5b9d0123a.pdf', ''),
(108, 331, 59, 'Penawaran biaya mobilisasi dari 2 Vendor (MAS dan Siberat)', '67690e827dc8a.pdf', 'Penawaran biaya mobilisasi dari 2 Vendor (MAS dan Siberat)'),
(109, 332, 59, 'Penawaran Harga HX210HD - (5 unit - Dec)', '6772735ce118e.pdf', 'Penawaran Harga HX210HD - (5 unit - Dec)'),
(110, 333, 57, 'Lampiran Pembelian LG TV 50 Inch - Tokopedia', '677de7fccef1b.pdf', ''),
(111, 334, 57, 'Lampiran Harga Sarung Jok Mobil Innova Reborn by Tokopedia', '677f4c415eae2.pdf', ''),
(112, 335, 57, 'LAMPIRAN LAPTOP ADMIN BPN - LENOVO V15 i3-1215U 8GB BY TOKOPEDIA', '677f84d05fd7c.pdf', ''),
(114, 335, 57, 'LAMPIRAN LAPTOP MECHANIC SUPPORT SPV BPN- LENOVO V14 i5-13420H UP 16GB BY TOKOPEDIA', '677f8519918c8.pdf', ''),
(118, 0, 73, 'FDFSDF', '67f4b1e88f0db.pdf', 'DSFDSF'),
(119, 349, 49, 'PERCOBAAN RECHECK SEBAGAI CONTOH PEMBUATAN SPPD', '682d6d544efe3.jpg', 'PERCOBAAN RECHECK SEBAGAI CONTOH PEMBUATAN SPPD'),
(120, 358, 49, 'OKE YA', '683d765e4af9b.jpg', 'OK'),
(121, 363, 49, 'TES SAJA', '698e89fb04d8e.jpeg', 'TES SAJA');

-- --------------------------------------------------------

--
-- Table structure for table `atc1`
--

CREATE TABLE `atc1` (
  `id_atc1` int(11) NOT NULL,
  `id_overtime` int(11) NOT NULL,
  `id_user` int(11) NOT NULL,
  `nama_atc` varchar(100) NOT NULL,
  `document` varchar(225) NOT NULL,
  `deskripsi` varchar(1000) NOT NULL
) ENGINE=InnoDB DEFAULT CHARSET=utf8mb4 COLLATE=utf8mb4_general_ci;

--
-- Dumping data for table `atc1`
--

INSERT INTO `atc1` (`id_atc1`, `id_overtime`, `id_user`, `nama_atc`, `document`, `deskripsi`) VALUES
(1, 1, 49, 'Tes overtime', '67359a43a4155.png', 'Tes overtime'),
(2, 2, 49, 'Tes overtime 2', '6735a11aea077.png', 'Tes overtime 2'),
(3, 3, 49, 'Tes overtime 3', '6735a9dd2840a.png', 'Tes overtime 3'),
(4, 4, 49, 'Tes overtime 4', '6735b02e754a2.png', 'Tes overtime 4'),
(5, 5, 49, 'Tes overtime 5', '6735b0da416b3.png', 'Tes overtime 5'),
(7, 7, 49, 'Tes overtime 7', '6735b3338b749.png', 'Tes overtime 7'),
(8, 8, 49, 'Tes overtime by Randy Saluman', '673be792895d0.png', 'Tes overtime by Randy Saluman'),
(9, 12, 63, 'ABSEN', '674d8621d2c03.jpeg', 'ABSEN'),
(10, 13, 62, 'Surat Sakit Alvareza', '674dc79401c33.jpg', 'Surat Sakit Alvareza'),
(11, 14, 63, 'ABSEN', '675112a3096f7.jpeg', 'ABSEN'),
(12, 15, 77, 'Form overtime manual', '6751154c10c1b.jpeg', ''),
(13, 16, 74, 'Overtime to yesterday ', '675116d4c9469.jpg', '');

-- --------------------------------------------------------

--
-- Table structure for table `atc2`
--

CREATE TABLE `atc2` (
  `id_atc2` int(11) NOT NULL,
  `id_izin` int(11) NOT NULL,
  `id_user` int(11) NOT NULL,
  `nama_atc` varchar(100) NOT NULL,
  `document` varchar(225) NOT NULL,
  `deskripsi` varchar(1000) NOT NULL
) ENGINE=InnoDB DEFAULT CHARSET=utf8mb4 COLLATE=utf8mb4_general_ci;

--
-- Dumping data for table `atc2`
--

INSERT INTO `atc2` (`id_atc2`, `id_izin`, `id_user`, `nama_atc`, `document`, `deskripsi`) VALUES
(1, 1, 49, 'tes', '6740296ede7d2.png', 'tes'),
(2, 2, 49, 'Tes 2', '67403007d2f5f.png', 'Tes 2'),
(3, 3, 49, 'Tes 3', '674031169e26c.png', 'Tes 3'),
(4, 3, 49, 'Tes 31', '6740312c35461.png', 'Tes 31'),
(5, 6, 60, 'Surat Sakit - Adella S', '674d851b1ba9f.pdf', 'Surat Sakit - Adella S'),
(6, 7, 62, 'SURAT SAKIT - ALVAREZA SEPTIAN F', '674dc5289409c.jpg', 'SURAT SAKIT - ALVAREZA SEPTIAN F'),
(7, 7, 62, 'Surat Sakit Alvareza', '674dc8f33ae43.jpeg', 'Surat Sakit Alvareza'),
(8, 9, 60, 'Surat Sakit - Adella S', '674ecb9c358b6.pdf', 'Surat Sakit Adella S'),
(9, 18, 55, 'BUKTI SURAT TERIMA', '67653abd304ff.jpeg', 'BUKTI SURAT TERIMA'),
(10, 27, 64, 'Surat Dokter', '67774f8d1080f.jpg', ''),
(14, 34, 49, 'ssss', '682556ae94609.png', 'essss');

-- --------------------------------------------------------

--
-- Table structure for table `atc3`
--

CREATE TABLE `atc3` (
  `id_atc3` int(11) NOT NULL,
  `id_cuti` int(11) NOT NULL,
  `id_user` int(11) NOT NULL,
  `nama_atc` varchar(100) NOT NULL,
  `document` varchar(225) NOT NULL,
  `deskripsi` varchar(1000) NOT NULL
) ENGINE=InnoDB DEFAULT CHARSET=utf8mb4 COLLATE=utf8mb4_general_ci;

--
-- Dumping data for table `atc3`
--

INSERT INTO `atc3` (`id_atc3`, `id_cuti`, `id_user`, `nama_atc`, `document`, `deskripsi`) VALUES
(1, 1, 49, 'Tes Leave', '674fc5e6b57fe.png', 'Tes Leave'),
(2, 19, 49, 'OKE GAS TAMBAH DUA', '6882de8e36eb8.png', 'OKE GAS TAMBAH DUA'),
(3, 20, 49, 'Tess', '6889bf3e666ae.png', 'OK'),
(4, 24, 49, 'MARI KITA COBA DULU', '688ac78f04fd9.png', 'MARI KITA COBA DULU'),
(5, 25, 49, 'TES YA BRO 111', '688b13ea1521b.png', 'TES YA BRO 111'),
(6, 26, 49, 'CUTI MENIKAH', '688b202abfc33.png', 'CUTI MENIKAH'),
(7, 27, 49, 'CUTI KARENA MENIKAH', '688b20e76335c.png', 'CUTI KARENA MENIKAH'),
(8, 28, 49, 'CUTI KARENA MENIKAH', '688b21798c933.png', 'CUTI KARENA MENIKAH'),
(9, 29, 49, 'ok', '688b293fbda5f.png', 'okkpp'),
(10, 30, 49, 'OKE OCE AJA YA', '688b2d753dba1.jpeg', 'OKE OCE AJA YA'),
(11, 39, 49, 'Tes dulu ya', '688c17df8ed9e.png', 'Tes dulu ya'),
(14, 40, 49, 'tess', '688c2c4ed1ca3.png', 'sdssdsf'),
(15, 41, 49, 'ok', '688c37e003ded.jpg', 'ok'),
(16, 42, 49, 'Tess', '68900cbb503e3.png', 'TES'),
(17, 43, 49, 'Mari kita tes lagi ya...', '68902c9e9e202.jpg', 'Mari kita tes lagi ya...'),
(18, 67, 49, 'sfgsfg', '6892c8d952cb3.png', 'sfgsfg'),
(19, 69, 49, 'safsaf', '6892ca8d17e00.png', 'efwef'),
(20, 70, 49, 'efew', '6892cb3f38adc.png', 'sfsdf'),
(21, 72, 49, '87o7o', '6892cce269211.png', '7o7o'),
(22, 73, 49, 'Tess', '6893fd5fc9e88.png', 'sdfsf'),
(23, 74, 49, 'srgfg', '68940a816ccbf.jpg', 'dfgg'),
(24, 77, 49, 'tesss', '689463ab9b745.jpg', 'tesss'),
(25, 78, 49, 'efwef', '68996732a089b.jpeg', 'dfs'),
(26, 79, 49, 'sfdsf', '68996a8cb1bff.pdf', 'sdfsf'),
(27, 80, 49, 'rtrtrt', '68997005df2e8.jpeg', 'rtrtrt'),
(28, 81, 49, 'fdhdffdh', '6899965896211.jpeg', 'dhdfhfdh'),
(29, 82, 49, 'zxxv', '689996ef6c159.png', 'xzvzv'),
(30, 83, 49, 'dfgdg', '68999846dbf84.jpeg', 'dgdg'),
(31, 84, 49, 'fdfdfdf', '689999285d446.png', 'fdfdfdf'),
(32, 85, 49, 'TESSS 0001', '6899a715621c6.jpeg', 'TESSS 0001'),
(33, 86, 49, 'liuliu', '6899aba971c5c.jpeg', 'iululul'),
(34, 87, 49, 'TESSS 0003333', '6899acb4c1b18.jpeg', 'TESSS 0003333'),
(35, 88, 49, 'yuyy', '6899b1117b5d3.png', 'yuyy'),
(36, 89, 49, 'adad', '689aa4e85a5a9.png', 'rergt'),
(37, 90, 49, 'TES DULU YA BROOO', '689aba27b1578.png', 'TES DULU YA BROOO'),
(38, 91, 49, 'wew', '689adee93d0fa.png', 'wewe'),
(39, 92, 49, 'xvcvv', '689ae707e7358.png', 'ddsvs'),
(40, 93, 49, 'xcvxv', '689ae7c701579.png', 'vcv'),
(41, 94, 49, 'zczc', '689ae890d8c31.png', 'zczc'),
(42, 95, 49, 'tjtj', '689aeb571c9d1.png', 'tj'),
(43, 96, 49, 'rthtrh', '689aed256d909.png', 'rthrh'),
(44, 97, 49, 'fdhdh', '689aeeb67f7b6.png', 'gdhdghd'),
(45, 98, 49, 'fghfgh', '689af0331fe63.png', 'fghfh'),
(46, 99, 49, 'dhdh', '689af0d021b2b.png', 'fhfh'),
(47, 100, 49, 'gnfng', '689af1302a64e.png', 'vbvn'),
(48, 101, 49, 'ryry', '689af2fa6cc3b.png', 'yryr'),
(49, 102, 49, 'gtgtr', '689afbef2b051.png', 'ethteh'),
(50, 103, 49, 'fsdsdf', '689b05d4b13d7.png', 'fdgdg'),
(51, 104, 49, 'okokoooooo', '689b0a1e3ba3a.png', 'okokoooooo'),
(52, 105, 49, 'SFV', '689b0b6d0795a.png', 'SV'),
(53, 106, 49, 'fddbd', '689b0e3069a9d.png', 'svsv'),
(54, 107, 49, 'TESSS ', '689b0ed6aa309.png', 'TESSS '),
(56, 108, 58, 'admin', '689ee1afb89ef.png', 'ZCZB');

-- --------------------------------------------------------

--
-- Table structure for table `atc4`
--

CREATE TABLE `atc4` (
  `id_atc4` int(11) NOT NULL,
  `id_atc3` int(11) NOT NULL,
  `id_cuti` int(11) NOT NULL,
  `id_cuti_c` int(11) NOT NULL,
  `id_user` int(11) NOT NULL,
  `nama_atc` varchar(100) NOT NULL,
  `document` varchar(225) NOT NULL,
  `deskripsi` varchar(1000) NOT NULL
) ENGINE=InnoDB DEFAULT CHARSET=utf8mb4 COLLATE=utf8mb4_general_ci;

--
-- Dumping data for table `atc4`
--

INSERT INTO `atc4` (`id_atc4`, `id_atc3`, `id_cuti`, `id_cuti_c`, `id_user`, `nama_atc`, `document`, `deskripsi`) VALUES
(1, 0, 67, 0, 49, 'sfgsfg', '6892c8d952cb3.png', 'sfgsfg'),
(2, 0, 69, 0, 49, 'safsaf', '6892ca8d17e00.png', 'efwef'),
(3, 0, 72, 22, 49, '87o7o', '6892cce269211.png', '7o7o'),
(4, 0, 73, 23, 49, 'Tess', '6893fd5fc9e88.png', 'sdfsf'),
(5, 0, 74, 24, 49, 'srgfg', '68940a816ccbf.jpg', 'dfgg'),
(6, 0, 77, 26, 49, 'tesss', '689463ab9b745.jpg', 'tesss'),
(7, 0, 78, 27, 49, 'efwef', '68996732a089b.jpeg', 'dfs'),
(8, 0, 79, 28, 49, 'sfdsf', '68996a8cb1bff.pdf', 'sdfsf'),
(9, 0, 80, 29, 49, 'rtrtrt', '68997005df2e8.jpeg', 'rtrtrt'),
(10, 0, 81, 30, 49, 'fdhdffdh', '6899965896211.jpeg', 'dhdfhfdh'),
(11, 0, 82, 31, 49, 'zxxv', '689996ef6c159.png', 'xzvzv'),
(12, 0, 83, 32, 49, 'dfgdg', '68999846dbf84.jpeg', 'dgdg'),
(13, 0, 84, 33, 49, 'fdfdfdf', '689999285d446.png', 'fdfdfdf'),
(14, 0, 85, 35, 49, 'TESSS 0001', '6899a715621c6.jpeg', 'TESSS 0001'),
(15, 0, 86, 36, 49, 'liuliu', '6899aba971c5c.jpeg', 'iululul'),
(16, 0, 87, 37, 49, 'TESSS 0003333', '6899acb4c1b18.jpeg', 'TESSS 0003333'),
(17, 0, 88, 38, 49, 'yuyy', '6899b1117b5d3.png', 'yuyy'),
(18, 0, 89, 39, 49, 'adad', '689aa4e85a5a9.png', 'rergt'),
(19, 0, 90, 40, 49, 'TES DULU YA BROOO', '689aba27b1578.png', 'TES DULU YA BROOO'),
(20, 0, 91, 41, 49, 'wew', '689adee93d0fa.png', 'wewe'),
(21, 0, 92, 42, 49, 'xvcvv', '689ae707e7358.png', 'ddsvs'),
(22, 0, 93, 43, 49, 'xcvxv', '689ae7c701579.png', 'vcv'),
(23, 0, 94, 44, 49, 'zczc', '689ae890d8c31.png', 'zczc'),
(24, 0, 95, 45, 49, 'tjtj', '689aeb571c9d1.png', 'tj'),
(25, 0, 96, 46, 49, 'rthtrh', '689aed256d909.png', 'rthrh'),
(26, 0, 97, 47, 49, 'fdhdh', '689aeeb67f7b6.png', 'gdhdghd'),
(27, 0, 98, 48, 49, 'fghfgh', '689af0331fe63.png', 'fghfh'),
(28, 0, 99, 49, 49, 'dhdh', '689af0d021b2b.png', 'fhfh'),
(29, 0, 100, 50, 49, 'gnfng', '689af1302a64e.png', 'vbvn'),
(30, 0, 101, 51, 49, 'ryry', '689af2fa6cc3b.png', 'yryr'),
(31, 0, 102, 52, 49, 'gtgtr', '689afbef2b051.png', 'ethteh'),
(32, 0, 103, 53, 49, 'fsdsdf', '689b05d4b13d7.png', 'fdgdg'),
(33, 0, 104, 54, 49, 'okokoooooo', '689b0a1e3ba3a.png', 'okokoooooo'),
(34, 0, 105, 55, 49, 'SFV', '689b0b6d0795a.png', 'SV'),
(35, 0, 107, 56, 49, 'TESSS ', '689b0ed6aa309.png', 'TESSS '),
(36, 0, 108, 57, 58, 'admin', '689ee1afb89ef.png', 'ZCZB');

-- --------------------------------------------------------

--
-- Table structure for table `atc_asset`
--

CREATE TABLE `atc_asset` (
  `id_atc_asset` int(11) NOT NULL,
  `id_asset` int(11) NOT NULL,
  `id_item_asset` int(11) NOT NULL,
  `id_real_asset` int(11) NOT NULL,
  `id_user` int(11) NOT NULL,
  `nama_atc_asset` varchar(100) NOT NULL,
  `document` varchar(255) NOT NULL,
  `deskripsi` varchar(255) NOT NULL
) ENGINE=InnoDB DEFAULT CHARSET=utf8mb4 COLLATE=utf8mb4_general_ci;

-- --------------------------------------------------------

--
-- Table structure for table `atc_asset1`
--

CREATE TABLE `atc_asset1` (
  `id_atc_asset1` int(11) NOT NULL,
  `id_atc_asset` int(11) NOT NULL,
  `id_asset` int(11) NOT NULL,
  `id_h_asset` int(11) NOT NULL,
  `id_tmp_asset` int(11) NOT NULL,
  `id_real_asset` int(11) NOT NULL,
  `id_user` int(11) NOT NULL,
  `nama_atc_asset` varchar(100) NOT NULL,
  `document` varchar(255) NOT NULL,
  `deskripsi` varchar(255) NOT NULL
) ENGINE=InnoDB DEFAULT CHARSET=utf8mb4 COLLATE=utf8mb4_general_ci;

-- --------------------------------------------------------

--
-- Table structure for table `atc_asset_m`
--

CREATE TABLE `atc_asset_m` (
  `id_atc_asset_m` int(11) NOT NULL,
  `id_asset_m` int(11) NOT NULL,
  `id_user` int(11) NOT NULL,
  `nama_atc` varchar(100) NOT NULL,
  `document` varchar(225) NOT NULL,
  `deskripsi` varchar(1000) NOT NULL
) ENGINE=InnoDB DEFAULT CHARSET=utf8mb4 COLLATE=utf8mb4_general_ci;

--
-- Dumping data for table `atc_asset_m`
--

INSERT INTO `atc_asset_m` (`id_atc_asset_m`, `id_asset_m`, `id_user`, `nama_atc`, `document`, `deskripsi`) VALUES
(2, 1, 49, 'Tess', '698be998ced62.jpeg', 'ok'),
(3, 1, 49, 'Tess 2', '698bfffd91ead.png', 'TES LAGI YA'),
(4, 2, 49, 'Tess dulu aja ya', '698c01610625e.png', 'Tess dulu aja ya'),
(5, 3, 49, 'Tess 003', '698c01e2d34e8.png', 'Tess 003'),
(7, 4, 49, 'Tess', '698c3d0c0e255.png', 'ok'),
(8, 6, 49, 'APA AJA YANG PENTING TES DULU', '698c445e2d84a.png', 'APA AJA YANG PENTING TES DULU'),
(10, 8, 49, 'ok', '699e61998071b.png', 'ok'),
(12, 19, 79, 'ok', '699e72d8b3920.png', 'ok'),
(13, 24, 79, 'ok', '699eb33ab45d4.jpg', 'okk'),
(14, 25, 79, 'Tess', '699eb5bd8ed67.png', 'ok');

-- --------------------------------------------------------

--
-- Table structure for table `atc_sppd`
--

CREATE TABLE `atc_sppd` (
  `id_atc_sppd` int(11) NOT NULL,
  `id_sppd` int(11) NOT NULL,
  `id_user` int(11) NOT NULL,
  `nama_atc` varchar(100) NOT NULL,
  `document` varchar(225) NOT NULL,
  `deskripsi` varchar(1000) NOT NULL
) ENGINE=InnoDB DEFAULT CHARSET=utf8mb4 COLLATE=utf8mb4_general_ci;

--
-- Dumping data for table `atc_sppd`
--

INSERT INTO `atc_sppd` (`id_atc_sppd`, `id_sppd`, `id_user`, `nama_atc`, `document`, `deskripsi`) VALUES
(1, 85, 49, 'Tes', '6864a12391c75.png', 'ok'),
(2, 85, 49, 'Tes lagi', '6864a9c333777.png', 'ok'),
(3, 85, 49, 'Tes ya okk', '6864a9e43e5d9.jpeg', 'okkkk'),
(4, 86, 49, 'Tes punya nya Randy Saluman', '686dcaabc28fb.png', 'ok'),
(5, 87, 49, 'Tess', '686e3655c88d3.png', 'OK'),
(6, 88, 49, 'UNDANGAN TRAINING ', '686f2880e825a.jpeg', 'Tes lagi ya'),
(7, 101, 49, 'TES KALI KEDUA', '68745602b6178.jpg', 'TES KALI KEDUA'),
(8, 104, 58, 'Tess', '688839591811b.png', 'TES'),
(9, 106, 49, 'DOCUMENT UNDANGAN', '689d48165c646.png', 'MEETING DENGAN VENDOR DI PEKANBARU'),
(10, 107, 58, 'UNDANGAN IT', '68afda51c5016.jpeg', 'UNDANGAN IT'),
(11, 110, 49, 'yyy', '68b7957e2a588.png', 'yyyy');

-- --------------------------------------------------------

--
-- Table structure for table `biaya_lbpd`
--

CREATE TABLE `biaya_lbpd` (
  `id_biaya_lbpd` int(11) NOT NULL,
  `id_user` int(11) DEFAULT NULL,
  `id_lbpd` varchar(11) DEFAULT NULL,
  `id_plafon` varchar(11) DEFAULT NULL,
  `id_cost` varchar(11) DEFAULT NULL,
  `tanggal` date NOT NULL,
  `jumlah` varchar(50) DEFAULT NULL,
  `deskripsi` varchar(300) NOT NULL,
  `document` varchar(225) NOT NULL,
  `id_grade` int(11) DEFAULT NULL,
  `id_region` int(11) DEFAULT NULL
) ENGINE=InnoDB DEFAULT CHARSET=utf8mb4 COLLATE=utf8mb4_general_ci;

--
-- Dumping data for table `biaya_lbpd`
--

INSERT INTO `biaya_lbpd` (`id_biaya_lbpd`, `id_user`, `id_lbpd`, `id_plafon`, `id_cost`, `tanggal`, `jumlah`, `deskripsi`, `document`, `id_grade`, `id_region`) VALUES
(10, 49, '3', NULL, '7', '2025-06-04', '240000', 'ok', '684006d8332cb.jpg', NULL, NULL),
(11, 49, '4', NULL, '10', '2025-06-05', '24000', 'ok', '684110fae43ca.png', NULL, NULL),
(13, 49, '4', NULL, '1', '2025-06-06', '141454', 'ok', '684124105d208.png', NULL, NULL),
(14, 49, '4', NULL, '1', '2025-06-07', '345555', 'ok', '6841242ef32d5.png', NULL, NULL),
(15, 49, '5', NULL, '10', '2025-06-10', '45454', 'OKE YA', '684660eecee73.png', NULL, NULL),
(24, 49, '5', NULL, '9', '2025-06-10', '3500000', 'ok', '68478c95d0fd8.png', NULL, NULL),
(25, 49, '9', NULL, '9', '2025-06-10', '482000', 'ok', '6847d3b50bc47.png', NULL, NULL),
(26, 49, '18', NULL, '9', '2025-06-13', '6787688', 'ok', '684b90d2b355f.jpg', NULL, NULL),
(27, 49, '20', NULL, '11', '2025-06-13', '450000', 'ok', '684beaef7aa68.jpg', NULL, NULL),
(28, 49, '21', NULL, '9', '2025-06-18', '450000', 'OKE YA', '685212f0856eb.png', NULL, NULL),
(29, 49, '21', NULL, '9', '2025-06-19', '400000', 'OK', '685213118a4f5.png', NULL, NULL),
(30, 49, '23', NULL, '10', '2025-06-18', '454545', 'OKKK', '68528b1cb6d91.png', NULL, NULL),
(31, 49, '24', NULL, '11', '2025-06-19', '300000', 'AYOK KITA COBA SAMPE DI CLOSED', '68536ca392876.png', NULL, NULL),
(32, 49, '25', NULL, '11', '2025-06-19', '50000', 'TES', '6853875e8c5d9.png', NULL, NULL),
(33, 49, '25', NULL, '10', '2025-06-21', '40000', 'ok', '685388d4e2c11.png', NULL, NULL),
(34, 49, '26', NULL, '7', '2025-06-19', '55555', 'OK', '6853aa291bc23.png', NULL, NULL),
(35, 49, '33', NULL, '11', '2025-06-19', '700000', 'okk', '6853c6bfb8403.png', NULL, NULL),
(36, 49, '35', NULL, '1', '2025-06-19', '45454', 'yes', '6853d0678f01d.png', NULL, NULL),
(37, 49, '41', NULL, '10', '2025-06-24', '500000', 'OK', '685a2fab11a9a.png', NULL, NULL),
(38, 49, '42', NULL, '10', '2025-06-24', '450000', 'OKKK', '685a308a99afe.png', NULL, NULL),
(39, 49, '42', NULL, '11', '2025-06-25', '780000', 'OK', '685a30a03dc12.png', NULL, NULL),
(40, 49, '42', NULL, '9', '2025-06-26', '300000', 'OK', '685a30b6036df.png', NULL, NULL),
(41, 49, '43', NULL, '10', '2025-06-24', '1400000', 'TORANG MO TES DULU NEH', '685a4f428a9f7.png', NULL, NULL),
(42, 49, '43', NULL, '9', '2025-06-24', '350000', 'TORANG MO TES DULU NEH', '685a4f55ad1a9.png', NULL, NULL),
(43, 49, '43', NULL, '11', '2025-06-25', '300000', 'TORANG MO TES DULU NEH', '685a4f676491e.png', NULL, NULL),
(44, 49, '43', NULL, '7', '2025-06-25', '450000', 'TORANG MO TES DULU NEH', '685a4f7cbd845.png', NULL, NULL),
(45, 49, '43', NULL, '10', '2025-06-26', '45454', 'TORANG MO TES DULU NEH', '685a4f9271cab.png', NULL, NULL),
(46, 49, '43', NULL, '1', '2025-06-26', '450000', 'TORANG MO TES DULU NEH', '685a4fa91daa2.png', NULL, NULL),
(47, 49, '44', NULL, '10', '2025-06-24', '200000', 'TORANG MO TES DULU NEH1', '685a5146ec5ab.png', NULL, NULL),
(48, 49, '44', NULL, '9', '2025-06-25', '50000', 'TORANG MO TES DULU NEH1', '685a515e7336f.png', NULL, NULL),
(49, 49, '44', NULL, '9', '2025-06-27', '50000', 'TORANG MO TES DULU NEH1', '685a51727d6f9.png', NULL, NULL),
(50, 49, '44', NULL, '1', '2025-06-28', '50000', 'TORANG MO TES DULU NEH1', '685a5185c2e9c.png', NULL, NULL),
(51, 49, '45', NULL, '11', '2025-06-25', '1400000', 'ok', '685b807ddb871.png', NULL, NULL),
(54, 49, '55', NULL, '10', '2025-06-26', '1000000', 'ok', '685ce979b3459.png', NULL, NULL),
(56, 49, '61', '7', '1', '2025-07-09', '450000', 'ok', '686df7a7e1563.png', NULL, NULL),
(57, 49, '61', '7', '1', '2025-07-09', '350000', 'ok', '686df7c6678cf.png', NULL, NULL),
(58, 49, '61', '272', '7', '2025-07-09', '1000000', 'ok', '686df7dc5b939.png', NULL, NULL),
(59, 49, '61', NULL, '10', '2025-07-09', '350000', 'ok', '686e12d3ba274.png', NULL, NULL),
(60, 49, '63', '7', '1', '2025-07-01', '350000', 'ok', '686e206663a1b.png', NULL, NULL),
(61, 49, '69', '7', '1', '2025-07-09', '350000', 'ok', '686e38b6d066b.png', NULL, NULL),
(62, 58, '81', '16', '1', '2025-08-28', '750000', 'malam 1', '68afde4ae0355.jpeg', NULL, NULL),
(64, 49, '79', '7', '1', '2025-07-21', '800', 'ok', '68b90bc4307dd.png', NULL, NULL),
(65, 49, '79', '272', '7', '2025-07-22', '98999', '999', '68b90bd2973fb.png', NULL, NULL),
(66, 49, '89', NULL, '9', '2025-11-02', '5000000', 'yes', '6916c9727bff5.jpg', NULL, NULL),
(67, 49, '89', NULL, '9', '2025-11-03', '350000', 'erer ya oke', '6916c989757f4.png', NULL, NULL);

-- --------------------------------------------------------

--
-- Table structure for table `biaya_sppd`
--

CREATE TABLE `biaya_sppd` (
  `id_biaya_sppd` int(11) NOT NULL,
  `id_user` int(11) DEFAULT NULL,
  `id_sppd` varchar(11) DEFAULT NULL,
  `id_plafon` varchar(11) DEFAULT NULL,
  `id_cost` varchar(11) DEFAULT NULL,
  `jumlah` varchar(50) DEFAULT NULL,
  `id_grade` int(11) DEFAULT NULL,
  `id_region` int(11) DEFAULT NULL,
  `deskripsi` varchar(500) NOT NULL
) ENGINE=InnoDB DEFAULT CHARSET=utf8mb4 COLLATE=utf8mb4_general_ci;

--
-- Dumping data for table `biaya_sppd`
--

INSERT INTO `biaya_sppd` (`id_biaya_sppd`, `id_user`, `id_sppd`, `id_plafon`, `id_cost`, `jumlah`, `id_grade`, `id_region`, `deskripsi`) VALUES
(4, 49, '1', '', '10', '1,000,000', 0, 0, ''),
(10, 85, '27', '', '10', '50,000', 0, 0, ''),
(11, 49, '37', '', '11', '250,000', 0, 0, ''),
(12, 49, '37', '', '9', '355,000', 0, 0, ''),
(14, 49, '41', '', '10', '696,999', 0, 0, ''),
(15, 49, '42', '', '9', '568,000', 0, 0, ''),
(16, 49, '60', '', '10', '270,000', 0, 0, ''),
(17, 49, '61', '', '11', '45,454,545', 0, 0, ''),
(18, 49, '61', NULL, '10', NULL, NULL, NULL, ''),
(19, 49, '61', NULL, '10', NULL, NULL, NULL, ''),
(20, 49, '61', NULL, '9', '34534535', NULL, NULL, ''),
(24, 49, '60', NULL, '11', '450000', NULL, NULL, ''),
(25, 49, '60', NULL, '9', '45000', NULL, NULL, ''),
(26, 49, '60', NULL, '11', '34343', NULL, NULL, ''),
(28, 49, '60', NULL, '10', '5646546', NULL, NULL, ''),
(29, 49, '60', NULL, '11', '4656546', NULL, NULL, ''),
(30, 49, '60', NULL, '7', '123000', NULL, NULL, ''),
(31, 49, '60', NULL, '10', '5454545', NULL, NULL, ''),
(32, 49, '59', NULL, '10', '1000000', NULL, NULL, ''),
(33, 49, '61', NULL, '11', '1400000', NULL, NULL, ''),
(34, 49, '62', NULL, '7', '1450000', NULL, NULL, ''),
(35, 49, '62', NULL, '11', '567000', NULL, NULL, ''),
(36, 49, '62', NULL, '9', '3450000', NULL, NULL, ''),
(37, 49, '62', NULL, '10', '500000', NULL, NULL, ''),
(63, 49, '3', NULL, '10', '454555', NULL, NULL, ''),
(64, 49, '3', NULL, '10', '4455555', NULL, NULL, ''),
(65, 49, '5', NULL, '11', '45555', NULL, NULL, ''),
(66, 49, '6', NULL, '10', '60000', NULL, NULL, ''),
(67, 49, '7', NULL, '10', '48000', NULL, NULL, ''),
(68, 49, '9', NULL, '10', '460000', NULL, NULL, ''),
(69, 49, '9', NULL, '11', '350000', NULL, NULL, ''),
(70, 49, '12', NULL, '10', '450000', NULL, NULL, ''),
(71, 49, '13', NULL, '11', '355000', NULL, NULL, ''),
(72, 49, '20', NULL, '10', '676767', NULL, NULL, ''),
(73, 49, '29', NULL, '10', '1400000', NULL, NULL, ''),
(74, 49, '30', NULL, '11', '450000', NULL, NULL, ''),
(75, 49, '34', NULL, '11', '350000', NULL, NULL, ''),
(76, 49, '34', NULL, '11', '400000', NULL, NULL, ''),
(77, 49, '35', NULL, '9', '1400000', NULL, NULL, ''),
(78, 49, '39', NULL, '11', '450000', NULL, NULL, ''),
(79, 49, '44', NULL, '1', '1400000', NULL, NULL, ''),
(80, 49, '44', NULL, '10', '450000', NULL, NULL, ''),
(81, 49, '44', NULL, '11', '350000', NULL, NULL, ''),
(82, 49, '44', NULL, '9', '50000', NULL, NULL, ''),
(83, 49, '58', NULL, '10', '123000', NULL, NULL, ''),
(84, 49, '58', NULL, '10', '1400000', NULL, NULL, ''),
(85, 49, '75', NULL, '11', '450000', NULL, NULL, 'Tes'),
(86, 49, '75', NULL, '9', '450000', NULL, NULL, 'Tes lagi'),
(87, 49, '76', NULL, '10', '450000', NULL, NULL, 'OK'),
(88, 49, '78', NULL, '13', '450000', NULL, NULL, 'OKK'),
(89, 49, '80', NULL, '11', '678678', NULL, NULL, '78'),
(90, 49, '86', '7', '1', '450000', NULL, NULL, 'ok ya YA'),
(91, 49, '86', NULL, '9', '355000', NULL, NULL, 'ok JUGA'),
(92, 49, '86', '272', '7', '1450000', NULL, NULL, 'ok'),
(93, 49, '87', '7', '1', '250000', NULL, NULL, '- Saya ubah ya karena ada salah\r\n\r\n-Wisnu: Saya ubah jadi 250.000'),
(94, 49, '87', '272', '7', '1400000', NULL, NULL, 'ok'),
(95, 49, '87', NULL, '9', '350000', NULL, NULL, 'ok'),
(96, 49, '88', '7', '1', '450000', NULL, NULL, 'OK'),
(97, 49, '89', '7', '1', '350000', NULL, NULL, 'OK'),
(98, 49, '89', '272', '7', '1400000', NULL, NULL, 'OK'),
(99, 49, '89', NULL, '13', '50000', NULL, NULL, 'OK'),
(100, 49, '101', '7', '1', '350000', NULL, NULL, 'TES KALI KEDUA'),
(101, 58, '104', '16', '1', '750000', NULL, NULL, 'TES'),
(102, 49, '106', NULL, '9', '450000', NULL, NULL, 'TRANSPORT KE CABANGN PKN'),
(103, 49, '106', '7', '1', '350000', NULL, NULL, 'HOTEL MENGINAP'),
(104, 58, '107', '16', '1', '1500000', NULL, NULL, 'HOTEL HARGA SEMALAM - DI UBAH MENJADI 2 MALAM'),
(105, 58, '107', NULL, '10', '450000', NULL, NULL, 'TAXI KE BANDARA PP - INCLUDE TOL'),
(106, 49, '113', '7', '1', '76767', NULL, NULL, '7'),
(107, 49, '113', '272', '7', '76767', NULL, NULL, '676767'),
(109, 49, '119', NULL, '10', '500000', NULL, NULL, 'ok'),
(110, 49, '119', '7', '1', '100000', NULL, NULL, 'ok'),
(112, 49, '120', '272', '7', '789', NULL, NULL, 'okkk'),
(113, 49, '120', NULL, '9', '789', NULL, NULL, 'o'),
(114, 49, '120', NULL, '13', '65657567', NULL, NULL, 'i'),
(116, 49, '121', NULL, '9', '7890000', NULL, NULL, 'TES SAJA'),
(117, 49, '121', NULL, '10', '10000', NULL, NULL, 'TES SAJA'),
(120, 49, '122', NULL, '9', '450000', NULL, NULL, 'ok'),
(121, 49, '122', '7', '1', '950000', NULL, NULL, 'ok');

-- --------------------------------------------------------

--
-- Table structure for table `branch`
--

CREATE TABLE `branch` (
  `id_branch` int(11) NOT NULL,
  `id_jenis_pengajuan` int(11) DEFAULT NULL,
  `branch_code` varchar(50) NOT NULL,
  `description` varchar(200) NOT NULL
) ENGINE=InnoDB DEFAULT CHARSET=utf8mb4 COLLATE=utf8mb4_general_ci;

--
-- Dumping data for table `branch`
--

INSERT INTO `branch` (`id_branch`, `id_jenis_pengajuan`, `branch_code`, `description`) VALUES
(1, 3, 'HO', 'HEAD OFFICE TANGERANG'),
(2, 3, 'JKT', 'YARD JAKARTA'),
(3, 3, 'BPN', 'BALIKPAPAN'),
(6, 3, 'PKU', 'PEKANBARU');

-- --------------------------------------------------------

--
-- Table structure for table `brand`
--

CREATE TABLE `brand` (
  `id_brand` int(11) NOT NULL,
  `nama_brand` varchar(50) NOT NULL,
  `description` varchar(50) NOT NULL
) ENGINE=InnoDB DEFAULT CHARSET=utf8mb4 COLLATE=utf8mb4_general_ci;

--
-- Dumping data for table `brand`
--

INSERT INTO `brand` (`id_brand`, `nama_brand`, `description`) VALUES
(1, 'MAGNI', 'MAGNI ITALY'),
(3, 'SAMPA', 'SAMPA TURKI'),
(4, 'HYUNDAI', 'HYUNDAI KOREA'),
(5, 'OTHERS', 'OTHERS');

-- --------------------------------------------------------

--
-- Table structure for table `budget`
--

CREATE TABLE `budget` (
  `id_budget` int(11) NOT NULL,
  `id_account` int(11) NOT NULL,
  `id_years` int(11) NOT NULL,
  `id_months` int(11) NOT NULL,
  `id_jenis_pengajuan` int(11) NOT NULL,
  `id_divisi_budget` int(11) NOT NULL,
  `id_department_budget` int(11) NOT NULL,
  `id_brand` int(11) NOT NULL,
  `id_p_group` int(11) NOT NULL,
  `id_item_group` int(11) NOT NULL,
  `nama_budget` varchar(50) NOT NULL,
  `id_user` int(11) NOT NULL
) ENGINE=InnoDB DEFAULT CHARSET=utf8mb4 COLLATE=utf8mb4_general_ci;

--
-- Dumping data for table `budget`
--

INSERT INTO `budget` (`id_budget`, `id_account`, `id_years`, `id_months`, `id_jenis_pengajuan`, `id_divisi_budget`, `id_department_budget`, `id_brand`, `id_p_group`, `id_item_group`, `nama_budget`, `id_user`) VALUES
(1, 0, 0, 0, 3, 1, 11, 4, 7, 1, '', 59),
(2, 0, 0, 0, 3, 1, 11, 4, 7, 2, '', 59),
(3, 0, 0, 0, 3, 1, 11, 4, 7, 3, '', 59),
(4, 0, 0, 0, 3, 1, 11, 4, 7, 4, '', 59),
(5, 0, 0, 0, 3, 1, 11, 4, 7, 6, '', 59),
(6, 0, 0, 0, 3, 1, 11, 4, 7, 7, '', 59),
(7, 0, 0, 0, 3, 1, 11, 4, 7, 8, '', 59),
(8, 0, 0, 0, 3, 1, 11, 4, 7, 9, '', 59),
(9, 0, 0, 0, 3, 1, 11, 4, 7, 10, '', 59),
(10, 0, 0, 0, 3, 1, 11, 4, 7, 11, '', 59),
(11, 0, 0, 0, 3, 1, 11, 4, 7, 12, '', 59),
(12, 0, 0, 0, 3, 1, 11, 4, 7, 13, '', 59),
(13, 0, 0, 0, 3, 1, 11, 4, 10, 14, '', 59),
(14, 0, 0, 0, 3, 1, 11, 4, 10, 15, '', 59),
(15, 0, 0, 0, 3, 1, 11, 4, 10, 16, '', 59),
(16, 0, 0, 0, 3, 1, 11, 4, 11, 17, '', 59),
(17, 0, 0, 0, 3, 1, 11, 4, 11, 18, '', 59),
(18, 0, 0, 0, 3, 1, 11, 4, 11, 19, '', 59),
(19, 0, 0, 0, 3, 1, 11, 4, 11, 20, '', 59),
(20, 0, 0, 0, 3, 1, 11, 4, 11, 21, '', 59),
(21, 0, 0, 0, 3, 1, 11, 4, 11, 22, '', 59),
(22, 0, 0, 0, 3, 1, 11, 4, 12, 23, '', 59),
(23, 0, 0, 0, 3, 1, 11, 4, 12, 24, '', 59),
(24, 0, 0, 0, 3, 1, 11, 4, 12, 25, '', 59),
(25, 0, 0, 0, 3, 1, 11, 4, 12, 26, '', 59),
(26, 0, 0, 0, 3, 1, 11, 4, 13, 27, '', 59),
(27, 0, 0, 0, 3, 1, 11, 4, 14, 28, '', 59),
(28, 0, 0, 0, 3, 1, 11, 1, 5, 29, '', 59),
(29, 0, 0, 0, 3, 1, 11, 1, 5, 30, '', 59),
(30, 0, 0, 0, 3, 1, 11, 1, 5, 31, '', 59),
(31, 0, 0, 0, 3, 1, 11, 1, 16, 32, '', 59),
(32, 0, 0, 0, 3, 1, 11, 1, 17, 33, '', 59),
(33, 0, 0, 0, 3, 1, 11, 1, 17, 34, '', 59),
(34, 0, 0, 0, 3, 1, 11, 1, 18, 35, '', 59),
(35, 0, 0, 0, 3, 1, 11, 1, 18, 36, '', 59),
(36, 0, 0, 0, 3, 1, 11, 1, 18, 37, '', 59),
(37, 0, 0, 0, 3, 1, 11, 1, 18, 38, '', 59),
(38, 0, 0, 0, 3, 1, 11, 1, 18, 39, '', 59),
(39, 0, 0, 0, 3, 1, 11, 1, 18, 40, '', 59),
(40, 0, 0, 0, 3, 1, 11, 1, 18, 41, '', 59),
(42, 0, 0, 0, 3, 1, 11, 4, 18, 42, '', 59),
(43, 0, 0, 0, 3, 1, 11, 1, 18, 43, '', 59),
(44, 0, 0, 0, 3, 1, 11, 1, 18, 44, '', 59),
(45, 0, 0, 0, 3, 1, 11, 1, 18, 45, '', 59),
(46, 0, 0, 0, 3, 1, 11, 1, 18, 46, '', 59),
(47, 0, 0, 0, 3, 1, 11, 1, 18, 47, '', 59),
(48, 0, 0, 0, 3, 1, 11, 1, 18, 48, '', 59),
(49, 0, 0, 0, 3, 1, 11, 1, 18, 49, '', 59),
(50, 0, 0, 0, 3, 1, 11, 1, 18, 50, '', 59),
(51, 0, 0, 0, 3, 1, 11, 1, 18, 51, '', 59),
(52, 0, 0, 0, 3, 1, 11, 1, 18, 52, '', 59),
(53, 0, 0, 0, 3, 1, 11, 1, 18, 53, '', 59),
(54, 0, 0, 0, 3, 1, 11, 4, 18, 54, '', 59),
(55, 0, 0, 0, 3, 1, 12, 1, 8, 56, '', 56),
(56, 0, 0, 0, 3, 1, 12, 3, 20, 57, '', 56);

-- --------------------------------------------------------

--
-- Table structure for table `budget_mpp`
--

CREATE TABLE `budget_mpp` (
  `id_budget_mpp` int(11) NOT NULL,
  `id_jenis_pengajuan` int(11) NOT NULL,
  `id_years` int(11) NOT NULL,
  `id_months` int(11) NOT NULL,
  `id_divisi_budget` int(11) NOT NULL,
  `id_department_budget` int(11) NOT NULL,
  `id_branch` int(11) NOT NULL,
  `id_grade` int(11) NOT NULL,
  `id_user` int(11) NOT NULL,
  `type` varchar(50) NOT NULL,
  `label` varchar(200) NOT NULL,
  `id_golongan` int(11) NOT NULL,
  `value1` varchar(50) NOT NULL,
  `value2` varchar(50) NOT NULL
) ENGINE=InnoDB DEFAULT CHARSET=utf8mb4 COLLATE=utf8mb4_general_ci;

--
-- Dumping data for table `budget_mpp`
--

INSERT INTO `budget_mpp` (`id_budget_mpp`, `id_jenis_pengajuan`, `id_years`, `id_months`, `id_divisi_budget`, `id_department_budget`, `id_branch`, `id_grade`, `id_user`, `type`, `label`, `id_golongan`, `value1`, `value2`) VALUES
(1, 3, 0, 0, 1, 13, 2, 0, 93, 'add', 'JKT SERVICE I', 2, '4214000', '3500000'),
(2, 3, 0, 0, 1, 13, 2, 0, 93, 'add', 'JKT SERVICE II', 3, '5784000', '5070000'),
(3, 3, 0, 0, 1, 13, 2, 0, 93, 'add', 'JKT SERVICE III', 4, '6424000', '5500000'),
(4, 3, 0, 0, 1, 13, 2, 0, 93, 'add', 'JKT SERVICE IV', 5, '9634000', '8500000'),
(5, 3, 0, 0, 1, 13, 3, 0, 93, 'add', 'BPN SERVICE I', 2, '4214000', '3500000'),
(6, 3, 0, 0, 1, 13, 3, 0, 93, 'add', 'BPN SERVICE II', 3, '5784000', '5070000'),
(7, 3, 0, 0, 1, 13, 3, 0, 93, 'add', 'BPN SERVICE III', 4, '6424000', '5500000'),
(8, 3, 0, 0, 1, 13, 3, 0, 93, 'add', 'BPN SERVICE IV', 5, '9634000', '8500000'),
(9, 3, 0, 0, 1, 13, 4, 0, 93, 'add', 'PKN SERVICE I', 2, '4214000', '3500000'),
(10, 3, 0, 0, 1, 13, 4, 0, 93, 'add', 'PKN SERVICE II', 3, '5784000', '5070000'),
(11, 3, 0, 0, 1, 13, 4, 0, 93, 'add', 'PKU SERVICE III', 4, '6424000', '5500000'),
(12, 3, 0, 0, 1, 13, 4, 0, 93, 'add', 'PKU SERVICE IV', 5, '9634000', '8500000'),
(13, 3, 0, 0, 1, 11, 2, 0, 59, 'add', 'JKT SALES III', 4, '6424000', '5500000'),
(14, 3, 0, 0, 1, 11, 2, 0, 59, 'add', 'JKT SALES IV', 5, '9634000', '8500000'),
(15, 3, 0, 0, 1, 11, 3, 0, 59, 'add', 'BPN SALES III', 4, '6424000', '5500000'),
(16, 3, 0, 0, 1, 11, 3, 0, 59, 'add', 'BPN SALES IV', 5, '9634000', '8500000'),
(17, 3, 0, 0, 1, 11, 4, 0, 59, 'add', 'PKU SALES III', 4, '6424000', '5500000'),
(18, 3, 0, 0, 1, 11, 4, 0, 59, 'add', 'PKU SALES IV', 5, '9634000', '8500000'),
(19, 3, 0, 0, 1, 12, 2, 0, 56, 'add', 'JKT PARTS III', 4, '6424000', '5500000'),
(20, 3, 0, 0, 1, 12, 2, 0, 56, 'add', 'JKT PARTS IV', 5, '9634000', '8500000'),
(21, 3, 0, 0, 1, 12, 3, 0, 56, 'add', 'BPN PARTS III', 4, '6424000', '5500000'),
(22, 3, 0, 0, 1, 12, 3, 0, 56, 'add', 'BPN PARTS IV', 5, '9634000', '8500000'),
(23, 3, 0, 0, 1, 12, 4, 0, 56, 'add', 'PKU PARTS III', 4, '6424000', '5500000'),
(24, 3, 0, 0, 1, 12, 4, 0, 56, 'add', 'PKU PARTS IV', 5, '9634000', '8500000'),
(25, 3, 0, 0, 2, 21, 1, 0, 55, 'add', 'HO FA III', 4, '6424000', '5500000'),
(26, 3, 0, 0, 2, 21, 1, 0, 55, 'add', 'HO FA IV', 5, '9634000', '8500000'),
(27, 3, 0, 0, 2, 22, 1, 0, 79, 'add', 'HO HRGA III', 4, '6424000', '5500000'),
(28, 3, 0, 0, 2, 22, 1, 0, 79, 'add', 'HO HRGA IV', 5, '9634000', '8500000'),
(29, 3, 0, 0, 2, 23, 1, 0, 58, 'add', 'HO IT III', 4, '6424000', '5500000'),
(30, 3, 0, 0, 2, 23, 1, 0, 58, 'add', 'IV', 5, '9634000', '8500000');

-- --------------------------------------------------------

--
-- Table structure for table `budget_real`
--

CREATE TABLE `budget_real` (
  `id_budget_real` int(11) NOT NULL,
  `id_budget_sss` int(11) NOT NULL,
  `id_budget` int(11) NOT NULL,
  `id_years` int(11) NOT NULL,
  `id_months` int(11) NOT NULL,
  `id_jenis_pengajuan` int(11) NOT NULL,
  `id_divisi_budget` int(11) NOT NULL,
  `id_department_budget` int(11) NOT NULL,
  `id_branch` int(11) NOT NULL,
  `id_brand` int(11) NOT NULL,
  `id_p_group` int(11) NOT NULL,
  `id_item_group` int(11) NOT NULL,
  `nama_budget_sss` varchar(100) NOT NULL,
  `id_uniq` varchar(50) NOT NULL,
  `id_user` varchar(11) NOT NULL,
  `harga_beli` varchar(20) NOT NULL,
  `harga_jual` varchar(20) NOT NULL,
  `qty` varchar(20) NOT NULL,
  `diskon` varchar(20) NOT NULL,
  `kurs` varchar(20) NOT NULL,
  `total_c_budget` varchar(20) NOT NULL,
  `penjualan_unit` varchar(20) NOT NULL,
  `penjualan_sparepart` varchar(50) NOT NULL,
  `pendapatan_service` varchar(50) NOT NULL,
  `pendapatan_rental` varchar(50) NOT NULL,
  `pendapatan_jasa_aplikasi` varchar(20) NOT NULL,
  `retur_penjualan_unit` varchar(50) NOT NULL,
  `retur_penjualan_sparepart` varchar(50) NOT NULL,
  `retur_pendapatan_service` varchar(50) NOT NULL,
  `retur_pendapatan_rental` varchar(11) NOT NULL,
  `retur_jasa_aplikasi` varchar(20) NOT NULL,
  `diskon_penjualan_unit` varchar(20) NOT NULL,
  `diskon_penjualan_eur` varchar(50) NOT NULL,
  `diskon_penjualan_usd` varchar(50) NOT NULL,
  `diskon_penjualan_sparepart` varchar(50) NOT NULL,
  `diskon_pendapatan_service` varchar(50) NOT NULL,
  `diskon_pendapatan_rental` varchar(50) NOT NULL,
  `diskon_pendapatan_jasa_aplikasi` varchar(50) NOT NULL,
  `diskon_penjualan_aud` varchar(50) NOT NULL,
  `beban_pokok_penjualan` varchar(50) NOT NULL,
  `hpp_unit` varchar(50) NOT NULL,
  `biaya_asr_pengiriman_unit` varchar(50) NOT NULL,
  `biaya_pengiriman_unit` varchar(50) NOT NULL,
  `biaya_pemeliharaan_unit` varchar(50) NOT NULL,
  `biaya_aksesoris_unit` varchar(50) NOT NULL,
  `biaya_sertifikasi_unit` varchar(50) NOT NULL,
  `hpp_sparepart` varchar(50) NOT NULL,
  `biaya_asr_pengiriman_sparepart` varchar(50) NOT NULL,
  `biaya_pengiriman_sparepart` varchar(50) NOT NULL,
  `biaya_import_sparepart` varchar(50) NOT NULL,
  `biaya_gudang_sparepart` varchar(50) NOT NULL,
  `biaya_penyusutan_peralatan_gudang` varchar(50) NOT NULL,
  `hpp_service` varchar(50) NOT NULL,
  `gaji_mekanik_service` varchar(20) NOT NULL,
  `perjalanan_dinas_service` varchar(20) NOT NULL,
  `perlengkapan_bengkel_service` varchar(20) NOT NULL,
  `biaya_pemeliharaan_perbaikan_bengkel_service` varchar(20) NOT NULL,
  `biaya_medikal_mekanik` varchar(20) NOT NULL,
  `biaya_penyusutan_peralatan_bengkel` varchar(20) NOT NULL,
  `biaya_bpjs_ktg_mekanik` varchar(20) NOT NULL,
  `biaya_bpjsk_mekanik` varchar(20) NOT NULL,
  `pph21` varchar(20) NOT NULL,
  `biaya_lembur_mekanik` varchar(20) NOT NULL,
  `biaya_training_mekanik` varchar(20) NOT NULL,
  `hpp_rental` varchar(20) NOT NULL,
  `gaji_mekanik_opr_rental` varchar(20) NOT NULL,
  `perjalanan_dinas_rental` varchar(20) NOT NULL,
  `perlengkapan_bengkel_rental` varchar(20) NOT NULL,
  `biaya_asr_unit_rental` varchar(20) NOT NULL,
  `biaya_depresiasi_unit_rental` varchar(20) NOT NULL
) ENGINE=InnoDB DEFAULT CHARSET=utf8mb4 COLLATE=utf8mb4_general_ci;

-- --------------------------------------------------------

--
-- Table structure for table `budget_sss`
--

CREATE TABLE `budget_sss` (
  `id_budget_sss` int(11) NOT NULL,
  `id_budget` int(11) NOT NULL,
  `id_years` int(11) NOT NULL,
  `id_months` int(11) NOT NULL,
  `id_jenis_pengajuan` int(11) NOT NULL,
  `id_divisi_budget` int(11) NOT NULL,
  `id_department_budget` int(11) NOT NULL,
  `id_branch` int(11) NOT NULL,
  `id_brand` int(11) NOT NULL,
  `id_p_group` int(11) NOT NULL,
  `id_item_group` int(11) NOT NULL,
  `nama_budget_sss` varchar(100) NOT NULL,
  `id_uniq` varchar(50) NOT NULL,
  `id_user` varchar(11) NOT NULL,
  `harga_beli` varchar(20) NOT NULL,
  `harga_jual` varchar(20) NOT NULL,
  `qty` varchar(20) NOT NULL,
  `diskon` varchar(20) NOT NULL,
  `kurs` varchar(20) NOT NULL,
  `total_c_budget` varchar(20) NOT NULL,
  `id_currency` int(11) NOT NULL
) ENGINE=InnoDB DEFAULT CHARSET=utf8mb4 COLLATE=utf8mb4_general_ci;

--
-- Dumping data for table `budget_sss`
--

INSERT INTO `budget_sss` (`id_budget_sss`, `id_budget`, `id_years`, `id_months`, `id_jenis_pengajuan`, `id_divisi_budget`, `id_department_budget`, `id_branch`, `id_brand`, `id_p_group`, `id_item_group`, `nama_budget_sss`, `id_uniq`, `id_user`, `harga_beli`, `harga_jual`, `qty`, `diskon`, `kurs`, `total_c_budget`, `id_currency`) VALUES
(93, 0, 2025, 1, 3, 1, 11, 3, 1, 16, 32, '', '', '59', '4728758707', '5150000000', '2', '', '1', '0', 1),
(94, 0, 2025, 1, 3, 1, 12, 2, 1, 8, 56, '', '', '56', '40000000', '80000000', '2', '', '1', '6.4', 1),
(95, 0, 2025, 1, 3, 1, 11, 3, 4, 11, 19, '', '', '59', '576573000', '681000000', '12', '', '1', '0', 1);

-- --------------------------------------------------------

--
-- Table structure for table `budget_stok`
--

CREATE TABLE `budget_stok` (
  `id_budget_stok` int(11) NOT NULL,
  `id_budget_sss` int(11) NOT NULL,
  `id_budget` int(11) NOT NULL,
  `id_years` int(11) NOT NULL,
  `id_months` int(11) NOT NULL,
  `id_jenis_pengajuan` int(11) NOT NULL,
  `id_divisi_budget` int(11) NOT NULL,
  `id_department_budget` int(11) NOT NULL,
  `id_branch` int(11) NOT NULL,
  `id_brand` int(11) NOT NULL,
  `id_p_group` int(11) NOT NULL,
  `id_item_group` int(11) NOT NULL,
  `nama_budget_sss` varchar(100) NOT NULL,
  `id_uniq` varchar(50) NOT NULL,
  `id_user` varchar(11) NOT NULL,
  `harga_beli` varchar(20) NOT NULL,
  `harga_jual` varchar(20) NOT NULL,
  `qty` varchar(20) NOT NULL,
  `diskon` varchar(20) NOT NULL,
  `kurs` varchar(20) NOT NULL,
  `total_c_budget` varchar(20) NOT NULL,
  `id_currency` int(11) NOT NULL
) ENGINE=InnoDB DEFAULT CHARSET=utf8mb4 COLLATE=utf8mb4_general_ci;

--
-- Dumping data for table `budget_stok`
--

INSERT INTO `budget_stok` (`id_budget_stok`, `id_budget_sss`, `id_budget`, `id_years`, `id_months`, `id_jenis_pengajuan`, `id_divisi_budget`, `id_department_budget`, `id_branch`, `id_brand`, `id_p_group`, `id_item_group`, `nama_budget_sss`, `id_uniq`, `id_user`, `harga_beli`, `harga_jual`, `qty`, `diskon`, `kurs`, `total_c_budget`, `id_currency`) VALUES
(17, 0, 0, 2025, 1, 3, 1, 12, 2, 1, 8, 56, '', '', '56', '430000000', '0', '80', '', '1', '0', 1);

-- --------------------------------------------------------

--
-- Table structure for table `capex`
--

CREATE TABLE `capex` (
  `id_capex` int(11) NOT NULL,
  `id_years` int(11) NOT NULL,
  `id_months` int(11) NOT NULL,
  `id_branch` int(11) NOT NULL,
  `id_jenis_pengajuan` int(11) NOT NULL,
  `id_divisi_budget` int(11) NOT NULL,
  `id_department_budget` int(11) NOT NULL,
  `id_category_type` int(11) NOT NULL,
  `id_group_asset` int(11) NOT NULL,
  `id_category_asset` int(11) NOT NULL,
  `id_account` int(11) NOT NULL,
  `id_user` int(11) NOT NULL,
  `id_currency` int(11) NOT NULL,
  `nama_asset` varchar(100) NOT NULL,
  `nilai_asset` varchar(50) NOT NULL,
  `qty` varchar(50) NOT NULL,
  `depresiasi` varchar(50) NOT NULL,
  `kurs` varchar(10) NOT NULL
) ENGINE=InnoDB DEFAULT CHARSET=utf8mb4 COLLATE=utf8mb4_general_ci;

--
-- Dumping data for table `capex`
--

INSERT INTO `capex` (`id_capex`, `id_years`, `id_months`, `id_branch`, `id_jenis_pengajuan`, `id_divisi_budget`, `id_department_budget`, `id_category_type`, `id_group_asset`, `id_category_asset`, `id_account`, `id_user`, `id_currency`, `nama_asset`, `nilai_asset`, `qty`, `depresiasi`, `kurs`) VALUES
(46, 2025, 1, 1, 3, 2, 21, 6, 1, 0, 7, 55, 1, '1 UNIT AVC KURSI RUANG MEETING', '10000000', '1', '83333.333333333', '1');

-- --------------------------------------------------------

--
-- Table structure for table `catatan`
--

CREATE TABLE `catatan` (
  `id_catatan` varchar(5) NOT NULL,
  `catatan` text NOT NULL,
  `update_catatan` date NOT NULL
) ENGINE=InnoDB DEFAULT CHARSET=latin1 COLLATE=latin1_swedish_ci;

--
-- Dumping data for table `catatan`
--

INSERT INTO `catatan` (`id_catatan`, `catatan`, `update_catatan`) VALUES
('C1', 'Tanggal 14 Mei besok sampai 16 Mei besok pengajuan mungkin tidak akan di lihat oleh pihat manajemen ', '2017-05-16');

-- --------------------------------------------------------

--
-- Table structure for table `category`
--

CREATE TABLE `category` (
  `id_category` int(11) NOT NULL,
  `category_name` varchar(100) NOT NULL,
  `deskripsi` varchar(100) NOT NULL
) ENGINE=InnoDB DEFAULT CHARSET=utf8mb4 COLLATE=utf8mb4_general_ci;

--
-- Dumping data for table `category`
--

INSERT INTO `category` (`id_category`, `category_name`, `deskripsi`) VALUES
(1, 'OVERTIME', 'Lembur'),
(2, 'OFF DAY', 'Replacement Day Lembur');

-- --------------------------------------------------------

--
-- Table structure for table `category_asset`
--

CREATE TABLE `category_asset` (
  `id_category_asset` int(11) NOT NULL,
  `id_account` int(11) DEFAULT NULL,
  `nama_category_asset` varchar(50) NOT NULL
) ENGINE=InnoDB DEFAULT CHARSET=utf8mb4 COLLATE=utf8mb4_general_ci;

--
-- Dumping data for table `category_asset`
--

INSERT INTO `category_asset` (`id_category_asset`, `id_account`, `nama_category_asset`) VALUES
(1, 5, 'TANAH'),
(2, 6, 'GEDUNG'),
(3, 7, 'BANGUNAN NON PERMANEN'),
(4, 8, 'KENDARAAN'),
(5, 9, 'ASSET RENTAL'),
(6, 10, 'PERALATAN BENGKEL'),
(7, 11, 'PERLENGKAPAN KANTOR'),
(9, 12, 'PERALATAN GUDANG');

-- --------------------------------------------------------

--
-- Table structure for table `category_customer`
--

CREATE TABLE `category_customer` (
  `id_category_customer` int(11) NOT NULL,
  `nama_category_customer` varchar(50) NOT NULL,
  `description` varchar(50) NOT NULL
) ENGINE=InnoDB DEFAULT CHARSET=utf8mb4 COLLATE=utf8mb4_general_ci;

--
-- Dumping data for table `category_customer`
--

INSERT INTO `category_customer` (`id_category_customer`, `nama_category_customer`, `description`) VALUES
(1, 'MINING', 'M'),
(2, 'CONSTRUCTION', 'C'),
(3, 'FORESTRY & LOG', 'F'),
(4, 'OIL & GAS', 'O'),
(5, 'TRANSPORT', 'T'),
(6, 'LIFTING', 'L'),
(7, 'CHEMICAL', 'CH'),
(8, 'AGRICULTRE, PALM', 'AP'),
(9, 'PUBLIC WORKS', 'PG'),
(10, 'PORTS & MARINE', 'PS'),
(11, 'EXPEDITION', 'E'),
(12, 'RENTALS', 'R'),
(13, 'INDUSTRIAL & MANUFACTURE', 'IM'),
(14, 'GOVERMENT', 'G'),
(15, 'ENERGY', 'E'),
(16, 'OTHERS', 'O');

-- --------------------------------------------------------

--
-- Table structure for table `category_type`
--

CREATE TABLE `category_type` (
  `id_category_type` int(11) NOT NULL,
  `id_jenis_pengajuan` int(11) NOT NULL,
  `id_group_asset` int(11) NOT NULL,
  `id_category_asset` int(11) NOT NULL,
  `nama_category_type` varchar(50) NOT NULL,
  `id_account` int(11) DEFAULT NULL,
  `account` varchar(50) NOT NULL,
  `account_depresiasi` varchar(50) NOT NULL,
  `description` varchar(50) NOT NULL,
  `depresiasi` varchar(20) NOT NULL
) ENGINE=InnoDB DEFAULT CHARSET=utf8mb4 COLLATE=utf8mb4_general_ci;

--
-- Dumping data for table `category_type`
--

INSERT INTO `category_type` (`id_category_type`, `id_jenis_pengajuan`, `id_group_asset`, `id_category_asset`, `nama_category_type`, `id_account`, `account`, `account_depresiasi`, `description`, `depresiasi`) VALUES
(4, 3, 1, 1, 'TANAH', 5, '120010', '120010', 'Tanah', '240'),
(5, 3, 1, 2, 'GEDUNG', 6, '120020', '621410', 'Biaya Penyusutan Gedung', '240'),
(6, 3, 1, 3, 'BANGUNAN NON PERMANENT', 7, '120025', '621415', 'Biaya Penyusutan Bangunan Non Permanen', '120'),
(7, 3, 1, 4, 'KENDARAAN', 8, '120030', '621430', 'Biaya Penyusutan Kendaraan', '96'),
(8, 3, 1, 5, 'ASSET RENTAL', 9, '120035', '524545', 'Biaya Penyusutan Unit Rental', '48'),
(9, 3, 1, 7, 'PERLENGKAPAN KANTOR', 11, '120050', '621440', 'Biaya Penyusutan Perlengkapan Kantor', '48'),
(10, 3, 1, 9, 'PERALATAN GUDANG', 12, '120060', '522525', 'Biaya Penyusutan Peralatan Gudang', '48'),
(11, 3, 3, 6, 'COMMON', 10, '120040', '523536', 'Biaya Penyusutan Peralatan Bengkel', '48'),
(12, 3, 3, 6, 'ELECTRIC', 10, '120040', '523536', 'Biaya Penyusutan Peralatan Bengkel', '48'),
(13, 3, 3, 6, 'SPECIAL', 10, '120040', '523536', 'Biaya Penyusutan Peralatan Bengkel', '48');

-- --------------------------------------------------------

--
-- Table structure for table `city`
--

CREATE TABLE `city` (
  `id_city` int(11) NOT NULL,
  `id_region` int(11) NOT NULL,
  `city_name` varchar(50) NOT NULL,
  `deskripsi` varchar(50) NOT NULL
) ENGINE=InnoDB DEFAULT CHARSET=utf8mb4 COLLATE=utf8mb4_general_ci;

--
-- Dumping data for table `city`
--

INSERT INTO `city` (`id_city`, `id_region`, `city_name`, `deskripsi`) VALUES
(1, 1, 'Banda Aceh', 'Banda Aceh'),
(2, 1, 'Medan', 'Medan'),
(3, 1, 'Padang', 'Padang'),
(4, 1, 'Pekanbaru', 'Pekanbaru'),
(5, 1, 'Tanjung Pinang', 'Tanjung Pinang'),
(6, 1, 'Jambi', 'Jambi'),
(7, 1, 'Bengkulu', 'Bengkulu'),
(8, 1, 'Palembang', 'Palembang'),
(9, 1, 'Pangkal Pinang', 'Pangkal Pinang'),
(10, 1, 'Bandar Lampung', 'Bandar Lampung'),
(11, 2, 'Pontianak', 'Pontianak'),
(12, 2, 'Samarinda', 'Samarinda'),
(13, 2, 'Banjarbaru', 'Banjarbaru'),
(14, 2, 'Palangkaraya', 'Palangkaraya'),
(15, 2, 'Tanjung Selor', 'Tanjung Selor'),
(16, 1, 'Jakarta', 'Jakarta'),
(18, 1, 'Serang', 'Serang'),
(19, 1, 'Bandung', 'Bandung'),
(20, 1, 'Semarang', 'Semarang'),
(21, 1, 'Yogyakarta', 'Yogyakarta'),
(22, 1, 'Surabaya', 'Surabaya'),
(23, 2, 'Manado', 'Manado'),
(24, 2, 'Palu', 'Palu'),
(25, 2, 'Makassar', 'Makassar'),
(26, 2, 'Kendari', 'Kendari'),
(27, 2, 'Mamuju', 'Mamuju'),
(28, 2, 'Gorontalo', 'Gorontalo'),
(29, 3, 'Jayapura', 'Jayapura'),
(30, 3, 'Manokwari', 'Manokwari'),
(31, 3, 'Merauke', 'Merauke'),
(32, 3, 'Nabire', 'Nabire'),
(33, 3, 'Jayawijaya', 'Jayawijaya'),
(34, 3, 'Sorong.', 'Sorong.'),
(36, 7, 'China', 'China'),
(37, 7, 'Malaysia', 'Malaysia'),
(38, 7, 'Singapore', 'Singapore'),
(39, 8, 'Italy', 'Italy'),
(40, 2, 'Denpasar', 'Denpasar'),
(41, 3, 'Ambon', 'Ambon'),
(42, 3, 'Sofifi', 'Sofifi'),
(43, 2, 'Balikpapan', 'Balikpapan');

-- --------------------------------------------------------

--
-- Table structure for table `closed_lbpd`
--

CREATE TABLE `closed_lbpd` (
  `id_closed_lbpd` int(11) NOT NULL,
  `id_closed_sppd` int(11) NOT NULL,
  `urutan` int(11) NOT NULL,
  `id_lbpd` varchar(11) NOT NULL,
  `id_user` varchar(11) DEFAULT NULL,
  `id_employee` varchar(11) DEFAULT NULL,
  `id_closed` varchar(11) NOT NULL,
  `id_app` varchar(11) NOT NULL,
  `id_acc_lbpd` varchar(11) NOT NULL,
  `id_user_acc` varchar(11) NOT NULL,
  `id_user_hr` varchar(11) NOT NULL,
  `status` enum('waiting','Approved','Rejected','Recheck','Recheck!','Confirmed','Closed') DEFAULT NULL,
  `tgl` timestamp NOT NULL DEFAULT current_timestamp() ON UPDATE current_timestamp(),
  `date` datetime DEFAULT NULL,
  `kmt` varchar(100) NOT NULL,
  `deskripsi` varchar(50) NOT NULL,
  `fleg` enum('1','2','3','4','5','6','7','8','9','10') CHARACTER SET latin1 COLLATE latin1_swedish_ci NOT NULL
) ENGINE=InnoDB DEFAULT CHARSET=utf8mb4 COLLATE=utf8mb4_general_ci;

--
-- Dumping data for table `closed_lbpd`
--

INSERT INTO `closed_lbpd` (`id_closed_lbpd`, `id_closed_sppd`, `urutan`, `id_lbpd`, `id_user`, `id_employee`, `id_closed`, `id_app`, `id_acc_lbpd`, `id_user_acc`, `id_user_hr`, `status`, `tgl`, `date`, `kmt`, `deskripsi`, `fleg`) VALUES
(1, 0, 1, '5', '58', '26', '', '359', '1', '61', '', '', '2025-05-05 04:17:26', '0000-00-00 00:00:00', '', 'WTTTWT', '1'),
(2, 0, 1, '5', '58', '26', '', '361', '1', '61', '', '', '2025-06-10 01:39:34', '0000-00-00 00:00:00', '', 'adsafsfsdg', '1'),
(3, 0, 1, '5', '58', '26', '', '361', '1', '61', '', '', '2025-06-10 01:39:34', '0000-00-00 00:00:00', '', 'adsafsfsdg', '1'),
(4, 0, 1, '9', '58', '26', '', '361', '11', '61', '', '', '2025-06-10 01:39:34', '0000-00-00 00:00:00', '', 'adsafsfsdg', '1'),
(5, 0, 1, '10', '58', '26', '', '361', '12', '61', '', '', '2025-06-10 01:39:34', '0000-00-00 00:00:00', '', 'adsafsfsdg', '1'),
(6, 0, 1, '11', '58', '26', '', '361', '13', '61', '', '', '2025-06-10 01:39:34', '0000-00-00 00:00:00', '', 'adsafsfsdg', '1'),
(7, 0, 1, '13', '58', '26', '', '361', '14', '61', '', '', '2025-06-10 01:39:34', '0000-00-00 00:00:00', '', 'adsafsfsdg', '1'),
(8, 0, 1, '14', '58', '26', '', '361', '15', '61', '', '', '2025-06-10 01:39:34', '0000-00-00 00:00:00', '', 'adsafsfsdg', '1'),
(9, 0, 1, '15', '58', '26', '', '361', '16', '61', '', '', '2025-06-10 01:39:34', '0000-00-00 00:00:00', '', 'adsafsfsdg', '1'),
(10, 0, 1, '16', '58', '26', '', '361', '17', '61', '', '', '2025-06-10 01:39:34', '0000-00-00 00:00:00', '', 'adsafsfsdg', '1'),
(11, 0, 1, '18', '58', '26', '', '361', '18', '61', '', '', '2025-06-10 01:39:34', '0000-00-00 00:00:00', '', 'adsafsfsdg', '1'),
(12, 0, 1, '19', '58', '26', '', '361', '19', '61', '', '', '2025-06-10 01:39:34', '0000-00-00 00:00:00', '', 'adsafsfsdg', '1'),
(13, 0, 1, '12', '58', '26', '', '361', '20', '61', '', '', '2025-06-10 01:39:34', '0000-00-00 00:00:00', '', 'adsafsfsdg', '1'),
(16, 0, 1, '21', '61', '30', '', '361', '', '49', '', 'Closed', '2025-06-18 08:18:01', NULL, 'YES JUGA', '', '1'),
(17, 0, 1, '22', '58', '26', '', '361', '23', '61', '', '', '2025-06-10 01:39:34', '0000-00-00 00:00:00', '', 'adsafsfsdg', '1'),
(19, 0, 1, '23', '61', '30', '', '361', '24', '49', '', 'Closed', '2025-06-18 09:49:33', NULL, 'OK YEAHH', '', '1'),
(21, 0, 1, '24', '61', '30', '', '361', '25', '49', '', 'Closed', '2025-06-19 02:00:17', NULL, 'YES SIR', '', '1'),
(22, 0, 1, '25', '58', '26', '', '361', '26', '61', '', '', '2025-06-10 01:39:34', '0000-00-00 00:00:00', '', 'adsafsfsdg', '1'),
(23, 0, 1, '25', '58', '26', '', '361', '26', '61', '', '', '2025-06-10 01:39:34', '0000-00-00 00:00:00', '', 'adsafsfsdg', '1'),
(24, 0, 1, '20', '61', '30', '', '361', '', '49', '', 'Closed', '2025-06-19 04:35:40', NULL, 'okkk', '', '1'),
(25, 0, 1, '26', '58', '26', '', '361', '28', '61', '', '', '2025-06-10 01:39:34', '0000-00-00 00:00:00', '', 'adsafsfsdg', '1'),
(26, 0, 1, '26', '58', '26', '', '361', '28', '61', '', '', '2025-06-10 01:39:34', '0000-00-00 00:00:00', '', 'adsafsfsdg', '1'),
(27, 0, 1, '27', '58', '26', '', '361', '30', '61', '', '', '2025-06-10 01:39:34', '0000-00-00 00:00:00', '', 'adsafsfsdg', '1'),
(31, 0, 1, '32', '58', '26', '', '361', '34', '61', '', '', '2025-06-10 01:39:34', '0000-00-00 00:00:00', '', 'adsafsfsdg', '1'),
(32, 0, 1, '32', '58', '26', '', '361', '34', '61', '', '', '2025-06-10 01:39:34', '0000-00-00 00:00:00', '', 'adsafsfsdg', '1'),
(33, 0, 1, '31', '58', '26', '', '361', '36', '61', '', '', '2025-06-10 01:39:34', '0000-00-00 00:00:00', '', 'adsafsfsdg', '1'),
(34, 0, 1, '31', '58', '26', '', '361', '36', '61', '', '', '2025-06-10 01:39:34', '0000-00-00 00:00:00', '', 'adsafsfsdg', '1'),
(35, 0, 1, '33', '58', '26', '', '361', '38', '61', '', '', '2025-06-10 01:39:34', '0000-00-00 00:00:00', '', 'adsafsfsdg', '1'),
(36, 0, 1, '33', '58', '26', '', '361', '38', '61', '', '', '2025-06-10 01:39:34', '0000-00-00 00:00:00', '', 'adsafsfsdg', '1'),
(37, 0, 1, '34', '58', '26', '', '361', '40', '61', '', '', '2025-06-10 01:39:34', '0000-00-00 00:00:00', '', 'adsafsfsdg', '1'),
(39, 0, 1, '35', '61', '30', '', '361', '41', '49', '', 'Recheck', '2025-06-19 09:11:37', NULL, 'ok', '', '3'),
(40, 0, 1, '35', '61', '30', '', '361', '41', '49', '', 'Recheck', '2025-06-19 09:13:02', NULL, 'ok', '', '3'),
(41, 0, 1, '35', '61', '30', '', '361', '41', '49', '', 'Recheck', '2025-06-19 09:13:47', NULL, 'ok', '', '3'),
(42, 0, 1, '35', '61', '30', '', '361', '41', '49', '', '', '2025-06-19 09:13:47', NULL, '', '', '4'),
(44, 0, 1, '36', '61', '30', '', '1', '42', '49', '', 'Recheck!', '2025-06-19 09:29:35', NULL, 'tes', '', '1'),
(45, 0, 1, '36', '61', '30', '', '361', '42', '49', '', 'Closed', '2025-06-20 02:27:25', NULL, 'ok', '', '2'),
(47, 0, 1, '37', '61', '30', '', '1', '43', '49', '', 'Recheck!', '2025-06-24 02:04:34', NULL, 'belum', '', '1'),
(48, 0, 1, '37', '61', '30', '', '361', '43', '49', '', 'Closed', '2025-06-24 03:03:44', NULL, 'ok', '', '2'),
(50, 0, 1, '38', '61', '30', '', '1', '44', '49', '', 'Recheck!', '2025-06-24 02:21:56', NULL, 'BELOM', '', '1'),
(51, 0, 1, '38', '61', '30', '', '361', '44', '49', '', '', '2025-06-24 02:21:42', NULL, '', '', '2'),
(53, 0, 1, '39', '61', '30', '', '1', '45', '49', '', 'Recheck!', '2025-06-24 02:30:09', NULL, 'BELOM', '', '1'),
(54, 0, 1, '39', '61', '30', '', '361', '45', '49', '', 'Closed', '2025-06-25 02:23:37', NULL, 'ok', '', '2'),
(56, 0, 1, '40', '61', '30', '', '1', '46', '49', '', 'Recheck!', '2025-06-24 02:38:20', NULL, 'ok', '', '1'),
(57, 0, 1, '40', '61', '30', '', '361', '46', '49', '', 'Closed', '2025-06-24 02:42:31', NULL, 'ok', '', '2'),
(59, 0, 1, '41', '61', '30', '', '361', '47', '49', '', 'Closed', '2025-06-24 04:56:13', NULL, 'OK', '', '1'),
(61, 0, 1, '42', '61', '30', '', '361', '48', '49', '', 'Closed', '2025-06-24 05:01:17', NULL, 'YESS', '', '1'),
(63, 0, 1, '43', '61', '30', '', '361', '49', '49', '', 'Closed', '2025-06-24 07:12:59', NULL, 'YES', '', '1'),
(65, 0, 1, '44', '61', '30', '', '361', '50', '49', '', 'Closed', '2025-06-24 07:20:50', NULL, 'YES', '', '1'),
(66, 0, 1, '45', '58', '26', '', '361', '51', '61', '', '', '2025-06-10 01:39:34', '0000-00-00 00:00:00', '', 'adsafsfsdg', '1'),
(67, 0, 1, '46', '58', '26', '', '361', '52', '61', '', '', '2025-06-10 01:39:34', '0000-00-00 00:00:00', '', 'adsafsfsdg', '1'),
(68, 0, 1, '47', '58', '26', '', '361', '53', '61', '', '', '2025-06-10 01:39:34', '0000-00-00 00:00:00', '', 'adsafsfsdg', '1'),
(69, 0, 1, '48', '58', '26', '', '361', '54', '61', '', '', '2025-06-10 01:39:34', '0000-00-00 00:00:00', '', 'adsafsfsdg', '1'),
(70, 0, 1, '49', '58', '26', '', '361', '55', '61', '', '', '2025-06-10 01:39:34', '0000-00-00 00:00:00', '', 'adsafsfsdg', '1'),
(71, 0, 1, '50', '58', '26', '', '361', '56', '61', '', '', '2025-06-10 01:39:34', '0000-00-00 00:00:00', '', 'adsafsfsdg', '1'),
(72, 0, 1, '51', '58', '26', '', '361', '57', '61', '', '', '2025-06-10 01:39:34', '0000-00-00 00:00:00', '', 'adsafsfsdg', '1'),
(75, 0, 1, '53', '61', '30', '', '361', '59', '49', '', 'Closed', '2025-06-25 06:51:40', NULL, 'ok', '', '1'),
(76, 0, 1, '52', '61', '30', '', '361', '58', '49', '', 'Closed', '2025-06-25 07:22:49', NULL, 'ok', '', '1'),
(78, 0, 1, '55', '61', '30', '', '1', '60', '49', '', 'Recheck!', '2025-06-26 06:37:53', NULL, 'yes', '', '1'),
(79, 0, 1, '55', '61', '30', '', '361', '60', '49', '', 'Closed', '2025-07-09 09:02:09', NULL, 'okk', '', '2'),
(80, 0, 1, '61', '58', '26', '', '361', '61', '61', '', '', '2025-06-10 01:39:34', '0000-00-00 00:00:00', '', 'adsafsfsdg', '1'),
(81, 0, 1, '61', '58', '26', '', '361', '61', '61', '', '', '2025-06-10 01:39:34', '0000-00-00 00:00:00', '', 'adsafsfsdg', '1'),
(82, 0, 1, '61', '58', '26', '', '361', '61', '61', '', '', '2025-06-10 01:39:34', '0000-00-00 00:00:00', '', 'adsafsfsdg', '1'),
(83, 0, 1, '60', '58', '26', '', '361', '64', '61', '', '', '2025-06-10 01:39:34', '0000-00-00 00:00:00', '', 'adsafsfsdg', '1'),
(84, 0, 1, '60', '58', '26', '', '361', '64', '61', '', '', '2025-06-10 01:39:34', '0000-00-00 00:00:00', '', 'adsafsfsdg', '1'),
(85, 0, 1, '61', '58', '26', '', '361', '61', '61', '', '', '2025-06-10 01:39:34', '0000-00-00 00:00:00', '', 'adsafsfsdg', '1'),
(86, 0, 1, '59', '58', '26', '', '361', '67', '61', '', '', '2025-06-10 01:39:34', '0000-00-00 00:00:00', '', 'adsafsfsdg', '1'),
(87, 0, 1, '58', '58', '26', '', '361', '68', '61', '', '', '2025-06-10 01:39:34', '0000-00-00 00:00:00', '', 'adsafsfsdg', '1'),
(88, 0, 1, '58', '58', '26', '', '361', '68', '61', '', '', '2025-06-10 01:39:34', '0000-00-00 00:00:00', '', 'adsafsfsdg', '1'),
(89, 0, 1, '57', '58', '26', '', '361', '70', '61', '', '', '2025-06-10 01:39:34', '0000-00-00 00:00:00', '', 'adsafsfsdg', '1'),
(90, 0, 1, '57', '58', '26', '', '361', '70', '61', '', '', '2025-06-10 01:39:34', '0000-00-00 00:00:00', '', 'adsafsfsdg', '1'),
(91, 0, 1, '56', '58', '26', '', '361', '72', '61', '', '', '2025-06-10 01:39:34', '0000-00-00 00:00:00', '', 'adsafsfsdg', '1'),
(92, 0, 1, '56', '58', '26', '', '361', '72', '61', '', '', '2025-06-10 01:39:34', '0000-00-00 00:00:00', '', 'adsafsfsdg', '1'),
(93, 0, 1, '54', '58', '26', '', '361', '74', '61', '', '', '2025-06-10 01:39:34', '0000-00-00 00:00:00', '', 'adsafsfsdg', '1'),
(94, 0, 1, '28', '58', '26', '', '361', '76', '61', '', '', '2025-06-10 01:39:34', '0000-00-00 00:00:00', '', 'adsafsfsdg', '1'),
(97, 0, 1, '63', '61', '30', '', '361', '80', '49', '', 'Closed', '2025-07-09 08:45:25', NULL, 'OK', '', '1'),
(98, 0, 1, '62', '61', '30', '', '361', '78', '49', '', 'Closed', '2025-07-09 08:46:28', NULL, 'OK', '', '1'),
(100, 0, 1, '65', '61', '30', '', '361', '82', '49', '', 'Closed', '2025-07-09 08:59:41', NULL, 'yeahh yyaaa', '', '1'),
(102, 0, 1, '64', '61', '30', '', '361', '84', '49', '', 'Closed', '2025-07-09 09:04:32', NULL, 'YESS', '', '1'),
(104, 0, 1, '66', '61', '30', '', '361', '86', '49', '', 'Closed', '2025-07-09 09:12:55', NULL, 'yes', '', '1'),
(105, 0, 1, '30', '61', '30', '', '361', '33', '49', '', 'Closed', '2025-07-09 09:20:04', NULL, 'ok', '', '2'),
(106, 0, 1, '29', '61', '30', '', '361', '31', '49', '', 'Closed', '2025-07-09 09:21:43', NULL, 'ok', '', '1'),
(109, 0, 1, '70', '61', '30', '', '361', '88', '49', '', 'Closed', '2025-07-11 04:11:47', NULL, 'OK', '', '1'),
(110, 0, 1, '71', '61', '30', '', '361', '90', '49', '', 'Closed', '2025-07-11 04:13:36', NULL, 'ok', '', '3'),
(111, 0, 1, '72', '58', '26', '', '361', '91', '61', '', '', '2025-06-10 01:39:34', '0000-00-00 00:00:00', '', 'adsafsfsdg', '1'),
(112, 0, 2, '72', '79', '49', '', '361', '91', '61', '', '', '2025-07-11 09:28:06', '0000-00-00 00:00:00', '', 'fdgdfg', '1'),
(113, 0, 3, '72', '55', '23', '', '361', '91', '61', '', '', '2025-07-11 09:28:16', '0000-00-00 00:00:00', '', 'ergreger', '1'),
(114, 0, 4, '72', '46', '20', '', '361', '91', '61', '', '', '2025-07-11 09:28:24', '0000-00-00 00:00:00', '', 'ghrht', '1'),
(115, 0, 1, '73', '58', '26', '', '361', '93', '61', '', '', '2025-06-10 01:39:34', '0000-00-00 00:00:00', '', 'adsafsfsdg', '1'),
(116, 0, 2, '73', '79', '49', '', '361', '93', '61', '', '', '2025-07-11 09:28:06', '0000-00-00 00:00:00', '', 'fdgdfg', '1'),
(117, 0, 3, '73', '55', '23', '', '361', '93', '61', '', '', '2025-07-11 09:28:16', '0000-00-00 00:00:00', '', 'ergreger', '1'),
(118, 0, 4, '73', '46', '20', '', '361', '93', '61', '', '', '2025-07-11 09:28:24', '0000-00-00 00:00:00', '', 'ghrht', '1'),
(119, 0, 1, '76', '58', '26', '', '361', '104', '61', '', '', '2025-06-10 01:39:34', '0000-00-00 00:00:00', '', 'adsafsfsdg', '1'),
(121, 0, 1, '77', '61', '30', '', '361', '108', '49', '', 'Closed', '2025-07-14 01:53:02', NULL, 'yy', '', '1'),
(122, 0, 1, '78', '58', '26', '', '361', '109', '61', '', '', '2025-06-10 01:39:34', '0000-00-00 00:00:00', '', 'adsafsfsdg', '1'),
(123, 0, 1, '81', '79', '49', '', '363', '111', '61', '', '', '2025-07-29 02:57:31', '0000-00-00 00:00:00', '', 'tes1111', '1'),
(125, 0, 1, '79', '58', '26', '', '361', '113', '61', '', '', '2025-06-10 01:39:34', '0000-00-00 00:00:00', '', 'adsafsfsdg', '1'),
(126, 0, 1, '80', '61', '30', '', '361', '114', '49', '', 'Closed', '2025-09-04 07:50:05', NULL, 'ok', '', '1'),
(127, 0, 1, '82', '58', '26', '', '361', '115', '61', '', '', '2025-06-10 01:39:34', '0000-00-00 00:00:00', '', 'adsafsfsdg', '1'),
(128, 0, 1, '83', '58', '26', '', '361', '116', '61', '', '', '2025-06-10 01:39:34', '0000-00-00 00:00:00', '', 'adsafsfsdg', '1'),
(129, 0, 1, '84', '58', '26', '', '361', '117', '61', '', '', '2025-06-10 01:39:34', '0000-00-00 00:00:00', '', 'adsafsfsdg', '1'),
(130, 0, 1, '85', '58', '26', '', '361', '119', '61', '', '', '2025-06-10 01:39:34', '0000-00-00 00:00:00', '', 'adsafsfsdg', '1'),
(132, 0, 1, '89', '61', '30', '', '361', '120', '49', '', 'Closed', '2025-11-14 07:25:28', NULL, 'ok', '', '1'),
(134, 0, 1, '91', '61', '30', '', '361', '121', '49', '', 'Closed', '2026-02-05 06:52:31', NULL, 'ok', '', '1');

-- --------------------------------------------------------

--
-- Table structure for table `closed_sppd`
--

CREATE TABLE `closed_sppd` (
  `id_closed_sppd` int(11) NOT NULL,
  `urutan` int(11) NOT NULL,
  `id_sppd` varchar(11) NOT NULL,
  `id_user` varchar(11) DEFAULT NULL,
  `id_employee` varchar(11) DEFAULT NULL,
  `id_closed` varchar(11) NOT NULL,
  `id_app` varchar(11) NOT NULL,
  `id_acc_sppd` varchar(11) NOT NULL,
  `id_user_acc` varchar(11) NOT NULL,
  `id_user_hr` varchar(11) NOT NULL,
  `status` enum('waiting','Approved','Rejected','Recheck','Recheck!','Confirmed','Closed') DEFAULT NULL,
  `tgl` timestamp NOT NULL DEFAULT current_timestamp() ON UPDATE current_timestamp(),
  `date` datetime DEFAULT NULL,
  `kmt` varchar(100) NOT NULL,
  `deskripsi` varchar(50) NOT NULL,
  `fleg` enum('1','2','3','4','5','6','7','8','9','10') CHARACTER SET latin1 COLLATE latin1_swedish_ci NOT NULL
) ENGINE=InnoDB DEFAULT CHARSET=utf8mb4 COLLATE=utf8mb4_general_ci;

--
-- Dumping data for table `closed_sppd`
--

INSERT INTO `closed_sppd` (`id_closed_sppd`, `urutan`, `id_sppd`, `id_user`, `id_employee`, `id_closed`, `id_app`, `id_acc_sppd`, `id_user_acc`, `id_user_hr`, `status`, `tgl`, `date`, `kmt`, `deskripsi`, `fleg`) VALUES
(314, 1, '1', '58', '26', '', '359', '215', '61', '', '', '2025-05-05 04:17:26', '0000-00-00 00:00:00', '', 'WTTTWT', '1'),
(316, 1, '2', '61', '30', '', '359', '280', '49', '', 'Closed', '2025-06-13 01:56:50', NULL, 'yeah bro', '', '1'),
(318, 1, '3', '61', '30', '', '359', '281', '49', '', 'Closed', '2025-06-13 02:11:11', NULL, 'oke broo', '', '1'),
(319, 1, '3', '58', '26', '', '359', '217', '61', '', '', '2025-05-05 04:17:26', '0000-00-00 00:00:00', '', 'WTTTWT', '1'),
(320, 1, '4', '58', '26', '', '359', '218', '61', '', '', '2025-05-05 04:17:26', '0000-00-00 00:00:00', '', 'WTTTWT', '1'),
(324, 1, '7', '61', '30', '', '359', '286', '49', '', 'Closed', '2025-06-13 02:37:26', NULL, 'ok', '', '1'),
(325, 1, '6', '61', '30', '', '359', '285', '49', '', 'Closed', '2025-06-13 03:23:12', NULL, 'okkkk', '', '1'),
(327, 1, '8', '61', '30', '', '359', '287', '49', '', 'Closed', '2025-06-13 09:09:00', NULL, 'ok', '', '1'),
(329, 1, '9', '61', '30', '', '359', '288', '49', '', 'Closed', '2025-06-18 01:10:16', NULL, 'YA', '', '1'),
(331, 1, '10', '61', '30', '', '359', '289', '49', '', 'Closed', '2025-06-18 09:29:47', NULL, 'OK', '', '1'),
(333, 1, '11', '61', '30', '', '359', '290', '49', '', 'Closed', '2025-06-18 09:46:37', NULL, 'OK', '', '1'),
(335, 1, '12', '61', '30', '', '359', '291', '49', '', 'Closed', '2025-06-19 01:43:26', NULL, 'YES SIR\\r\\n', '', '1'),
(337, 1, '13', '61', '30', '', '359', '292', '49', '', 'Closed', '2025-06-19 02:32:45', NULL, 'OK', '', '1'),
(340, 1, '15', '61', '30', '', '359', '294', '49', '', 'Closed', '2025-06-19 06:09:36', NULL, 'OK', '', '1'),
(341, 1, '14', '61', '30', '', '359', '293', '49', '', 'Closed', '2025-06-19 06:15:19', NULL, 'OK', '', '1'),
(343, 1, '16', '61', '30', '', '359', '295', '49', '', 'Closed', '2025-06-19 06:28:07', NULL, 'ok', '', '2'),
(345, 1, '17', '61', '30', '', '359', '296', '49', '', 'Closed', '2025-06-19 06:40:15', NULL, 'OK', '', '1'),
(348, 1, '20', '58', '26', '', '359', '234', '61', '', '', '2025-05-05 04:17:26', '0000-00-00 00:00:00', '', 'WTTTWT', '1'),
(350, 1, '21', '61', '30', '', '359', '300', '49', '', 'Closed', '2025-06-19 07:25:17', NULL, 'ok', '', '2'),
(353, 1, '23', '61', '30', '', '359', '302', '49', '', 'Closed', '2025-06-19 07:42:54', NULL, 'ok', '', '1'),
(354, 1, '22', '61', '30', '', '359', '301', '49', '', 'Closed', '2025-06-19 07:43:06', NULL, 'ok', '', '1'),
(356, 1, '24', '61', '30', '', '359', '303', '49', '', 'Closed', '2025-06-19 08:13:16', NULL, 'ok', '', '2'),
(358, 1, '25', '61', '30', '', '359', '304', '49', '', 'Closed', '2025-06-19 08:31:06', NULL, 'YEAH', '', '1'),
(360, 1, '26', '61', '30', '', '359', '305', '49', '', 'Closed', '2025-06-19 08:54:27', NULL, 'okkk', '', '3'),
(362, 1, '27', '61', '30', '', '359', '306', '49', '', 'Closed', '2025-06-19 09:27:01', NULL, 'ok', '', '1'),
(364, 1, '28', '61', '30', '', '359', '307', '49', '', 'Closed', '2025-06-20 09:15:12', NULL, 'ok', '', '1'),
(366, 1, '29', '61', '30', '', '359', '308', '49', '', 'Closed', '2025-06-24 02:20:14', NULL, 'ok', '', '1'),
(368, 1, '30', '61', '30', '', '359', '309', '49', '', 'Closed', '2025-06-24 02:27:38', NULL, 'OK', '', '1'),
(370, 1, '31', '61', '30', '', '359', '310', '49', '', 'Closed', '2025-06-24 02:36:41', NULL, 'ok', '', '1'),
(372, 1, '32', '61', '30', '', '359', '311', '49', '', 'Closed', '2025-06-24 04:54:30', NULL, 'OK', '', '1'),
(374, 1, '33', '61', '30', '', '359', '312', '49', '', 'Closed', '2025-06-24 04:58:16', NULL, 'OK', '', '1'),
(376, 1, '34', '61', '30', '', '359', '313', '49', '', 'Closed', '2025-06-24 07:07:21', NULL, 'YESS', '', '1'),
(378, 1, '35', '61', '30', '', '359', '314', '49', '', 'Closed', '2025-06-24 07:16:49', NULL, 'OK', '', '1'),
(382, 1, '39', '58', '26', '', '359', '253', '61', '', '', '2025-05-05 04:17:26', '0000-00-00 00:00:00', '', 'WTTTWT', '1'),
(383, 1, '40', '58', '26', '', '359', '254', '61', '', '', '2025-05-05 04:17:26', '0000-00-00 00:00:00', '', 'WTTTWT', '1'),
(384, 1, '38', '61', '30', '', '359', '317', '49', '', 'Closed', '2025-06-25 02:25:16', NULL, 'okkkk', '', '1'),
(388, 1, '43', '61', '30', '', '359', '322', '49', '', 'Closed', '2025-06-25 05:00:59', NULL, 'ok', '', '1'),
(389, 1, '37', '61', '30', '', '359', '316', '49', '', 'Closed', '2025-06-25 06:14:37', NULL, 'OK', '', '1'),
(390, 1, '42', '61', '30', '', '359', '321', '49', '', 'Closed', '2025-06-25 06:22:36', NULL, 'ok', '', '1'),
(391, 1, '41', '61', '30', '', '359', '320', '49', '', 'Closed', '2025-06-25 06:24:43', NULL, 'ok', '', '1'),
(392, 1, '36', '61', '30', '', '359', '315', '49', '', 'Closed', '2025-06-25 06:25:46', NULL, 'ok', '', '1'),
(393, 1, '19', '61', '30', '', '359', '298', '49', '', 'Closed', '2025-06-25 06:33:33', NULL, 'ok', '', '1'),
(394, 1, '18', '61', '30', '', '359', '297', '49', '', 'Closed', '2025-06-25 06:34:46', NULL, 'ok', '', '2'),
(395, 1, '5', '61', '30', '', '359', '284', '49', '', 'Closed', '2025-06-25 06:38:57', NULL, 'ok', '', '1'),
(397, 1, '44', '61', '30', '', '1', '323', '49', '', 'Recheck!', '2025-06-26 04:35:47', NULL, 'RECHECK DULU', '', '1'),
(398, 1, '44', '61', '30', '', '359', '323', '49', '', 'Closed', '2025-06-26 04:37:04', NULL, 'YES', '', '2'),
(400, 1, '45', '61', '30', '', '359', '324', '49', '', 'Closed', '2025-06-26 04:43:19', NULL, 'ok', '', '1'),
(402, 1, '46', '61', '30', '', '359', '325', '49', '', 'Closed', '2025-06-26 06:25:44', NULL, 'YES', '', '1'),
(404, 1, '47', '61', '30', '', '1', '326', '49', '', 'Recheck!', '2025-06-26 06:35:41', NULL, 'RECHECK', '', '1'),
(405, 1, '47', '61', '30', '', '359', '326', '49', '', 'Closed', '2025-06-30 03:37:07', NULL, 'OK', '', '2'),
(407, 1, '48', '61', '30', '', '1', '327', '49', '', 'Recheck!', '2025-06-30 02:39:44', NULL, 'Recheck dulu ya', '', '1'),
(408, 1, '48', '61', '30', '', '359', '327', '49', '', 'Closed', '2025-06-30 02:41:47', NULL, 'ok', '', '2'),
(410, 1, '49', '61', '30', '', '359', '328', '49', '', 'Closed', '2025-06-30 03:09:57', NULL, 'ok', '', '1'),
(412, 1, '50', '61', '30', '', '1', '329', '49', '', 'Recheck!', '2025-06-30 03:24:18', NULL, 'R dulu', '', '1'),
(413, 1, '50', '61', '30', '', '359', '329', '49', '', 'Closed', '2025-06-30 03:25:28', NULL, 'okk', '', '2'),
(415, 1, '51', '61', '30', '', '1', '330', '49', '', 'Recheck!', '2025-06-30 03:32:21', NULL, 'R LAGI', '', '1'),
(416, 1, '51', '61', '30', '', '359', '330', '49', '', 'Closed', '2025-06-30 03:34:02', NULL, 'OK', '', '2'),
(418, 1, '52', '61', '30', '', '1', '331', '49', '', 'Recheck!', '2025-06-30 03:49:04', NULL, 'yes r', '', '1'),
(419, 1, '52', '61', '30', '', '359', '331', '49', '', 'Closed', '2025-06-30 03:51:19', NULL, 'ok', '', '2'),
(421, 1, '53', '61', '30', '', '1', '332', '49', '', 'Recheck!', '2025-06-30 04:02:47', NULL, 'OK', '', '1'),
(422, 1, '53', '61', '30', '', '359', '332', '49', '', 'Closed', '2025-06-30 04:06:39', NULL, 'ADA AJA', '', '2'),
(424, 1, '54', '61', '30', '', '1', '333', '49', '', 'Recheck!', '2025-06-30 04:33:12', NULL, 'R', '', '1'),
(425, 1, '54', '61', '30', '', '359', '333', '49', '', 'Closed', '2025-06-30 04:34:05', NULL, 'YESS', '', '2'),
(428, 1, '56', '61', '30', '', '1', '335', '49', '', 'Recheck!', '2025-06-30 04:46:15', NULL, 'OK', '', '1'),
(429, 1, '56', '61', '30', '', '359', '335', '49', '', 'Closed', '2025-06-30 04:49:07', NULL, 'YES', '', '2'),
(430, 1, '55', '61', '30', '', '1', '334', '49', '', 'Recheck!', '2025-06-30 04:58:23', NULL, 'no', '', '1'),
(431, 1, '55', '61', '30', '', '359', '334', '49', '', 'Closed', '2025-06-30 04:59:16', NULL, 'U', '', '2'),
(433, 1, '57', '61', '30', '', '1', '336', '49', '', 'Recheck!', '2025-06-30 05:02:55', NULL, 'oo', '', '1'),
(434, 1, '57', '61', '30', '', '359', '336', '49', '', 'Closed', '2025-06-30 05:03:51', NULL, 'ok', '', '2'),
(436, 1, '58', '61', '30', '', '1', '337', '49', '', 'Recheck!', '2025-06-30 06:30:44', NULL, 'OK', '', '1'),
(437, 1, '58', '61', '30', '', '359', '337', '49', '', 'Closed', '2025-06-30 06:31:47', NULL, 'YESS', '', '2'),
(438, 1, '59', '58', '26', '', '359', '273', '61', '', '', '2025-05-05 04:17:26', '0000-00-00 00:00:00', '', 'WTTTWT', '1'),
(439, 1, '60', '58', '26', '', '359', '274', '61', '', '', '2025-05-05 04:17:26', '0000-00-00 00:00:00', '', 'WTTTWT', '1'),
(440, 1, '62', '58', '26', '', '359', '340', '61', '', '', '2025-05-05 04:17:26', '0000-00-00 00:00:00', '', 'WTTTWT', '1'),
(441, 1, '63', '58', '26', '', '359', '341', '61', '', '', '2025-05-05 04:17:26', '0000-00-00 00:00:00', '', 'WTTTWT', '1'),
(442, 1, '64', '58', '26', '', '359', '342', '61', '', '', '2025-05-05 04:17:26', '0000-00-00 00:00:00', '', 'WTTTWT', '1'),
(443, 1, '65', '58', '26', '', '359', '343', '61', '', '', '2025-05-05 04:17:26', '0000-00-00 00:00:00', '', 'WTTTWT', '1'),
(444, 1, '66', '58', '26', '', '359', '344', '61', '', '', '2025-05-05 04:17:26', '0000-00-00 00:00:00', '', 'WTTTWT', '1'),
(445, 1, '67', '58', '26', '', '359', '345', '61', '', '', '2025-05-05 04:17:26', '0000-00-00 00:00:00', '', 'WTTTWT', '1'),
(446, 1, '68', '58', '26', '', '359', '346', '61', '', '', '2025-05-05 04:17:26', '0000-00-00 00:00:00', '', 'WTTTWT', '1'),
(454, 1, '75', '61', '30', '', '359', '353', '49', '', 'Closed', '2025-07-01 07:28:35', NULL, 'yes', '', '1'),
(456, 1, '77', '58', '26', '', '359', '355', '61', '', '', '2025-05-05 04:17:26', '0000-00-00 00:00:00', '', 'WTTTWT', '1'),
(457, 1, '78', '58', '26', '', '359', '356', '61', '', '', '2025-05-05 04:17:26', '0000-00-00 00:00:00', '', 'WTTTWT', '1'),
(458, 1, '79', '58', '26', '', '359', '357', '61', '', '', '2025-05-05 04:17:26', '0000-00-00 00:00:00', '', 'WTTTWT', '1'),
(459, 1, '80', '58', '26', '', '359', '358', '61', '', '', '2025-05-05 04:17:26', '0000-00-00 00:00:00', '', 'WTTTWT', '1'),
(460, 1, '81', '58', '26', '', '359', '359', '61', '', '', '2025-05-05 04:17:26', '0000-00-00 00:00:00', '', 'WTTTWT', '1'),
(461, 1, '82', '58', '26', '', '359', '360', '61', '', '', '2025-05-05 04:17:26', '0000-00-00 00:00:00', '', 'WTTTWT', '1'),
(462, 1, '83', '58', '26', '', '359', '361', '61', '', '', '2025-05-05 04:17:26', '0000-00-00 00:00:00', '', 'WTTTWT', '1'),
(463, 1, '84', '58', '26', '', '359', '362', '61', '', '', '2025-05-05 04:17:26', '0000-00-00 00:00:00', '', 'WTTTWT', '1'),
(465, 1, '85', '61', '30', '', '359', '363', '49', '', 'Closed', '2025-07-02 04:44:51', NULL, 'yeah', '', '1'),
(467, 1, '86', '61', '30', '', '359', '364', '49', '', 'Closed', '2025-07-09 02:50:58', NULL, 'OK', '', '1'),
(468, 1, '76', '61', '30', '', '359', '354', '49', '', 'Closed', '2025-07-09 07:47:15', NULL, 'yes', '', '1'),
(469, 1, '74', '61', '30', '', '359', '352', '49', '', 'Closed', '2025-07-09 07:49:59', NULL, 'ok', '', '1'),
(470, 1, '73', '61', '30', '', '359', '351', '49', '', 'Closed', '2025-07-09 08:51:03', NULL, 'OK', '', '1'),
(471, 1, '72', '61', '30', '', '359', '350', '49', '', 'Closed', '2025-07-09 08:51:15', NULL, 'OK', '', '1'),
(472, 1, '71', '61', '30', '', '359', '349', '49', '', 'Closed', '2025-07-09 09:11:29', NULL, 'yesss', '', '1'),
(473, 1, '70', '61', '30', '', '359', '348', '49', '', 'Closed', '2025-07-09 09:22:16', NULL, 'ok', '', '1'),
(474, 1, '69', '61', '30', '', '359', '347', '49', '', 'Closed', '2025-07-09 09:22:30', NULL, 'ok', '', '1'),
(476, 1, '87', '61', '30', '', '359', '365', '49', '', 'Closed', '2025-07-09 09:37:17', NULL, 'yes', '', '1'),
(477, 1, '88', '58', '26', '', '359', '366', '61', '', '', '2025-05-05 04:17:26', '0000-00-00 00:00:00', '', 'WTTTWT', '1'),
(479, 1, '90', '58', '26', '', '359', '368', '61', '', '', '2025-05-05 04:17:26', '0000-00-00 00:00:00', '', 'WTTTWT', '1'),
(481, 1, '91', '61', '30', '', '359', '369', '49', '', 'Closed', '2025-07-11 03:38:14', NULL, 'okk', '', '1'),
(483, 1, '92', '61', '30', '', '359', '370', '49', '', 'Closed', '2025-07-11 03:56:54', NULL, 'okk', '', '3'),
(484, 1, '93', '58', '26', '', '359', '371', '61', '', '', '2025-05-05 04:17:26', '0000-00-00 00:00:00', '', 'WTTTWT', '1'),
(485, 1, '94', '58', '26', '', '359', '372', '61', '', '', '2025-05-05 04:17:26', '0000-00-00 00:00:00', '', 'WTTTWT', '1'),
(487, 1, '96', '61', '30', '', '359', '374', '49', '', 'Closed', '2025-07-11 09:47:15', NULL, 'yes', '', '1'),
(489, 1, '97', '61', '30', '', '359', '375', '49', '', 'Closed', '2025-07-11 09:56:15', NULL, 'ok', '', '1'),
(491, 1, '98', '61', '30', '', '359', '376', '49', '', 'Closed', '2025-07-11 10:07:18', NULL, 'yes', '', '1'),
(492, 1, '', '58', '26', '', '361', '', '61', '', '', '2025-06-10 01:39:34', '0000-00-00 00:00:00', '', 'adsafsfsdg', '1'),
(494, 1, '99', '61', '30', '', '359', '377', '49', '', 'Closed', '2025-07-11 10:14:11', NULL, 'dvd', '', '1'),
(496, 1, '100', '61', '30', '', '359', '378', '49', '', 'Closed', '2025-07-11 10:17:48', NULL, 'ok', '', '1'),
(498, 1, '101', '61', '30', '', '359', '379', '49', '', 'Closed', '2025-07-14 01:26:50', NULL, 'yeah', '', '1'),
(500, 1, '102', '61', '30', '', '359', '380', '49', '', 'Closed', '2025-07-18 01:27:47', NULL, 'ok', '', '1'),
(502, 1, '103', '61', '30', '', '359', '382', '49', '', 'Closed', '2025-07-21 03:02:28', NULL, 'ok', '', '1'),
(503, 1, '104', '79', '49', '', '362', '383', '61', '', '', '2025-07-29 02:56:18', '0000-00-00 00:00:00', '', 'tes111', '1'),
(506, 1, '106', '61', '30', '', '359', '385', '49', '', 'Closed', '2025-08-14 02:25:55', NULL, 'okk', '', '1'),
(508, 1, '107', '61', '30', '', '362', '386', '58', '', 'Closed', '2025-08-28 04:37:56', NULL, 'sudah di transfer', '', '1'),
(510, 1, '109', '58', '26', '', '359', '388', '61', '', '', '2025-05-05 04:17:26', '0000-00-00 00:00:00', '', 'WTTTWT', '1'),
(511, 1, '110', '58', '26', '', '359', '389', '61', '', '', '2025-05-05 04:17:26', '0000-00-00 00:00:00', '', 'WTTTWT', '1'),
(512, 1, '111', '58', '26', '', '359', '390', '61', '', '', '2025-05-05 04:17:26', '0000-00-00 00:00:00', '', 'WTTTWT', '1'),
(513, 1, '112', '58', '26', '', '359', '404', '61', '', '', '2025-05-05 04:17:26', '0000-00-00 00:00:00', '', 'WTTTWT', '1'),
(514, 1, '113', '58', '26', '', '359', '405', '61', '', '', '2025-05-05 04:17:26', '0000-00-00 00:00:00', '', 'WTTTWT', '1'),
(515, 1, '114', '58', '26', '', '359', '406', '61', '', '', '2025-05-05 04:17:26', '0000-00-00 00:00:00', '', 'WTTTWT', '1'),
(517, 1, '115', '61', '30', '', '359', '407', '49', '', 'Closed', '2025-09-04 07:55:46', NULL, 'ok', '', '1'),
(518, 1, '116', '58', '26', '', '359', '408', '61', '', '', '2025-05-05 04:17:26', '0000-00-00 00:00:00', '', 'WTTTWT', '1'),
(519, 1, '108', '61', '30', '', '359', '387', '49', '', 'Closed', '2025-09-15 04:04:27', NULL, 'ok', '', '1'),
(520, 1, '105', '61', '30', '', '359', '384', '49', '', 'Closed', '2025-09-15 04:05:39', NULL, 'ok', '', '1'),
(521, 1, '89', '61', '30', '', '359', '367', '49', '', 'Closed', '2025-09-15 04:09:07', NULL, 'ok', '', '1'),
(523, 1, '117', '61', '30', '', '362', '409', '58', '', 'Closed', '2025-09-19 10:01:04', NULL, 'ok', '', '2'),
(524, 1, '118', '58', '26', '', '359', '410', '61', '', '', '2025-05-05 04:17:26', '0000-00-00 00:00:00', '', 'WTTTWT', '1'),
(525, 1, '119', '58', '26', '', '359', '411', '61', '', '', '2025-05-05 04:17:26', '0000-00-00 00:00:00', '', 'WTTTWT', '1'),
(528, 1, '120', '61', '30', '', '359', '412', '49', '', 'Closed', '2025-10-29 09:37:58', NULL, 'ok', '', '1'),
(529, 1, '121', '61', '30', '', '359', '413', '49', '', 'Closed', '2025-10-30 03:23:11', NULL, 'ok', '', '2'),
(531, 1, '122', '61', '30', '', '1', '414', '49', '', 'Recheck!', '2025-10-30 04:27:14', NULL, 'tes recheck', '', '2'),
(532, 1, '122', '61', '30', '', '359', '414', '49', '', 'Closed', '2025-12-09 03:02:33', NULL, 'ok', '', '3'),
(535, 1, '124', '61', '30', '', '359', '416', '49', '', 'Closed', '2026-02-05 04:54:31', NULL, 'ok', '', '1'),
(536, 1, '123', '61', '30', '', '359', '415', '49', '', 'Closed', '2026-02-05 06:29:13', NULL, 'ok', '', '1'),
(537, 1, '125', '58', '26', '', '359', '417', '61', '', '', '2025-05-05 04:17:26', '0000-00-00 00:00:00', '', 'WTTTWT', '1'),
(538, 1, '126', '58', '26', '', '359', '418', '61', '', '', '2025-05-05 04:17:26', '0000-00-00 00:00:00', '', 'WTTTWT', '1'),
(539, 1, '127', '58', '26', '', '359', '419', '61', '', '', '2025-05-05 04:17:26', '0000-00-00 00:00:00', '', 'WTTTWT', '1'),
(540, 1, '128', '58', '26', '', '359', '420', '61', '', '', '2025-05-05 04:17:26', '0000-00-00 00:00:00', '', 'WTTTWT', '1'),
(541, 1, '129', '58', '26', '', '359', '421', '61', '', '', '2025-05-05 04:17:26', '0000-00-00 00:00:00', '', 'WTTTWT', '1'),
(542, 1, '130', '58', '26', '', '359', '422', '61', '', '', '2025-05-05 04:17:26', '0000-00-00 00:00:00', '', 'WTTTWT', '1'),
(543, 1, '131', '58', '26', '', '359', '423', '61', '', '', '2025-05-05 04:17:26', '0000-00-00 00:00:00', '', 'WTTTWT', '1'),
(544, 1, '132', '58', '26', '', '359', '424', '61', '', '', '2025-05-05 04:17:26', '0000-00-00 00:00:00', '', 'WTTTWT', '1'),
(545, 1, '133', '58', '26', '', '359', '425', '61', '', '', '2025-05-05 04:17:26', '0000-00-00 00:00:00', '', 'WTTTWT', '1'),
(546, 1, '134', '58', '26', '', '359', '426', '61', '', '', '2025-05-05 04:17:26', '0000-00-00 00:00:00', '', 'WTTTWT', '1'),
(547, 1, '135', '58', '26', '', '359', '427', '61', '', '', '2025-05-05 04:17:26', '0000-00-00 00:00:00', '', 'WTTTWT', '1'),
(548, 1, '136', '58', '26', '', '359', '428', '61', '', '', '2025-05-05 04:17:26', '0000-00-00 00:00:00', '', 'WTTTWT', '1'),
(549, 1, '137', '58', '26', '', '359', '429', '61', '', '', '2025-05-05 04:17:26', '0000-00-00 00:00:00', '', 'WTTTWT', '1'),
(550, 1, '138', '58', '26', '', '359', '430', '61', '', '', '2025-05-05 04:17:26', '0000-00-00 00:00:00', '', 'WTTTWT', '1'),
(551, 1, '139', '58', '26', '', '359', '431', '61', '', '', '2025-05-05 04:17:26', '0000-00-00 00:00:00', '', 'WTTTWT', '1'),
(552, 1, '140', '58', '26', '', '359', '432', '61', '', '', '2025-05-05 04:17:26', '0000-00-00 00:00:00', '', 'WTTTWT', '1'),
(553, 1, '141', '58', '26', '', '359', '433', '61', '', '', '2025-05-05 04:17:26', '0000-00-00 00:00:00', '', 'WTTTWT', '1'),
(554, 1, '142', '58', '26', '', '359', '434', '61', '', '', '2025-05-05 04:17:26', '0000-00-00 00:00:00', '', 'WTTTWT', '1'),
(555, 1, '143', '58', '26', '', '359', '435', '61', '', '', '2025-05-05 04:17:26', '0000-00-00 00:00:00', '', 'WTTTWT', '1'),
(556, 1, '144', '58', '26', '', '359', '436', '61', '', '', '2025-05-05 04:17:26', '0000-00-00 00:00:00', '', 'WTTTWT', '1'),
(557, 1, '145', '58', '26', '', '359', '437', '61', '', '', '2025-05-05 04:17:26', '0000-00-00 00:00:00', '', 'WTTTWT', '1'),
(558, 1, '146', '58', '26', '', '359', '438', '61', '', '', '2025-05-05 04:17:26', '0000-00-00 00:00:00', '', 'WTTTWT', '1'),
(559, 1, '147', '58', '26', '', '359', '439', '61', '', '', '2025-05-05 04:17:26', '0000-00-00 00:00:00', '', 'WTTTWT', '1'),
(560, 1, '148', '58', '26', '', '359', '440', '61', '', '', '2025-05-05 04:17:26', '0000-00-00 00:00:00', '', 'WTTTWT', '1'),
(561, 1, '149', '58', '26', '', '359', '441', '61', '', '', '2025-05-05 04:17:26', '0000-00-00 00:00:00', '', 'WTTTWT', '1'),
(562, 1, '150', '58', '26', '', '359', '442', '61', '', '', '2025-05-05 04:17:26', '0000-00-00 00:00:00', '', 'WTTTWT', '1'),
(563, 1, '151', '58', '26', '', '359', '443', '61', '', '', '2025-05-05 04:17:26', '0000-00-00 00:00:00', '', 'WTTTWT', '1'),
(564, 1, '152', '58', '26', '', '359', '444', '61', '', '', '2025-05-05 04:17:26', '0000-00-00 00:00:00', '', 'WTTTWT', '1'),
(565, 1, '153', '58', '26', '', '359', '445', '61', '', '', '2025-05-05 04:17:26', '0000-00-00 00:00:00', '', 'WTTTWT', '1'),
(567, 1, '154', '61', '30', '', '359', '446', '49', '', 'Closed', '2026-02-24 08:16:10', NULL, 'ok', '', '1');

-- --------------------------------------------------------

--
-- Table structure for table `confirm`
--

CREATE TABLE `confirm` (
  `id_confirm` int(11) NOT NULL,
  `urutan` int(11) NOT NULL,
  `id_user` int(11) DEFAULT NULL,
  `id_employee` int(11) DEFAULT NULL,
  `id_overtime` int(11) NOT NULL,
  `id_app` int(11) NOT NULL,
  `status` enum('waiting','Approved','Rejected','Recheck','Recheck!','Confirmed') DEFAULT NULL,
  `tgl` timestamp NOT NULL DEFAULT current_timestamp() ON UPDATE current_timestamp(),
  `date` datetime DEFAULT NULL,
  `id_user_hr` int(11) NOT NULL,
  `kmt` varchar(100) NOT NULL,
  `deskripsi` varchar(50) NOT NULL,
  `fleg` enum('1','2','3','4','5','6','7','8','9','10') CHARACTER SET latin1 COLLATE latin1_swedish_ci NOT NULL,
  `id_hrga` int(11) NOT NULL
) ENGINE=InnoDB DEFAULT CHARSET=utf8mb4 COLLATE=utf8mb4_general_ci;

--
-- Dumping data for table `confirm`
--

INSERT INTO `confirm` (`id_confirm`, `urutan`, `id_user`, `id_employee`, `id_overtime`, `id_app`, `status`, `tgl`, `date`, `id_user_hr`, `kmt`, `deskripsi`, `fleg`, `id_hrga`) VALUES
(1, 1, 58, 26, 1, 150, '', '2024-11-14 06:57:29', '0000-00-00 00:00:00', 54, '', 'fg', '1', 1),
(17, 1, 58, 26, 8, 150, '', '2024-11-14 00:58:21', '0000-00-00 00:00:00', 55, '', 'fg', '1', 8),
(18, 0, NULL, 23, 8, 150, 'Confirmed', '2024-11-19 01:23:02', NULL, 0, 'oke', '', '1', 8),
(19, 0, NULL, 23, 8, 150, 'Confirmed', '2024-11-19 01:23:06', NULL, 0, 'oke', '', '1', 8),
(20, 0, NULL, 23, 8, 150, 'Confirmed', '2024-11-19 01:23:09', NULL, 0, 'oke', '', '1', 8),
(21, 0, NULL, 23, 8, 150, 'Confirmed', '2024-11-19 01:23:14', NULL, 0, 'oke', '', '1', 8),
(22, 0, NULL, 23, 8, 150, 'Confirmed', '2024-11-19 01:23:17', NULL, 0, 'oke', '', '1', 8),
(23, 0, NULL, 23, 8, 150, 'Confirmed', '2024-11-19 01:23:22', NULL, 0, 'oke', '', '1', 8),
(24, 0, NULL, 23, 8, 150, 'Confirmed', '2024-11-19 01:23:25', NULL, 0, 'oke', '', '1', 8),
(25, 0, NULL, 23, 8, 150, 'Confirmed', '2024-11-19 01:23:28', NULL, 0, 'oke', '', '1', 8),
(26, 0, NULL, 23, 8, 150, 'Confirmed', '2024-11-19 01:23:31', NULL, 0, 'oke', '', '1', 8),
(27, 1, 58, 26, 9, 150, '', '2024-11-14 00:58:21', '0000-00-00 00:00:00', 55, '', 'fg', '1', 9),
(28, 1, 58, 26, 10, 150, '', '2024-11-14 00:58:21', '0000-00-00 00:00:00', 55, '', 'fg', '1', 10),
(29, 1, 58, 26, 11, 150, '', '2024-11-14 00:58:21', '0000-00-00 00:00:00', 55, '', 'fg', '1', 11),
(30, 1, 53, 21, 12, 183, '', '2024-12-02 07:25:06', '0000-00-00 00:00:00', 55, '', 'tyhruyutyu', '1', 12),
(31, 1, 56, 24, 13, 179, '', '2024-12-02 07:16:09', '0000-00-00 00:00:00', 55, '', 'hgtjhnjghgjk', '1', 13),
(32, 2, 64, 32, 13, 179, '', '2024-12-02 07:16:21', '0000-00-00 00:00:00', 55, '', 'tyhtruy', '1', 13),
(33, 1, 53, 21, 14, 183, '', '2024-12-02 07:25:06', '0000-00-00 00:00:00', 55, '', 'tyhruyutyu', '1', 14),
(34, 1, 71, 40, 15, 182, '', '2024-12-02 07:22:33', '0000-00-00 00:00:00', 55, '', 'yety', '1', 15),
(35, 2, 64, 32, 15, 182, '', '2024-12-02 07:22:46', '0000-00-00 00:00:00', 55, '', 'etyetyhu', '1', 15),
(36, 1, 71, 40, 16, 182, '', '2024-12-02 07:22:33', '0000-00-00 00:00:00', 55, '', 'yety', '1', 16),
(37, 2, 64, 32, 16, 182, '', '2024-12-02 07:22:46', '0000-00-00 00:00:00', 55, '', 'etyetyhu', '1', 16),
(38, 0, NULL, 23, 15, 182, 'Confirmed', '2024-12-09 10:14:12', NULL, 0, 'oke', '', '1', 15),
(39, 1, 71, 40, 17, 182, '', '2024-12-02 07:22:33', '0000-00-00 00:00:00', 55, '', 'yety', '1', 17),
(40, 2, 64, 32, 17, 182, '', '2024-12-02 07:22:46', '0000-00-00 00:00:00', 55, '', 'etyetyhu', '1', 17),
(41, 1, 71, 40, 18, 182, '', '2024-12-02 07:22:33', '0000-00-00 00:00:00', 55, '', 'yety', '1', 18),
(42, 2, 64, 32, 18, 182, '', '2024-12-02 07:22:46', '0000-00-00 00:00:00', 55, '', 'etyetyhu', '1', 18),
(43, 0, NULL, 23, 16, 182, 'Confirmed', '2024-12-13 02:53:39', NULL, 0, 'oke', '', '1', 16),
(44, 1, 71, 40, 19, 182, '', '2024-12-02 07:22:33', '0000-00-00 00:00:00', 55, '', 'yety', '1', 19),
(45, 2, 64, 32, 19, 182, '', '2024-12-02 07:22:46', '0000-00-00 00:00:00', 55, '', 'etyetyhu', '1', 19),
(46, 1, 71, 40, 20, 182, '', '2024-12-02 07:22:33', '0000-00-00 00:00:00', 55, '', 'yety', '1', 20),
(47, 2, 64, 32, 20, 182, '', '2024-12-02 07:22:46', '0000-00-00 00:00:00', 55, '', 'etyetyhu', '1', 20),
(48, 1, 71, 40, 21, 182, '', '2024-12-02 07:22:33', '0000-00-00 00:00:00', 55, '', 'yety', '1', 21),
(49, 2, 64, 32, 21, 182, '', '2024-12-02 07:22:46', '0000-00-00 00:00:00', 55, '', 'etyetyhu', '1', 21),
(50, 0, NULL, 23, 21, 182, 'Confirmed', '2024-12-19 05:23:09', NULL, 0, 'OKE', '', '1', 21),
(51, 0, NULL, 23, 20, 182, 'Confirmed', '2024-12-19 05:24:33', NULL, 0, 'OKE', '', '1', 20),
(52, 0, NULL, 23, 18, 182, 'Confirmed', '2024-12-19 05:26:09', NULL, 0, 'OKE', '', '1', 18),
(53, 0, NULL, 23, 17, 182, 'Confirmed', '2024-12-19 05:27:06', NULL, 0, 'OKE', '', '1', 17),
(54, 0, NULL, 23, 14, 183, 'Confirmed', '2024-12-19 05:28:16', NULL, 0, 'OKE', '', '1', 14),
(55, 0, NULL, 23, 12, 183, 'Confirmed', '2024-12-19 05:29:06', NULL, 0, 'OKE', '', '1', 12),
(56, 1, 71, 40, 22, 182, '', '2024-12-02 07:22:33', '0000-00-00 00:00:00', 79, '', 'yety', '1', 22),
(57, 2, 64, 32, 22, 182, '', '2024-12-02 07:22:46', '0000-00-00 00:00:00', 79, '', 'etyetyhu', '1', 22),
(58, 1, 71, 40, 23, 182, '', '2024-12-02 07:22:33', '0000-00-00 00:00:00', 79, '', 'yety', '1', 23),
(59, 2, 64, 32, 23, 182, '', '2024-12-02 07:22:46', '0000-00-00 00:00:00', 79, '', 'etyetyhu', '1', 23),
(60, 0, NULL, 49, 23, 182, 'Rejected', '2025-01-06 12:11:57', NULL, 0, 'Ini kok pengajuan di OVERTIME. Seharusnya CUTI.', '', '1', 23),
(61, 1, 71, 40, 24, 182, '', '2024-12-02 07:22:33', '0000-00-00 00:00:00', 79, '', 'yety', '1', 24),
(62, 2, 64, 32, 24, 182, '', '2024-12-02 07:22:46', '0000-00-00 00:00:00', 79, '', 'etyetyhu', '1', 24),
(63, 1, 71, 40, 25, 182, '', '2024-12-02 07:22:33', '0000-00-00 00:00:00', 79, '', 'yety', '1', 25),
(64, 2, 64, 32, 25, 182, '', '2024-12-02 07:22:46', '0000-00-00 00:00:00', 79, '', 'etyetyhu', '1', 25),
(65, 1, 71, 40, 26, 182, '', '2024-12-02 07:22:33', '0000-00-00 00:00:00', 79, '', 'yety', '1', 26),
(66, 2, 64, 32, 26, 182, '', '2024-12-02 07:22:46', '0000-00-00 00:00:00', 79, '', 'etyetyhu', '1', 26),
(67, 1, 71, 40, 27, 182, '', '2024-12-02 07:22:33', '0000-00-00 00:00:00', 79, '', 'yety', '1', 27),
(68, 2, 64, 32, 27, 182, '', '2024-12-02 07:22:46', '0000-00-00 00:00:00', 79, '', 'etyetyhu', '1', 27),
(69, 1, 71, 40, 28, 182, '', '2024-12-02 07:22:33', '0000-00-00 00:00:00', 79, '', 'yety', '1', 28),
(70, 2, 64, 32, 28, 182, '', '2024-12-02 07:22:46', '0000-00-00 00:00:00', 79, '', 'etyetyhu', '1', 28),
(71, 0, NULL, 49, 28, 182, 'Confirmed', '2025-01-09 11:37:41', NULL, 0, 'Replacement Day : OK', '', '1', 28),
(72, 0, NULL, 49, 27, 182, 'Confirmed', '2025-01-09 11:38:17', NULL, 0, 'OK', '', '1', 27),
(73, 0, NULL, 49, 26, 182, 'Confirmed', '2025-01-09 11:42:42', NULL, 0, 'OK', '', '1', 26),
(74, 0, NULL, 49, 25, 182, 'Confirmed', '2025-01-09 11:42:58', NULL, 0, 'OK', '', '1', 25),
(75, 0, NULL, 49, 24, 182, 'Confirmed', '2025-01-09 11:47:39', NULL, 0, 'OK', '', '1', 24),
(76, 1, 71, 40, 29, 182, '', '2024-12-02 07:22:33', '0000-00-00 00:00:00', 79, '', 'yety', '1', 29),
(77, 2, 64, 32, 29, 182, '', '2024-12-02 07:22:46', '0000-00-00 00:00:00', 79, '', 'etyetyhu', '1', 29),
(78, 1, 71, 40, 30, 182, '', '2024-12-02 07:22:33', '0000-00-00 00:00:00', 79, '', 'yety', '1', 30),
(79, 2, 64, 32, 30, 182, '', '2024-12-02 07:22:46', '0000-00-00 00:00:00', 79, '', 'etyetyhu', '1', 30),
(80, 0, NULL, 49, 30, 182, 'Confirmed', '2025-01-10 05:26:44', NULL, 0, 'OK', '', '1', 30),
(81, 0, NULL, 49, 29, 182, 'Confirmed', '2025-01-10 05:27:12', NULL, 0, 'OK', '', '1', 29),
(82, 1, 56, 24, 33, 179, '', '2024-12-02 00:16:09', '0000-00-00 00:00:00', 49, '', 'hgtjhnjghgjk', '1', 31),
(83, 2, 64, 32, 33, 179, '', '2024-12-02 00:16:21', '0000-00-00 00:00:00', 49, '', 'tyhtruy', '1', 31),
(84, 1, 56, 24, 34, 179, '', '2024-12-02 00:16:09', '0000-00-00 00:00:00', 49, '', 'hgtjhnjghgjk', '1', 32),
(85, 2, 64, 32, 34, 179, '', '2024-12-02 00:16:21', '0000-00-00 00:00:00', 49, '', 'tyhtruy', '1', 32),
(86, 1, 56, 24, 35, 179, '', '2024-12-02 00:16:09', '0000-00-00 00:00:00', 49, '', 'hgtjhnjghgjk', '1', 33),
(87, 2, 64, 32, 35, 179, '', '2024-12-02 00:16:21', '0000-00-00 00:00:00', 49, '', 'tyhtruy', '1', 33),
(88, 1, 56, 24, 36, 179, '', '2024-12-02 00:16:09', '0000-00-00 00:00:00', 49, '', 'hgtjhnjghgjk', '1', 34),
(89, 2, 64, 32, 36, 179, '', '2024-12-02 00:16:21', '0000-00-00 00:00:00', 49, '', 'tyhtruy', '1', 34),
(90, 1, 58, 26, 37, 175, '', '2024-12-02 07:03:30', '0000-00-00 00:00:00', 79, '', 'aplfgh', '1', 35),
(91, 1, 55, 23, 38, 177, '', '2024-12-02 07:11:19', '0000-00-00 00:00:00', 79, '', 'tyhtr5u', '1', 36),
(92, 1, 58, 26, 39, 175, '', '2024-12-02 07:03:30', '0000-00-00 00:00:00', 79, '', 'aplfgh', '1', 37),
(93, 0, NULL, 49, 39, 175, 'Confirmed', '2025-07-17 04:14:22', NULL, 0, 'ok', '', '1', 37),
(94, 1, 58, 26, 40, 175, '', '2024-12-02 07:03:30', '0000-00-00 00:00:00', 79, '', 'aplfgh', '1', 38),
(95, 1, 58, 26, 41, 175, '', '2024-12-02 07:03:30', '0000-00-00 00:00:00', 79, '', 'aplfgh', '1', 39),
(96, 0, NULL, 54, 41, 175, 'Confirmed', '2025-09-08 03:38:49', NULL, 0, 'ok', '', '1', 39);

-- --------------------------------------------------------

--
-- Table structure for table `confirm_cuti`
--

CREATE TABLE `confirm_cuti` (
  `id_confirm_cuti` int(11) NOT NULL,
  `urutan` int(11) NOT NULL,
  `id_user` int(11) DEFAULT NULL,
  `id_employee` int(11) DEFAULT NULL,
  `id_cuti` int(11) NOT NULL,
  `id_app` int(11) NOT NULL,
  `status` enum('waiting','Approved','Rejected','Recheck','Recheck!','Confirmed') DEFAULT NULL,
  `tgl` timestamp NOT NULL DEFAULT current_timestamp() ON UPDATE current_timestamp(),
  `date` datetime DEFAULT NULL,
  `id_user_hr` int(11) NOT NULL,
  `kmt` varchar(100) NOT NULL,
  `deskripsi` varchar(50) NOT NULL,
  `fleg` enum('1','2','3','4','5','6','7','8','9','10') CHARACTER SET latin1 COLLATE latin1_swedish_ci NOT NULL,
  `id_hrga_cuti` int(11) NOT NULL
) ENGINE=InnoDB DEFAULT CHARSET=utf8mb4 COLLATE=utf8mb4_general_ci;

--
-- Dumping data for table `confirm_cuti`
--

INSERT INTO `confirm_cuti` (`id_confirm_cuti`, `urutan`, `id_user`, `id_employee`, `id_cuti`, `id_app`, `status`, `tgl`, `date`, `id_user_hr`, `kmt`, `deskripsi`, `fleg`, `id_hrga_cuti`) VALUES
(1, 1, 58, 26, 1, 208, '', '2024-12-04 02:57:57', '0000-00-00 00:00:00', 55, '', 'RTGREWT', '1', 1),
(2, 1, 53, 21, 2, 217, '', '2024-12-04 04:28:16', '0000-00-00 00:00:00', 55, '', 'fghbfhnn', '1', 2),
(3, 1, 53, 21, 3, 241, '', '2024-12-20 01:55:11', '0000-00-00 00:00:00', 55, '', 'tyre', '1', 3),
(4, 2, 46, 20, 3, 241, '', '2024-12-20 01:55:20', '0000-00-00 00:00:00', 55, '', 'tertera', '1', 3),
(5, 1, 58, 26, 4, 208, '', '2024-12-04 02:57:57', '0000-00-00 00:00:00', 55, '', 'RTGREWT', '1', 4),
(6, 1, 53, 21, 6, 241, '', '2024-12-20 01:55:11', '0000-00-00 00:00:00', 55, '', 'tyre', '1', 6),
(7, 2, 46, 20, 6, 241, '', '2024-12-20 01:55:20', '0000-00-00 00:00:00', 55, '', 'tertera', '1', 6),
(8, 1, 53, 21, 7, 241, '', '2024-12-20 01:55:11', '0000-00-00 00:00:00', 55, '', 'tyre', '1', 7),
(9, 2, 46, 20, 7, 241, '', '2024-12-20 01:55:20', '0000-00-00 00:00:00', 55, '', 'tertera', '1', 7),
(10, 1, 59, 31, 8, 261, '', '2024-12-23 03:07:02', '0000-00-00 00:00:00', 55, '', 'SFGFDGHDHDGH', '1', 8),
(11, 2, 53, 21, 8, 261, '', '2024-12-23 03:07:12', '0000-00-00 00:00:00', 55, '', 'FDBGNGFNgGF', '1', 8),
(12, 1, 59, 31, 9, 261, '', '2024-12-23 03:07:02', '0000-00-00 00:00:00', 55, '', 'SFGFDGHDHDGH', '1', 9),
(13, 2, 53, 21, 9, 261, '', '2024-12-23 03:07:12', '0000-00-00 00:00:00', 55, '', 'FDBGNGFNgGF', '1', 9),
(14, 1, 71, 40, 10, 214, '', '2024-12-04 04:22:52', '0000-00-00 00:00:00', 79, '', 'ghbjnhmjk', '1', 10),
(15, 2, 64, 32, 10, 214, '', '2024-12-04 04:23:13', '0000-00-00 00:00:00', 79, '', 'nhnhmh', '1', 10),
(16, 0, NULL, 49, 10, 214, 'Confirmed', '2024-12-27 10:11:01', NULL, 0, 'Unpaid Leave = OK', '', '1', 10),
(17, 1, 71, 40, 11, 214, '', '2024-12-04 04:22:52', '0000-00-00 00:00:00', 79, '', 'ghbjnhmjk', '1', 11),
(18, 2, 64, 32, 11, 214, '', '2024-12-04 04:23:13', '0000-00-00 00:00:00', 79, '', 'nhnhmh', '1', 11),
(19, 1, 71, 40, 12, 214, '', '2024-12-04 04:22:52', '0000-00-00 00:00:00', 79, '', 'ghbjnhmjk', '1', 12),
(20, 2, 64, 32, 12, 214, '', '2024-12-04 04:23:13', '0000-00-00 00:00:00', 79, '', 'nhnhmh', '1', 12),
(21, 1, 71, 40, 13, 214, '', '2024-12-04 04:22:52', '0000-00-00 00:00:00', 79, '', 'ghbjnhmjk', '1', 13),
(22, 2, 64, 32, 13, 214, '', '2024-12-04 04:23:13', '0000-00-00 00:00:00', 79, '', 'nhnhmh', '1', 13),
(23, 0, NULL, 49, 3, 241, 'Confirmed', '2025-01-02 02:31:35', NULL, 0, 'OK. UNPAID LEAVE.', '', '1', 3),
(24, 0, NULL, 49, 9, 261, 'Confirmed', '2025-01-02 02:32:04', NULL, 0, 'OK. UNPAID LEAVE.', '', '1', 9),
(25, 1, 64, 32, 14, 215, '', '2024-12-04 04:25:25', '0000-00-00 00:00:00', 79, '', 'gththyjhe', '1', 14),
(26, 2, 53, 21, 14, 215, '', '2024-12-04 04:25:43', '0000-00-00 00:00:00', 79, '', 'rghthjh', '1', 14),
(27, 1, 53, 21, 15, 241, '', '2024-12-20 01:55:11', '0000-00-00 00:00:00', 79, '', 'tyre', '1', 15),
(28, 2, 46, 20, 15, 241, '', '2024-12-20 01:55:20', '0000-00-00 00:00:00', 79, '', 'tertera', '1', 15),
(29, 0, NULL, 49, 11, 214, 'Confirmed', '2025-01-03 07:08:04', NULL, 0, 'OK Unpaid Leave', '', '1', 11),
(30, 0, NULL, 49, 13, 214, 'Confirmed', '2025-01-03 07:08:40', NULL, 0, 'Replacement Day : OK', '', '1', 13),
(31, 0, NULL, 49, 14, 215, 'Confirmed', '2025-01-06 01:37:58', NULL, 0, 'Unpaid Leave : OK', '', '1', 14),
(32, 1, 55, 23, 17, 210, '', '2024-12-04 04:17:30', '0000-00-00 00:00:00', 79, '', 'thhjnjhg', '1', 16),
(33, 1, 58, 26, 18, 208, '', '2024-12-04 02:57:57', '0000-00-00 00:00:00', 79, '', 'RTGREWT', '1', 17),
(34, 0, NULL, 49, 18, 208, 'Confirmed', '2025-07-17 04:14:59', NULL, 0, 'ok', '', '1', 17),
(35, 1, 58, 26, 19, 208, '', '2024-12-04 02:57:57', '0000-00-00 00:00:00', 79, '', 'RTGREWT', '1', 18),
(36, 1, 58, 26, 20, 208, '', '2024-12-04 02:57:57', '0000-00-00 00:00:00', 79, '', 'RTGREWT', '1', 19),
(37, 1, 58, 26, 21, 208, '', '2024-12-04 02:57:57', '0000-00-00 00:00:00', 79, '', 'RTGREWT', '1', 20),
(38, 1, 58, 26, 22, 208, '', '2024-12-04 02:57:57', '0000-00-00 00:00:00', 79, '', 'RTGREWT', '1', 21),
(39, 1, 58, 26, 23, 208, '', '2024-12-04 02:57:57', '0000-00-00 00:00:00', 79, '', 'RTGREWT', '1', 22),
(40, 1, 58, 26, 24, 208, '', '2024-12-04 02:57:57', '0000-00-00 00:00:00', 79, '', 'RTGREWT', '1', 23),
(41, 1, 58, 26, 25, 208, '', '2024-12-04 02:57:57', '0000-00-00 00:00:00', 79, '', 'RTGREWT', '1', 24),
(42, 1, 58, 26, 26, 208, '', '2024-12-04 02:57:57', '0000-00-00 00:00:00', 79, '', 'RTGREWT', '1', 25),
(43, 1, 58, 26, 27, 208, '', '2024-12-04 02:57:57', '0000-00-00 00:00:00', 79, '', 'RTGREWT', '1', 26),
(44, 1, 58, 26, 28, 208, '', '2024-12-04 02:57:57', '0000-00-00 00:00:00', 79, '', 'RTGREWT', '1', 27),
(45, 1, 58, 26, 29, 208, '', '2024-12-04 02:57:57', '0000-00-00 00:00:00', 79, '', 'RTGREWT', '1', 28),
(46, 1, 58, 26, 30, 208, '', '2024-12-04 02:57:57', '0000-00-00 00:00:00', 79, '', 'RTGREWT', '1', 29),
(47, 1, 58, 26, 31, 208, '', '2024-12-04 02:57:57', '0000-00-00 00:00:00', 79, '', 'RTGREWT', '1', 30),
(48, 1, 58, 26, 32, 208, '', '2024-12-04 02:57:57', '0000-00-00 00:00:00', 79, '', 'RTGREWT', '1', 31),
(49, 1, 58, 26, 33, 208, '', '2024-12-04 02:57:57', '0000-00-00 00:00:00', 79, '', 'RTGREWT', '1', 32),
(50, 1, 58, 26, 34, 208, '', '2024-12-04 02:57:57', '0000-00-00 00:00:00', 79, '', 'RTGREWT', '1', 33),
(51, 1, 58, 26, 35, 208, '', '2024-12-04 02:57:57', '0000-00-00 00:00:00', 79, '', 'RTGREWT', '1', 34),
(52, 2, 46, 20, 36, 241, '', '2024-12-20 01:55:20', '0000-00-00 00:00:00', 79, '', 'tertera', '1', 35),
(53, 2, 46, 20, 37, 241, '', '2024-12-20 01:55:20', '0000-00-00 00:00:00', 79, '', 'tertera', '1', 36),
(54, 1, 58, 26, 38, 208, '', '2024-12-04 02:57:57', '0000-00-00 00:00:00', 79, '', 'RTGREWT', '1', 37),
(55, 1, 58, 26, 39, 208, '', '2024-12-04 02:57:57', '0000-00-00 00:00:00', 79, '', 'RTGREWT', '1', 38),
(56, 1, 58, 26, 40, 208, '', '2024-12-04 02:57:57', '0000-00-00 00:00:00', 79, '', 'RTGREWT', '1', 39),
(57, 1, 58, 26, 41, 208, '', '2024-12-04 02:57:57', '0000-00-00 00:00:00', 79, '', 'RTGREWT', '1', 40),
(58, 0, NULL, 49, 41, 208, 'Confirmed', '2025-08-01 07:25:12', NULL, 0, 'okl', '', '1', 40),
(59, 1, 58, 26, 42, 208, '', '2024-12-04 02:57:57', '0000-00-00 00:00:00', 79, '', 'RTGREWT', '1', 41),
(60, 0, NULL, 49, 42, 208, 'Confirmed', '2025-08-04 03:26:43', NULL, 0, 'ok', '', '1', 41),
(61, 1, 58, 26, 43, 208, '', '2024-12-04 02:57:57', '0000-00-00 00:00:00', 79, '', 'RTGREWT', '1', 42),
(62, 0, NULL, 49, 43, 208, 'Confirmed', '2025-08-04 03:47:57', NULL, 0, 'oke juga lu', '', '1', 42),
(63, 1, 58, 26, 44, 208, '', '2024-12-04 02:57:57', '0000-00-00 00:00:00', 79, '', 'RTGREWT', '1', 43),
(64, 0, NULL, 49, 44, 208, 'Confirmed', '2025-08-05 04:39:46', NULL, 0, 'ok', '', '1', 43),
(65, 0, NULL, 49, 44, 208, 'Confirmed', '2025-08-05 04:39:58', NULL, 0, 'ok', '', '1', 43),
(66, 0, NULL, 49, 44, 208, 'Confirmed', '2025-08-05 04:41:21', NULL, 0, 'ok', '', '1', 43),
(67, 0, NULL, 49, 44, 208, 'Confirmed', '2025-08-05 04:48:18', NULL, 0, 'ok', '', '1', 43),
(68, 0, NULL, 49, 44, 208, 'Confirmed', '2025-08-05 04:50:04', NULL, 0, 'ok', '', '1', 43),
(69, 0, NULL, 49, 44, 208, 'Confirmed', '2025-08-05 04:56:09', NULL, 0, 'ok', '', '1', 43),
(70, 1, 58, 26, 45, 208, '', '2024-12-04 02:57:57', '0000-00-00 00:00:00', 79, '', 'RTGREWT', '1', 44),
(71, 0, NULL, 49, 45, 208, 'Confirmed', '2025-08-05 05:00:35', NULL, 0, 'okk', '', '1', 44),
(72, 1, 58, 26, 46, 208, '', '2024-12-04 02:57:57', '0000-00-00 00:00:00', 79, '', 'RTGREWT', '1', 45),
(73, 0, NULL, 49, 46, 208, 'Confirmed', '2025-08-05 07:15:52', NULL, 0, 'oke deh', '', '1', 45),
(74, 0, NULL, 49, 46, 208, 'Confirmed', '2025-08-05 07:26:04', NULL, 0, 'oke deh', '', '1', 45),
(75, 0, NULL, 49, 46, 208, 'Confirmed', '2025-08-05 07:26:57', NULL, 0, 'oke deh', '', '1', 45),
(76, 1, 58, 26, 47, 208, '', '2024-12-04 02:57:57', '0000-00-00 00:00:00', 79, '', 'RTGREWT', '1', 46),
(77, 0, NULL, 49, 47, 208, 'Confirmed', '2025-08-05 07:38:54', NULL, 0, 'tes', '', '1', 46),
(78, 1, 58, 26, 48, 208, '', '2024-12-04 02:57:57', '0000-00-00 00:00:00', 79, '', 'RTGREWT', '1', 47),
(79, 0, NULL, 49, 48, 208, 'Confirmed', '2025-08-05 07:50:57', NULL, 0, 'okkkkk', '', '1', 47),
(80, 0, NULL, 49, 48, 208, 'Confirmed', '2025-08-05 07:53:16', NULL, 0, 'okkkkk', '', '1', 47),
(81, 0, NULL, 49, 48, 208, 'Confirmed', '2025-08-05 07:53:56', NULL, 0, 'okkkkk', '', '1', 47),
(82, 0, NULL, 49, 48, 208, 'Confirmed', '2025-08-05 07:59:30', NULL, 0, 'okkkkk', '', '1', 47),
(83, 0, NULL, 49, 48, 208, 'Confirmed', '2025-08-05 08:00:14', NULL, 0, 'okkkkk', '', '1', 47),
(84, 0, NULL, 49, 48, 208, 'Confirmed', '2025-08-05 08:01:05', NULL, 0, 'okkkkk', '', '1', 47),
(85, 0, NULL, 49, 48, 208, 'Confirmed', '2025-08-05 08:02:49', NULL, 0, 'okkkkk', '', '1', 47),
(86, 0, NULL, 49, 48, 208, 'Confirmed', '2025-08-05 08:09:19', NULL, 0, 'okkkkk', '', '1', 47),
(87, 0, NULL, 49, 48, 208, 'Confirmed', '2025-08-05 08:19:21', NULL, 0, 'okkkkk', '', '1', 47),
(88, 0, NULL, 49, 48, 208, 'Confirmed', '2025-08-05 08:21:14', NULL, 0, 'okkkkk', '', '1', 47),
(89, 1, 58, 26, 49, 208, '', '2024-12-04 02:57:57', '0000-00-00 00:00:00', 79, '', 'RTGREWT', '1', 48),
(90, 0, NULL, 49, 49, 208, 'Confirmed', '2025-08-05 08:23:49', NULL, 0, 'ok', '', '1', 48),
(91, 0, NULL, 49, 49, 208, 'Confirmed', '2025-08-05 08:25:17', NULL, 0, 'ok', '', '1', 48),
(92, 1, 58, 26, 50, 208, '', '2024-12-04 02:57:57', '0000-00-00 00:00:00', 79, '', 'RTGREWT', '1', 49),
(93, 0, NULL, 49, 50, 208, 'Confirmed', '2025-08-05 08:29:48', NULL, 0, 'yesssss', '', '1', 49),
(94, 0, NULL, 49, 50, 208, 'Confirmed', '2025-08-05 08:34:41', NULL, 0, 'yesssss', '', '1', 49),
(95, 0, NULL, 49, 50, 208, 'Confirmed', '2025-08-05 08:36:20', NULL, 0, 'yesssss', '', '1', 49),
(96, 1, 58, 26, 51, 208, '', '2024-12-04 02:57:57', '0000-00-00 00:00:00', 79, '', 'RTGREWT', '1', 50),
(97, 0, NULL, 49, 51, 208, 'Confirmed', '2025-08-05 08:51:06', NULL, 0, 'rtrtr', '', '1', 50),
(98, 1, 58, 26, 52, 208, '', '2024-12-04 02:57:57', '0000-00-00 00:00:00', 79, '', 'RTGREWT', '1', 51),
(99, 0, NULL, 49, 52, 208, 'Confirmed', '2025-08-05 09:16:08', NULL, 0, 'okkk', '', '1', 51),
(100, 1, 58, 26, 53, 208, '', '2024-12-04 02:57:57', '0000-00-00 00:00:00', 79, '', 'RTGREWT', '1', 52),
(101, 0, NULL, 49, 53, 208, 'Confirmed', '2025-08-05 09:27:55', NULL, 0, 'okkkkk', '', '1', 52),
(102, 1, 58, 26, 54, 208, '', '2024-12-04 02:57:57', '0000-00-00 00:00:00', 79, '', 'RTGREWT', '1', 53),
(103, 0, NULL, 49, 54, 208, 'Confirmed', '2025-08-05 09:39:08', NULL, 0, '43t', '', '1', 53),
(104, 0, NULL, 49, 54, 208, 'Confirmed', '2025-08-05 09:42:20', NULL, 0, '43t', '', '1', 53),
(105, 0, NULL, 49, 54, 208, 'Confirmed', '2025-08-05 09:42:28', NULL, 0, '43t', '', '1', 53),
(106, 1, 58, 26, 55, 208, '', '2024-12-04 02:57:57', '0000-00-00 00:00:00', 79, '', 'RTGREWT', '1', 54),
(107, 0, NULL, 49, 55, 208, 'Confirmed', '2025-08-05 09:48:13', NULL, 0, 'ad', '', '1', 54),
(108, 1, 58, 26, 56, 208, '', '2024-12-04 02:57:57', '0000-00-00 00:00:00', 79, '', 'RTGREWT', '1', 55),
(109, 0, NULL, 49, 56, 208, 'Confirmed', '2025-08-05 09:57:17', NULL, 0, 'fgjfgj', '', '1', 55),
(110, 1, 58, 26, 57, 208, '', '2024-12-04 02:57:57', '0000-00-00 00:00:00', 79, '', 'RTGREWT', '1', 56),
(111, 0, NULL, 49, 57, 208, 'Confirmed', '2025-08-05 09:59:41', NULL, 0, 'rtutru', '', '1', 56),
(112, 1, 58, 26, 58, 208, '', '2024-12-04 02:57:57', '0000-00-00 00:00:00', 79, '', 'RTGREWT', '1', 57),
(113, 0, NULL, 49, 58, 208, 'Confirmed', '2025-08-05 10:01:22', NULL, 0, 'adasd', '', '1', 57),
(114, 1, 58, 26, 59, 208, '', '2024-12-04 02:57:57', '0000-00-00 00:00:00', 79, '', 'RTGREWT', '1', 58),
(115, 0, NULL, 49, 59, 208, 'Confirmed', '2025-08-05 10:07:25', NULL, 0, 'rtyryr', '', '1', 58),
(116, 1, 58, 26, 60, 208, '', '2024-12-04 02:57:57', '0000-00-00 00:00:00', 79, '', 'RTGREWT', '1', 59),
(117, 0, NULL, 49, 60, 208, 'Confirmed', '2025-08-05 10:10:44', NULL, 0, 'reyreyery', '', '1', 59),
(118, 1, 58, 26, 61, 208, '', '2024-12-04 02:57:57', '0000-00-00 00:00:00', 79, '', 'RTGREWT', '1', 60),
(119, 0, NULL, 49, 61, 208, 'Confirmed', '2025-08-06 01:28:13', NULL, 0, 'yyyy', '', '1', 60),
(120, 1, 58, 26, 62, 208, '', '2024-12-04 02:57:57', '0000-00-00 00:00:00', 79, '', 'RTGREWT', '1', 61),
(121, 0, NULL, 49, 62, 208, 'Confirmed', '2025-08-06 02:29:52', NULL, 0, 'y', '', '1', 61),
(122, 0, NULL, 49, 62, 208, 'Confirmed', '2025-08-06 02:30:59', NULL, 0, 'y', '', '1', 61),
(123, 1, 58, 26, 63, 208, '', '2024-12-04 02:57:57', '0000-00-00 00:00:00', 79, '', 'RTGREWT', '1', 62),
(124, 0, NULL, 49, 63, 208, 'Confirmed', '2025-08-06 02:42:19', NULL, 0, '2r', '', '1', 62),
(125, 0, NULL, 49, 63, 208, 'Confirmed', '2025-08-06 02:49:07', NULL, 0, '2r', '', '1', 62),
(126, 1, 58, 26, 64, 208, '', '2024-12-04 02:57:57', '0000-00-00 00:00:00', 79, '', 'RTGREWT', '1', 63),
(127, 0, NULL, 49, 64, 208, 'Confirmed', '2025-08-06 02:50:07', NULL, 0, 'sdfdf', '', '1', 63),
(128, 0, NULL, 49, 64, 208, 'Confirmed', '2025-08-06 02:50:13', NULL, 0, 'sdfdf', '', '1', 63),
(129, 1, 58, 26, 65, 208, '', '2024-12-04 02:57:57', '0000-00-00 00:00:00', 79, '', 'RTGREWT', '1', 64),
(130, 0, NULL, 49, 65, 208, 'Confirmed', '2025-08-06 03:04:11', NULL, 0, 'ok', '', '1', 64),
(131, 1, 58, 26, 66, 208, '', '2024-12-04 02:57:57', '0000-00-00 00:00:00', 79, '', 'RTGREWT', '1', 65),
(132, 0, NULL, 49, 66, 208, 'Confirmed', '2025-08-06 03:14:33', NULL, 0, 'ok', '', '1', 65),
(133, 1, 58, 26, 67, 208, '', '2024-12-04 02:57:57', '0000-00-00 00:00:00', 79, '', 'RTGREWT', '1', 66),
(134, 0, NULL, 49, 67, 208, 'Confirmed', '2025-08-06 03:15:54', NULL, 0, 'sfgfsg', '', '1', 66),
(135, 1, 58, 26, 68, 208, '', '2024-12-04 02:57:57', '0000-00-00 00:00:00', 79, '', 'RTGREWT', '1', 67),
(136, 0, NULL, 49, 68, 208, 'Confirmed', '2025-08-06 03:22:06', NULL, 0, 'sdv', '', '1', 67),
(137, 1, 58, 26, 69, 208, '', '2024-12-04 02:57:57', '0000-00-00 00:00:00', 79, '', 'RTGREWT', '1', 68),
(138, 0, NULL, 49, 69, 208, 'Confirmed', '2025-08-06 03:23:16', NULL, 0, 'dsg', '', '1', 68),
(139, 1, 58, 26, 70, 208, '', '2024-12-04 02:57:57', '0000-00-00 00:00:00', 79, '', 'RTGREWT', '1', 69),
(140, 0, NULL, 49, 70, 208, 'Confirmed', '2025-08-06 03:28:52', NULL, 0, 'oluol', '', '1', 69),
(141, 1, 58, 26, 71, 208, '', '2024-12-04 02:57:57', '0000-00-00 00:00:00', 79, '', 'RTGREWT', '1', 70),
(142, 1, 58, 26, 72, 208, '', '2024-12-04 02:57:57', '0000-00-00 00:00:00', 79, '', 'RTGREWT', '1', 71),
(143, 0, NULL, 49, 72, 208, 'Confirmed', '2025-08-06 03:33:33', NULL, 0, 'waa', '', '1', 71),
(144, 1, 58, 26, 73, 208, '', '2024-12-04 02:57:57', '0000-00-00 00:00:00', 79, '', 'RTGREWT', '1', 72),
(145, 0, NULL, 49, 73, 208, 'Confirmed', '2025-08-07 01:33:48', NULL, 0, 'okkkk', '', '1', 72),
(146, 1, 58, 26, 74, 208, '', '2024-12-04 02:57:57', '0000-00-00 00:00:00', 79, '', 'RTGREWT', '1', 73),
(147, 0, NULL, 49, 74, 208, 'Confirmed', '2025-08-07 02:54:20', NULL, 0, 'fdgdf', '', '1', 73),
(148, 1, 58, 26, 75, 208, '', '2024-12-04 02:57:57', '0000-00-00 00:00:00', 79, '', 'RTGREWT', '1', 74),
(149, 1, 58, 26, 76, 208, '', '2024-12-04 02:57:57', '0000-00-00 00:00:00', 79, '', 'RTGREWT', '1', 75),
(150, 0, NULL, 49, 76, 208, 'Confirmed', '2025-08-07 08:26:22', NULL, 0, 'ok', '', '1', 75),
(151, 1, 58, 26, 77, 208, '', '2024-12-04 02:57:57', '0000-00-00 00:00:00', 79, '', 'RTGREWT', '1', 76),
(152, 0, NULL, 49, 77, 208, 'Confirmed', '2025-08-07 08:28:48', NULL, 0, 'wer', '', '1', 76),
(153, 1, 58, 26, 78, 208, '', '2024-12-04 02:57:57', '0000-00-00 00:00:00', 79, '', 'RTGREWT', '1', 77),
(154, 0, NULL, 49, 78, 208, 'Confirmed', '2025-08-11 03:45:52', NULL, 0, 'ok', '', '1', 77),
(155, 1, 58, 26, 79, 208, '', '2024-12-04 02:57:57', '0000-00-00 00:00:00', 79, '', 'RTGREWT', '1', 78),
(156, 0, NULL, 49, 79, 208, 'Confirmed', '2025-08-11 03:59:52', NULL, 0, 'ok', '', '1', 78),
(157, 1, 58, 26, 80, 208, '', '2024-12-04 02:57:57', '0000-00-00 00:00:00', 79, '', 'RTGREWT', '1', 79),
(158, 0, NULL, 49, 80, 208, 'Confirmed', '2025-08-11 04:23:34', NULL, 0, 'yeah', '', '1', 79),
(159, 1, 58, 26, 81, 208, '', '2024-12-04 02:57:57', '0000-00-00 00:00:00', 79, '', 'RTGREWT', '1', 80),
(160, 0, NULL, 49, 81, 208, 'Confirmed', '2025-08-11 07:06:36', NULL, 0, 'dfhdfh', '', '1', 80),
(161, 1, 58, 26, 82, 208, '', '2024-12-04 02:57:57', '0000-00-00 00:00:00', 79, '', 'RTGREWT', '1', 81),
(162, 0, NULL, 49, 82, 208, 'Confirmed', '2025-08-11 07:09:33', NULL, 0, 'zxczc', '', '1', 81),
(163, 1, 58, 26, 83, 208, '', '2024-12-04 02:57:57', '0000-00-00 00:00:00', 79, '', 'RTGREWT', '1', 82),
(164, 0, NULL, 49, 83, 208, 'Confirmed', '2025-08-11 07:14:51', NULL, 0, 'ok', '', '1', 82),
(165, 1, 58, 26, 84, 208, '', '2024-12-04 02:57:57', '0000-00-00 00:00:00', 79, '', 'RTGREWT', '1', 83),
(166, 0, NULL, 49, 84, 208, 'Confirmed', '2025-08-11 07:19:14', NULL, 0, 'ok', '', '1', 83),
(167, 0, NULL, 49, 75, 208, 'Confirmed', '2025-08-11 08:09:09', NULL, 0, 'ok', '', '1', 74),
(168, 1, 58, 26, 85, 208, '', '2024-12-04 02:57:57', '0000-00-00 00:00:00', 79, '', 'RTGREWT', '1', 84),
(169, 0, NULL, 49, 85, 208, 'Confirmed', '2025-08-11 08:25:19', NULL, 0, 'ok', '', '1', 84),
(170, 1, 58, 26, 86, 208, '', '2024-12-04 02:57:57', '0000-00-00 00:00:00', 79, '', 'RTGREWT', '1', 85),
(171, 0, NULL, 49, 86, 208, 'Confirmed', '2025-08-11 08:37:56', NULL, 0, 'ok', '', '1', 85),
(172, 1, 58, 26, 87, 208, '', '2024-12-04 02:57:57', '0000-00-00 00:00:00', 79, '', 'RTGREWT', '1', 86),
(173, 0, NULL, 49, 87, 208, 'Confirmed', '2025-08-11 08:41:58', NULL, 0, 'ok', '', '1', 86),
(174, 1, 58, 26, 88, 208, '', '2024-12-04 02:57:57', '0000-00-00 00:00:00', 79, '', 'RTGREWT', '1', 87),
(175, 0, NULL, 49, 88, 208, 'Confirmed', '2025-08-11 09:01:08', NULL, 0, 'yes', '', '1', 87),
(176, 1, 58, 26, 89, 208, '', '2024-12-04 02:57:57', '0000-00-00 00:00:00', 79, '', 'RTGREWT', '1', 88),
(177, 0, NULL, 49, 89, 208, 'Confirmed', '2025-08-12 02:22:43', NULL, 0, 'ok', '', '1', 88),
(178, 1, 58, 26, 90, 208, '', '2024-12-04 02:57:57', '0000-00-00 00:00:00', 79, '', 'RTGREWT', '1', 89),
(179, 0, NULL, 49, 90, 208, 'Confirmed', '2025-08-12 04:12:49', NULL, 0, 'yes', '', '1', 89),
(180, 1, 58, 26, 91, 208, '', '2024-12-04 02:57:57', '0000-00-00 00:00:00', 79, '', 'RTGREWT', '1', 90),
(181, 0, NULL, 49, 91, 208, 'Confirmed', '2025-08-12 06:29:03', NULL, 0, 'sfg', '', '1', 90),
(182, 1, 58, 26, 92, 208, '', '2024-12-04 02:57:57', '0000-00-00 00:00:00', 79, '', 'RTGREWT', '1', 91),
(183, 0, NULL, 49, 92, 208, 'Confirmed', '2025-08-12 07:03:07', NULL, 0, 'af', '', '1', 91),
(184, 1, 58, 26, 93, 208, '', '2024-12-04 02:57:57', '0000-00-00 00:00:00', 79, '', 'RTGREWT', '1', 92),
(185, 0, NULL, 49, 93, 208, 'Confirmed', '2025-08-12 07:05:59', NULL, 0, 'cvv', '', '1', 92),
(186, 1, 58, 26, 94, 208, '', '2024-12-04 02:57:57', '0000-00-00 00:00:00', 79, '', 'RTGREWT', '1', 93),
(187, 0, NULL, 49, 94, 208, 'Confirmed', '2025-08-12 07:14:13', NULL, 0, 'ok', '', '1', 93),
(188, 1, 58, 26, 95, 208, '', '2024-12-04 02:57:57', '0000-00-00 00:00:00', 79, '', 'RTGREWT', '1', 94),
(189, 0, NULL, 49, 95, 208, 'Confirmed', '2025-08-12 07:21:18', NULL, 0, 'hmh', '', '1', 94),
(190, 1, 58, 26, 96, 208, '', '2024-12-04 02:57:57', '0000-00-00 00:00:00', 79, '', 'RTGREWT', '1', 95),
(191, 0, NULL, 49, 96, 208, 'Confirmed', '2025-08-12 07:32:07', NULL, 0, 'ok', '', '1', 95),
(192, 1, 58, 26, 97, 208, '', '2024-12-04 02:57:57', '0000-00-00 00:00:00', 79, '', 'RTGREWT', '1', 96),
(193, 0, NULL, 49, 97, 208, 'Confirmed', '2025-08-12 07:36:08', NULL, 0, 'rgrg', '', '1', 96),
(194, 1, 58, 26, 98, 208, '', '2024-12-04 02:57:57', '0000-00-00 00:00:00', 79, '', 'RTGREWT', '1', 97),
(195, 0, NULL, 49, 98, 208, 'Confirmed', '2025-08-12 07:42:26', NULL, 0, 'okk', '', '1', 97),
(196, 1, 58, 26, 99, 208, '', '2024-12-04 02:57:57', '0000-00-00 00:00:00', 79, '', 'RTGREWT', '1', 98),
(197, 0, NULL, 49, 99, 208, 'Confirmed', '2025-08-12 07:44:40', NULL, 0, 'sdsbdb', '', '1', 98),
(198, 1, 58, 26, 100, 208, '', '2024-12-04 02:57:57', '0000-00-00 00:00:00', 79, '', 'RTGREWT', '1', 99),
(199, 0, NULL, 49, 100, 208, 'Confirmed', '2025-08-12 07:46:20', NULL, 0, 'ok', '', '1', 99),
(200, 1, 58, 26, 101, 208, '', '2024-12-04 02:57:57', '0000-00-00 00:00:00', 79, '', 'RTGREWT', '1', 100),
(201, 0, NULL, 49, 101, 208, 'Confirmed', '2025-08-12 07:54:19', NULL, 0, 'ok', '', '1', 100),
(202, 1, 58, 26, 102, 208, '', '2024-12-04 02:57:57', '0000-00-00 00:00:00', 79, '', 'RTGREWT', '1', 101),
(203, 0, NULL, 49, 102, 208, 'Confirmed', '2025-08-12 08:33:58', NULL, 0, 'wef', '', '1', 101),
(204, 1, 58, 26, 103, 208, '', '2024-12-04 02:57:57', '0000-00-00 00:00:00', 79, '', 'RTGREWT', '1', 102),
(205, 0, NULL, 49, 103, 208, 'Confirmed', '2025-08-12 09:14:41', NULL, 0, 'ok', '', '1', 102),
(206, 1, 58, 26, 104, 208, '', '2024-12-04 02:57:57', '0000-00-00 00:00:00', 79, '', 'RTGREWT', '1', 103),
(207, 0, NULL, 49, 104, 208, 'Confirmed', '2025-08-12 09:32:53', NULL, 0, 'okkk', '', '1', 103),
(208, 1, 58, 26, 105, 208, '', '2024-12-04 02:57:57', '0000-00-00 00:00:00', 79, '', 'RTGREWT', '1', 104),
(209, 0, NULL, 49, 105, 208, 'Confirmed', '2025-08-12 09:38:32', NULL, 0, 'DGD', '', '1', 104),
(210, 1, 58, 26, 106, 208, '', '2024-12-04 02:57:57', '0000-00-00 00:00:00', 79, '', 'RTGREWT', '1', 105),
(211, 1, 58, 26, 107, 208, '', '2024-12-04 02:57:57', '0000-00-00 00:00:00', 79, '', 'RTGREWT', '1', 106),
(212, 0, NULL, 49, 107, 208, 'Confirmed', '2025-08-12 09:53:06', NULL, 0, 'OKKKKK', '', '1', 106),
(213, 2, 46, 20, 108, 241, '', '2024-12-20 01:55:20', '0000-00-00 00:00:00', 79, '', 'tertera', '1', 107),
(214, 0, NULL, 49, 108, 241, 'Confirmed', '2025-08-15 07:30:03', NULL, 0, 'yes', '', '1', 107),
(215, 1, 58, 26, 109, 208, '', '2024-12-04 02:57:57', '0000-00-00 00:00:00', 85, '', 'RTGREWT', '1', 108),
(216, 0, NULL, 54, 109, 208, 'Confirmed', '2026-02-18 06:48:49', NULL, 0, 'ok', '', '1', 108),
(217, 1, 58, 26, 110, 208, '', '2024-12-04 02:57:57', '0000-00-00 00:00:00', 85, '', 'RTGREWT', '1', 109),
(218, 0, NULL, 54, 110, 208, 'Confirmed', '2026-02-18 06:55:50', NULL, 0, 'ok', '', '1', 109);

-- --------------------------------------------------------

--
-- Table structure for table `confirm_cuti_c`
--

CREATE TABLE `confirm_cuti_c` (
  `id_confirm_cuti_c` int(11) NOT NULL,
  `urutan` int(11) NOT NULL,
  `id_user` int(11) DEFAULT NULL,
  `id_employee` int(11) DEFAULT NULL,
  `id_cuti_c` int(11) NOT NULL,
  `id_app` int(11) NOT NULL,
  `status` enum('waiting','Approved','Rejected','Recheck','Recheck!','Confirmed') DEFAULT NULL,
  `tgl` timestamp NOT NULL DEFAULT current_timestamp() ON UPDATE current_timestamp(),
  `date` datetime DEFAULT NULL,
  `id_user_hr` int(11) NOT NULL,
  `kmt` varchar(100) NOT NULL,
  `deskripsi` varchar(50) NOT NULL,
  `fleg` enum('1','2','3','4','5','6','7','8','9','10') CHARACTER SET latin1 COLLATE latin1_swedish_ci NOT NULL,
  `id_hrga_cuti_c` int(11) NOT NULL
) ENGINE=InnoDB DEFAULT CHARSET=utf8mb4 COLLATE=utf8mb4_general_ci;

--
-- Dumping data for table `confirm_cuti_c`
--

INSERT INTO `confirm_cuti_c` (`id_confirm_cuti_c`, `urutan`, `id_user`, `id_employee`, `id_cuti_c`, `id_app`, `status`, `tgl`, `date`, `id_user_hr`, `kmt`, `deskripsi`, `fleg`, `id_hrga_cuti_c`) VALUES
(1, 1, 58, 26, 26, 364, '', '2025-08-05 03:00:47', '0000-00-00 00:00:00', 79, '', '5Y4747', '1', 1),
(2, 1, 58, 26, 28, 364, '', '2025-08-05 03:00:47', '0000-00-00 00:00:00', 79, '', '5Y4747', '1', 7),
(3, 1, 58, 26, 32, 364, '', '2025-08-05 03:00:47', '0000-00-00 00:00:00', 79, '', '5Y4747', '1', 10),
(4, 1, 58, 26, 33, 364, '', '2025-08-05 03:00:47', '0000-00-00 00:00:00', 79, '', '5Y4747', '1', 11),
(5, 0, NULL, 49, 33, 364, 'Confirmed', '2025-08-11 07:58:59', NULL, 0, 'OK', '', '1', 11),
(6, 0, NULL, 49, 28, 364, 'Confirmed', '2025-08-11 08:00:39', NULL, 0, 'okk', '', '1', 7),
(7, 0, NULL, 49, 26, 364, 'Confirmed', '2025-08-11 08:16:00', NULL, 0, 'ok', '', '1', 1),
(8, 1, 58, 26, 35, 364, '', '2025-08-05 03:00:47', '0000-00-00 00:00:00', 79, '', '5Y4747', '1', 12),
(9, 1, 0, 49, 37, 364, '', '2025-08-05 03:00:47', '0000-00-00 00:00:00', 79, '', '5Y4747', '1', 14),
(10, 1, 79, 49, 38, 364, '', '2025-08-05 03:00:47', '0000-00-00 00:00:00', 79, '', '5Y4747', '1', 18),
(11, 0, NULL, 49, 38, 364, 'Confirmed', '2025-08-11 09:02:15', NULL, 0, 'ok', '', '1', 18),
(12, 0, NULL, 49, 38, 364, 'Confirmed', '2025-08-11 09:07:06', NULL, 0, 'okk', '', '1', 18),
(13, 0, NULL, 49, 38, 364, 'Confirmed', '2025-08-11 09:09:01', NULL, 0, 'yyyy', '', '1', 18),
(14, 1, 79, 49, 39, 364, '', '2025-08-05 03:00:47', '0000-00-00 00:00:00', 79, '', '5Y4747', '1', 19),
(15, 0, NULL, 49, 39, 364, 'Confirmed', '2025-08-12 02:58:01', NULL, 0, 'OK', '', '1', 19),
(16, 1, 79, 49, 49, 364, '', '2025-08-05 03:00:47', '0000-00-00 00:00:00', 79, '', '5Y4747', '1', 21),
(17, 1, 79, 49, 50, 364, '', '2025-08-05 03:00:47', '0000-00-00 00:00:00', 79, '', '5Y4747', '1', 22),
(18, 1, 79, 49, 52, 364, '', '2025-08-05 03:00:47', '0000-00-00 00:00:00', 79, '', '5Y4747', '1', 23),
(19, 0, NULL, 49, 52, 364, 'Confirmed', '2025-08-12 09:01:18', NULL, 0, 'yyyyyy', '', '1', 23),
(20, 0, NULL, 49, 50, 364, 'Confirmed', '2025-08-12 09:03:06', NULL, 0, 'ok', '', '1', 22),
(21, 0, NULL, 49, 50, 364, 'Confirmed', '2025-08-12 09:08:38', NULL, 0, 'okkkk', '', '1', 22),
(22, 0, NULL, 49, 49, 364, 'Confirmed', '2025-08-12 09:15:37', NULL, 0, 'okkk', '', '1', 21),
(23, 1, 79, 49, 53, 364, '', '2025-08-05 03:00:47', '0000-00-00 00:00:00', 79, '', '5Y4747', '1', 24),
(24, 0, NULL, 49, 53, 364, 'Confirmed', '2025-08-12 09:16:49', NULL, 0, 'okkk', '', '1', 24),
(25, 1, 79, 49, 54, 364, '', '2025-08-05 03:00:47', '0000-00-00 00:00:00', 79, '', '5Y4747', '1', 25),
(26, 0, NULL, 49, 54, 364, 'Confirmed', '2025-08-12 09:33:43', NULL, 0, 'okkk', '', '1', 25),
(27, 1, 79, 49, 55, 364, '', '2025-08-05 03:00:47', '0000-00-00 00:00:00', 79, '', '5Y4747', '1', 26),
(28, 0, NULL, 49, 55, 364, 'Confirmed', '2025-08-12 09:41:15', NULL, 0, 'OKKK', '', '1', 26),
(29, 1, 79, 49, 56, 364, '', '2025-08-05 03:00:47', '0000-00-00 00:00:00', 79, '', '5Y4747', '1', 27),
(30, 0, NULL, 49, 56, 364, 'Confirmed', '2025-08-12 09:54:25', NULL, 0, 'OKKKK', '', '1', 27);

-- --------------------------------------------------------

--
-- Table structure for table `confirm_izin`
--

CREATE TABLE `confirm_izin` (
  `id_confirm_izin` int(11) NOT NULL,
  `urutan` int(11) NOT NULL,
  `id_user` int(11) DEFAULT NULL,
  `id_employee` int(11) DEFAULT NULL,
  `id_izin` int(11) NOT NULL,
  `id_app` int(11) NOT NULL,
  `status` enum('waiting','Approved','Rejected','Recheck','Recheck!','Confirmed') DEFAULT NULL,
  `tgl` timestamp NOT NULL DEFAULT current_timestamp() ON UPDATE current_timestamp(),
  `date` datetime DEFAULT NULL,
  `id_user_hr` int(11) NOT NULL,
  `kmt` varchar(100) NOT NULL,
  `deskripsi` varchar(50) NOT NULL,
  `fleg` enum('1','2','3','4','5','6','7','8','9','10') CHARACTER SET latin1 COLLATE latin1_swedish_ci NOT NULL,
  `id_hrga_izin` int(11) NOT NULL
) ENGINE=InnoDB DEFAULT CHARSET=utf8mb4 COLLATE=utf8mb4_general_ci;

--
-- Dumping data for table `confirm_izin`
--

INSERT INTO `confirm_izin` (`id_confirm_izin`, `urutan`, `id_user`, `id_employee`, `id_izin`, `id_app`, `status`, `tgl`, `date`, `id_user_hr`, `kmt`, `deskripsi`, `fleg`, `id_hrga_izin`) VALUES
(1, 1, 58, 26, 1, 161, '', '2024-11-22 07:13:58', '0000-00-00 00:00:00', 49, '', 'ETTHHJHYRE', '1', 1),
(2, 1, 58, 26, 2, 161, '', '2024-11-22 06:40:54', '0000-00-00 00:00:00', 49, '', 'ETTHHJHYRE', '1', 2),
(3, 0, NULL, 28, 2, 161, 'Confirmed', '2024-11-22 07:20:13', NULL, 0, 'ok', '', '1', 2),
(4, 1, 58, 26, 3, 161, '', '2024-11-22 06:40:54', '0000-00-00 00:00:00', 49, '', 'ETTHHJHYRE', '1', 3),
(5, 0, NULL, 28, 3, 161, 'Confirmed', '2024-11-22 07:28:26', NULL, 0, 'OK', '', '1', 3),
(6, 1, 58, 26, 4, 161, '', '2024-11-22 06:40:54', '0000-00-00 00:00:00', 49, '', 'ETTHHJHYRE', '1', 4),
(7, 1, 71, 40, 5, 168, '', '2024-11-22 07:37:02', '0000-00-00 00:00:00', 55, '', 'fggha', '1', 5),
(8, 2, 64, 32, 5, 168, '', '2024-11-22 07:37:14', '0000-00-00 00:00:00', 55, '', 'hbgfdf', '1', 5),
(9, 0, NULL, 23, 5, 168, 'Confirmed', '2024-11-25 06:51:44', NULL, 0, 'ok', '', '1', 5),
(10, 1, 56, 24, 6, 192, '', '2024-12-02 08:20:17', '0000-00-00 00:00:00', 55, '', 'ytjytujkyuk', '1', 6),
(11, 2, 64, 32, 6, 192, '', '2024-12-02 08:20:29', '0000-00-00 00:00:00', 55, '', 'rytryuyu', '1', 6),
(12, 1, 56, 24, 7, 192, '', '2024-12-02 08:20:17', '0000-00-00 00:00:00', 55, '', 'ytjytujkyuk', '1', 7),
(13, 2, 64, 32, 7, 192, '', '2024-12-02 08:20:29', '0000-00-00 00:00:00', 55, '', 'rytryuyu', '1', 7),
(14, 1, 64, 32, 8, 198, '', '2024-12-02 08:27:52', '0000-00-00 00:00:00', 55, '', 'y56yu567u', '1', 8),
(15, 2, 53, 21, 8, 198, '', '2024-12-02 08:28:04', '0000-00-00 00:00:00', 55, '', 'yhrytuuyu', '1', 8),
(16, 1, 56, 24, 9, 192, '', '2024-12-02 08:20:17', '0000-00-00 00:00:00', 55, '', 'ytjytujkyuk', '1', 9),
(17, 2, 64, 32, 9, 192, '', '2024-12-02 08:20:29', '0000-00-00 00:00:00', 55, '', 'rytryuyu', '1', 9),
(18, 0, NULL, 23, 9, 192, 'Confirmed', '2024-12-04 02:25:19', NULL, 0, 'oke', '', '1', 9),
(19, 1, 71, 40, 10, 196, '', '2024-12-02 08:25:13', '0000-00-00 00:00:00', 55, '', 'tryhrtyhry', '1', 10),
(20, 2, 64, 32, 10, 196, '', '2024-12-02 08:25:24', '0000-00-00 00:00:00', 55, '', 'rtyrtyurtu', '1', 10),
(21, 1, 64, 32, 11, 198, '', '2024-12-02 08:27:52', '0000-00-00 00:00:00', 55, '', 'y56yu567u', '1', 11),
(22, 2, 53, 21, 11, 198, '', '2024-12-02 08:28:04', '0000-00-00 00:00:00', 55, '', 'yhrytuuyu', '1', 11),
(23, 1, 64, 32, 12, 198, '', '2024-12-02 08:27:52', '0000-00-00 00:00:00', 55, '', 'y56yu567u', '1', 12),
(24, 2, 53, 21, 12, 198, '', '2024-12-02 08:28:04', '0000-00-00 00:00:00', 55, '', 'yhrytuuyu', '1', 12),
(25, 1, 64, 32, 13, 198, '', '2024-12-02 08:27:52', '0000-00-00 00:00:00', 55, '', 'y56yu567u', '1', 13),
(26, 2, 53, 21, 13, 198, '', '2024-12-02 08:28:04', '0000-00-00 00:00:00', 55, '', 'yhrytuuyu', '1', 13),
(27, 1, 58, 26, 14, 186, '', '2024-12-02 07:50:48', '0000-00-00 00:00:00', 55, '', 'rwtgeryhtyherhy', '1', 14),
(28, 1, 64, 32, 15, 198, '', '2024-12-02 08:27:52', '0000-00-00 00:00:00', 55, '', 'y56yu567u', '1', 15),
(29, 2, 53, 21, 15, 198, '', '2024-12-02 08:28:04', '0000-00-00 00:00:00', 55, '', 'yhrytuuyu', '1', 15),
(30, 1, 71, 40, 16, 196, '', '2024-12-02 08:25:13', '0000-00-00 00:00:00', 55, '', 'tryhrtyhry', '1', 16),
(31, 2, 64, 32, 16, 196, '', '2024-12-02 08:25:24', '0000-00-00 00:00:00', 55, '', 'rtyrtyurtu', '1', 16),
(32, 1, 64, 32, 17, 198, '', '2024-12-02 08:27:52', '0000-00-00 00:00:00', 55, '', 'y56yu567u', '1', 17),
(33, 2, 53, 21, 17, 198, '', '2024-12-02 08:28:04', '0000-00-00 00:00:00', 55, '', 'yhrytuuyu', '1', 17),
(34, 0, NULL, 23, 17, 198, 'Confirmed', '2024-12-19 05:29:49', NULL, 0, 'OKE', '', '1', 17),
(35, 0, NULL, 23, 16, 196, 'Confirmed', '2024-12-19 05:30:50', NULL, 0, 'SURAT DOKTER ??', '', '1', 16),
(36, 0, NULL, 23, 15, 198, 'Confirmed', '2024-12-19 05:31:19', NULL, 0, 'OKE', '', '1', 15),
(37, 0, NULL, 23, 13, 198, 'Confirmed', '2024-12-19 05:31:48', NULL, 0, 'OKE', '', '1', 13),
(38, 0, NULL, 23, 10, 196, 'Confirmed', '2024-12-19 05:32:22', NULL, 0, 'OKE', '', '1', 10),
(39, 0, NULL, 23, 8, 198, 'Confirmed', '2024-12-19 05:32:45', NULL, 0, 'OKE', '', '1', 8),
(40, 0, NULL, 23, 7, 192, 'Confirmed', '2024-12-19 05:33:19', NULL, 0, 'ADA SURAT DOKTER', '', '1', 7),
(41, 0, NULL, 23, 6, 192, 'Confirmed', '2024-12-19 05:33:50', NULL, 0, 'ADA SURAT DOKTER', '', '1', 6),
(42, 0, NULL, 23, 1, 161, 'Confirmed', '2024-12-19 05:34:27', NULL, 0, 'TESTING SAJA', '', '1', 1),
(43, 1, 53, 21, 18, 247, '', '2024-12-20 02:05:43', '0000-00-00 00:00:00', 55, '', 'etewtewt', '1', 18),
(44, 2, 46, 20, 18, 247, '', '2024-12-20 02:05:49', '0000-00-00 00:00:00', 55, '', 'rtrtrt', '1', 18),
(45, 1, 59, 31, 19, 191, '', '2024-12-02 08:14:38', '0000-00-00 00:00:00', 55, '', 'rfgerghteh', '1', 19),
(46, 0, NULL, 23, 12, 198, 'Confirmed', '2024-12-23 07:43:56', NULL, 0, 'oke', '', '1', 12),
(47, 1, 71, 40, 20, 196, '', '2024-12-02 08:25:13', '0000-00-00 00:00:00', 79, '', 'tryhrtyhry', '1', 20),
(48, 2, 64, 32, 20, 196, '', '2024-12-02 08:25:24', '0000-00-00 00:00:00', 79, '', 'rtyrtyurtu', '1', 20),
(49, 1, 64, 32, 21, 198, '', '2024-12-02 08:27:52', '0000-00-00 00:00:00', 79, '', 'y56yu567u', '1', 21),
(50, 2, 53, 21, 21, 198, '', '2024-12-02 08:28:04', '0000-00-00 00:00:00', 79, '', 'yhrytuuyu', '1', 21),
(51, 1, 55, 23, 22, 188, '', '2024-12-02 08:11:35', '0000-00-00 00:00:00', 79, '', 'rtgyhwe', '1', 22),
(52, 1, 55, 23, 23, 188, '', '2024-12-02 08:11:35', '0000-00-00 00:00:00', 79, '', 'rtgyhwe', '1', 23),
(53, 0, NULL, 49, 22, 188, 'Confirmed', '2024-12-27 10:12:45', NULL, 0, 'Setahun sekali. Untuk kegiatan keagamaan di Hari Besar, OK.', '', '1', 22),
(54, 0, NULL, 49, 23, 188, 'Confirmed', '2024-12-27 10:13:25', NULL, 0, 'OK', '', '1', 23),
(55, 1, 55, 23, 24, 188, '', '2024-12-02 08:11:35', '0000-00-00 00:00:00', 79, '', 'rtgyhwe', '1', 24),
(56, 1, 71, 40, 25, 196, '', '2024-12-02 08:25:13', '0000-00-00 00:00:00', 79, '', 'tryhrtyhry', '1', 25),
(57, 2, 64, 32, 25, 196, '', '2024-12-02 08:25:24', '0000-00-00 00:00:00', 79, '', 'rtyrtyurtu', '1', 25),
(58, 1, 71, 40, 26, 196, '', '2024-12-02 08:25:13', '0000-00-00 00:00:00', 79, '', 'tryhrtyhry', '1', 26),
(59, 2, 64, 32, 26, 196, '', '2024-12-02 08:25:24', '0000-00-00 00:00:00', 79, '', 'rtyrtyurtu', '1', 26),
(60, 0, NULL, 49, 11, 198, 'Confirmed', '2025-01-02 02:20:34', NULL, 0, 'Delivery unit sunwarld di yard = OK', '', '1', 11),
(61, 0, NULL, 49, 18, 247, 'Confirmed', '2025-01-02 02:21:12', NULL, 0, 'MENYERAHKAN SURAT JAWABAN SP2DK ATAS PELAPORAN PPH21 MASA JAN DAN FEB 24  = OK', '', '1', 18),
(62, 0, NULL, 49, 21, 198, 'Confirmed', '2025-01-02 02:21:41', NULL, 0, 'Perayaan natal di Gereja = OK', '', '1', 21),
(63, 0, NULL, 49, 25, 196, 'Confirmed', '2025-01-02 02:23:40', NULL, 0, 'Replacement Day (Hari Libur Pengganti), confirmed by COO on 31 Dec 2024 to be applied', '', '1', 25),
(64, 0, NULL, 49, 26, 196, 'Confirmed', '2025-01-02 02:29:18', NULL, 0, 'OK. UNPAID LEAVE.', '', '1', 26),
(65, 0, NULL, 49, 24, 188, 'Confirmed', '2025-01-02 10:58:28', NULL, 0, 'OK', '', '1', 24),
(66, 1, 53, 21, 27, 247, '', '2024-12-20 02:05:43', '0000-00-00 00:00:00', 79, '', 'etewtewt', '1', 27),
(67, 2, 46, 20, 27, 247, '', '2024-12-20 02:05:49', '0000-00-00 00:00:00', 79, '', 'rtrtrt', '1', 27),
(68, 0, NULL, 49, 27, 247, 'Confirmed', '2025-01-06 03:06:26', NULL, 0, 'Surat Sakit ada : OK', '', '1', 27),
(69, 1, 53, 21, 28, 247, '', '2024-12-20 02:05:43', '0000-00-00 00:00:00', 79, '', 'etewtewt', '1', 28),
(70, 2, 46, 20, 28, 247, '', '2024-12-20 02:05:49', '0000-00-00 00:00:00', 79, '', 'rtrtrt', '1', 28),
(71, 1, 55, 23, 29, 188, '', '2024-12-02 08:11:35', '0000-00-00 00:00:00', 79, '', 'rtgyhwe', '1', 29),
(72, 1, 59, 31, 30, 289, '', '2025-01-16 06:24:08', '0000-00-00 00:00:00', 49, '', 'DGHFJHGJHGJ', '1', 30),
(73, 2, 53, 21, 30, 289, '', '2025-01-16 06:24:21', '0000-00-00 00:00:00', 49, '', 'EFRREGTGR', '1', 30),
(74, 1, 53, 21, 31, 247, '', '2024-12-20 02:05:43', '0000-00-00 00:00:00', 49, '', 'etewtewt', '1', 31),
(75, 2, 46, 20, 31, 247, '', '2024-12-20 02:05:49', '0000-00-00 00:00:00', 49, '', 'rtrtrt', '1', 31),
(76, 1, 58, 26, 33, 186, '', '2024-12-02 07:50:48', '0000-00-00 00:00:00', 79, '', 'rwtgeryhtyherhy', '1', 32),
(77, 1, 58, 26, 34, 186, '', '2024-12-02 07:50:48', '0000-00-00 00:00:00', 79, '', 'rwtgeryhtyherhy', '1', 33),
(78, 1, 58, 26, 35, 186, '', '2024-12-02 07:50:48', '0000-00-00 00:00:00', 49, '', 'rwtgeryhtyherhy', '1', 34),
(79, 1, 55, 23, 36, 188, '', '2024-12-02 08:11:35', '0000-00-00 00:00:00', 79, '', 'rtgyhwe', '1', 36),
(80, 0, NULL, 49, 35, 186, 'Confirmed', '2025-07-17 04:08:59', NULL, 0, 'ok', '', '1', 34),
(81, 1, 58, 26, 37, 186, '', '2024-12-02 07:50:48', '0000-00-00 00:00:00', 79, '', 'rwtgeryhtyherhy', '1', 37),
(82, 0, NULL, 49, 37, 186, 'Confirmed', '2025-09-08 01:19:38', NULL, 0, 'ok', '', '1', 37),
(83, 0, NULL, 49, 33, 186, 'Confirmed', '2025-09-08 01:19:58', NULL, 0, 'ok', '', '1', 32),
(84, 1, 58, 26, 38, 186, '', '2024-12-02 07:50:48', '0000-00-00 00:00:00', 79, '', 'rwtgeryhtyherhy', '1', 38),
(85, 1, 58, 26, 39, 186, '', '2024-12-02 07:50:48', '0000-00-00 00:00:00', 79, '', 'rwtgeryhtyherhy', '1', 39),
(86, 0, NULL, 49, 39, 186, 'Confirmed', '2025-09-08 01:26:02', NULL, 0, 'okkk', '', '1', 39),
(87, 0, NULL, 49, 38, 186, 'Confirmed', '2025-09-08 01:26:13', NULL, 0, 'okk', '', '1', 38),
(88, 1, 58, 26, 40, 186, '', '2024-12-02 07:50:48', '0000-00-00 00:00:00', 85, '', 'rwtgeryhtyherhy', '1', 40);

-- --------------------------------------------------------

--
-- Table structure for table `confirm_lbpd`
--

CREATE TABLE `confirm_lbpd` (
  `id_confirm_lbpd` int(11) NOT NULL,
  `id_confirm_sppd` int(11) NOT NULL,
  `urutan` int(11) NOT NULL,
  `id_user` int(11) DEFAULT NULL,
  `id_employee` int(11) DEFAULT NULL,
  `id_lbpd` int(11) NOT NULL,
  `id_app` int(11) NOT NULL,
  `status` enum('waiting','Approved','Rejected','Recheck','Recheck!','Confirmed') DEFAULT NULL,
  `tgl` timestamp NOT NULL DEFAULT current_timestamp() ON UPDATE current_timestamp(),
  `date` datetime DEFAULT NULL,
  `id_user_hr` int(11) NOT NULL,
  `kmt` varchar(100) NOT NULL,
  `deskripsi` varchar(50) NOT NULL,
  `fleg` enum('1','2','3','4','5','6','7','8','9','10') CHARACTER SET latin1 COLLATE latin1_swedish_ci NOT NULL,
  `id_hrga_lbpd` int(11) NOT NULL,
  `id_user_acc` int(11) NOT NULL
) ENGINE=InnoDB DEFAULT CHARSET=utf8mb4 COLLATE=utf8mb4_general_ci;

--
-- Dumping data for table `confirm_lbpd`
--

INSERT INTO `confirm_lbpd` (`id_confirm_lbpd`, `id_confirm_sppd`, `urutan`, `id_user`, `id_employee`, `id_lbpd`, `id_app`, `status`, `tgl`, `date`, `id_user_hr`, `kmt`, `deskripsi`, `fleg`, `id_hrga_lbpd`, `id_user_acc`) VALUES
(1, 0, 1, 58, 26, 5, 359, '', '2025-05-05 04:17:26', '0000-00-00 00:00:00', 79, '', 'WTTTWT', '1', 1, 0),
(2, 0, 1, 58, 26, 5, 359, '', '2025-05-05 04:17:26', '0000-00-00 00:00:00', 79, '', 'WTTTWT', '1', 1, 0),
(3, 0, 1, 58, 26, 5, 361, '', '2025-06-10 01:39:34', '0000-00-00 00:00:00', 79, '', 'adsafsfsdg', '1', 1, 0),
(4, 0, 1, 58, 26, 5, 361, '', '2025-06-10 01:39:34', '0000-00-00 00:00:00', 79, '', 'adsafsfsdg', '1', 1, 0),
(5, 0, 1, 58, 26, 9, 361, '', '2025-06-10 01:39:34', '0000-00-00 00:00:00', 79, '', 'adsafsfsdg', '1', 15, 0),
(6, 0, 1, 58, 26, 10, 361, '', '2025-06-10 01:39:34', '0000-00-00 00:00:00', 79, '', 'adsafsfsdg', '1', 16, 0),
(7, 0, 1, 58, 26, 11, 361, '', '2025-06-10 01:39:34', '0000-00-00 00:00:00', 79, '', 'adsafsfsdg', '1', 17, 0),
(8, 0, 1, 58, 26, 13, 361, '', '2025-06-10 01:39:34', '0000-00-00 00:00:00', 79, '', 'adsafsfsdg', '1', 18, 0),
(9, 0, 1, 58, 26, 14, 361, '', '2025-06-10 01:39:34', '0000-00-00 00:00:00', 79, '', 'adsafsfsdg', '1', 19, 0),
(10, 0, 1, 58, 26, 15, 361, '', '2025-06-10 01:39:34', '0000-00-00 00:00:00', 79, '', 'adsafsfsdg', '1', 20, 0),
(11, 0, 1, 58, 26, 16, 361, '', '2025-06-10 01:39:34', '0000-00-00 00:00:00', 79, '', 'adsafsfsdg', '1', 21, 0),
(12, 0, 1, 58, 26, 18, 361, '', '2025-06-10 01:39:34', '0000-00-00 00:00:00', 79, '', 'adsafsfsdg', '1', 22, 0),
(13, 0, 1, 58, 26, 19, 361, '', '2025-06-10 01:39:34', '0000-00-00 00:00:00', 79, '', 'adsafsfsdg', '1', 23, 0),
(14, 0, 1, 58, 26, 12, 361, '', '2025-06-10 01:39:34', '0000-00-00 00:00:00', 79, '', 'adsafsfsdg', '1', 24, 0),
(16, 0, 1, 58, 26, 21, 361, '', '2025-06-10 01:39:34', '0000-00-00 00:00:00', 79, '', 'adsafsfsdg', '1', 26, 0),
(17, 0, 1, 79, 49, 21, 361, 'Confirmed', '2025-06-18 02:54:19', NULL, 49, 'Yes ya', '', '1', 26, 0),
(18, 0, 1, 79, 49, 20, 361, 'Confirmed', '2025-06-18 03:18:03', NULL, 49, 'okkk', '', '1', 25, 0),
(19, 0, 1, 58, 26, 22, 361, '', '2025-06-10 01:39:34', '0000-00-00 00:00:00', 79, '', 'adsafsfsdg', '1', 27, 0),
(21, 0, 1, 79, 49, 23, 361, 'Confirmed', '2025-06-18 09:48:21', NULL, 49, 'OK', '', '1', 28, 0),
(22, 0, 1, 61, 30, 23, 361, '', '2025-06-18 09:49:33', NULL, 49, 'OK YEAHH', '', '1', 28, 49),
(24, 0, 1, 79, 49, 24, 361, 'Confirmed', '2025-06-19 01:57:43', NULL, 49, 'YEAH', '', '1', 29, 0),
(25, 0, 1, 61, 30, 24, 361, '', '2025-06-19 02:00:17', NULL, 49, 'YES SIR', '', '1', 29, 49),
(26, 0, 1, 58, 26, 25, 361, '', '2025-06-10 01:39:34', '0000-00-00 00:00:00', 79, '', 'adsafsfsdg', '1', 30, 0),
(27, 0, 1, 58, 26, 25, 361, '', '2025-06-10 01:39:34', '0000-00-00 00:00:00', 79, '', 'adsafsfsdg', '1', 30, 0),
(28, 0, 1, 61, 30, 20, 361, '', '2025-06-19 04:35:40', NULL, 49, 'okkk', '', '1', 25, 49),
(29, 0, 1, 58, 26, 26, 361, '', '2025-06-10 01:39:34', '0000-00-00 00:00:00', 79, '', 'adsafsfsdg', '1', 32, 0),
(30, 0, 1, 58, 26, 26, 361, '', '2025-06-10 01:39:34', '0000-00-00 00:00:00', 79, '', 'adsafsfsdg', '1', 32, 0),
(31, 0, 1, 58, 26, 27, 361, '', '2025-06-10 01:39:34', '0000-00-00 00:00:00', 79, '', 'adsafsfsdg', '1', 34, 0),
(35, 0, 1, 58, 26, 32, 361, '', '2025-06-10 01:39:34', '0000-00-00 00:00:00', 79, '', 'adsafsfsdg', '1', 38, 0),
(36, 0, 1, 58, 26, 32, 361, '', '2025-06-10 01:39:34', '0000-00-00 00:00:00', 79, '', 'adsafsfsdg', '1', 38, 0),
(37, 0, 1, 58, 26, 31, 361, '', '2025-06-10 01:39:34', '0000-00-00 00:00:00', 79, '', 'adsafsfsdg', '1', 40, 0),
(38, 0, 1, 58, 26, 31, 361, '', '2025-06-10 01:39:34', '0000-00-00 00:00:00', 79, '', 'adsafsfsdg', '1', 40, 0),
(39, 0, 1, 58, 26, 33, 361, '', '2025-06-10 01:39:34', '0000-00-00 00:00:00', 79, '', 'adsafsfsdg', '1', 42, 0),
(40, 0, 1, 58, 26, 33, 361, '', '2025-06-10 01:39:34', '0000-00-00 00:00:00', 79, '', 'adsafsfsdg', '1', 42, 0),
(41, 0, 1, 58, 26, 34, 361, '', '2025-06-10 01:39:34', '0000-00-00 00:00:00', 79, '', 'adsafsfsdg', '1', 44, 0),
(42, 0, 1, 79, 49, 34, 361, 'Recheck', '2025-06-19 08:39:42', NULL, 49, 'OK', '', '3', 44, 0),
(43, 0, 1, 79, 49, 34, 361, '', '2025-06-19 08:39:42', NULL, 49, '', '', '4', 44, 0),
(45, 0, 1, 79, 49, 35, 1, 'Recheck!', '2025-06-19 09:00:04', NULL, 49, 'Coba ya', '', '2', 45, 0),
(46, 0, 1, 79, 49, 35, 361, 'Confirmed', '2025-06-19 09:03:04', NULL, 49, 'ok', '', '3', 45, 0),
(47, 0, 1, 61, 30, 35, 361, 'Recheck', '2025-06-19 09:13:47', NULL, 49, 'ok', '', '3', 45, 49),
(48, 0, 1, 61, 30, 35, 361, '', '2025-06-19 09:13:47', NULL, 49, '', '', '4', 45, 49),
(50, 0, 1, 79, 49, 36, 1, 'Confirmed', '2025-06-19 09:29:35', NULL, 49, 'yes', '', '1', 46, 0),
(51, 0, 1, 61, 30, 36, 1, 'Recheck!', '2025-06-19 09:29:35', NULL, 49, 'tes', '', '1', 46, 49),
(52, 0, 1, 61, 30, 36, 361, '', '2025-06-20 02:27:25', NULL, 49, 'ok', '', '2', 46, 49),
(53, 0, 1, 79, 49, 36, 361, 'Confirmed', '2025-06-20 02:20:10', NULL, 49, 'ok juga ya', '', '2', 46, 0),
(55, 0, 1, 79, 49, 37, 1, 'Confirmed', '2025-06-24 02:04:34', NULL, 49, 'ok', '', '1', 47, 0),
(56, 0, 1, 61, 30, 37, 1, 'Recheck!', '2025-06-24 02:04:34', NULL, 49, 'belum', '', '1', 47, 49),
(57, 0, 1, 61, 30, 37, 361, '', '2025-06-24 03:03:44', NULL, 49, 'ok', '', '2', 47, 49),
(58, 0, 1, 79, 49, 37, 361, 'Confirmed', '2025-06-24 02:05:29', NULL, 49, 'ya', '', '2', 47, 0),
(60, 0, 1, 79, 49, 38, 1, 'Confirmed', '2025-06-24 02:21:56', NULL, 49, 'ok', '', '1', 48, 0),
(61, 0, 1, 61, 30, 38, 1, 'Recheck!', '2025-06-24 02:21:56', NULL, 49, 'BELOM', '', '1', 48, 49),
(63, 0, 1, 79, 49, 38, 361, 'Confirmed', '2025-06-24 02:22:38', NULL, 49, 'OK', '', '2', 48, 0),
(65, 0, 1, 79, 49, 39, 1, 'Confirmed', '2025-06-24 02:30:09', NULL, 49, 'OKKK', '', '1', 49, 0),
(66, 0, 1, 61, 30, 39, 1, 'Recheck!', '2025-06-24 02:30:09', NULL, 49, 'BELOM', '', '1', 49, 49),
(67, 0, 1, 61, 30, 39, 361, '', '2025-06-25 02:23:37', NULL, 49, 'ok', '', '2', 49, 49),
(68, 0, 1, 79, 49, 39, 361, 'Confirmed', '2025-06-24 02:31:20', NULL, 49, 'YES', '', '2', 49, 0),
(69, 0, 1, 79, 49, 30, 361, 'Confirmed', '2025-06-24 02:36:14', NULL, 49, 'ok', '', '2', 37, 0),
(71, 0, 1, 79, 49, 40, 1, 'Confirmed', '2025-06-24 02:38:20', NULL, 49, 'yes', '', '1', 50, 0),
(74, 0, 1, 79, 49, 40, 361, 'Confirmed', '2025-06-24 02:39:19', NULL, 49, 'ok', '', '2', 50, 0),
(76, 0, 1, 79, 49, 41, 361, 'Confirmed', '2025-06-24 04:55:57', NULL, 49, 'OK', '', '1', 51, 0),
(77, 0, 1, 61, 30, 41, 361, '', '2025-06-24 04:56:13', NULL, 49, 'OK', '', '1', 51, 49),
(79, 0, 1, 79, 49, 42, 361, 'Confirmed', '2025-06-24 05:00:52', NULL, 49, 'OK', '', '1', 52, 0),
(80, 0, 1, 61, 30, 42, 361, '', '2025-06-24 05:01:17', NULL, 49, 'YESS', '', '1', 52, 49),
(82, 0, 1, 79, 49, 43, 361, 'Confirmed', '2025-06-24 07:12:37', NULL, 49, 'OK', '', '1', 53, 0),
(83, 0, 1, 61, 30, 43, 361, '', '2025-06-24 07:12:59', NULL, 49, 'YES', '', '1', 53, 49),
(85, 0, 1, 79, 49, 44, 361, 'Confirmed', '2025-06-24 07:20:25', NULL, 49, 'YES', '', '1', 54, 0),
(86, 0, 1, 61, 30, 44, 361, '', '2025-06-24 07:20:50', NULL, 49, 'YES', '', '1', 54, 49),
(87, 0, 1, 58, 26, 45, 361, '', '2025-06-10 01:39:34', '0000-00-00 00:00:00', 79, '', 'adsafsfsdg', '1', 55, 0),
(88, 0, 1, 58, 26, 46, 361, '', '2025-06-10 01:39:34', '0000-00-00 00:00:00', 79, '', 'adsafsfsdg', '1', 56, 0),
(89, 0, 1, 58, 26, 47, 361, '', '2025-06-10 01:39:34', '0000-00-00 00:00:00', 79, '', 'adsafsfsdg', '1', 57, 0),
(90, 0, 1, 58, 26, 48, 361, '', '2025-06-10 01:39:34', '0000-00-00 00:00:00', 79, '', 'adsafsfsdg', '1', 58, 0),
(91, 0, 1, 58, 26, 49, 361, '', '2025-06-10 01:39:34', '0000-00-00 00:00:00', 79, '', 'adsafsfsdg', '1', 59, 0),
(92, 0, 1, 58, 26, 50, 361, '', '2025-06-10 01:39:34', '0000-00-00 00:00:00', 79, '', 'adsafsfsdg', '1', 60, 0),
(93, 0, 1, 58, 26, 51, 361, '', '2025-06-10 01:39:34', '0000-00-00 00:00:00', 79, '', 'adsafsfsdg', '1', 61, 0),
(96, 0, 1, 79, 49, 53, 361, 'Confirmed', '2025-06-25 06:50:34', NULL, 49, 'ok', '', '1', 63, 0),
(97, 0, 1, 61, 30, 53, 361, '', '2025-06-25 06:51:40', NULL, 49, 'ok', '', '1', 63, 49),
(98, 0, 1, 79, 49, 52, 361, 'Confirmed', '2025-06-25 07:22:08', NULL, 49, 'ok', '', '1', 62, 0),
(99, 0, 1, 61, 30, 52, 361, '', '2025-06-25 07:22:49', NULL, 49, 'ok', '', '1', 62, 49),
(101, 0, 1, 79, 49, 55, 1, 'Confirmed', '2025-06-26 06:37:53', NULL, 49, 'ok', '', '1', 64, 0),
(104, 0, 1, 79, 49, 55, 361, 'Confirmed', '2025-06-26 06:38:50', NULL, 49, 'yes', '', '2', 64, 0),
(105, 0, 1, 58, 26, 61, 361, '', '2025-06-10 01:39:34', '0000-00-00 00:00:00', 79, '', 'adsafsfsdg', '1', 65, 0),
(106, 0, 1, 58, 26, 61, 361, '', '2025-06-10 01:39:34', '0000-00-00 00:00:00', 79, '', 'adsafsfsdg', '1', 65, 0),
(107, 0, 1, 58, 26, 61, 361, '', '2025-06-10 01:39:34', '0000-00-00 00:00:00', 79, '', 'adsafsfsdg', '1', 65, 0),
(108, 0, 1, 58, 26, 60, 361, '', '2025-06-10 01:39:34', '0000-00-00 00:00:00', 79, '', 'adsafsfsdg', '1', 68, 0),
(109, 0, 1, 58, 26, 60, 361, '', '2025-06-10 01:39:34', '0000-00-00 00:00:00', 79, '', 'adsafsfsdg', '1', 68, 0),
(110, 0, 1, 58, 26, 61, 361, '', '2025-06-10 01:39:34', '0000-00-00 00:00:00', 79, '', 'adsafsfsdg', '1', 65, 0),
(111, 0, 1, 58, 26, 59, 361, '', '2025-06-10 01:39:34', '0000-00-00 00:00:00', 79, '', 'adsafsfsdg', '1', 71, 0),
(112, 0, 1, 58, 26, 58, 361, '', '2025-06-10 01:39:34', '0000-00-00 00:00:00', 79, '', 'adsafsfsdg', '1', 72, 0),
(113, 0, 1, 58, 26, 58, 361, '', '2025-06-10 01:39:34', '0000-00-00 00:00:00', 79, '', 'adsafsfsdg', '1', 72, 0),
(114, 0, 1, 58, 26, 57, 361, '', '2025-06-10 01:39:34', '0000-00-00 00:00:00', 79, '', 'adsafsfsdg', '1', 74, 0),
(115, 0, 1, 58, 26, 57, 361, '', '2025-06-10 01:39:34', '0000-00-00 00:00:00', 79, '', 'adsafsfsdg', '1', 74, 0),
(116, 0, 1, 58, 26, 56, 361, '', '2025-06-10 01:39:34', '0000-00-00 00:00:00', 79, '', 'adsafsfsdg', '1', 76, 0),
(117, 0, 1, 58, 26, 54, 361, '', '2025-06-10 01:39:34', '0000-00-00 00:00:00', 79, '', 'adsafsfsdg', '1', 78, 0),
(118, 0, 1, 58, 26, 28, 361, '', '2025-06-10 01:39:34', '0000-00-00 00:00:00', 79, '', 'adsafsfsdg', '1', 80, 0),
(121, 0, 1, 79, 49, 62, 361, 'Confirmed', '2025-07-09 08:33:43', NULL, 49, 'YESSS', '', '1', 82, 0),
(122, 0, 1, 79, 49, 63, 361, 'Confirmed', '2025-07-09 08:39:41', NULL, 49, 'OK', '', '1', 84, 0),
(123, 0, 1, 61, 30, 63, 361, '', '2025-07-09 08:45:25', NULL, 49, 'OK', '', '1', 84, 49),
(124, 0, 1, 61, 30, 62, 361, '', '2025-07-09 08:46:28', NULL, 49, 'OK', '', '1', 82, 49),
(126, 0, 1, 79, 49, 65, 361, 'Confirmed', '2025-07-09 08:53:50', NULL, 49, 'OKKKKKKKKK', '', '1', 86, 0),
(127, 0, 1, 79, 49, 29, 361, 'Confirmed', '2025-07-09 08:54:57', NULL, 49, 'YEAH', '', '1', 35, 0),
(128, 0, 1, 61, 30, 65, 361, '', '2025-07-09 08:59:41', NULL, 49, 'yeahh yyaaa', '', '1', 86, 49),
(130, 0, 1, 79, 49, 64, 361, 'Confirmed', '2025-07-09 09:03:20', NULL, 49, 'okk', '', '1', 88, 0),
(131, 0, 1, 61, 30, 64, 361, '', '2025-07-09 09:04:32', NULL, 49, 'YESS', '', '1', 88, 49),
(133, 0, 1, 79, 49, 66, 361, 'Confirmed', '2025-07-09 09:12:32', NULL, 49, 'ok', '', '1', 90, 0),
(138, 0, 1, 49, 28, 70, 361, 'Confirmed', '2025-07-11 03:51:54', NULL, 49, 'yes', '', '1', 92, 0),
(141, 0, 1, 49, 28, 71, 361, 'Confirmed', '2025-07-11 04:12:54', NULL, 49, 'YESSS', '', '3', 94, 0),
(143, 0, 1, 58, 26, 72, 361, '', '2025-06-10 01:39:34', '0000-00-00 00:00:00', 79, '', 'adsafsfsdg', '1', 95, 0),
(144, 0, 2, 79, 49, 72, 361, '', '2025-07-11 09:28:06', '0000-00-00 00:00:00', 79, '', 'fdgdfg', '1', 95, 0),
(145, 0, 3, 55, 23, 72, 361, '', '2025-07-11 09:28:16', '0000-00-00 00:00:00', 79, '', 'ergreger', '1', 95, 0),
(146, 0, 4, 46, 20, 72, 361, '', '2025-07-11 09:28:24', '0000-00-00 00:00:00', 79, '', 'ghrht', '1', 95, 0),
(147, 0, 1, 58, 26, 73, 361, '', '2025-06-10 01:39:34', '0000-00-00 00:00:00', 79, '', 'adsafsfsdg', '1', 97, 0),
(148, 0, 2, 79, 49, 73, 361, '', '2025-07-11 09:28:06', '0000-00-00 00:00:00', 79, '', 'fdgdfg', '1', 97, 0),
(149, 0, 3, 55, 23, 73, 361, '', '2025-07-11 09:28:16', '0000-00-00 00:00:00', 79, '', 'ergreger', '1', 97, 0),
(150, 0, 4, 46, 20, 73, 361, '', '2025-07-11 09:28:24', '0000-00-00 00:00:00', 79, '', 'ghrht', '1', 97, 0),
(151, 0, 1, 58, 26, 75, 361, '', '2025-06-10 01:39:34', '0000-00-00 00:00:00', 79, '', 'adsafsfsdg', '1', 106, 0),
(152, 0, 1, 58, 26, 76, 361, '', '2025-06-10 01:39:34', '0000-00-00 00:00:00', 79, '', 'adsafsfsdg', '1', 108, 0),
(154, 0, 1, 49, 28, 77, 361, 'Confirmed', '2025-07-14 01:48:43', NULL, 49, 'gg', '', '1', 112, 0),
(157, 0, 1, 79, 49, 78, 361, 'Confirmed', '2025-07-18 01:33:17', NULL, 49, 'yes', '', '1', 114, 0),
(158, 0, 1, 79, 49, 81, 363, '', '2025-07-29 02:57:31', '0000-00-00 00:00:00', 79, '', 'tes1111', '1', 115, 0),
(160, 0, 1, 58, 26, 79, 361, '', '2025-06-10 01:39:34', '0000-00-00 00:00:00', 79, '', 'adsafsfsdg', '1', 117, 0),
(161, 0, 1, 79, 49, 80, 361, 'Confirmed', '2025-09-04 07:39:43', NULL, 49, 'ok', '', '1', 118, 0),
(163, 0, 1, 58, 26, 82, 361, '', '2025-06-10 01:39:34', '0000-00-00 00:00:00', 79, '', 'adsafsfsdg', '1', 119, 0),
(164, 0, 1, 58, 26, 83, 361, '', '2025-06-10 01:39:34', '0000-00-00 00:00:00', 85, '', 'adsafsfsdg', '1', 120, 0),
(165, 0, 1, 58, 26, 84, 361, '', '2025-06-10 01:39:34', '0000-00-00 00:00:00', 85, '', 'adsafsfsdg', '1', 121, 0),
(166, 0, 1, 58, 26, 85, 361, '', '2025-06-10 01:39:34', '0000-00-00 00:00:00', 85, '', 'adsafsfsdg', '1', 123, 0),
(168, 0, 1, 85, 54, 89, 361, 'Confirmed', '2025-11-14 07:20:20', NULL, 49, 'ok', '', '1', 124, 0),
(171, 0, 1, 85, 54, 91, 361, 'Confirmed', '2026-02-05 06:51:34', NULL, 49, 'ok', '', '1', 125, 0);

-- --------------------------------------------------------

--
-- Table structure for table `confirm_sppd`
--

CREATE TABLE `confirm_sppd` (
  `id_confirm_sppd` int(11) NOT NULL,
  `urutan` int(11) NOT NULL,
  `id_user` int(11) DEFAULT NULL,
  `id_employee` int(11) DEFAULT NULL,
  `id_sppd` int(11) NOT NULL,
  `id_app` int(11) NOT NULL,
  `status` enum('waiting','Approved','Rejected','Recheck','Recheck!','Confirmed') DEFAULT NULL,
  `tgl` timestamp NOT NULL DEFAULT current_timestamp() ON UPDATE current_timestamp(),
  `date` datetime DEFAULT NULL,
  `id_user_hr` int(11) NOT NULL,
  `kmt` varchar(100) NOT NULL,
  `deskripsi` varchar(50) NOT NULL,
  `fleg` enum('1','2','3','4','5','6','7','8','9','10') CHARACTER SET latin1 COLLATE latin1_swedish_ci NOT NULL,
  `id_hrga_sppd` int(11) NOT NULL,
  `id_user_acc` int(11) NOT NULL
) ENGINE=InnoDB DEFAULT CHARSET=utf8mb4 COLLATE=utf8mb4_general_ci;

--
-- Dumping data for table `confirm_sppd`
--

INSERT INTO `confirm_sppd` (`id_confirm_sppd`, `urutan`, `id_user`, `id_employee`, `id_sppd`, `id_app`, `status`, `tgl`, `date`, `id_user_hr`, `kmt`, `deskripsi`, `fleg`, `id_hrga_sppd`, `id_user_acc`) VALUES
(756, 1, 58, 26, 1, 359, '', '2025-05-05 04:17:26', '0000-00-00 00:00:00', 79, '', 'WTTTWT', '1', 257, 0),
(758, 1, 79, 49, 2, 359, 'Confirmed', '2025-06-13 01:56:18', NULL, 49, 'yeah', '', '1', 324, 0),
(759, 1, 61, 30, 2, 359, '', '2025-06-13 01:56:50', NULL, 49, 'yeah bro', '', '1', 324, 49),
(761, 1, 79, 49, 3, 359, 'Confirmed', '2025-06-13 02:10:50', NULL, 49, 'ok', '', '1', 325, 0),
(762, 1, 61, 30, 3, 359, '', '2025-06-13 02:11:11', NULL, 49, 'oke broo', '', '1', 325, 49),
(763, 1, 58, 26, 3, 359, '', '2025-05-05 04:17:26', '0000-00-00 00:00:00', 79, '', 'WTTTWT', '1', 223, 0),
(764, 1, 58, 26, 4, 359, '', '2025-05-05 04:17:26', '0000-00-00 00:00:00', 79, '', 'WTTTWT', '1', 224, 0),
(768, 1, 79, 49, 7, 359, 'Confirmed', '2025-06-13 02:34:02', NULL, 49, 'ok', '', '1', 330, 0),
(769, 1, 61, 30, 7, 359, '', '2025-06-13 02:37:26', NULL, 49, 'ok', '', '1', 330, 49),
(770, 1, 79, 49, 6, 359, 'Confirmed', '2025-06-13 03:14:00', NULL, 49, 'ok', '', '1', 329, 0),
(771, 1, 61, 30, 6, 359, '', '2025-06-13 03:23:12', NULL, 49, 'okkkk', '', '1', 329, 49),
(773, 1, 79, 49, 8, 359, 'Confirmed', '2025-06-13 09:06:56', NULL, 49, 'okkk', '', '1', 331, 0),
(774, 1, 61, 30, 8, 359, '', '2025-06-13 09:09:00', NULL, 49, 'ok', '', '1', 331, 49),
(776, 1, 79, 49, 9, 359, 'Confirmed', '2025-06-18 01:06:29', NULL, 49, 'OK', '', '1', 332, 0),
(777, 1, 61, 30, 9, 359, '', '2025-06-18 01:10:16', NULL, 49, 'YA', '', '1', 332, 49),
(779, 1, 79, 49, 10, 359, 'Confirmed', '2025-06-18 09:29:30', NULL, 49, 'OK', '', '1', 333, 0),
(780, 1, 61, 30, 10, 359, '', '2025-06-18 09:29:47', NULL, 49, 'OK', '', '1', 333, 49),
(782, 1, 79, 49, 11, 359, 'Confirmed', '2025-06-18 09:46:17', NULL, 49, 'OKKK', '', '1', 334, 0),
(783, 1, 61, 30, 11, 359, '', '2025-06-18 09:46:37', NULL, 49, 'OK', '', '1', 334, 49),
(785, 1, 79, 49, 12, 359, 'Confirmed', '2025-06-19 01:38:22', NULL, 49, 'YEAH', '', '1', 335, 0),
(786, 1, 61, 30, 12, 359, '', '2025-06-19 01:43:26', NULL, 49, 'YES SIR\\r\\n', '', '1', 335, 49),
(788, 1, 79, 49, 13, 359, 'Confirmed', '2025-06-19 02:31:45', NULL, 49, 'OK', '', '1', 336, 0),
(789, 1, 61, 30, 13, 359, '', '2025-06-19 02:32:45', NULL, 49, 'OK', '', '1', 336, 49),
(791, 1, 79, 49, 14, 359, 'Confirmed', '2025-06-19 04:35:10', NULL, 49, 'ok', '', '1', 337, 0),
(793, 1, 79, 49, 15, 359, 'Confirmed', '2025-06-19 04:58:40', NULL, 49, 'OKK', '', '1', 338, 0),
(794, 1, 61, 30, 15, 359, '', '2025-06-19 06:09:36', NULL, 49, 'OK', '', '1', 338, 49),
(795, 1, 61, 30, 14, 359, '', '2025-06-19 06:15:19', NULL, 49, 'OK', '', '1', 337, 49),
(797, 1, 79, 49, 16, 359, 'Confirmed', '2025-06-19 06:27:37', NULL, 49, 'ok', '', '2', 339, 0),
(798, 1, 61, 30, 16, 359, '', '2025-06-19 06:28:07', NULL, 49, 'ok', '', '2', 339, 49),
(800, 1, 79, 49, 17, 359, 'Confirmed', '2025-06-19 06:39:50', NULL, 49, 'OK', '', '1', 340, 0),
(801, 1, 61, 30, 17, 359, '', '2025-06-19 06:40:15', NULL, 49, 'OK', '', '1', 340, 49),
(804, 1, 58, 26, 20, 359, '', '2025-05-05 04:17:26', '0000-00-00 00:00:00', 79, '', 'WTTTWT', '1', 240, 0),
(806, 1, 79, 49, 21, 359, 'Confirmed', '2025-06-19 07:24:50', NULL, 49, 'ok', '', '2', 344, 0),
(807, 1, 61, 30, 21, 359, '', '2025-06-19 07:25:17', NULL, 49, 'ok', '', '2', 344, 49),
(810, 1, 79, 49, 23, 359, 'Confirmed', '2025-06-19 07:42:09', NULL, 49, 'ok', '', '1', 346, 0),
(811, 1, 79, 49, 22, 359, 'Confirmed', '2025-06-19 07:42:31', NULL, 49, 'ok', '', '1', 345, 0),
(812, 1, 61, 30, 23, 359, '', '2025-06-19 07:42:54', NULL, 49, 'ok', '', '1', 346, 49),
(813, 1, 61, 30, 22, 359, '', '2025-06-19 07:43:06', NULL, 49, 'ok', '', '1', 345, 49),
(815, 1, 79, 49, 24, 359, 'Confirmed', '2025-06-19 08:09:30', NULL, 49, 'ok', '', '2', 347, 0),
(816, 1, 61, 30, 24, 359, '', '2025-06-19 08:13:16', NULL, 49, 'ok', '', '2', 347, 49),
(818, 1, 79, 49, 25, 359, 'Confirmed', '2025-06-19 08:30:43', NULL, 49, 'OK', '', '1', 348, 0),
(819, 1, 61, 30, 25, 359, '', '2025-06-19 08:31:06', NULL, 49, 'YEAH', '', '1', 348, 49),
(821, 1, 79, 49, 26, 1, 'Recheck!', '2025-06-19 08:49:45', NULL, 49, 'ok', '', '2', 349, 0),
(822, 1, 79, 49, 26, 359, 'Confirmed', '2025-06-19 08:53:10', NULL, 49, 'ok', '', '3', 349, 0),
(823, 1, 61, 30, 26, 359, '', '2025-06-19 08:54:27', NULL, 49, 'okkk', '', '3', 349, 49),
(825, 1, 79, 49, 27, 359, 'Confirmed', '2025-06-19 09:26:39', NULL, 49, 'ok', '', '1', 350, 0),
(826, 1, 61, 30, 27, 359, '', '2025-06-19 09:27:01', NULL, 49, 'ok', '', '1', 350, 49),
(828, 1, 79, 49, 28, 359, 'Confirmed', '2025-06-20 09:14:48', NULL, 49, 'ok', '', '1', 351, 0),
(829, 1, 61, 30, 28, 359, '', '2025-06-20 09:15:12', NULL, 49, 'ok', '', '1', 351, 49),
(831, 1, 79, 49, 29, 359, 'Confirmed', '2025-06-24 02:19:50', NULL, 49, 'ok', '', '1', 352, 0),
(832, 1, 61, 30, 29, 359, '', '2025-06-24 02:20:14', NULL, 49, 'ok', '', '1', 352, 49),
(834, 1, 79, 49, 30, 359, 'Confirmed', '2025-06-24 02:27:15', NULL, 49, 'OK', '', '1', 353, 0),
(835, 1, 61, 30, 30, 359, '', '2025-06-24 02:27:38', NULL, 49, 'OK', '', '1', 353, 49),
(837, 1, 79, 49, 31, 359, 'Confirmed', '2025-06-24 02:34:57', NULL, 49, 'ok', '', '1', 354, 0),
(838, 1, 61, 30, 31, 359, '', '2025-06-24 02:36:41', NULL, 49, 'ok', '', '1', 354, 49),
(840, 1, 79, 49, 32, 359, 'Confirmed', '2025-06-24 04:54:08', NULL, 49, 'OK', '', '1', 355, 0),
(841, 1, 61, 30, 32, 359, '', '2025-06-24 04:54:30', NULL, 49, 'OK', '', '1', 355, 49),
(843, 1, 79, 49, 33, 359, 'Confirmed', '2025-06-24 04:57:57', NULL, 49, 'OK', '', '1', 356, 0),
(844, 1, 61, 30, 33, 359, '', '2025-06-24 04:58:16', NULL, 49, 'OK', '', '1', 356, 49),
(846, 1, 79, 49, 34, 359, 'Confirmed', '2025-06-24 07:05:15', NULL, 49, 'ok', '', '1', 357, 0),
(847, 1, 61, 30, 34, 359, '', '2025-06-24 07:07:21', NULL, 49, 'YESS', '', '1', 357, 49),
(849, 1, 79, 49, 35, 359, 'Confirmed', '2025-06-24 07:16:10', NULL, 49, 'YES', '', '1', 358, 0),
(850, 1, 61, 30, 35, 359, '', '2025-06-24 07:16:49', NULL, 49, 'OK', '', '1', 358, 49),
(854, 1, 58, 26, 39, 359, '', '2025-05-05 04:17:26', '0000-00-00 00:00:00', 79, '', 'WTTTWT', '1', 297, 0),
(855, 1, 58, 26, 40, 359, '', '2025-05-05 04:17:26', '0000-00-00 00:00:00', 79, '', 'WTTTWT', '1', 298, 0),
(856, 1, 79, 49, 38, 359, 'Confirmed', '2025-06-25 02:22:04', NULL, 49, 'ok', '', '1', 361, 0),
(857, 1, 61, 30, 38, 359, '', '2025-06-25 02:25:16', NULL, 49, 'okkkk', '', '1', 361, 49),
(861, 1, 79, 49, 43, 359, 'Confirmed', '2025-06-25 05:00:43', NULL, 49, 'ok', '', '1', 366, 0),
(862, 1, 61, 30, 43, 359, '', '2025-06-25 05:00:59', NULL, 49, 'ok', '', '1', 366, 49),
(863, 1, 79, 49, 37, 359, 'Confirmed', '2025-06-25 06:14:22', NULL, 49, 'OK', '', '1', 360, 0),
(864, 1, 61, 30, 37, 359, '', '2025-06-25 06:14:37', NULL, 49, 'OK', '', '1', 360, 49),
(865, 1, 79, 49, 42, 359, 'Confirmed', '2025-06-25 06:18:55', NULL, 49, 'ok', '', '1', 365, 0),
(866, 1, 79, 49, 41, 359, 'Confirmed', '2025-06-25 06:22:22', NULL, 49, 'ok', '', '1', 364, 0),
(867, 1, 61, 30, 42, 359, '', '2025-06-25 06:22:36', NULL, 49, 'ok', '', '1', 365, 49),
(868, 1, 79, 49, 36, 359, 'Confirmed', '2025-06-25 06:24:15', NULL, 49, 'ok', '', '1', 359, 0),
(869, 1, 61, 30, 41, 359, '', '2025-06-25 06:24:43', NULL, 49, 'ok', '', '1', 364, 49),
(870, 1, 61, 30, 36, 359, '', '2025-06-25 06:25:46', NULL, 49, 'ok', '', '1', 359, 49),
(871, 1, 79, 49, 19, 359, 'Confirmed', '2025-06-25 06:32:42', NULL, 49, 'ok', '', '1', 342, 0),
(872, 1, 61, 30, 19, 359, '', '2025-06-25 06:33:33', NULL, 49, 'ok', '', '1', 342, 49),
(873, 1, 79, 49, 18, 359, 'Confirmed', '2025-06-25 06:34:36', NULL, 49, 'ok', '', '2', 341, 0),
(874, 1, 61, 30, 18, 359, '', '2025-06-25 06:34:46', NULL, 49, 'ok', '', '2', 341, 49),
(875, 1, 79, 49, 5, 359, 'Confirmed', '2025-06-25 06:38:33', NULL, 49, 'ok', '', '1', 328, 0),
(876, 1, 61, 30, 5, 359, '', '2025-06-25 06:38:57', NULL, 49, 'ok', '', '1', 328, 49),
(878, 1, 79, 49, 44, 1, 'Confirmed', '2025-06-26 04:35:47', NULL, 49, 'OK', '', '1', 367, 0),
(879, 1, 61, 30, 44, 1, 'Recheck!', '2025-06-26 04:35:47', NULL, 49, 'RECHECK DULU', '', '1', 367, 49),
(880, 1, 61, 30, 44, 359, '', '2025-06-26 04:37:04', NULL, 49, 'YES', '', '2', 367, 49),
(881, 1, 79, 49, 44, 359, 'Confirmed', '2025-06-26 04:36:34', NULL, 49, 'OKKK', '', '2', 367, 0),
(883, 1, 79, 49, 45, 359, 'Confirmed', '2025-06-26 04:43:00', NULL, 49, 'ok', '', '1', 368, 0),
(884, 1, 61, 30, 45, 359, '', '2025-06-26 04:43:19', NULL, 49, 'ok', '', '1', 368, 49),
(886, 1, 79, 49, 46, 359, 'Confirmed', '2025-06-26 06:20:41', NULL, 49, 'YES', '', '1', 369, 0),
(887, 1, 61, 30, 46, 359, '', '2025-06-26 06:25:44', NULL, 49, 'YES', '', '1', 369, 49),
(889, 1, 79, 49, 47, 1, 'Confirmed', '2025-06-26 06:35:41', NULL, 49, 'YES', '', '1', 370, 0),
(890, 1, 61, 30, 47, 1, 'Recheck!', '2025-06-26 06:35:41', NULL, 49, 'RECHECK', '', '1', 370, 49),
(891, 1, 61, 30, 47, 359, '', '2025-06-30 03:37:07', NULL, 49, 'OK', '', '2', 370, 49),
(892, 1, 79, 49, 47, 359, 'Confirmed', '2025-06-26 06:36:38', NULL, 49, 'ok', '', '2', 370, 0),
(894, 1, 79, 49, 48, 1, 'Confirmed', '2025-06-30 02:39:44', NULL, 49, 'yes', '', '1', 371, 0),
(897, 1, 79, 49, 48, 359, 'Confirmed', '2025-06-30 02:40:50', NULL, 49, 'Yes juga', '', '2', 371, 0),
(899, 1, 79, 49, 49, 359, 'Confirmed', '2025-06-30 03:09:37', NULL, 49, 'yes', '', '1', 372, 0),
(900, 1, 61, 30, 49, 359, '', '2025-06-30 03:09:57', NULL, 49, 'ok', '', '1', 372, 49),
(902, 1, 79, 49, 50, 1, 'Confirmed', '2025-06-30 03:24:18', NULL, 49, 'YES', '', '1', 373, 0),
(905, 1, 79, 49, 50, 359, 'Confirmed', '2025-06-30 03:24:54', NULL, 49, 'ok', '', '2', 373, 0),
(907, 1, 79, 49, 51, 1, 'Confirmed', '2025-06-30 03:32:21', NULL, 49, 'OK', '', '1', 374, 0),
(910, 1, 79, 49, 51, 359, 'Confirmed', '2025-06-30 03:32:52', NULL, 49, 'OK', '', '2', 374, 0),
(912, 1, 79, 49, 52, 1, 'Confirmed', '2025-06-30 03:49:04', NULL, 49, 'ok', '', '1', 375, 0),
(915, 1, 79, 49, 52, 359, 'Confirmed', '2025-06-30 03:49:48', NULL, 49, 'iyaaaa', '', '2', 375, 0),
(917, 1, 79, 49, 53, 1, 'Confirmed', '2025-06-30 04:02:47', NULL, 49, 'YESSSS', '', '1', 376, 0),
(920, 1, 79, 49, 53, 359, 'Confirmed', '2025-06-30 04:03:10', NULL, 49, 'OK', '', '2', 376, 0),
(922, 1, 79, 49, 54, 1, 'Confirmed', '2025-06-30 04:33:12', NULL, 49, 'YES', '', '1', 377, 0),
(925, 1, 79, 49, 54, 359, 'Confirmed', '2025-06-30 04:33:41', NULL, 49, 'Y', '', '2', 377, 0),
(928, 1, 79, 49, 55, 1, 'Confirmed', '2025-06-30 04:58:23', NULL, 49, 'OK', '', '1', 378, 0),
(929, 1, 79, 49, 56, 1, 'Confirmed', '2025-06-30 04:46:15', NULL, 49, 'Y', '', '1', 379, 0),
(932, 1, 79, 49, 56, 359, 'Confirmed', '2025-06-30 04:47:31', NULL, 49, 'O', '', '2', 379, 0),
(935, 1, 79, 49, 55, 359, 'Confirmed', '2025-06-30 04:58:52', NULL, 49, 'I', '', '2', 378, 0),
(937, 1, 79, 49, 57, 1, 'Confirmed', '2025-06-30 05:02:55', NULL, 49, 'zdgzdg', '', '1', 380, 0),
(940, 1, 79, 49, 57, 359, 'Confirmed', '2025-06-30 05:03:34', NULL, 49, 'ok', '', '2', 380, 0),
(942, 1, 79, 49, 58, 1, 'Confirmed', '2025-06-30 06:30:44', NULL, 49, 'OK', '', '1', 381, 0),
(945, 1, 79, 49, 58, 359, 'Confirmed', '2025-06-30 06:31:27', NULL, 49, 'YA', '', '2', 381, 0),
(946, 1, 58, 26, 59, 359, '', '2025-05-05 04:17:26', '0000-00-00 00:00:00', 79, '', 'WTTTWT', '1', 317, 0),
(947, 1, 58, 26, 60, 359, '', '2025-05-05 04:17:26', '0000-00-00 00:00:00', 79, '', 'WTTTWT', '1', 318, 0),
(948, 1, 58, 26, 62, 359, '', '2025-05-05 04:17:26', '0000-00-00 00:00:00', 79, '', 'WTTTWT', '1', 384, 0),
(949, 1, 58, 26, 63, 359, '', '2025-05-05 04:17:26', '0000-00-00 00:00:00', 79, '', 'WTTTWT', '1', 385, 0),
(950, 1, 58, 26, 64, 359, '', '2025-05-05 04:17:26', '0000-00-00 00:00:00', 79, '', 'WTTTWT', '1', 386, 0),
(951, 1, 58, 26, 65, 359, '', '2025-05-05 04:17:26', '0000-00-00 00:00:00', 79, '', 'WTTTWT', '1', 387, 0),
(952, 1, 58, 26, 66, 359, '', '2025-05-05 04:17:26', '0000-00-00 00:00:00', 79, '', 'WTTTWT', '1', 388, 0),
(953, 1, 58, 26, 67, 359, '', '2025-05-05 04:17:26', '0000-00-00 00:00:00', 79, '', 'WTTTWT', '1', 389, 0),
(954, 1, 58, 26, 68, 359, '', '2025-05-05 04:17:26', '0000-00-00 00:00:00', 79, '', 'WTTTWT', '1', 390, 0),
(962, 1, 79, 49, 75, 359, 'Confirmed', '2025-07-01 07:27:43', NULL, 49, 'ok', '', '1', 397, 0),
(963, 1, 61, 30, 75, 359, '', '2025-07-01 07:28:35', NULL, 49, 'yes', '', '1', 397, 49),
(965, 1, 58, 26, 77, 359, '', '2025-05-05 04:17:26', '0000-00-00 00:00:00', 79, '', 'WTTTWT', '1', 399, 0),
(966, 1, 58, 26, 78, 359, '', '2025-05-05 04:17:26', '0000-00-00 00:00:00', 79, '', 'WTTTWT', '1', 400, 0),
(967, 1, 58, 26, 79, 359, '', '2025-05-05 04:17:26', '0000-00-00 00:00:00', 79, '', 'WTTTWT', '1', 401, 0),
(968, 1, 58, 26, 80, 359, '', '2025-05-05 04:17:26', '0000-00-00 00:00:00', 79, '', 'WTTTWT', '1', 402, 0),
(969, 1, 58, 26, 81, 359, '', '2025-05-05 04:17:26', '0000-00-00 00:00:00', 79, '', 'WTTTWT', '1', 403, 0),
(970, 1, 58, 26, 82, 359, '', '2025-05-05 04:17:26', '0000-00-00 00:00:00', 79, '', 'WTTTWT', '1', 404, 0),
(971, 1, 58, 26, 83, 359, '', '2025-05-05 04:17:26', '0000-00-00 00:00:00', 79, '', 'WTTTWT', '1', 405, 0),
(972, 1, 58, 26, 84, 359, '', '2025-05-05 04:17:26', '0000-00-00 00:00:00', 79, '', 'WTTTWT', '1', 406, 0),
(974, 1, 79, 49, 85, 359, 'Confirmed', '2025-07-02 04:19:59', NULL, 49, 'ok', '', '1', 407, 0),
(975, 1, 61, 30, 85, 359, '', '2025-07-02 04:44:51', NULL, 49, 'yeah', '', '1', 407, 49),
(977, 1, 79, 49, 86, 359, 'Confirmed', '2025-07-09 02:28:57', NULL, 49, 'YA', '', '1', 408, 0),
(978, 1, 61, 30, 86, 359, '', '2025-07-09 02:50:58', NULL, 49, 'OK', '', '1', 408, 49),
(979, 1, 79, 49, 76, 359, 'Confirmed', '2025-07-09 07:46:39', NULL, 49, 'ok', '', '1', 398, 0),
(980, 1, 61, 30, 76, 359, '', '2025-07-09 07:47:15', NULL, 49, 'yes', '', '1', 398, 49),
(981, 1, 79, 49, 74, 359, 'Confirmed', '2025-07-09 07:49:49', NULL, 49, 'ok', '', '1', 396, 0),
(982, 1, 61, 30, 74, 359, '', '2025-07-09 07:49:59', NULL, 49, 'ok', '', '1', 396, 49),
(983, 1, 79, 49, 73, 359, 'Confirmed', '2025-07-09 08:49:34', NULL, 49, 'OK', '', '1', 395, 0),
(984, 1, 79, 49, 72, 359, 'Confirmed', '2025-07-09 08:49:59', NULL, 49, 'YESSS', '', '1', 394, 0),
(985, 1, 61, 30, 73, 359, '', '2025-07-09 08:51:03', NULL, 49, 'OK', '', '1', 395, 49),
(986, 1, 61, 30, 72, 359, '', '2025-07-09 08:51:15', NULL, 49, 'OK', '', '1', 394, 49),
(987, 1, 79, 49, 71, 359, 'Confirmed', '2025-07-09 09:11:03', NULL, 49, 'ok', '', '1', 393, 0),
(988, 1, 61, 30, 71, 359, '', '2025-07-09 09:11:29', NULL, 49, 'yesss', '', '1', 393, 49),
(989, 1, 79, 49, 70, 359, 'Confirmed', '2025-07-09 09:19:20', NULL, 49, 'ok', '', '1', 392, 0),
(990, 1, 79, 49, 69, 359, 'Confirmed', '2025-07-09 09:19:41', NULL, 49, 'ok', '', '1', 391, 0),
(991, 1, 61, 30, 70, 359, '', '2025-07-09 09:22:16', NULL, 49, 'ok', '', '1', 392, 49),
(992, 1, 61, 30, 69, 359, '', '2025-07-09 09:22:30', NULL, 49, 'ok', '', '1', 391, 49),
(994, 1, 79, 49, 87, 359, 'Confirmed', '2025-07-09 09:36:49', NULL, 49, 'yes', '', '1', 409, 0),
(995, 1, 61, 30, 87, 359, '', '2025-07-09 09:37:17', NULL, 49, 'yes', '', '1', 409, 49),
(996, 1, 58, 26, 88, 359, '', '2025-05-05 04:17:26', '0000-00-00 00:00:00', 79, '', 'WTTTWT', '1', 410, 0),
(998, 1, 79, 49, 89, 359, 'Confirmed', '2025-07-10 03:33:20', NULL, 49, 'yes', '', '1', 411, 0),
(999, 1, 58, 26, 90, 359, '', '2025-05-05 04:17:26', '0000-00-00 00:00:00', 79, '', 'WTTTWT', '1', 412, 0),
(1001, 1, 49, 28, 91, 359, 'Confirmed', '2025-07-11 03:36:26', NULL, 49, 'Yes', '', '1', 413, 0),
(1002, 1, 61, 30, 91, 359, '', '2025-07-11 03:38:14', NULL, 49, 'okk', '', '1', 413, 49),
(1004, 1, 49, 28, 92, 359, 'Confirmed', '2025-07-11 03:55:59', NULL, 49, 'GG', '', '3', 414, 0),
(1005, 1, 61, 30, 92, 359, '', '2025-07-11 03:56:54', NULL, 49, 'okk', '', '3', 414, 49),
(1006, 1, 58, 26, 93, 359, '', '2025-05-05 04:17:26', '0000-00-00 00:00:00', 79, '', 'WTTTWT', '1', 415, 0),
(1007, 1, 58, 26, 94, 359, '', '2025-05-05 04:17:26', '0000-00-00 00:00:00', 79, '', 'WTTTWT', '1', 416, 0),
(1009, 1, 49, 28, 96, 359, 'Confirmed', '2025-07-11 09:46:56', NULL, 49, 'yeah', '', '1', 418, 0),
(1010, 1, 61, 30, 96, 359, '', '2025-07-11 09:47:15', NULL, 49, 'yes', '', '1', 418, 49),
(1012, 1, 49, 28, 97, 359, 'Confirmed', '2025-07-11 09:55:55', NULL, 49, 'tt', '', '1', 419, 0),
(1013, 1, 61, 30, 97, 359, '', '2025-07-11 09:56:15', NULL, 49, 'ok', '', '1', 419, 49),
(1015, 1, 49, 28, 98, 359, 'Confirmed', '2025-07-11 10:06:57', NULL, 49, 'ok', '', '1', 420, 0),
(1016, 1, 61, 30, 98, 359, '', '2025-07-11 10:07:18', NULL, 49, 'yes', '', '1', 420, 49),
(1017, 1, 58, 26, 0, 361, '', '2025-06-10 01:39:34', '0000-00-00 00:00:00', 79, '', 'adsafsfsdg', '1', 0, 0),
(1019, 1, 49, 28, 99, 359, 'Confirmed', '2025-07-11 10:13:54', NULL, 49, 'sdsd', '', '1', 421, 0),
(1020, 1, 61, 30, 99, 359, '', '2025-07-11 10:14:11', NULL, 49, 'dvd', '', '1', 421, 49),
(1022, 1, 49, 28, 100, 359, 'Confirmed', '2025-07-11 10:17:32', NULL, 49, 'ok', '', '1', 422, 0),
(1023, 1, 61, 30, 100, 359, '', '2025-07-11 10:17:48', NULL, 49, 'ok', '', '1', 422, 49),
(1025, 1, 49, 28, 101, 359, 'Confirmed', '2025-07-14 01:23:50', NULL, 49, 'yes', '', '1', 423, 0),
(1026, 1, 61, 30, 101, 359, '', '2025-07-14 01:26:50', NULL, 49, 'yeah', '', '1', 423, 49),
(1028, 1, 79, 49, 102, 359, 'Confirmed', '2025-07-18 01:27:06', NULL, 49, 'ok', '', '1', 424, 0),
(1029, 1, 61, 30, 102, 359, '', '2025-07-18 01:27:47', NULL, 49, 'ok', '', '1', 424, 49),
(1031, 1, 79, 49, 103, 359, 'Confirmed', '2025-07-21 02:58:23', NULL, 49, 'YOI', '', '1', 425, 0),
(1032, 1, 61, 30, 103, 359, '', '2025-07-21 03:02:28', NULL, 49, 'ok', '', '1', 425, 49),
(1033, 1, 79, 49, 104, 362, '', '2025-07-29 02:56:18', '0000-00-00 00:00:00', 79, '', 'tes111', '1', 426, 0),
(1035, 1, 79, 49, 105, 359, 'Confirmed', '2025-08-05 02:07:05', NULL, 49, 'yoi', '', '1', 427, 0),
(1037, 1, 79, 49, 106, 359, 'Confirmed', '2025-08-14 02:25:35', NULL, 49, 'ok', '', '1', 428, 0),
(1038, 1, 61, 30, 106, 359, '', '2025-08-14 02:25:55', NULL, 49, 'okk', '', '1', 428, 49),
(1040, 1, 79, 49, 107, 362, 'Confirmed', '2025-08-28 04:36:16', NULL, 58, 'YES ', '', '1', 429, 0),
(1041, 1, 61, 30, 107, 362, '', '2025-08-28 04:37:56', NULL, 58, 'sudah di transfer', '', '1', 429, 58),
(1043, 1, 79, 49, 108, 359, 'Confirmed', '2025-08-28 07:04:31', NULL, 49, 'ok', '', '1', 430, 0),
(1044, 1, 58, 26, 109, 359, '', '2025-05-05 04:17:26', '0000-00-00 00:00:00', 79, '', 'WTTTWT', '1', 431, 0),
(1045, 1, 58, 26, 110, 359, '', '2025-05-05 04:17:26', '0000-00-00 00:00:00', 79, '', 'WTTTWT', '1', 432, 0),
(1046, 1, 58, 26, 111, 359, '', '2025-05-05 04:17:26', '0000-00-00 00:00:00', 79, '', 'WTTTWT', '1', 433, 0),
(1047, 1, 58, 26, 112, 359, '', '2025-05-05 04:17:26', '0000-00-00 00:00:00', 79, '', 'WTTTWT', '1', 447, 0),
(1048, 1, 58, 26, 113, 359, '', '2025-05-05 04:17:26', '0000-00-00 00:00:00', 79, '', 'WTTTWT', '1', 448, 0),
(1049, 1, 58, 26, 114, 359, '', '2025-05-05 04:17:26', '0000-00-00 00:00:00', 79, '', 'WTTTWT', '1', 449, 0),
(1051, 1, 79, 49, 115, 359, 'Confirmed', '2025-09-04 07:55:11', NULL, 49, 'ok', '', '1', 450, 0),
(1052, 1, 61, 30, 115, 359, '', '2025-09-04 07:55:46', NULL, 49, 'ok', '', '1', 450, 49),
(1055, 1, 61, 30, 108, 359, '', '2025-09-15 04:04:27', NULL, 49, 'ok', '', '1', 430, 49),
(1056, 1, 61, 30, 105, 359, '', '2025-09-15 04:05:39', NULL, 49, 'ok', '', '1', 427, 49),
(1057, 1, 61, 30, 89, 359, '', '2025-09-15 04:09:07', NULL, 49, 'ok', '', '1', 411, 49),
(1059, 1, 85, 54, 117, 362, 'Confirmed', '2025-09-19 10:00:47', NULL, 58, 'ok', '', '2', 452, 0),
(1060, 1, 61, 30, 117, 362, '', '2025-09-19 10:01:04', NULL, 58, 'ok', '', '2', 452, 58),
(1061, 1, 58, 26, 118, 359, '', '2025-05-05 04:17:26', '0000-00-00 00:00:00', 85, '', 'WTTTWT', '1', 453, 0),
(1063, 1, 85, 54, 119, 1, 'Recheck!', '2025-10-29 07:45:51', NULL, 49, 'Recheck', '', '1', 454, 0),
(1064, 1, 85, 54, 119, 359, '', '2025-10-29 07:42:29', NULL, 49, '', '', '2', 454, 0),
(1067, 1, 85, 54, 120, 359, 'Confirmed', '2025-10-29 08:39:09', NULL, 49, 'ok', '', '1', 455, 0),
(1068, 1, 61, 30, 120, 359, '', '2025-10-29 09:37:58', NULL, 49, 'ok', '', '1', 455, 49),
(1069, 1, 85, 54, 121, 359, 'Confirmed', '2025-10-30 03:16:19', NULL, 49, 'ok', '', '2', 456, 0),
(1070, 1, 61, 30, 121, 359, '', '2025-10-30 03:23:11', NULL, 49, 'ok', '', '2', 456, 49),
(1072, 1, 85, 54, 122, 1, 'Confirmed', '2025-10-30 04:27:14', NULL, 49, 'ok', '', '2', 457, 0),
(1075, 1, 85, 54, 122, 359, 'Confirmed', '2025-12-09 03:01:02', NULL, 49, 'ok', '', '3', 457, 0),
(1078, 1, 85, 54, 124, 359, 'Confirmed', '2026-02-05 04:51:53', NULL, 49, 'ok', '', '1', 459, 0),
(1079, 1, 61, 30, 124, 359, '', '2026-02-05 04:54:31', NULL, 49, 'ok', '', '1', 459, 49),
(1080, 1, 85, 54, 123, 359, 'Confirmed', '2026-02-05 06:25:19', NULL, 49, 'ok', '', '1', 458, 0),
(1081, 1, 61, 30, 123, 359, '', '2026-02-05 06:29:13', NULL, 49, 'ok', '', '1', 458, 49),
(1082, 1, 58, 26, 125, 359, '', '2025-05-05 04:17:26', '0000-00-00 00:00:00', 85, '', 'WTTTWT', '1', 460, 0),
(1083, 1, 58, 26, 126, 359, '', '2025-05-05 04:17:26', '0000-00-00 00:00:00', 85, '', 'WTTTWT', '1', 461, 0),
(1084, 1, 58, 26, 127, 359, '', '2025-05-05 04:17:26', '0000-00-00 00:00:00', 85, '', 'WTTTWT', '1', 462, 0),
(1085, 1, 58, 26, 128, 359, '', '2025-05-05 04:17:26', '0000-00-00 00:00:00', 85, '', 'WTTTWT', '1', 463, 0),
(1086, 1, 58, 26, 129, 359, '', '2025-05-05 04:17:26', '0000-00-00 00:00:00', 85, '', 'WTTTWT', '1', 464, 0),
(1087, 1, 58, 26, 130, 359, '', '2025-05-05 04:17:26', '0000-00-00 00:00:00', 85, '', 'WTTTWT', '1', 465, 0),
(1088, 1, 58, 26, 131, 359, '', '2025-05-05 04:17:26', '0000-00-00 00:00:00', 85, '', 'WTTTWT', '1', 466, 0),
(1089, 1, 58, 26, 132, 359, '', '2025-05-05 04:17:26', '0000-00-00 00:00:00', 85, '', 'WTTTWT', '1', 467, 0),
(1090, 1, 58, 26, 133, 359, '', '2025-05-05 04:17:26', '0000-00-00 00:00:00', 85, '', 'WTTTWT', '1', 468, 0),
(1091, 1, 58, 26, 134, 359, '', '2025-05-05 04:17:26', '0000-00-00 00:00:00', 85, '', 'WTTTWT', '1', 469, 0),
(1092, 1, 58, 26, 135, 359, '', '2025-05-05 04:17:26', '0000-00-00 00:00:00', 85, '', 'WTTTWT', '1', 470, 0),
(1093, 1, 58, 26, 136, 359, '', '2025-05-05 04:17:26', '0000-00-00 00:00:00', 85, '', 'WTTTWT', '1', 471, 0),
(1094, 1, 58, 26, 137, 359, '', '2025-05-05 04:17:26', '0000-00-00 00:00:00', 85, '', 'WTTTWT', '1', 472, 0),
(1095, 1, 58, 26, 138, 359, '', '2025-05-05 04:17:26', '0000-00-00 00:00:00', 85, '', 'WTTTWT', '1', 473, 0),
(1096, 1, 58, 26, 139, 359, '', '2025-05-05 04:17:26', '0000-00-00 00:00:00', 85, '', 'WTTTWT', '1', 474, 0),
(1097, 1, 58, 26, 140, 359, '', '2025-05-05 04:17:26', '0000-00-00 00:00:00', 85, '', 'WTTTWT', '1', 475, 0),
(1098, 1, 58, 26, 141, 359, '', '2025-05-05 04:17:26', '0000-00-00 00:00:00', 85, '', 'WTTTWT', '1', 476, 0),
(1099, 1, 58, 26, 142, 359, '', '2025-05-05 04:17:26', '0000-00-00 00:00:00', 85, '', 'WTTTWT', '1', 477, 0),
(1100, 1, 58, 26, 143, 359, '', '2025-05-05 04:17:26', '0000-00-00 00:00:00', 85, '', 'WTTTWT', '1', 478, 0),
(1101, 1, 58, 26, 144, 359, '', '2025-05-05 04:17:26', '0000-00-00 00:00:00', 85, '', 'WTTTWT', '1', 479, 0),
(1102, 1, 58, 26, 145, 359, '', '2025-05-05 04:17:26', '0000-00-00 00:00:00', 85, '', 'WTTTWT', '1', 480, 0),
(1103, 1, 58, 26, 146, 359, '', '2025-05-05 04:17:26', '0000-00-00 00:00:00', 85, '', 'WTTTWT', '1', 481, 0),
(1104, 1, 58, 26, 147, 359, '', '2025-05-05 04:17:26', '0000-00-00 00:00:00', 85, '', 'WTTTWT', '1', 482, 0),
(1105, 1, 58, 26, 148, 359, '', '2025-05-05 04:17:26', '0000-00-00 00:00:00', 85, '', 'WTTTWT', '1', 483, 0),
(1106, 1, 58, 26, 149, 359, '', '2025-05-05 04:17:26', '0000-00-00 00:00:00', 85, '', 'WTTTWT', '1', 484, 0),
(1107, 1, 58, 26, 150, 359, '', '2025-05-05 04:17:26', '0000-00-00 00:00:00', 85, '', 'WTTTWT', '1', 485, 0),
(1108, 1, 58, 26, 151, 359, '', '2025-05-05 04:17:26', '0000-00-00 00:00:00', 85, '', 'WTTTWT', '1', 486, 0),
(1109, 1, 58, 26, 152, 359, '', '2025-05-05 04:17:26', '0000-00-00 00:00:00', 85, '', 'WTTTWT', '1', 487, 0),
(1110, 1, 58, 26, 153, 359, '', '2025-05-05 04:17:26', '0000-00-00 00:00:00', 85, '', 'WTTTWT', '1', 488, 0),
(1112, 1, 85, 54, 154, 359, 'Confirmed', '2026-02-24 08:06:38', NULL, 49, 'ok', '', '1', 489, 0),
(1113, 1, 61, 30, 154, 359, '', '2026-02-24 08:16:10', NULL, 49, 'ok', '', '1', 489, 49);

-- --------------------------------------------------------

--
-- Table structure for table `confirm_wr`
--

CREATE TABLE `confirm_wr` (
  `id_confirm_wr` int(11) NOT NULL,
  `urutan` int(11) NOT NULL,
  `id_user` int(11) DEFAULT NULL,
  `id_employee` int(11) DEFAULT NULL,
  `id_wr` int(11) NOT NULL,
  `id_app` int(11) NOT NULL,
  `status` enum('waiting','Approved','Rejected','Recheck','Recheck!','Confirmed') DEFAULT NULL,
  `tgl` timestamp NOT NULL DEFAULT current_timestamp() ON UPDATE current_timestamp(),
  `date` datetime DEFAULT NULL,
  `id_user_hr` int(11) NOT NULL,
  `kmt` varchar(100) NOT NULL,
  `deskripsi` varchar(50) NOT NULL,
  `fleg` enum('1','2','3','4','5','6','7','8','9','10') CHARACTER SET latin1 COLLATE latin1_swedish_ci NOT NULL,
  `id_hrga_wr` int(11) NOT NULL
) ENGINE=InnoDB DEFAULT CHARSET=utf8mb4 COLLATE=utf8mb4_general_ci;

--
-- Dumping data for table `confirm_wr`
--

INSERT INTO `confirm_wr` (`id_confirm_wr`, `urutan`, `id_user`, `id_employee`, `id_wr`, `id_app`, `status`, `tgl`, `date`, `id_user_hr`, `kmt`, `deskripsi`, `fleg`, `id_hrga_wr`) VALUES
(1, 1, 56, 24, 8, 371, '', '2026-01-15 02:40:26', '0000-00-00 00:00:00', 49, '', 'rgehett', '1', 0),
(2, 1, 56, 24, 9, 371, '', '2026-01-15 02:40:26', '0000-00-00 00:00:00', 49, '', 'rgehett', '1', 0),
(3, 1, 56, 24, 10, 371, '', '2026-01-15 02:40:26', '0000-00-00 00:00:00', 49, '', 'rgehett', '1', 0),
(4, 1, 56, 24, 11, 371, '', '2026-01-15 02:40:26', '0000-00-00 00:00:00', 49, '', 'rgehett', '1', 0),
(5, 1, 56, 24, 12, 371, '', '2026-01-15 02:40:26', '0000-00-00 00:00:00', 49, '', 'rgehett', '1', 14),
(6, 0, NULL, 28, 12, 371, 'Confirmed', '2026-01-19 09:13:21', NULL, 0, 'ok', '', '1', 14),
(7, 0, NULL, 28, 11, 371, 'Confirmed', '2026-01-19 09:14:01', NULL, 0, 'ok', '', '1', 0),
(8, 0, NULL, 28, 10, 371, 'Confirmed', '2026-01-19 09:31:54', NULL, 0, 'Yes', '', '1', 0),
(9, 0, NULL, 28, 9, 371, 'Confirmed', '2026-01-19 09:46:49', NULL, 0, 'apa', '', '1', 0),
(10, 1, 56, 24, 13, 371, '', '2026-01-15 02:40:26', '0000-00-00 00:00:00', 49, '', 'rgehett', '1', 15),
(11, 0, NULL, 28, 13, 371, 'Confirmed', '2026-01-19 09:49:08', NULL, 0, 'okkkkkkkkkkkk', '', '1', 15);

-- --------------------------------------------------------

--
-- Table structure for table `cost`
--

CREATE TABLE `cost` (
  `id_cost` int(11) NOT NULL,
  `cost_code` varchar(100) NOT NULL,
  `deskripsi` varchar(100) NOT NULL,
  `addi_cost` varchar(50) NOT NULL
) ENGINE=InnoDB DEFAULT CHARSET=utf8mb4 COLLATE=utf8mb4_general_ci;

--
-- Dumping data for table `cost`
--

INSERT INTO `cost` (`id_cost`, `cost_code`, `deskripsi`, `addi_cost`) VALUES
(1, 'Hotel', 'Hotel', 'Yes'),
(2, 'Uang Makan', 'Uang Makan', ''),
(3, 'Uang Saku', 'Uang Saku', ''),
(7, 'Kost', 'Kost', 'Yes'),
(9, 'Transport', 'Biaya transport pada saat perjalanan dinas', 'Yes'),
(10, 'Taxi', 'Biaya taxi pada saat perjalanan dinas', 'Yes'),
(11, 'Tol', 'Biaya tol pada saat perjalanan dinas', 'Yes'),
(13, 'Others', 'Others', 'Yes');

-- --------------------------------------------------------

--
